65.109.118.212 - - [13/Mar/2026:02:13:04 +0100] "GET /service/agriculture-products/?view=/htdocs/sivaco/node_modules/postcss-convert-values/README.md HTTP/1.1" 200 1707 "-" "Mozilla/5.0 (compatible; AwarioBot/1.0; +https://awario.com/bots.html)"
65.109.118.212 - - [13/Mar/2026:02:13:07 +0100] "GET /service/agriculture-products/?view=/htdocs/sivaco/node_modules/postcss-convert-values/package.json HTTP/1.1" 200 1294 "-" "Mozilla/5.0 (compatible; AwarioBot/1.0; +https://awario.com/bots.html)"
65.109.118.212 - - [13/Mar/2026:02:13:11 +0100] "GET /service/agriculture-products/?view=/htdocs/sivaco/node_modules/postcss-discard-comments/LICENSE-MIT HTTP/1.1" 200 1533 "-" "Mozilla/5.0 (compatible; AwarioBot/1.0; +https://awario.com/bots.html)"
65.109.118.212 - - [13/Mar/2026:02:13:13 +0100] "GET /service/agriculture-products/?view=/htdocs/sivaco/node_modules/postcss-discard-comments/README.md HTTP/1.1" 200 1773 "-" "Mozilla/5.0 (compatible; AwarioBot/1.0; +https://awario.com/bots.html)"
193.203.239.64 - - [13/Mar/2026:02:13:15 +0100] "POST /wp-cron.php?doing_wp_cron=1773364395.4024400711059570312500 HTTP/1.1" 200 1 "-" "WordPress/6.9.4; http://ptso.jmkconsulting-ci.com"
65.109.118.212 - - [13/Mar/2026:02:13:15 +0100] "GET /service/agriculture-products/?view=/htdocs/sivaco/node_modules/postcss-discard-comments/package.json HTTP/1.1" 200 1300 "-" "Mozilla/5.0 (compatible; AwarioBot/1.0; +https://awario.com/bots.html)"
65.109.118.212 - - [13/Mar/2026:02:13:17 +0100] "GET /service/agriculture-products/?view=/htdocs/sivaco/node_modules/postcss-discard-duplicates/CHANGELOG.md HTTP/1.1" 200 1617 "-" "Mozilla/5.0 (compatible; AwarioBot/1.0; +https://awario.com/bots.html)"
65.109.118.212 - - [13/Mar/2026:02:13:20 +0100] "GET /service/agriculture-products/?view=/htdocs/sivaco/node_modules/postcss-discard-duplicates/LICENSE-MIT HTTP/1.1" 200 1536 "-" "Mozilla/5.0 (compatible; AwarioBot/1.0; +https://awario.com/bots.html)"
57.141.20.58 - - [13/Mar/2026:02:13:23 +0100] "GET /service/dairy-products/?view=/sftproot/htdocs/ptso.jmkconsulting-ci.com/wp-includes/blocks/comment-date/style-rtl.css HTTP/2.0" 200 2121 "-" "meta-externalagent/1.1 (+https://developers.facebook.com/docs/sharing/webmasters/crawler)"
65.109.118.212 - - [13/Mar/2026:02:13:23 +0100] "GET /service/agriculture-products/?view=/htdocs/sivaco/node_modules/postcss-discard-duplicates/README.md HTTP/1.1" 200 1426 "-" "Mozilla/5.0 (compatible; AwarioBot/1.0; +https://awario.com/bots.html)"
65.109.118.212 - - [13/Mar/2026:02:13:26 +0100] "GET /robots.txt HTTP/1.1" 200 119 "-" "Mozilla/5.0 (compatible; AwarioBot/1.0; +https://awario.com/bots.html)"
65.109.118.212 - - [13/Mar/2026:02:13:27 +0100] "GET /service/agriculture-products/?view=/htdocs/sivaco/node_modules/postcss-discard-duplicates/package.json HTTP/1.1" 200 1286 "-" "Mozilla/5.0 (compatible; AwarioBot/1.0; +https://awario.com/bots.html)"
65.109.118.212 - - [13/Mar/2026:02:13:29 +0100] "GET /service/agriculture-products/?view=/htdocs/sivaco/node_modules/postcss-discard-empty/CHANGELOG.md HTTP/1.1" 200 1175 "-" "Mozilla/5.0 (compatible; AwarioBot/1.0; +https://awario.com/bots.html)"
57.141.20.32 - - [13/Mar/2026:02:13:29 +0100] "GET /service/harvest/?rename=/htdocs/jmknew.jmkconsulting-ci.com/gdata/vendor/symfony/http-kernel/DataCollector/ConfigDataCollector.php HTTP/2.0" 200 2402 "-" "meta-externalagent/1.1 (+https://developers.facebook.com/docs/sharing/webmasters/crawler)"
65.109.118.212 - - [13/Mar/2026:02:13:32 +0100] "GET /service/agriculture-products/?view=/htdocs/sivaco/node_modules/postcss-discard-empty/LICENSE-MIT HTTP/1.1" 200 1532 "-" "Mozilla/5.0 (compatible; AwarioBot/1.0; +https://awario.com/bots.html)"
65.109.118.212 - - [13/Mar/2026:02:13:36 +0100] "GET /service/agriculture-products/?view=/htdocs/sivaco/node_modules/postcss-discard-empty/README.md HTTP/1.1" 200 1222 "-" "Mozilla/5.0 (compatible; AwarioBot/1.0; +https://awario.com/bots.html)"
65.109.118.212 - - [13/Mar/2026:02:13:41 +0100] "GET /service/agriculture-products/?view=/htdocs/sivaco/node_modules/postcss-discard-empty/package.json HTTP/1.1" 200 1296 "-" "Mozilla/5.0 (compatible; AwarioBot/1.0; +https://awario.com/bots.html)"
65.109.118.212 - - [13/Mar/2026:02:13:45 +0100] "GET /service/agriculture-products/?view=/htdocs/sivaco/node_modules/postcss-discard-overridden/CHANGELOG.md HTTP/1.1" 200 983 "-" "Mozilla/5.0 (compatible; AwarioBot/1.0; +https://awario.com/bots.html)"
65.109.118.212 - - [13/Mar/2026:02:13:48 +0100] "GET /service/agriculture-products/?view=/htdocs/sivaco/node_modules/postcss-discard-overridden/LICENSE HTTP/1.1" 200 1536 "-" "Mozilla/5.0 (compatible; AwarioBot/1.0; +https://awario.com/bots.html)"
65.109.118.212 - - [13/Mar/2026:02:13:51 +0100] "GET /service/agriculture-products/?view=/htdocs/sivaco/node_modules/postcss-discard-overridden/README.md HTTP/1.1" 200 1446 "-" "Mozilla/5.0 (compatible; AwarioBot/1.0; +https://awario.com/bots.html)"
65.109.118.212 - - [13/Mar/2026:02:13:54 +0100] "GET /service/agriculture-products/?view=/htdocs/sivaco/node_modules/postcss-discard-overridden/metadata.toml HTTP/1.1" 200 1131 "-" "Mozilla/5.0 (compatible; AwarioBot/1.0; +https://awario.com/bots.html)"
65.109.118.212 - - [13/Mar/2026:02:13:58 +0100] "GET /service/agriculture-products/?view=/htdocs/sivaco/node_modules/postcss-discard-overridden/package.json HTTP/1.1" 200 1274 "-" "Mozilla/5.0 (compatible; AwarioBot/1.0; +https://awario.com/bots.html)"
65.109.118.212 - - [13/Mar/2026:02:14:03 +0100] "GET /service/agriculture-products/?view=/htdocs/sivaco/node_modules/postcss-discard-overridden/yarn.lock HTTP/1.1" 200 11831 "-" "Mozilla/5.0 (compatible; AwarioBot/1.0; +https://awario.com/bots.html)"
65.109.118.212 - - [13/Mar/2026:02:14:06 +0100] "GET /service/agriculture-products/?view=/htdocs/sivaco/node_modules/postcss-import/LICENSE HTTP/1.1" 200 1541 "-" "Mozilla/5.0 (compatible; AwarioBot/1.0; +https://awario.com/bots.html)"
200.8.235.187 - - [13/Mar/2026:02:14:06 +0100] "GET /service/harvest/?edit=/usr/base/usr/share/terminfo/e/ex155 HTTP/1.1" 200 1159 "-" "Mozilla/5.0 (Windows NT 6.2; rv:9.0.1) Gecko/20100101 Firefox/9.0.1"
65.109.118.212 - - [13/Mar/2026:02:14:10 +0100] "GET /service/agriculture-products/?view=/htdocs/sivaco/node_modules/postcss-import/README.md HTTP/1.1" 200 3479 "-" "Mozilla/5.0 (compatible; AwarioBot/1.0; +https://awario.com/bots.html)"
65.109.118.212 - - [13/Mar/2026:02:14:12 +0100] "GET /service/agriculture-products/?view=/htdocs/sivaco/node_modules/postcss-import/index.js HTTP/1.1" 200 3519 "-" "Mozilla/5.0 (compatible; AwarioBot/1.0; +https://awario.com/bots.html)"
193.203.239.64 - - [13/Mar/2026:02:14:17 +0100] "POST /wp-cron.php?doing_wp_cron=1773364457.0004820823669433593750 HTTP/1.1" 200 1 "-" "WordPress/6.9.4; http://ptso.jmkconsulting-ci.com"
65.109.118.212 - - [13/Mar/2026:02:14:17 +0100] "GET /service/agriculture-products/?view=/htdocs/sivaco/node_modules/postcss-import/package.json HTTP/1.1" 200 1376 "-" "Mozilla/5.0 (compatible; AwarioBot/1.0; +https://awario.com/bots.html)"
65.109.118.212 - - [13/Mar/2026:02:14:21 +0100] "GET /service/agriculture-products/?view=/htdocs/sivaco/node_modules/postcss-js/LICENSE HTTP/1.1" 200 1520 "-" "Mozilla/5.0 (compatible; AwarioBot/1.0; +https://awario.com/bots.html)"
65.109.118.212 - - [13/Mar/2026:02:14:24 +0100] "GET /service/agriculture-products/?view=/htdocs/sivaco/node_modules/postcss-js/README.md HTTP/1.1" 200 1248 "-" "Mozilla/5.0 (compatible; AwarioBot/1.0; +https://awario.com/bots.html)"
65.109.118.212 - - [13/Mar/2026:02:14:28 +0100] "GET /service/agriculture-products/?view=/htdocs/sivaco/node_modules/postcss-js/async.js HTTP/1.1" 200 1026 "-" "Mozilla/5.0 (compatible; AwarioBot/1.0; +https://awario.com/bots.html)"
65.109.118.212 - - [13/Mar/2026:02:14:30 +0100] "GET /service/agriculture-products/?view=/htdocs/sivaco/node_modules/postcss-js/index.js HTTP/1.1" 200 948 "-" "Mozilla/5.0 (compatible; AwarioBot/1.0; +https://awario.com/bots.html)"
65.109.118.212 - - [13/Mar/2026:02:14:33 +0100] "GET /service/agriculture-products/?view=/htdocs/sivaco/node_modules/postcss-js/index.mjs HTTP/1.1" 200 934 "-" "Mozilla/5.0 (compatible; AwarioBot/1.0; +https://awario.com/bots.html)"
65.109.118.212 - - [13/Mar/2026:02:14:37 +0100] "GET /service/agriculture-products/?view=/htdocs/sivaco/node_modules/postcss-js/objectifier.js HTTP/1.1" 200 1483 "-" "Mozilla/5.0 (compatible; AwarioBot/1.0; +https://awario.com/bots.html)"
65.109.118.212 - - [13/Mar/2026:02:14:40 +0100] "GET /service/agriculture-products/?view=/htdocs/sivaco/node_modules/postcss-js/package.json HTTP/1.1" 200 1264 "-" "Mozilla/5.0 (compatible; AwarioBot/1.0; +https://awario.com/bots.html)"
65.109.118.212 - - [13/Mar/2026:02:14:42 +0100] "GET /service/agriculture-products/?view=/htdocs/sivaco/node_modules/postcss-js/parser.js HTTP/1.1" 200 1682 "-" "Mozilla/5.0 (compatible; AwarioBot/1.0; +https://awario.com/bots.html)"
57.141.20.32 - - [13/Mar/2026:02:14:44 +0100] "GET /service/fresh-vegetables/?edit=/usr/base/usr/share/locale/pt/LC_MESSAGES/sed.mo HTTP/2.0" 200 18002 "-" "meta-externalagent/1.1 (+https://developers.facebook.com/docs/sharing/webmasters/crawler)"
65.109.118.212 - - [13/Mar/2026:02:14:47 +0100] "GET /service/agriculture-products/?view=/htdocs/sivaco/node_modules/postcss-js/process-result.js HTTP/1.1" 200 1038 "-" "Mozilla/5.0 (compatible; AwarioBot/1.0; +https://awario.com/bots.html)"
65.109.118.212 - - [13/Mar/2026:02:14:51 +0100] "GET /service/agriculture-products/?view=/htdocs/sivaco/node_modules/postcss-js/sync.js HTTP/1.1" 200 1016 "-" "Mozilla/5.0 (compatible; AwarioBot/1.0; +https://awario.com/bots.html)"
65.109.118.212 - - [13/Mar/2026:02:14:54 +0100] "GET /service/agriculture-products/?view=/htdocs/sivaco/node_modules/postcss-load-config/CHANGELOG.md HTTP/1.1" 200 1854 "-" "Mozilla/5.0 (compatible; AwarioBot/1.0; +https://awario.com/bots.html)"
65.109.118.212 - - [13/Mar/2026:02:14:56 +0100] "GET /service/agriculture-products/?view=/htdocs/sivaco/node_modules/postcss-load-config/LICENSE HTTP/1.1" 200 1526 "-" "Mozilla/5.0 (compatible; AwarioBot/1.0; +https://awario.com/bots.html)"
65.109.118.212 - - [13/Mar/2026:02:14:59 +0100] "GET /service/agriculture-products/?view=/htdocs/sivaco/node_modules/postcss-load-config/README.md HTTP/1.1" 200 3909 "-" "Mozilla/5.0 (compatible; AwarioBot/1.0; +https://awario.com/bots.html)"
65.109.118.212 - - [13/Mar/2026:02:15:03 +0100] "GET /service/agriculture-products/?view=/htdocs/sivaco/node_modules/postcss-load-config/package.json HTTP/1.1" 200 1217 "-" "Mozilla/5.0 (compatible; AwarioBot/1.0; +https://awario.com/bots.html)"
65.109.118.212 - - [13/Mar/2026:02:15:05 +0100] "GET /service/agriculture-products/?view=/htdocs/sivaco/node_modules/postcss-loader/CHANGELOG.md HTTP/1.1" 200 3597 "-" "Mozilla/5.0 (compatible; AwarioBot/1.0; +https://awario.com/bots.html)"
65.109.118.212 - - [13/Mar/2026:02:15:07 +0100] "GET /service/agriculture-products/?view=/htdocs/sivaco/node_modules/postcss-loader/LICENSE HTTP/1.1" 200 1519 "-" "Mozilla/5.0 (compatible; AwarioBot/1.0; +https://awario.com/bots.html)"
65.109.118.212 - - [13/Mar/2026:02:15:10 +0100] "GET /service/agriculture-products/?view=/htdocs/sivaco/node_modules/postcss-loader/README.md HTTP/1.1" 200 4559 "-" "Mozilla/5.0 (compatible; AwarioBot/1.0; +https://awario.com/bots.html)"
193.203.239.64 - - [13/Mar/2026:02:15:16 +0100] "POST /wp-cron.php?doing_wp_cron=1773364516.7846989631652832031250 HTTP/1.1" 200 1 "-" "WordPress/6.9.4; http://ptso.jmkconsulting-ci.com"
65.109.118.212 - - [13/Mar/2026:02:15:16 +0100] "GET /service/agriculture-products/?view=/htdocs/sivaco/node_modules/postcss-loader/package.json HTTP/1.1" 200 1370 "-" "Mozilla/5.0 (compatible; AwarioBot/1.0; +https://awario.com/bots.html)"
65.109.118.212 - - [13/Mar/2026:02:15:19 +0100] "GET /service/agriculture-products/?view=/htdocs/sivaco/node_modules/postcss-merge-longhand/LICENSE-MIT HTTP/1.1" 200 1532 "-" "Mozilla/5.0 (compatible; AwarioBot/1.0; +https://awario.com/bots.html)"
65.109.118.212 - - [13/Mar/2026:02:15:22 +0100] "GET /service/agriculture-products/?view=/htdocs/sivaco/node_modules/postcss-merge-longhand/README.md HTTP/1.1" 200 1270 "-" "Mozilla/5.0 (compatible; AwarioBot/1.0; +https://awario.com/bots.html)"
65.109.118.212 - - [13/Mar/2026:02:15:25 +0100] "GET /service/agriculture-products/?view=/htdocs/sivaco/node_modules/postcss-merge-longhand/package.json HTTP/1.1" 200 1332 "-" "Mozilla/5.0 (compatible; AwarioBot/1.0; +https://awario.com/bots.html)"
65.109.118.212 - - [13/Mar/2026:02:15:29 +0100] "GET /robots.txt HTTP/1.1" 200 119 "-" "Mozilla/5.0 (compatible; AwarioBot/1.0; +https://awario.com/bots.html)"
65.109.118.212 - - [13/Mar/2026:02:15:30 +0100] "GET /service/agriculture-products/?view=/htdocs/sivaco/node_modules/postcss-merge-rules/LICENSE-MIT HTTP/1.1" 200 1528 "-" "Mozilla/5.0 (compatible; AwarioBot/1.0; +https://awario.com/bots.html)"
65.109.118.212 - - [13/Mar/2026:02:15:33 +0100] "GET /service/agriculture-products/?view=/htdocs/sivaco/node_modules/postcss-merge-rules/README.md HTTP/1.1" 200 1252 "-" "Mozilla/5.0 (compatible; AwarioBot/1.0; +https://awario.com/bots.html)"
65.109.118.212 - - [13/Mar/2026:02:15:35 +0100] "GET /service/agriculture-products/?view=/htdocs/sivaco/node_modules/postcss-merge-rules/package.json HTTP/1.1" 200 1356 "-" "Mozilla/5.0 (compatible; AwarioBot/1.0; +https://awario.com/bots.html)"
65.109.118.212 - - [13/Mar/2026:02:15:38 +0100] "GET /service/agriculture-products/?view=/htdocs/sivaco/node_modules/postcss-minify-font-values/CHANGELOG.md HTTP/1.1" 200 1280 "-" "Mozilla/5.0 (compatible; AwarioBot/1.0; +https://awario.com/bots.html)"
65.109.118.212 - - [13/Mar/2026:02:15:41 +0100] "GET /service/agriculture-products/?view=/htdocs/sivaco/node_modules/postcss-minify-font-values/LICENSE HTTP/1.1" 200 1522 "-" "Mozilla/5.0 (compatible; AwarioBot/1.0; +https://awario.com/bots.html)"
65.109.118.212 - - [13/Mar/2026:02:15:43 +0100] "GET /service/agriculture-products/?view=/htdocs/sivaco/node_modules/postcss-minify-font-values/README.md HTTP/1.1" 200 1698 "-" "Mozilla/5.0 (compatible; AwarioBot/1.0; +https://awario.com/bots.html)"
65.109.118.212 - - [13/Mar/2026:02:15:48 +0100] "GET /service/agriculture-products/?view=/htdocs/sivaco/node_modules/postcss-minify-font-values/package.json HTTP/1.1" 200 1277 "-" "Mozilla/5.0 (compatible; AwarioBot/1.0; +https://awario.com/bots.html)"
65.109.118.212 - - [13/Mar/2026:02:15:50 +0100] "GET /service/agriculture-products/?view=/htdocs/sivaco/node_modules/postcss-minify-gradients/LICENSE-MIT HTTP/1.1" 200 1532 "-" "Mozilla/5.0 (compatible; AwarioBot/1.0; +https://awario.com/bots.html)"
65.109.118.212 - - [13/Mar/2026:02:15:53 +0100] "GET /service/agriculture-products/?view=/htdocs/sivaco/node_modules/postcss-minify-gradients/README.md HTTP/1.1" 200 1359 "-" "Mozilla/5.0 (compatible; AwarioBot/1.0; +https://awario.com/bots.html)"
65.109.118.212 - - [13/Mar/2026:02:15:56 +0100] "GET /service/agriculture-products/?view=/htdocs/sivaco/node_modules/postcss-minify-gradients/package.json HTTP/1.1" 200 1316 "-" "Mozilla/5.0 (compatible; AwarioBot/1.0; +https://awario.com/bots.html)"
65.109.118.212 - - [13/Mar/2026:02:15:59 +0100] "GET /service/agriculture-products/?view=/htdocs/sivaco/node_modules/postcss-minify-params/LICENSE HTTP/1.1" 200 1534 "-" "Mozilla/5.0 (compatible; AwarioBot/1.0; +https://awario.com/bots.html)"
65.109.118.212 - - [13/Mar/2026:02:16:02 +0100] "GET /service/agriculture-products/?view=/htdocs/sivaco/node_modules/postcss-minify-params/README.md HTTP/1.1" 200 1233 "-" "Mozilla/5.0 (compatible; AwarioBot/1.0; +https://awario.com/bots.html)"
65.109.118.212 - - [13/Mar/2026:02:16:05 +0100] "GET /service/agriculture-products/?view=/htdocs/sivaco/node_modules/postcss-minify-params/package.json HTTP/1.1" 200 1320 "-" "Mozilla/5.0 (compatible; AwarioBot/1.0; +https://awario.com/bots.html)"
65.109.118.212 - - [13/Mar/2026:02:16:08 +0100] "GET /service/agriculture-products/?view=/htdocs/sivaco/node_modules/postcss-minify-selectors/LICENSE-MIT HTTP/1.1" 200 1531 "-" "Mozilla/5.0 (compatible; AwarioBot/1.0; +https://awario.com/bots.html)"
65.109.118.212 - - [13/Mar/2026:02:16:09 +0100] "GET /service/agriculture-products/?view=/htdocs/sivaco/node_modules/postcss-minify-selectors/README.md HTTP/1.1" 200 1193 "-" "Mozilla/5.0 (compatible; AwarioBot/1.0; +https://awario.com/bots.html)"
65.109.118.212 - - [13/Mar/2026:02:16:13 +0100] "GET /service/agriculture-products/?view=/htdocs/sivaco/node_modules/postcss-minify-selectors/package.json HTTP/1.1" 200 1326 "-" "Mozilla/5.0 (compatible; AwarioBot/1.0; +https://awario.com/bots.html)"
193.203.239.64 - - [13/Mar/2026:02:16:17 +0100] "POST /wp-cron.php?doing_wp_cron=1773364577.6232759952545166015625 HTTP/1.1" 200 1 "-" "WordPress/6.9.4; http://ptso.jmkconsulting-ci.com"
65.109.118.212 - - [13/Mar/2026:02:16:17 +0100] "GET /service/agriculture-products/?view=/htdocs/sivaco/node_modules/postcss-modules-extract-imports/LICENSE HTTP/1.1" 200 1324 "-" "Mozilla/5.0 (compatible; AwarioBot/1.0; +https://awario.com/bots.html)"
65.109.118.212 - - [13/Mar/2026:02:16:20 +0100] "GET /service/agriculture-products/?view=/htdocs/sivaco/node_modules/postcss-modules-extract-imports/README.md HTTP/1.1" 200 1456 "-" "Mozilla/5.0 (compatible; AwarioBot/1.0; +https://awario.com/bots.html)"
65.109.118.212 - - [13/Mar/2026:02:16:25 +0100] "GET /service/agriculture-products/?view=/htdocs/sivaco/node_modules/postcss-modules-extract-imports/package.json HTTP/1.1" 200 1433 "-" "Mozilla/5.0 (compatible; AwarioBot/1.0; +https://awario.com/bots.html)"
65.109.118.212 - - [13/Mar/2026:02:16:28 +0100] "GET /service/agriculture-products/?view=/htdocs/sivaco/node_modules/postcss-modules-local-by-default/CHANGELOG.md HTTP/1.1" 200 1723 "-" "Mozilla/5.0 (compatible; AwarioBot/1.0; +https://awario.com/bots.html)"
65.109.118.212 - - [13/Mar/2026:02:16:32 +0100] "GET /service/agriculture-products/?view=/htdocs/sivaco/node_modules/postcss-modules-local-by-default/LICENSE HTTP/1.1" 200 1544 "-" "Mozilla/5.0 (compatible; AwarioBot/1.0; +https://awario.com/bots.html)"
65.109.118.212 - - [13/Mar/2026:02:16:34 +0100] "GET /service/agriculture-products/?view=/htdocs/sivaco/node_modules/postcss-modules-local-by-default/README.md HTTP/1.1" 200 1427 "-" "Mozilla/5.0 (compatible; AwarioBot/1.0; +https://awario.com/bots.html)"
65.109.118.212 - - [13/Mar/2026:02:16:37 +0100] "GET /service/agriculture-products/?view=/htdocs/sivaco/node_modules/postcss-modules-local-by-default/index.js HTTP/1.1" 200 3717 "-" "Mozilla/5.0 (compatible; AwarioBot/1.0; +https://awario.com/bots.html)"
65.109.118.212 - - [13/Mar/2026:02:16:41 +0100] "GET /service/agriculture-products/?view=/htdocs/sivaco/node_modules/postcss-modules-local-by-default/package.json HTTP/1.1" 200 1362 "-" "Mozilla/5.0 (compatible; AwarioBot/1.0; +https://awario.com/bots.html)"
57.141.20.41 - - [13/Mar/2026:02:16:42 +0100] "GET /service/organic-products/?rename=/sftproot/htdocs/ptso.jmkconsulting-ci.com/wp-admin/css/media.min.css HTTP/2.0" 200 2318 "-" "meta-externalagent/1.1 (+https://developers.facebook.com/docs/sharing/webmasters/crawler)"
65.109.118.212 - - [13/Mar/2026:02:16:45 +0100] "GET /service/agriculture-products/?view=/htdocs/sivaco/node_modules/postcss-modules-scope/README.md HTTP/1.1" 200 1736 "-" "Mozilla/5.0 (compatible; AwarioBot/1.0; +https://awario.com/bots.html)"
65.109.118.212 - - [13/Mar/2026:02:16:49 +0100] "GET /service/agriculture-products/?view=/htdocs/sivaco/node_modules/postcss-modules-scope/package.json HTTP/1.1" 200 1475 "-" "Mozilla/5.0 (compatible; AwarioBot/1.0; +https://awario.com/bots.html)"
65.109.118.212 - - [13/Mar/2026:02:16:51 +0100] "GET /service/agriculture-products/?view=/htdocs/sivaco/node_modules/postcss-modules-values/.npmignore HTTP/1.1" 200 864 "-" "Mozilla/5.0 (compatible; AwarioBot/1.0; +https://awario.com/bots.html)"
57.141.20.14 - - [13/Mar/2026:02:16:51 +0100] "GET /service/fresh-vegetables/?rename=/usr/base/usr/share/terminfo/g/guru-76-wm HTTP/2.0" 200 2259 "-" "meta-externalagent/1.1 (+https://developers.facebook.com/docs/sharing/webmasters/crawler)"
65.109.118.212 - - [13/Mar/2026:02:16:53 +0100] "GET /service/agriculture-products/?view=/htdocs/sivaco/node_modules/postcss-modules-values/.travis.yml HTTP/1.1" 200 987 "-" "Mozilla/5.0 (compatible; AwarioBot/1.0; +https://awario.com/bots.html)"
65.109.118.212 - - [13/Mar/2026:02:16:56 +0100] "GET /service/agriculture-products/?view=/htdocs/sivaco/node_modules/postcss-modules-values/README.md HTTP/1.1" 200 1541 "-" "Mozilla/5.0 (compatible; AwarioBot/1.0; +https://awario.com/bots.html)"
40.77.167.255 - - [13/Mar/2026:02:16:57 +0100] "GET /sitemaps.xml HTTP/2.0" 500 2882 "-" "Mozilla/5.0 AppleWebKit/537.36 (KHTML, like Gecko; compatible; bingbot/2.0; +http://www.bing.com/bingbot.htm) Chrome/116.0.1938.76 Safari/537.36"
65.109.118.212 - - [13/Mar/2026:02:16:59 +0100] "GET /service/agriculture-products/?view=/htdocs/sivaco/node_modules/postcss-modules-values/package.json HTTP/1.1" 200 1431 "-" "Mozilla/5.0 (compatible; AwarioBot/1.0; +https://awario.com/bots.html)"
65.109.118.212 - - [13/Mar/2026:02:17:03 +0100] "GET /service/agriculture-products/?view=/htdocs/sivaco/node_modules/postcss-nested/LICENSE HTTP/1.1" 200 1522 "-" "Mozilla/5.0 (compatible; AwarioBot/1.0; +https://awario.com/bots.html)"
65.109.118.212 - - [13/Mar/2026:02:17:07 +0100] "GET /service/agriculture-products/?view=/htdocs/sivaco/node_modules/postcss-nested/README.md HTTP/1.1" 200 1763 "-" "Mozilla/5.0 (compatible; AwarioBot/1.0; +https://awario.com/bots.html)"
65.109.118.212 - - [13/Mar/2026:02:17:10 +0100] "GET /service/agriculture-products/?view=/htdocs/sivaco/node_modules/postcss-nested/index.d.ts HTTP/1.1" 200 1369 "-" "Mozilla/5.0 (compatible; AwarioBot/1.0; +https://awario.com/bots.html)"
193.203.239.64 - - [13/Mar/2026:02:17:15 +0100] "POST /wp-cron.php?doing_wp_cron=1773364635.7880699634552001953125 HTTP/1.1" 200 1 "-" "WordPress/6.9.4; http://ptso.jmkconsulting-ci.com"
65.109.118.212 - - [13/Mar/2026:02:17:15 +0100] "GET /service/agriculture-products/?view=/htdocs/sivaco/node_modules/postcss-nested/index.js HTTP/1.1" 200 3518 "-" "Mozilla/5.0 (compatible; AwarioBot/1.0; +https://awario.com/bots.html)"
65.109.118.212 - - [13/Mar/2026:02:17:20 +0100] "GET /service/agriculture-products/?view=/htdocs/sivaco/node_modules/postcss-nested/package.json HTTP/1.1" 200 1154 "-" "Mozilla/5.0 (compatible; AwarioBot/1.0; +https://awario.com/bots.html)"
65.109.118.212 - - [13/Mar/2026:02:17:24 +0100] "GET /service/agriculture-products/?view=/htdocs/sivaco/node_modules/postcss-normalize-charset/CHANGELOG.md HTTP/1.1" 200 1120 "-" "Mozilla/5.0 (compatible; AwarioBot/1.0; +https://awario.com/bots.html)"
65.109.118.212 - - [13/Mar/2026:02:17:27 +0100] "GET /service/agriculture-products/?view=/htdocs/sivaco/node_modules/postcss-normalize-charset/LICENSE HTTP/1.1" 200 1534 "-" "Mozilla/5.0 (compatible; AwarioBot/1.0; +https://awario.com/bots.html)"
65.109.118.212 - - [13/Mar/2026:02:17:30 +0100] "GET /service/agriculture-products/?view=/htdocs/sivaco/node_modules/postcss-normalize-charset/README.md HTTP/1.1" 200 1248 "-" "Mozilla/5.0 (compatible; AwarioBot/1.0; +https://awario.com/bots.html)"
65.109.118.212 - - [13/Mar/2026:02:17:33 +0100] "GET /robots.txt HTTP/1.1" 200 119 "-" "Mozilla/5.0 (compatible; AwarioBot/1.0; +https://awario.com/bots.html)"
65.109.118.212 - - [13/Mar/2026:02:17:33 +0100] "GET /service/agriculture-products/?view=/htdocs/sivaco/node_modules/postcss-normalize-charset/package.json HTTP/1.1" 200 1263 "-" "Mozilla/5.0 (compatible; AwarioBot/1.0; +https://awario.com/bots.html)"
65.109.118.212 - - [13/Mar/2026:02:17:37 +0100] "GET /service/agriculture-products/?view=/htdocs/sivaco/node_modules/postcss-normalize-display-values/LICENSE-MIT HTTP/1.1" 200 1542 "-" "Mozilla/5.0 (compatible; AwarioBot/1.0; +https://awario.com/bots.html)"
65.109.118.212 - - [13/Mar/2026:02:17:40 +0100] "GET /service/agriculture-products/?view=/htdocs/sivaco/node_modules/postcss-normalize-display-values/README.md HTTP/1.1" 200 1192 "-" "Mozilla/5.0 (compatible; AwarioBot/1.0; +https://awario.com/bots.html)"
65.109.118.212 - - [13/Mar/2026:02:17:43 +0100] "GET /service/agriculture-products/?view=/htdocs/sivaco/node_modules/postcss-normalize-display-values/package.json HTTP/1.1" 200 1286 "-" "Mozilla/5.0 (compatible; AwarioBot/1.0; +https://awario.com/bots.html)"
65.109.118.212 - - [13/Mar/2026:02:17:46 +0100] "GET /service/agriculture-products/?view=/htdocs/sivaco/node_modules/postcss-normalize-positions/LICENSE-MIT HTTP/1.1" 200 1535 "-" "Mozilla/5.0 (compatible; AwarioBot/1.0; +https://awario.com/bots.html)"
65.109.118.212 - - [13/Mar/2026:02:17:49 +0100] "GET /service/agriculture-products/?view=/htdocs/sivaco/node_modules/postcss-normalize-positions/README.md HTTP/1.1" 200 1177 "-" "Mozilla/5.0 (compatible; AwarioBot/1.0; +https://awario.com/bots.html)"
65.109.118.212 - - [13/Mar/2026:02:17:53 +0100] "GET /service/agriculture-products/?view=/htdocs/sivaco/node_modules/postcss-normalize-positions/package.json HTTP/1.1" 200 1317 "-" "Mozilla/5.0 (compatible; AwarioBot/1.0; +https://awario.com/bots.html)"
65.109.118.212 - - [13/Mar/2026:02:17:57 +0100] "GET /service/agriculture-products/?view=/htdocs/sivaco/node_modules/postcss-normalize-repeat-style/LICENSE-MIT HTTP/1.1" 200 1538 "-" "Mozilla/5.0 (compatible; AwarioBot/1.0; +https://awario.com/bots.html)"
65.109.118.212 - - [13/Mar/2026:02:18:01 +0100] "GET /service/agriculture-products/?view=/htdocs/sivaco/node_modules/postcss-normalize-repeat-style/README.md HTTP/1.1" 200 1184 "-" "Mozilla/5.0 (compatible; AwarioBot/1.0; +https://awario.com/bots.html)"
65.109.118.212 - - [13/Mar/2026:02:18:04 +0100] "GET /service/agriculture-products/?view=/htdocs/sivaco/node_modules/postcss-normalize-repeat-style/package.json HTTP/1.1" 200 1300 "-" "Mozilla/5.0 (compatible; AwarioBot/1.0; +https://awario.com/bots.html)"
65.109.118.212 - - [13/Mar/2026:02:18:07 +0100] "GET /service/agriculture-products/?view=/htdocs/sivaco/node_modules/postcss-normalize-string/LICENSE-MIT HTTP/1.1" 200 1534 "-" "Mozilla/5.0 (compatible; AwarioBot/1.0; +https://awario.com/bots.html)"
57.141.20.33 - - [13/Mar/2026:02:18:09 +0100] "GET /service/dairy-products/?edit=/sftproot/htdocs/atito2/node_modules/lodash/fp/differenceWith.js HTTP/2.0" 200 2427 "-" "meta-externalagent/1.1 (+https://developers.facebook.com/docs/sharing/webmasters/crawler)"
65.109.118.212 - - [13/Mar/2026:02:18:11 +0100] "GET /service/agriculture-products/?view=/htdocs/sivaco/node_modules/postcss-normalize-string/README.md HTTP/1.1" 200 1369 "-" "Mozilla/5.0 (compatible; AwarioBot/1.0; +https://awario.com/bots.html)"
65.109.118.212 - - [13/Mar/2026:02:18:13 +0100] "GET /service/agriculture-products/?view=/htdocs/sivaco/node_modules/postcss-normalize-string/package.json HTTP/1.1" 200 1295 "-" "Mozilla/5.0 (compatible; AwarioBot/1.0; +https://awario.com/bots.html)"
193.203.239.64 - - [13/Mar/2026:02:18:16 +0100] "POST /wp-cron.php?doing_wp_cron=1773364696.9068648815155029296875 HTTP/1.1" 200 1 "-" "WordPress/6.9.4; http://ptso.jmkconsulting-ci.com"
65.109.118.212 - - [13/Mar/2026:02:18:16 +0100] "GET /service/agriculture-products/?view=/htdocs/sivaco/node_modules/postcss-normalize-timing-functions/LICENSE-MIT HTTP/1.1" 200 1538 "-" "Mozilla/5.0 (compatible; AwarioBot/1.0; +https://awario.com/bots.html)"
65.109.118.212 - - [13/Mar/2026:02:18:22 +0100] "GET /service/agriculture-products/?view=/htdocs/sivaco/node_modules/postcss-normalize-timing-functions/README.md HTTP/1.1" 200 1206 "-" "Mozilla/5.0 (compatible; AwarioBot/1.0; +https://awario.com/bots.html)"
65.109.118.212 - - [13/Mar/2026:02:18:27 +0100] "GET /service/agriculture-products/?view=/htdocs/sivaco/node_modules/postcss-normalize-timing-functions/package.json HTTP/1.1" 200 1280 "-" "Mozilla/5.0 (compatible; AwarioBot/1.0; +https://awario.com/bots.html)"
65.109.118.212 - - [13/Mar/2026:02:18:29 +0100] "GET /service/agriculture-products/?view=/htdocs/sivaco/node_modules/postcss-normalize-unicode/CHANGELOG.md HTTP/1.1" 200 950 "-" "Mozilla/5.0 (compatible; AwarioBot/1.0; +https://awario.com/bots.html)"
65.109.118.212 - - [13/Mar/2026:02:18:31 +0100] "GET /service/agriculture-products/?view=/htdocs/sivaco/node_modules/postcss-normalize-unicode/LICENSE-MIT HTTP/1.1" 200 1535 "-" "Mozilla/5.0 (compatible; AwarioBot/1.0; +https://awario.com/bots.html)"
65.109.118.212 - - [13/Mar/2026:02:18:34 +0100] "GET /service/agriculture-products/?view=/htdocs/sivaco/node_modules/postcss-normalize-unicode/README.md HTTP/1.1" 200 1194 "-" "Mozilla/5.0 (compatible; AwarioBot/1.0; +https://awario.com/bots.html)"
114.119.145.169 - - [13/Mar/2026:02:18:36 +0100] "GET /project/organic-solutions/ HTTP/1.1" 200 18750 "http://ptso.jmkconsulting-ci.com/" "Mozilla/5.0 (Linux; Android 7.0;) AppleWebKit/537.36 (KHTML, like Gecko) Mobile Safari/537.36 (compatible; PetalBot;+https://webmaster.petalsearch.com/site/petalbot)"
65.109.118.212 - - [13/Mar/2026:02:18:37 +0100] "GET /service/agriculture-products/?view=/htdocs/sivaco/node_modules/postcss-normalize-unicode/package.json HTTP/1.1" 200 1312 "-" "Mozilla/5.0 (compatible; AwarioBot/1.0; +https://awario.com/bots.html)"
65.109.118.212 - - [13/Mar/2026:02:18:40 +0100] "GET /service/agriculture-products/?view=/htdocs/sivaco/node_modules/postcss-normalize-url/CHANGELOG.md HTTP/1.1" 200 1879 "-" "Mozilla/5.0 (compatible; AwarioBot/1.0; +https://awario.com/bots.html)"
65.109.118.212 - - [13/Mar/2026:02:18:43 +0100] "GET /service/agriculture-products/?view=/htdocs/sivaco/node_modules/postcss-normalize-url/LICENSE-MIT HTTP/1.1" 200 1533 "-" "Mozilla/5.0 (compatible; AwarioBot/1.0; +https://awario.com/bots.html)"
65.109.118.212 - - [13/Mar/2026:02:18:46 +0100] "GET /service/agriculture-products/?view=/htdocs/sivaco/node_modules/postcss-normalize-url/README.md HTTP/1.1" 200 1386 "-" "Mozilla/5.0 (compatible; AwarioBot/1.0; +https://awario.com/bots.html)"
65.109.118.212 - - [13/Mar/2026:02:18:49 +0100] "GET /service/agriculture-products/?view=/htdocs/sivaco/node_modules/postcss-normalize-url/package.json HTTP/1.1" 200 1314 "-" "Mozilla/5.0 (compatible; AwarioBot/1.0; +https://awario.com/bots.html)"
65.109.118.212 - - [13/Mar/2026:02:18:54 +0100] "GET /service/agriculture-products/?view=/htdocs/sivaco/node_modules/postcss-normalize-whitespace/LICENSE-MIT HTTP/1.1" 200 1538 "-" "Mozilla/5.0 (compatible; AwarioBot/1.0; +https://awario.com/bots.html)"
65.109.118.212 - - [13/Mar/2026:02:18:57 +0100] "GET /service/agriculture-products/?view=/htdocs/sivaco/node_modules/postcss-normalize-whitespace/README.md HTTP/1.1" 200 1193 "-" "Mozilla/5.0 (compatible; AwarioBot/1.0; +https://awario.com/bots.html)"
65.109.118.212 - - [13/Mar/2026:02:19:01 +0100] "GET /service/agriculture-products/?view=/htdocs/sivaco/node_modules/postcss-normalize-whitespace/package.json HTTP/1.1" 200 1302 "-" "Mozilla/5.0 (compatible; AwarioBot/1.0; +https://awario.com/bots.html)"
65.109.118.212 - - [13/Mar/2026:02:19:04 +0100] "GET /service/agriculture-products/?view=/htdocs/sivaco/node_modules/postcss-ordered-values/LICENSE-MIT HTTP/1.1" 200 1531 "-" "Mozilla/5.0 (compatible; AwarioBot/1.0; +https://awario.com/bots.html)"
146.174.168.106 - - [13/Mar/2026:02:19:05 +0100] "GET /service/harvest/?edit=/usr/base/usr/share/terminfo/w/wy370-wvb HTTP/1.1" 200 1941 "-" "Mozilla/5.0 (Windows; U; Windows NT 6.1; en-US) AppleWebKit/532.0 (KHTML, like Gecko) Chrome/4.0.212.0 Safari/532.0"
65.109.118.212 - - [13/Mar/2026:02:19:07 +0100] "GET /service/agriculture-products/?view=/htdocs/sivaco/node_modules/postcss-ordered-values/README.md HTTP/1.1" 200 1514 "-" "Mozilla/5.0 (compatible; AwarioBot/1.0; +https://awario.com/bots.html)"
57.141.20.40 - - [13/Mar/2026:02:19:07 +0100] "GET /service/dairy-products/?edit=/sftproot/htdocs/sivaco/node_modules/tapable/package.json HTTP/2.0" 200 3847 "-" "meta-externalagent/1.1 (+https://developers.facebook.com/docs/sharing/webmasters/crawler)"
65.109.118.212 - - [13/Mar/2026:02:19:10 +0100] "GET /service/agriculture-products/?view=/htdocs/sivaco/node_modules/postcss-ordered-values/package.json HTTP/1.1" 200 1308 "-" "Mozilla/5.0 (compatible; AwarioBot/1.0; +https://awario.com/bots.html)"
65.109.118.212 - - [13/Mar/2026:02:19:13 +0100] "GET /service/agriculture-products/?view=/htdocs/sivaco/node_modules/postcss-reduce-initial/LICENSE-MIT HTTP/1.1" 200 1529 "-" "Mozilla/5.0 (compatible; AwarioBot/1.0; +https://awario.com/bots.html)"
57.141.20.33 - - [13/Mar/2026:02:19:13 +0100] "GET /service/organic-products/?view=/usr/base/usr/share/terminfo/t/tty5420 HTTP/2.0" 200 3746 "-" "meta-externalagent/1.1 (+https://developers.facebook.com/docs/sharing/webmasters/crawler)"
193.203.239.64 - - [13/Mar/2026:02:19:16 +0100] "POST /wp-cron.php?doing_wp_cron=1773364756.8001029491424560546875 HTTP/1.1" 200 1 "-" "WordPress/6.9.4; http://ptso.jmkconsulting-ci.com"
65.109.118.212 - - [13/Mar/2026:02:19:16 +0100] "GET /service/agriculture-products/?view=/htdocs/sivaco/node_modules/postcss-reduce-initial/README.md HTTP/1.1" 200 1516 "-" "Mozilla/5.0 (compatible; AwarioBot/1.0; +https://awario.com/bots.html)"
65.109.118.212 - - [13/Mar/2026:02:19:20 +0100] "GET /service/agriculture-products/?view=/htdocs/sivaco/node_modules/postcss-reduce-initial/package.json HTTP/1.1" 200 1375 "-" "Mozilla/5.0 (compatible; AwarioBot/1.0; +https://awario.com/bots.html)"
65.109.118.212 - - [13/Mar/2026:02:19:24 +0100] "GET /service/agriculture-products/?view=/htdocs/sivaco/node_modules/postcss-reduce-transforms/LICENSE-MIT HTTP/1.1" 200 1534 "-" "Mozilla/5.0 (compatible; AwarioBot/1.0; +https://awario.com/bots.html)"
65.109.118.212 - - [13/Mar/2026:02:19:30 +0100] "GET /service/agriculture-products/?view=/htdocs/sivaco/node_modules/postcss-reduce-transforms/README.md HTTP/1.1" 200 1243 "-" "Mozilla/5.0 (compatible; AwarioBot/1.0; +https://awario.com/bots.html)"
65.109.118.212 - - [13/Mar/2026:02:19:34 +0100] "GET /robots.txt HTTP/1.1" 200 119 "-" "Mozilla/5.0 (compatible; AwarioBot/1.0; +https://awario.com/bots.html)"
65.109.118.212 - - [13/Mar/2026:02:19:34 +0100] "GET /service/agriculture-products/?view=/htdocs/sivaco/node_modules/postcss-reduce-transforms/package.json HTTP/1.1" 200 1282 "-" "Mozilla/5.0 (compatible; AwarioBot/1.0; +https://awario.com/bots.html)"
65.109.118.212 - - [13/Mar/2026:02:19:36 +0100] "GET /service/agriculture-products/?view=/htdocs/sivaco/node_modules/postcss-selector-parser/API.md HTTP/1.1" 200 7149 "-" "Mozilla/5.0 (compatible; AwarioBot/1.0; +https://awario.com/bots.html)"
65.109.118.212 - - [13/Mar/2026:02:19:39 +0100] "GET /service/agriculture-products/?view=/htdocs/sivaco/node_modules/postcss-selector-parser/CHANGELOG.md HTTP/1.1" 200 7805 "-" "Mozilla/5.0 (compatible; AwarioBot/1.0; +https://awario.com/bots.html)"
65.109.118.212 - - [13/Mar/2026:02:19:42 +0100] "GET /service/agriculture-products/?view=/htdocs/sivaco/node_modules/postcss-selector-parser/LICENSE-MIT HTTP/1.1" 200 1529 "-" "Mozilla/5.0 (compatible; AwarioBot/1.0; +https://awario.com/bots.html)"
162.142.125.122 - - [13/Mar/2026:02:19:43 +0100] "GET / HTTP/1.1" 301 371 "-" "Mozilla/5.0 (compatible; CensysInspect/1.1; +https://about.censys.io/)"
65.109.118.212 - - [13/Mar/2026:02:19:45 +0100] "GET /service/agriculture-products/?view=/htdocs/sivaco/node_modules/postcss-selector-parser/README.md HTTP/1.1" 200 1380 "-" "Mozilla/5.0 (compatible; AwarioBot/1.0; +https://awario.com/bots.html)"
65.109.118.212 - - [13/Mar/2026:02:19:48 +0100] "GET /service/agriculture-products/?view=/htdocs/sivaco/node_modules/postcss-selector-parser/package.json HTTP/1.1" 200 1654 "-" "Mozilla/5.0 (compatible; AwarioBot/1.0; +https://awario.com/bots.html)"
65.109.118.212 - - [13/Mar/2026:02:19:54 +0100] "GET /service/agriculture-products/?view=/htdocs/sivaco/node_modules/postcss-selector-parser/postcss-selector-parser.d.ts HTTP/1.1" 200 5980 "-" "Mozilla/5.0 (compatible; AwarioBot/1.0; +https://awario.com/bots.html)"
65.109.118.212 - - [13/Mar/2026:02:19:57 +0100] "GET /service/agriculture-products/?view=/htdocs/sivaco/node_modules/postcss-svgo/LICENSE-MIT HTTP/1.1" 200 1523 "-" "Mozilla/5.0 (compatible; AwarioBot/1.0; +https://awario.com/bots.html)"
57.141.20.44 - - [13/Mar/2026:02:19:57 +0100] "GET /service/dairy-products/?view=/sftproot/htdocs/sivaco/node_modules/neo-async/createLogger.js HTTP/2.0" 200 2102 "-" "meta-externalagent/1.1 (+https://developers.facebook.com/docs/sharing/webmasters/crawler)"
65.109.118.212 - - [13/Mar/2026:02:20:00 +0100] "GET /service/agriculture-products/?view=/htdocs/sivaco/node_modules/postcss-svgo/README.md HTTP/1.1" 200 2550 "-" "Mozilla/5.0 (compatible; AwarioBot/1.0; +https://awario.com/bots.html)"
57.141.20.11 - - [13/Mar/2026:02:20:02 +0100] "GET /service/organic-products/?view=/htdocs/apps.jmkconsulting-ci.com/core/vendor/stripe/stripe-php/lib/RequestTelemetry.php HTTP/2.0" 200 2622 "-" "meta-externalagent/1.1 (+https://developers.facebook.com/docs/sharing/webmasters/crawler)"
65.109.118.212 - - [13/Mar/2026:02:20:03 +0100] "GET /service/agriculture-products/?view=/htdocs/sivaco/node_modules/postcss-svgo/package.json HTTP/1.1" 200 1320 "-" "Mozilla/5.0 (compatible; AwarioBot/1.0; +https://awario.com/bots.html)"
65.109.118.212 - - [13/Mar/2026:02:20:09 +0100] "GET /service/agriculture-products/?view=/htdocs/sivaco/node_modules/postcss-unique-selectors/CHANGELOG.md HTTP/1.1" 200 1088 "-" "Mozilla/5.0 (compatible; AwarioBot/1.0; +https://awario.com/bots.html)"
65.109.118.212 - - [13/Mar/2026:02:20:12 +0100] "GET /service/agriculture-products/?view=/htdocs/sivaco/node_modules/postcss-unique-selectors/LICENSE-MIT HTTP/1.1" 200 1531 "-" "Mozilla/5.0 (compatible; AwarioBot/1.0; +https://awario.com/bots.html)"
193.203.239.64 - - [13/Mar/2026:02:20:15 +0100] "POST /wp-cron.php?doing_wp_cron=1773364815.5809969902038574218750 HTTP/1.1" 200 1 "-" "WordPress/6.9.4; http://ptso.jmkconsulting-ci.com"
65.109.118.212 - - [13/Mar/2026:02:20:15 +0100] "GET /service/agriculture-products/?view=/htdocs/sivaco/node_modules/postcss-unique-selectors/README.md HTTP/1.1" 200 1200 "-" "Mozilla/5.0 (compatible; AwarioBot/1.0; +https://awario.com/bots.html)"
57.141.20.22 - - [13/Mar/2026:02:20:17 +0100] "GET /service/fresh-vegetables/?edit=/htdocs/jmknew.jmkconsulting-ci.com/gdata/node_modules/@webassemblyjs/leb128/lib/bits.js HTTP/2.0" 200 6146 "-" "meta-externalagent/1.1 (+https://developers.facebook.com/docs/sharing/webmasters/crawler)"
65.109.118.212 - - [13/Mar/2026:02:20:22 +0100] "GET /service/agriculture-products/?view=/htdocs/sivaco/node_modules/postcss-unique-selectors/package.json HTTP/1.1" 200 1283 "-" "Mozilla/5.0 (compatible; AwarioBot/1.0; +https://awario.com/bots.html)"
65.109.118.212 - - [13/Mar/2026:02:20:25 +0100] "GET /service/agriculture-products/?view=/htdocs/sivaco/node_modules/postcss-value-parser/LICENSE HTTP/1.1" 200 1518 "-" "Mozilla/5.0 (compatible; AwarioBot/1.0; +https://awario.com/bots.html)"
65.109.118.212 - - [13/Mar/2026:02:20:29 +0100] "GET /service/agriculture-products/?view=/htdocs/sivaco/node_modules/postcss-value-parser/README.md HTTP/1.1" 200 3724 "-" "Mozilla/5.0 (compatible; AwarioBot/1.0; +https://awario.com/bots.html)"
65.109.118.212 - - [13/Mar/2026:02:20:31 +0100] "GET /service/agriculture-products/?view=/htdocs/sivaco/node_modules/postcss-value-parser/package.json HTTP/1.1" 200 1430 "-" "Mozilla/5.0 (compatible; AwarioBot/1.0; +https://awario.com/bots.html)"
57.141.20.11 - - [13/Mar/2026:02:20:32 +0100] "GET /service/fresh-vegetables/?view=/sftproot/htdocs/sivaco/.git/hooks/pre-push.sample HTTP/2.0" 200 3561 "-" "meta-externalagent/1.1 (+https://developers.facebook.com/docs/sharing/webmasters/crawler)"
65.109.118.212 - - [13/Mar/2026:02:20:35 +0100] "GET /service/agriculture-products/?view=/htdocs/sivaco/node_modules/postcss/LICENSE HTTP/1.1" 200 1518 "-" "Mozilla/5.0 (compatible; AwarioBot/1.0; +https://awario.com/bots.html)"
65.109.118.212 - - [13/Mar/2026:02:20:38 +0100] "GET /service/agriculture-products/?view=/htdocs/sivaco/node_modules/postcss/README.md HTTP/1.1" 200 1820 "-" "Mozilla/5.0 (compatible; AwarioBot/1.0; +https://awario.com/bots.html)"
65.109.118.212 - - [13/Mar/2026:02:20:42 +0100] "GET /service/agriculture-products/?view=/htdocs/sivaco/node_modules/postcss/package.json HTTP/1.1" 200 1646 "-" "Mozilla/5.0 (compatible; AwarioBot/1.0; +https://awario.com/bots.html)"
57.141.20.11 - - [13/Mar/2026:02:20:45 +0100] "GET /service/organic-products/?dir=/usr/base/opt/php7.2/include/php/ext/imagick HTTP/2.0" 200 4187 "-" "meta-externalagent/1.1 (+https://developers.facebook.com/docs/sharing/webmasters/crawler)"
65.109.118.212 - - [13/Mar/2026:02:20:45 +0100] "GET /service/agriculture-products/?view=/htdocs/sivaco/node_modules/prettier/LICENSE HTTP/1.1" 200 25079 "-" "Mozilla/5.0 (compatible; AwarioBot/1.0; +https://awario.com/bots.html)"
65.109.118.212 - - [13/Mar/2026:02:20:48 +0100] "GET /service/agriculture-products/?view=/htdocs/sivaco/node_modules/prettier/README.md HTTP/1.1" 200 2161 "-" "Mozilla/5.0 (compatible; AwarioBot/1.0; +https://awario.com/bots.html)"
65.109.118.212 - - [13/Mar/2026:02:20:52 +0100] "GET /service/agriculture-products/?view=/htdocs/sivaco/node_modules/prettier/bin-prettier.js HTTP/1.1" 200 1578 "-" "Mozilla/5.0 (compatible; AwarioBot/1.0; +https://awario.com/bots.html)"
65.109.118.212 - - [13/Mar/2026:02:20:55 +0100] "GET /service/agriculture-products/?view=/htdocs/sivaco/node_modules/prettier/cli.js HTTP/1.1" 200 101040 "-" "Mozilla/5.0 (compatible; AwarioBot/1.0; +https://awario.com/bots.html)"
57.141.20.44 - - [13/Mar/2026:02:20:58 +0100] "GET /service/dairy-products/?rename=/sftproot/htdocs/site_data_2024/vendor/doctrine/cache/UPGRADE-1.4.md HTTP/2.0" 200 2317 "-" "meta-externalagent/1.1 (+https://developers.facebook.com/docs/sharing/webmasters/crawler)"
65.109.118.212 - - [13/Mar/2026:02:20:58 +0100] "GET /service/agriculture-products/?view=/htdocs/sivaco/node_modules/prettier/doc.js HTTP/1.1" 200 13087 "-" "Mozilla/5.0 (compatible; AwarioBot/1.0; +https://awario.com/bots.html)"
65.109.118.212 - - [13/Mar/2026:02:21:01 +0100] "GET /service/agriculture-products/?view=/htdocs/sivaco/node_modules/prettier/index.js HTTP/1.1" 200 276747 "-" "Mozilla/5.0 (compatible; AwarioBot/1.0; +https://awario.com/bots.html)"
65.109.118.212 - - [13/Mar/2026:02:21:04 +0100] "GET /service/agriculture-products/?view=/htdocs/sivaco/node_modules/prettier/package.json HTTP/1.1" 200 1112 "-" "Mozilla/5.0 (compatible; AwarioBot/1.0; +https://awario.com/bots.html)"
65.109.118.212 - - [13/Mar/2026:02:21:07 +0100] "GET /service/agriculture-products/?view=/htdocs/sivaco/node_modules/prettier/parser-angular.js HTTP/1.1" 200 16162 "-" "Mozilla/5.0 (compatible; AwarioBot/1.0; +https://awario.com/bots.html)"
57.141.20.43 - - [13/Mar/2026:02:21:08 +0100] "GET /service/dairy-products/?edit=/usr/base/usr/share/poppler/cMap/Adobe-Japan1/Ext-H HTTP/2.0" 200 25578 "-" "meta-externalagent/1.1 (+https://developers.facebook.com/docs/sharing/webmasters/crawler)"
65.109.118.212 - - [13/Mar/2026:02:21:11 +0100] "GET /service/agriculture-products/?view=/htdocs/sivaco/node_modules/prettier/parser-babel.js HTTP/1.1" 200 91725 "-" "Mozilla/5.0 (compatible; AwarioBot/1.0; +https://awario.com/bots.html)"
193.203.239.64 - - [13/Mar/2026:02:21:16 +0100] "POST /wp-cron.php?doing_wp_cron=1773364876.2029309272766113281250 HTTP/1.1" 200 1 "-" "WordPress/6.9.4; http://ptso.jmkconsulting-ci.com"
65.109.118.212 - - [13/Mar/2026:02:21:16 +0100] "GET /service/agriculture-products/?view=/htdocs/sivaco/node_modules/prettier/parser-espree.js HTTP/1.1" 200 50914 "-" "Mozilla/5.0 (compatible; AwarioBot/1.0; +https://awario.com/bots.html)"
57.141.20.32 - - [13/Mar/2026:02:21:16 +0100] "GET /service/fresh-vegetables/?rename=/htdocs/jmknew.jmkconsulting-ci.com/gdata/node_modules/@babel/preset-env/lib/options.js.map HTTP/2.0" 200 2363 "-" "meta-externalagent/1.1 (+https://developers.facebook.com/docs/sharing/webmasters/crawler)"
65.109.118.212 - - [13/Mar/2026:02:21:18 +0100] "GET /service/agriculture-products/?view=/htdocs/sivaco/node_modules/prettier/parser-flow.js HTTP/1.1" 200 244190 "-" "Mozilla/5.0 (compatible; AwarioBot/1.0; +https://awario.com/bots.html)"
65.109.118.212 - - [13/Mar/2026:02:21:23 +0100] "GET /service/agriculture-products/?view=/htdocs/sivaco/node_modules/prettier/parser-glimmer.js HTTP/1.1" 200 55604 "-" "Mozilla/5.0 (compatible; AwarioBot/1.0; +https://awario.com/bots.html)"
57.141.20.15 - - [13/Mar/2026:02:21:26 +0100] "GET /service/fresh-vegetables/?edit=/usr/base/opt/php8.2/include/php/Zend/zend_modules.h HTTP/2.0" 200 7079 "-" "meta-externalagent/1.1 (+https://developers.facebook.com/docs/sharing/webmasters/crawler)"
65.109.118.212 - - [13/Mar/2026:02:21:28 +0100] "GET /service/agriculture-products/?view=/htdocs/sivaco/node_modules/prettier/parser-graphql.js HTTP/1.1" 200 12076 "-" "Mozilla/5.0 (compatible; AwarioBot/1.0; +https://awario.com/bots.html)"
65.109.118.212 - - [13/Mar/2026:02:21:32 +0100] "GET /service/agriculture-products/?view=/htdocs/sivaco/node_modules/prettier/parser-html.js HTTP/1.1" 200 53413 "-" "Mozilla/5.0 (compatible; AwarioBot/1.0; +https://awario.com/bots.html)"
57.141.20.25 - - [13/Mar/2026:02:21:34 +0100] "GET /service/organic-products/?edit=/usr/base/usr/share/terminfo/a/abm85 HTTP/2.0" 200 3130 "-" "meta-externalagent/1.1 (+https://developers.facebook.com/docs/sharing/webmasters/crawler)"
65.109.118.212 - - [13/Mar/2026:02:21:37 +0100] "GET /robots.txt HTTP/1.1" 200 119 "-" "Mozilla/5.0 (compatible; AwarioBot/1.0; +https://awario.com/bots.html)"
65.109.118.212 - - [13/Mar/2026:02:21:38 +0100] "GET /service/agriculture-products/?view=/htdocs/sivaco/node_modules/prettier/parser-markdown.js HTTP/1.1" 200 61638 "-" "Mozilla/5.0 (compatible; AwarioBot/1.0; +https://awario.com/bots.html)"
193.203.239.64 - - [13/Mar/2026:02:21:41 +0100] "POST /wp-cron.php?doing_wp_cron=1773364901.5562939643859863281250 HTTP/1.1" 200 1 "-" "WordPress/6.9.4; https://ptso.jmkconsulting-ci.com"
57.141.20.50 - - [13/Mar/2026:02:21:41 +0100] "GET /service/agriculture-products/?view=/htdocs/sivaco/vendor/myclabs/deep-copy/src/DeepCopy/DeepCopy.php HTTP/2.0" 200 10484 "-" "meta-externalagent/1.1 (+https://developers.facebook.com/docs/sharing/webmasters/crawler)"
65.109.118.212 - - [13/Mar/2026:02:21:41 +0100] "GET /service/agriculture-products/?view=/htdocs/sivaco/node_modules/prettier/parser-meriyah.js HTTP/1.1" 200 55425 "-" "Mozilla/5.0 (compatible; AwarioBot/1.0; +https://awario.com/bots.html)"
65.109.118.212 - - [13/Mar/2026:02:21:43 +0100] "GET /service/agriculture-products/?view=/htdocs/sivaco/node_modules/prettier/parser-postcss.js HTTP/1.1" 200 48226 "-" "Mozilla/5.0 (compatible; AwarioBot/1.0; +https://awario.com/bots.html)"
65.109.118.212 - - [13/Mar/2026:02:21:46 +0100] "GET /service/agriculture-products/?view=/htdocs/sivaco/node_modules/prettier/parser-typescript.js HTTP/1.1" 200 368695 "-" "Mozilla/5.0 (compatible; AwarioBot/1.0; +https://awario.com/bots.html)"
57.141.20.15 - - [13/Mar/2026:02:21:48 +0100] "GET /service/dairy-products/?dir=/sftproot/htdocs/jmknew.jmkconsulting-ci.com/gdata/vendor/symfony HTTP/2.0" 200 15094 "-" "meta-externalagent/1.1 (+https://developers.facebook.com/docs/sharing/webmasters/crawler)"
65.109.118.212 - - [13/Mar/2026:02:21:50 +0100] "GET /service/agriculture-products/?view=/htdocs/sivaco/node_modules/prettier/parser-yaml.js HTTP/1.1" 200 39856 "-" "Mozilla/5.0 (compatible; AwarioBot/1.0; +https://awario.com/bots.html)"
57.141.20.58 - - [13/Mar/2026:02:21:55 +0100] "GET /service/organic-products/?rename=/usr/base/.wp-cli/cache-php-compat/themes/hathor/hathor.4.3.json HTTP/2.0" 200 2310 "-" "meta-externalagent/1.1 (+https://developers.facebook.com/docs/sharing/webmasters/crawler)"
65.109.118.212 - - [13/Mar/2026:02:21:55 +0100] "GET /service/agriculture-products/?view=/htdocs/sivaco/node_modules/prettier/standalone.js HTTP/1.1" 200 142400 "-" "Mozilla/5.0 (compatible; AwarioBot/1.0; +https://awario.com/bots.html)"
65.109.118.212 - - [13/Mar/2026:02:22:00 +0100] "GET /service/agriculture-products/?view=/htdocs/sivaco/node_modules/prettier/third-party.js HTTP/1.1" 200 65673 "-" "Mozilla/5.0 (compatible; AwarioBot/1.0; +https://awario.com/bots.html)"
57.141.20.13 - - [13/Mar/2026:02:22:00 +0100] "GET /service/organic-products/?view=/sftproot/htdocs/sivaco/node_modules/detective/test/return.js HTTP/2.0" 200 2309 "-" "meta-externalagent/1.1 (+https://developers.facebook.com/docs/sharing/webmasters/crawler)"
65.109.118.212 - - [13/Mar/2026:02:22:05 +0100] "GET /service/agriculture-products/?view=/htdocs/sivaco/node_modules/private/LICENSE HTTP/1.1" 200 1508 "-" "Mozilla/5.0 (compatible; AwarioBot/1.0; +https://awario.com/bots.html)"
57.141.20.35 - - [13/Mar/2026:02:22:06 +0100] "GET /service/fresh-vegetables/?view=/htdocs/atito2/node_modules/@nodelib/fs.stat/out/settings.js HTTP/2.0" 200 2751 "-" "meta-externalagent/1.1 (+https://developers.facebook.com/docs/sharing/webmasters/crawler)"
65.109.118.212 - - [13/Mar/2026:02:22:08 +0100] "GET /service/agriculture-products/?view=/htdocs/sivaco/node_modules/private/README.md HTTP/1.1" 200 3777 "-" "Mozilla/5.0 (compatible; AwarioBot/1.0; +https://awario.com/bots.html)"
65.109.118.212 - - [13/Mar/2026:02:22:10 +0100] "GET /service/agriculture-products/?view=/htdocs/sivaco/node_modules/private/package.json HTTP/1.1" 200 1241 "-" "Mozilla/5.0 (compatible; AwarioBot/1.0; +https://awario.com/bots.html)"
57.141.20.38 - - [13/Mar/2026:02:22:11 +0100] "GET /service/organic-products/?rename=/sftproot/htdocs/atito2/node_modules/.bin/update-browserslist-db.cmd HTTP/2.0" 200 2329 "-" "meta-externalagent/1.1 (+https://developers.facebook.com/docs/sharing/webmasters/crawler)"
65.109.118.212 - - [13/Mar/2026:02:22:12 +0100] "GET /service/agriculture-products/?view=/htdocs/sivaco/node_modules/private/private.js HTTP/1.1" 200 2169 "-" "Mozilla/5.0 (compatible; AwarioBot/1.0; +https://awario.com/bots.html)"
