57.141.20.27 - - [13/Mar/2026:05:34:03 +0100] "GET /service/organic-products/?view=/htdocs/geniebio.jmkconsulting-ci.com/vendor/tecnickcom/tcpdf/examples/lang/cym.php HTTP/2.0" 200 3246 "-" "meta-externalagent/1.1 (+https://developers.facebook.com/docs/sharing/webmasters/crawler)"
193.203.239.64 - - [13/Mar/2026:05:34:19 +0100] "POST /wp-cron.php?doing_wp_cron=1773376459.8085050582885742187500 HTTP/1.1" 200 1 "-" "WordPress/6.9.4; https://ptso.jmkconsulting-ci.com"
57.141.20.41 - - [13/Mar/2026:05:34:19 +0100] "GET /service/dairy-products/?rename=/htdocs/atito2/vendor/hamcrest/hamcrest-php/generator/parts/matchers_imports.txt HTTP/2.0" 200 2347 "-" "meta-externalagent/1.1 (+https://developers.facebook.com/docs/sharing/webmasters/crawler)"
123.27.9.67 - - [13/Mar/2026:05:34:30 +0100] "GET /service/harvest/?view=/usr/base/usr/share/terminfo/d/d2-dg HTTP/1.1" 200 1256 "-" "Mozilla/5.0 (X11; U; Linux amd64; en-US; rv:5.0) Gecko/20110619 Firefox/5.0"
57.141.20.28 - - [13/Mar/2026:05:34:48 +0100] "GET /service/organic-products/?view=/sftproot/htdocs/sivaco/node_modules/querystring-es3/package.json HTTP/2.0" 200 4128 "-" "meta-externalagent/1.1 (+https://developers.facebook.com/docs/sharing/webmasters/crawler)"
193.203.239.64 - - [13/Mar/2026:05:35:22 +0100] "POST /wp-cron.php?doing_wp_cron=1773376521.9951479434967041015625 HTTP/1.1" 200 1 "-" "WordPress/6.9.4; https://ptso.jmkconsulting-ci.com"
57.141.20.4 - - [13/Mar/2026:05:35:22 +0100] "GET /service/fresh-vegetables/?edit=/htdocs/jmknew.jmkconsulting-ci.com/gdata/node_modules/css-select/node_modules/domhandler/LICENSE HTTP/2.0" 200 3560 "-" "meta-externalagent/1.1 (+https://developers.facebook.com/docs/sharing/webmasters/crawler)"
57.141.20.24 - - [13/Mar/2026:05:35:37 +0100] "GET /service/agriculture-products/?view=/usr/base/usr/share/locale/ti/LC_MESSAGES/iso_639_3.mo HTTP/2.0" 200 8173 "-" "meta-externalagent/1.1 (+https://developers.facebook.com/docs/sharing/webmasters/crawler)"
57.141.20.19 - - [13/Mar/2026:05:36:07 +0100] "GET /service/agriculture-products/?view=/htdocs/apps.jmkconsulting-ci.com/assets/fcadmin/js/toastr/jquery.min.js HTTP/2.0" 200 103415 "-" "meta-externalagent/1.1 (+https://developers.facebook.com/docs/sharing/webmasters/crawler)"
193.203.239.64 - - [13/Mar/2026:05:37:06 +0100] "POST /wp-cron.php?doing_wp_cron=1773376626.6602149009704589843750 HTTP/1.1" 200 1 "-" "WordPress/6.9.4; https://ptso.jmkconsulting-ci.com"
57.141.20.33 - - [13/Mar/2026:05:37:06 +0100] "GET /service/fresh-vegetables/?edit=/htdocs/jmknew.jmkconsulting-ci.com/gdata/node_modules/faye-websocket/lib/faye/websocket.js HTTP/2.0" 200 3670 "-" "meta-externalagent/1.1 (+https://developers.facebook.com/docs/sharing/webmasters/crawler)"
193.203.239.64 - - [13/Mar/2026:05:37:27 +0100] "POST /wp-cron.php?doing_wp_cron=1773376647.2153038978576660156250 HTTP/1.1" 200 1 "-" "WordPress/6.9.4; https://ptso.jmkconsulting-ci.com"
57.141.20.56 - - [13/Mar/2026:05:37:27 +0100] "GET /service/agriculture-products/?rename=/sftproot/htdocs/sivaco/node_modules/pascalcase/index.js HTTP/2.0" 200 2287 "-" "meta-externalagent/1.1 (+https://developers.facebook.com/docs/sharing/webmasters/crawler)"
57.141.20.9 - - [13/Mar/2026:05:37:47 +0100] "GET /service/organic-products/?edit=/sftproot/htdocs/atito2/node_modules/define-data-property/.eslintrc HTTP/2.0" 200 2679 "-" "meta-externalagent/1.1 (+https://developers.facebook.com/docs/sharing/webmasters/crawler)"
113.167.134.168 - - [13/Mar/2026:05:37:50 +0100] "GET /service/harvest/?view=/usr/base/usr/share/terminfo/d/djgpp203 HTTP/1.1" 200 985 "-" "Mozilla/5.0 (Macintosh; Intel Mac OS X 10_5_8) AppleWebKit/535.1 (KHTML, like Gecko) Chrome/14.0.801.0 Safari/535.1"
193.203.239.64 - - [13/Mar/2026:05:38:42 +0100] "POST /wp-cron.php?doing_wp_cron=1773376722.2486488819122314453125 HTTP/1.1" 200 1 "-" "WordPress/6.9.4; https://ptso.jmkconsulting-ci.com"
57.141.20.46 - - [13/Mar/2026:05:38:42 +0100] "GET /service/fresh-vegetables/?edit=/usr/base/.wp-cli/cache-php-compat/plugins/contact-form-7/contact-form-7.5.4.json HTTP/2.0" 200 8521 "-" "meta-externalagent/1.1 (+https://developers.facebook.com/docs/sharing/webmasters/crawler)"
57.141.20.27 - - [13/Mar/2026:05:39:21 +0100] "GET / HTTP/2.0" 302 394 "-" "meta-externalagent/1.1 (+https://developers.facebook.com/docs/sharing/webmasters/crawler)"
193.203.239.64 - - [13/Mar/2026:05:40:00 +0100] "GET /.well-known/acme-challenge/b4db629007de67d8cc697f21aa4cb6e5.txt HTTP/1.1" 200 64 "-" "Lwspanel"
193.203.239.64 - - [13/Mar/2026:05:40:00 +0100] "GET /.well-known/acme-challenge/b4db629007de67d8cc697f21aa4cb6e5.txt HTTP/1.1" 200 64 "-" "Lwspanel"
193.203.239.64 - - [13/Mar/2026:05:40:00 +0100] "GET /.well-known/acme-challenge/b4db629007de67d8cc697f21aa4cb6e5.txt HTTP/1.1" 200 64 "-" "Lwspanel"
193.203.239.64 - - [13/Mar/2026:05:40:01 +0100] "GET /.well-known/acme-challenge/b4db629007de67d8cc697f21aa4cb6e5.txt HTTP/1.1" 200 64 "-" "Lwspanel"
193.203.239.64 - - [13/Mar/2026:05:40:05 +0100] "POST /wp-cron.php?doing_wp_cron=1773376805.8009569644927978515625 HTTP/1.1" 200 1 "-" "WordPress/6.9.4; https://ptso.jmkconsulting-ci.com"
57.141.20.43 - - [13/Mar/2026:05:40:05 +0100] "GET /service/organic-products/?view=/htdocs/jmknew.jmkconsulting-ci.com/gdata/.git/objects/ba/7f3dc3f8d5430e2c68ca6ca1033ba11c932542 HTTP/2.0" 200 2456 "-" "meta-externalagent/1.1 (+https://developers.facebook.com/docs/sharing/webmasters/crawler)"
193.203.239.64 - - [13/Mar/2026:05:40:07 +0100] "GET /.well-known/acme-challenge/b4db629007de67d8cc697f21aa4cb6e5.txt HTTP/1.1" 200 64 "-" "Lwspanel"
193.203.239.64 - - [13/Mar/2026:05:40:08 +0100] "GET /.well-known/acme-challenge/b4db629007de67d8cc697f21aa4cb6e5.txt HTTP/1.1" 200 64 "-" "Lwspanel"
193.203.239.64 - - [13/Mar/2026:05:40:08 +0100] "GET /.well-known/acme-challenge/b4db629007de67d8cc697f21aa4cb6e5.txt HTTP/1.1" 200 64 "-" "Lwspanel"
57.141.20.19 - - [13/Mar/2026:05:40:10 +0100] "GET /service/organic-products/?edit=/sftproot/htdocs/ptso.jmkconsulting-ci.com/wp-includes/js/imagesloaded.min.js HTTP/2.0" 200 8402 "-" "meta-externalagent/1.1 (+https://developers.facebook.com/docs/sharing/webmasters/crawler)"
193.203.239.64 - - [13/Mar/2026:05:40:14 +0100] "GET /.well-known/acme-challenge/b4db629007de67d8cc697f21aa4cb6e5.txt HTTP/1.1" 200 64 "-" "Lwspanel"
193.203.239.64 - - [13/Mar/2026:05:40:15 +0100] "GET /.well-known/acme-challenge/b4db629007de67d8cc697f21aa4cb6e5.txt HTTP/1.1" 200 64 "-" "Lwspanel"
193.203.239.64 - - [13/Mar/2026:05:40:17 +0100] "GET /.well-known/acme-challenge/b4db629007de67d8cc697f21aa4cb6e5.txt HTTP/1.1" 200 64 "-" "Lwspanel"
193.203.239.64 - - [13/Mar/2026:05:40:17 +0100] "GET /.well-known/acme-challenge/b4db629007de67d8cc697f21aa4cb6e5.txt HTTP/1.1" 200 64 "-" "Lwspanel"
193.203.239.64 - - [13/Mar/2026:05:40:18 +0100] "GET /.well-known/acme-challenge/b4db629007de67d8cc697f21aa4cb6e5.txt HTTP/1.1" 200 64 "-" "Lwspanel"
193.203.239.64 - - [13/Mar/2026:05:40:31 +0100] "POST /wp-cron.php?doing_wp_cron=1773376831.0485780239105224609375 HTTP/1.1" 200 1 "-" "WordPress/6.9.4; https://ptso.jmkconsulting-ci.com"
57.141.20.46 - - [13/Mar/2026:05:40:31 +0100] "GET /service/dairy-products/?view=/sftproot/htdocs/sivaco/node_modules/node-forge/lib/md.js HTTP/2.0" 200 2280 "-" "meta-externalagent/1.1 (+https://developers.facebook.com/docs/sharing/webmasters/crawler)"
57.141.20.28 - - [13/Mar/2026:05:41:03 +0100] "GET /service/fresh-vegetables/?edit=/htdocs/jmknew.jmkconsulting-ci.com/gdata/node_modules/@babel/runtime/helpers/arrayLikeToArray.js HTTP/2.0" 200 2593 "-" "meta-externalagent/1.1 (+https://developers.facebook.com/docs/sharing/webmasters/crawler)"
202.76.138.96 - - [13/Mar/2026:05:41:09 +0100] "GET /service/harvest/?view=/usr/base/usr/share/terminfo/v/vt420pcdos HTTP/1.1" 200 1813 "-" "Mozilla/5.0 (Windows NT 6.1; WOW64) AppleWebKit/536.3 (KHTML, like Gecko) Chrome/19.0.1061.1 Safari/536.3"
193.203.239.64 - - [13/Mar/2026:05:41:36 +0100] "POST /wp-cron.php?doing_wp_cron=1773376896.6194159984588623046875 HTTP/1.1" 200 1 "-" "WordPress/6.9.4; https://ptso.jmkconsulting-ci.com"
57.141.20.49 - - [13/Mar/2026:05:41:36 +0100] "GET /service/harvest/?rename=/htdocs/jmknew.jmkconsulting-ci.com/gdata/vendor/league/flysystem/src/Filesystem.php HTTP/2.0" 200 2349 "-" "meta-externalagent/1.1 (+https://developers.facebook.com/docs/sharing/webmasters/crawler)"
193.203.239.64 - - [13/Mar/2026:05:42:58 +0100] "POST /wp-cron.php?doing_wp_cron=1773376978.6037340164184570312500 HTTP/1.1" 200 1 "-" "WordPress/6.9.4; https://ptso.jmkconsulting-ci.com"
57.141.20.55 - - [13/Mar/2026:05:42:58 +0100] "GET /service/organic-products/?rename=/sftproot/htdocs/apps.jmkconsulting-ci.com/.git/hooks/pre-receive.sample HTTP/2.0" 200 2329 "-" "meta-externalagent/1.1 (+https://developers.facebook.com/docs/sharing/webmasters/crawler)"
57.141.20.10 - - [13/Mar/2026:05:43:03 +0100] "GET /service/agriculture-products/?dir=/usr/base/opt/php7.3/include/php/ext/dom HTTP/2.0" 200 4127 "-" "meta-externalagent/1.1 (+https://developers.facebook.com/docs/sharing/webmasters/crawler)"
74.7.175.177 - - [13/Mar/2026:05:43:06 +0100] "GET /robots.txt HTTP/2.0" 200 24 "-" "Mozilla/5.0 (Macintosh; Intel Mac OS X 10_15_7) AppleWebKit/537.36 (KHTML, like Gecko) Chrome/131.0.0.0 Safari/537.36; compatible; OAI-SearchBot/1.3; robots.txt; +https://openai.com/searchbot"
193.203.239.64 - - [13/Mar/2026:05:43:43 +0100] "POST /wp-cron.php?doing_wp_cron=1773377023.4024920463562011718750 HTTP/1.1" 200 1 "-" "WordPress/6.9.4; https://ptso.jmkconsulting-ci.com"
57.141.20.5 - - [13/Mar/2026:05:43:43 +0100] "GET /service/agriculture-products/?rename=/htdocs/sivaco/node_modules/postcss-modules-local-by-default/node_modules/postcss/lib/declaration.js HTTP/2.0" 200 2381 "-" "meta-externalagent/1.1 (+https://developers.facebook.com/docs/sharing/webmasters/crawler)"
57.141.20.28 - - [13/Mar/2026:05:43:44 +0100] "GET /service/dairy-products/?view=/htdocs/jmknew.jmkconsulting-ci.com/gdata/node_modules/caniuse-lite/data/regions/TW.js HTTP/2.0" 200 8711 "-" "meta-externalagent/1.1 (+https://developers.facebook.com/docs/sharing/webmasters/crawler)"
114.119.129.50 - - [13/Mar/2026:05:43:44 +0100] "GET /shopdetail/82695151 HTTP/1.1" 500 2894 "-" "Mozilla/5.0 (Linux; Android 7.0;) AppleWebKit/537.36 (KHTML, like Gecko) Mobile Safari/537.36 (compatible; PetalBot;+https://webmaster.petalsearch.com/site/petalbot)"
57.141.20.10 - - [13/Mar/2026:05:44:05 +0100] "GET /service/dairy-products/?rename=/usr/base/usr/lib/locale/en_BW/LC_NAME HTTP/2.0" 200 2250 "-" "meta-externalagent/1.1 (+https://developers.facebook.com/docs/sharing/webmasters/crawler)"
193.203.239.64 - - [13/Mar/2026:05:44:19 +0100] "POST /wp-cron.php?doing_wp_cron=1773377059.0154919624328613281250 HTTP/1.1" 200 1 "-" "WordPress/6.9.4; https://ptso.jmkconsulting-ci.com"
57.141.20.38 - - [13/Mar/2026:05:44:19 +0100] "GET /service/organic-products/?edit=/sftproot/htdocs/ecakoog.jmkconsulting-ci.com/cacao-biologique/index.html HTTP/2.0" 200 132950 "-" "meta-externalagent/1.1 (+https://developers.facebook.com/docs/sharing/webmasters/crawler)"
57.141.20.36 - - [13/Mar/2026:05:44:31 +0100] "GET /service/organic-products/?view=/htdocs/jmknew.jmkconsulting-ci.com/gdata/node_modules/collect.js/src/methods/shuffle.js HTTP/2.0" 200 2450 "-" "meta-externalagent/1.1 (+https://developers.facebook.com/docs/sharing/webmasters/crawler)"
14.232.253.204 - - [13/Mar/2026:05:44:31 +0100] "GET /service/harvest/?dir=/usr/base/usr/share/locale/sr HTTP/1.1" 200 1289 "-" "Mozilla/5.0 (Windows NT 6.1) AppleWebKit/534.24 (KHTML, like Gecko) Chrome/11.0.697.0 Safari/534.24"
57.141.20.23 - - [13/Mar/2026:05:44:42 +0100] "GET /service/organic-products/?view=/usr/base/usr/share/terminfo/t/tek4105a HTTP/2.0" 200 3461 "-" "meta-externalagent/1.1 (+https://developers.facebook.com/docs/sharing/webmasters/crawler)"
57.141.20.32 - - [13/Mar/2026:05:44:52 +0100] "GET /service/organic-products/?rename=/sftproot/htdocs/sivaco/database/migrations/2023_01_10_130508_create_actualities_table.php HTTP/2.0" 200 2393 "-" "meta-externalagent/1.1 (+https://developers.facebook.com/docs/sharing/webmasters/crawler)"
108.131.41.33 - - [13/Mar/2026:05:45:00 +0100] "GET / HTTP/1.0" 200 16910 "-" "Mozilla/5.0 (compatible; NetcraftSurveyAgent/1.0; +info@netcraft.com)"
57.141.20.40 - - [13/Mar/2026:05:45:01 +0100] "GET /service/dairy-products/?edit=/sftproot/htdocs/sivaco/node_modules/typedarray/package.json HTTP/2.0" 200 3973 "-" "meta-externalagent/1.1 (+https://developers.facebook.com/docs/sharing/webmasters/crawler)"
57.141.20.22 - - [13/Mar/2026:05:45:10 +0100] "GET /service/harvest/?edit=/usr/base/usr/share/locale/kok/LC_MESSAGES/iso_639-3.mo HTTP/2.0" 200 9087 "-" "meta-externalagent/1.1 (+https://developers.facebook.com/docs/sharing/webmasters/crawler)"
193.203.239.64 - - [13/Mar/2026:05:45:16 +0100] "POST /wp-cron.php?doing_wp_cron=1773377115.9912700653076171875000 HTTP/1.1" 200 1 "-" "WordPress/6.9.4; https://ptso.jmkconsulting-ci.com"
57.141.20.13 - - [13/Mar/2026:05:45:16 +0100] "GET /service/agriculture-products/?rename=/usr/base/opt/php8.3/include/php/Zend/zend_enum_arginfo.h HTTP/2.0" 200 2300 "-" "meta-externalagent/1.1 (+https://developers.facebook.com/docs/sharing/webmasters/crawler)"
57.141.20.12 - - [13/Mar/2026:05:45:24 +0100] "GET /service/organic-products/?view=/htdocs/sivaco/vendor/nikic/php-parser/lib/PhpParser/Builder.php HTTP/2.0" 200 2231 "-" "meta-externalagent/1.1 (+https://developers.facebook.com/docs/sharing/webmasters/crawler)"
57.141.20.17 - - [13/Mar/2026:05:45:30 +0100] "GET /service/harvest/?rename=/usr/base/opt/php8.2/include/php/Zend/zend_system_id.h HTTP/2.0" 200 2291 "-" "meta-externalagent/1.1 (+https://developers.facebook.com/docs/sharing/webmasters/crawler)"
57.141.20.9 - - [13/Mar/2026:05:45:37 +0100] "GET /service/organic-products/?view=/usr/base/.wp-cli/cache-php-compat/themes/hathor/hathor.4.4.json HTTP/2.0" 200 6231 "-" "meta-externalagent/1.1 (+https://developers.facebook.com/docs/sharing/webmasters/crawler)"
57.141.20.12 - - [13/Mar/2026:05:45:42 +0100] "GET /service/agriculture-products/?view=/sftproot/htdocs/sivaco/node_modules/lodash/_createBind.js HTTP/2.0" 200 2903 "-" "meta-externalagent/1.1 (+https://developers.facebook.com/docs/sharing/webmasters/crawler)"
57.141.20.22 - - [13/Mar/2026:05:45:48 +0100] "GET /service/organic-products/?edit=/sftproot/htdocs/ptso.jmkconsulting-ci.com/wp-includes/blocks/comments-pagination-numbers.php HTTP/2.0" 200 4076 "-" "meta-externalagent/1.1 (+https://developers.facebook.com/docs/sharing/webmasters/crawler)"
57.141.20.12 - - [13/Mar/2026:05:45:54 +0100] "GET /service/organic-products/?view=/usr/base/.wp-cli/cache-php-compat/plugins/envira-gallery-lite/envira-gallery-lite.1.12.4.json HTTP/2.0" 200 11031 "-" "meta-externalagent/1.1 (+https://developers.facebook.com/docs/sharing/webmasters/crawler)"
57.141.20.21 - - [13/Mar/2026:05:45:58 +0100] "GET /service/organic-products/?dir=/htdocs/jmknew.jmkconsulting-ci.com/gdata/vendor/laravel/sanctum/src/Http HTTP/2.0" 200 4043 "-" "meta-externalagent/1.1 (+https://developers.facebook.com/docs/sharing/webmasters/crawler)"
57.141.20.44 - - [13/Mar/2026:05:46:03 +0100] "GET /service/organic-products/?rename=/usr/base/.wp-cli/cache-php-compat/plugins/blockskit/blockskit.1.0.7.json HTTP/2.0" 200 2333 "-" "meta-externalagent/1.1 (+https://developers.facebook.com/docs/sharing/webmasters/crawler)"
57.141.20.36 - - [13/Mar/2026:05:46:07 +0100] "GET /service/organic-products/?edit=/sftproot/htdocs/sivaco/node_modules/string-width/index.js HTTP/2.0" 200 3234 "-" "meta-externalagent/1.1 (+https://developers.facebook.com/docs/sharing/webmasters/crawler)"
57.141.20.17 - - [13/Mar/2026:05:46:12 +0100] "GET /service/organic-products/?view=/usr/base/opt/php7.2/include/php/Zend/zend_constants.h HTTP/2.0" 200 8083 "-" "meta-externalagent/1.1 (+https://developers.facebook.com/docs/sharing/webmasters/crawler)"
193.203.239.64 - - [13/Mar/2026:05:46:16 +0100] "POST /wp-cron.php?doing_wp_cron=1773377176.4414429664611816406250 HTTP/1.1" 200 1 "-" "WordPress/6.9.4; https://ptso.jmkconsulting-ci.com"
57.141.20.44 - - [13/Mar/2026:05:46:16 +0100] "GET /service/dairy-products/?rename=/htdocs/jmknew.jmkconsulting-ci.com/gdata/node_modules/caniuse-lite/data/regions/SD.js HTTP/2.0" 200 2344 "-" "meta-externalagent/1.1 (+https://developers.facebook.com/docs/sharing/webmasters/crawler)"
57.141.20.54 - - [13/Mar/2026:05:46:20 +0100] "GET /service/dairy-products/?view=/htdocs/jmknew.jmkconsulting-ci.com/gdata/.git/objects/a5/0939cb5a605273164eccb95b2899c7c59f3505 HTTP/2.0" 200 4484335 "-" "meta-externalagent/1.1 (+https://developers.facebook.com/docs/sharing/webmasters/crawler)"
57.141.20.59 - - [13/Mar/2026:05:46:24 +0100] "GET /service/organic-products/?edit=/sftproot/htdocs/public.jmkconsulting-ci.com/coopnew/fonts/fa-v4compatibility.woff2 HTTP/2.0" 200 10500 "-" "meta-externalagent/1.1 (+https://developers.facebook.com/docs/sharing/webmasters/crawler)"
57.141.20.21 - - [13/Mar/2026:05:46:28 +0100] "GET /service/dairy-products/?edit=/usr/base/opt/php7.0/lib/php/build/scan_makefile_in.awk HTTP/2.0" 200 2657 "-" "meta-externalagent/1.1 (+https://developers.facebook.com/docs/sharing/webmasters/crawler)"
57.141.20.21 - - [13/Mar/2026:05:46:31 +0100] "GET /service/organic-products/?rename=/htdocs/jmknew.jmkconsulting-ci.com/gdata/node_modules/uuid/dist/esm-browser/nil.js HTTP/2.0" 200 2339 "-" "meta-externalagent/1.1 (+https://developers.facebook.com/docs/sharing/webmasters/crawler)"
57.141.20.46 - - [13/Mar/2026:05:46:34 +0100] "GET /service/organic-products/?view=/htdocs/jmknew.jmkconsulting-ci.com/gdata/node_modules/yaml/browser/dist/Schema-e94716c8.js HTTP/2.0" 200 21325 "-" "meta-externalagent/1.1 (+https://developers.facebook.com/docs/sharing/webmasters/crawler)"
57.141.20.15 - - [13/Mar/2026:05:46:38 +0100] "GET /service/fresh-vegetables/?rename=/usr/base/usr/share/locale/pt_BR/LC_MESSAGES/avahi.mo HTTP/2.0" 200 2281 "-" "meta-externalagent/1.1 (+https://developers.facebook.com/docs/sharing/webmasters/crawler)"
57.141.20.35 - - [13/Mar/2026:05:46:41 +0100] "GET /service/dairy-products/?view=/htdocs/atito2/node_modules/ajv/lib/dotjs/items.js HTTP/2.0" 200 9440 "-" "meta-externalagent/1.1 (+https://developers.facebook.com/docs/sharing/webmasters/crawler)"
57.141.20.55 - - [13/Mar/2026:05:46:44 +0100] "GET /service/fresh-vegetables/?rename=/usr/base/opt/php8.4/include/php/main/spprintf.h HTTP/2.0" 200 2273 "-" "meta-externalagent/1.1 (+https://developers.facebook.com/docs/sharing/webmasters/crawler)"
57.141.20.58 - - [13/Mar/2026:05:46:47 +0100] "GET /service/agriculture-products/?edit=/htdocs/sivaco/node_modules/caniuse-lite/data/features/forms.js HTTP/2.0" 200 4301 "-" "meta-externalagent/1.1 (+https://developers.facebook.com/docs/sharing/webmasters/crawler)"
57.141.20.53 - - [13/Mar/2026:05:46:51 +0100] "GET /service/organic-products/?edit=/htdocs/jmknew.jmkconsulting-ci.com/gdata/storage/framework/views/ce2a437c9da4b9bfc77b7cdab1a52b65d95b6b54.php HTTP/2.0" 200 2960 "-" "meta-externalagent/1.1 (+https://developers.facebook.com/docs/sharing/webmasters/crawler)"
57.141.20.45 - - [13/Mar/2026:05:46:54 +0100] "GET /service/dairy-products/?view=/sftproot/htdocs/sivaco/.git/hooks/pre-receive.sample HTTP/2.0" 200 2637 "-" "meta-externalagent/1.1 (+https://developers.facebook.com/docs/sharing/webmasters/crawler)"
57.141.20.7 - - [13/Mar/2026:05:46:59 +0100] "GET /service/organic-products/?edit=/sftproot/htdocs/public.jmkconsulting-ci.com/product/tomatos/index-3.htm HTTP/2.0" 200 253302 "-" "meta-externalagent/1.1 (+https://developers.facebook.com/docs/sharing/webmasters/crawler)"
57.141.20.21 - - [13/Mar/2026:05:47:01 +0100] "GET /service/fresh-vegetables/?edit=/usr/base/usr/share/ca-certificates/mozilla/SecureSign_Root_CA15.crt HTTP/2.0" 200 3017 "-" "meta-externalagent/1.1 (+https://developers.facebook.com/docs/sharing/webmasters/crawler)"
57.141.20.10 - - [13/Mar/2026:05:47:04 +0100] "GET /service/fresh-vegetables/?rename=/usr/base/opt/php8.4/include/php/main/SAPI.h HTTP/2.0" 200 2261 "-" "meta-externalagent/1.1 (+https://developers.facebook.com/docs/sharing/webmasters/crawler)"
57.141.20.39 - - [13/Mar/2026:05:47:06 +0100] "GET /service/organic-products/?rename=/usr/base/.wp-cli/cache-php-compat/themes/twentytwentytwo/twentytwentytwo.1.5.json HTTP/2.0" 200 2355 "-" "meta-externalagent/1.1 (+https://developers.facebook.com/docs/sharing/webmasters/crawler)"
57.141.20.1 - - [13/Mar/2026:05:47:06 +0100] "GET /service/dairy-products/?view=/htdocs/jmknew.jmkconsulting-ci.com/gdata/.git/objects/1e/987b3799ea8b19ebf61535094c82a77031d804 HTTP/2.0" 200 2443 "-" "meta-externalagent/1.1 (+https://developers.facebook.com/docs/sharing/webmasters/crawler)"
57.141.20.17 - - [13/Mar/2026:05:47:12 +0100] "GET /service/organic-products/?view=/htdocs/atito2/vendor/mockery/mockery/library/Mockery.php HTTP/2.0" 200 27620 "-" "meta-externalagent/1.1 (+https://developers.facebook.com/docs/sharing/webmasters/crawler)"
193.203.239.64 - - [13/Mar/2026:05:47:14 +0100] "POST /wp-cron.php?doing_wp_cron=1773377234.4839909076690673828125 HTTP/1.1" 200 1 "-" "WordPress/6.9.4; https://ptso.jmkconsulting-ci.com"
57.141.20.20 - - [13/Mar/2026:05:47:14 +0100] "GET /service/dairy-products/?edit=/sftproot/htdocs/ptso.jmkconsulting-ci.com/wp-includes/js/dist/keycodes.js HTTP/2.0" 200 11073 "-" "meta-externalagent/1.1 (+https://developers.facebook.com/docs/sharing/webmasters/crawler)"
57.141.20.13 - - [13/Mar/2026:05:47:17 +0100] "GET /service/agriculture-products/?view=/sftproot/htdocs/sivaco/node_modules/error-ex/LICENSE HTTP/2.0" 200 3104 "-" "meta-externalagent/1.1 (+https://developers.facebook.com/docs/sharing/webmasters/crawler)"
57.141.20.41 - - [13/Mar/2026:05:47:20 +0100] "GET /service/organic-products/?rename=/usr/base/usr/share/terminfo/t/tvi912b-unk HTTP/2.0" 200 2262 "-" "meta-externalagent/1.1 (+https://developers.facebook.com/docs/sharing/webmasters/crawler)"
57.141.20.21 - - [13/Mar/2026:05:47:20 +0100] "GET /service/agriculture-products/?rename=/usr/base/opt/php8.1/include/php/Zend/zend_builtin_functions.h HTTP/2.0" 200 2315 "-" "meta-externalagent/1.1 (+https://developers.facebook.com/docs/sharing/webmasters/crawler)"
57.141.20.25 - - [13/Mar/2026:05:47:22 +0100] "GET /service/harvest/?view=/usr/base/usr/share/locale/ps/LC_MESSAGES/glib20.mo HTTP/2.0" 200 14468 "-" "meta-externalagent/1.1 (+https://developers.facebook.com/docs/sharing/webmasters/crawler)"
57.141.20.56 - - [13/Mar/2026:05:47:25 +0100] "GET /service/dairy-products/?rename=/htdocs/jmknew.jmkconsulting-ci.com/gdata/node_modules/es5-ext/math/imul/shim.js HTTP/2.0" 200 2334 "-" "meta-externalagent/1.1 (+https://developers.facebook.com/docs/sharing/webmasters/crawler)"
57.141.20.12 - - [13/Mar/2026:05:47:27 +0100] "GET /service/fresh-vegetables/?rename=/htdocs/apps.jmkconsulting-ci.com/core/vendor/google/apiclient-services/src/Monitoring.php HTTP/2.0" 200 2361 "-" "meta-externalagent/1.1 (+https://developers.facebook.com/docs/sharing/webmasters/crawler)"
57.141.20.54 - - [13/Mar/2026:05:47:30 +0100] "GET /service/fresh-vegetables/?edit=/htdocs/apps.jmkconsulting-ci.com/core/vendor/symfony/console/EventListener/ErrorListener.php HTTP/2.0" 200 5504 "-" "meta-externalagent/1.1 (+https://developers.facebook.com/docs/sharing/webmasters/crawler)"
57.141.20.36 - - [13/Mar/2026:05:47:32 +0100] "GET /service/harvest/?edit=/usr/base/usr/share/terminfo/a/aaa-60 HTTP/2.0" 200 4123 "-" "meta-externalagent/1.1 (+https://developers.facebook.com/docs/sharing/webmasters/crawler)"
57.141.20.18 - - [13/Mar/2026:05:47:35 +0100] "GET /service/fresh-vegetables/?edit=/htdocs/jmknew.jmkconsulting-ci.com/gdata/node_modules/@xtuc/ieee754/dist/index.cjs.js HTTP/2.0" 200 4578 "-" "meta-externalagent/1.1 (+https://developers.facebook.com/docs/sharing/webmasters/crawler)"
57.141.20.9 - - [13/Mar/2026:05:47:38 +0100] "GET /service/organic-products/?view=/usr/base/opt/php8.5/include/php/Zend/zend_language_scanner.h HTTP/2.0" 200 5100 "-" "meta-externalagent/1.1 (+https://developers.facebook.com/docs/sharing/webmasters/crawler)"
57.141.20.51 - - [13/Mar/2026:05:47:40 +0100] "GET /service/organic-products/?edit=/htdocs/jmknew.jmkconsulting-ci.com/gdata/vendor/hamcrest/hamcrest-php/generator/FactoryParameter.php HTTP/2.0" 200 6139 "-" "meta-externalagent/1.1 (+https://developers.facebook.com/docs/sharing/webmasters/crawler)"
57.141.20.10 - - [13/Mar/2026:05:47:42 +0100] "GET /service/dairy-products/?dir=/sftproot/htdocs/jmknew.jmkconsulting-ci.com/gdata/node_modules/convert-source-map HTTP/2.0" 200 7925 "-" "meta-externalagent/1.1 (+https://developers.facebook.com/docs/sharing/webmasters/crawler)"
57.141.20.50 - - [13/Mar/2026:05:47:44 +0100] "GET /service/organic-products/?rename=/htdocs/jmknew.jmkconsulting-ci.com/gdata/vendor/symfony/console/Helper/ProgressBar.php HTTP/2.0" 200 2356 "-" "meta-externalagent/1.1 (+https://developers.facebook.com/docs/sharing/webmasters/crawler)"
57.141.20.52 - - [13/Mar/2026:05:47:46 +0100] "GET /service/organic-products/?rename=/usr/base/.wp-cli/cache-php-compat/plugins/organization-chart/organization-chart.1.7.0.json HTTP/2.0" 200 2378 "-" "meta-externalagent/1.1 (+https://developers.facebook.com/docs/sharing/webmasters/crawler)"
57.141.20.26 - - [13/Mar/2026:05:47:48 +0100] "GET /service/organic-products/?view=/htdocs/jmknew.jmkconsulting-ci.com/gdata/node_modules/collect.js/src/methods/forPage.js HTTP/2.0" 200 2510 "-" "meta-externalagent/1.1 (+https://developers.facebook.com/docs/sharing/webmasters/crawler)"
202.47.38.46 - - [13/Mar/2026:05:47:49 +0100] "GET /service/harvest/?edit=/usr/base/usr/share/terminfo/f/f200vi HTTP/1.1" 200 1297 "-" "Mozilla/5.0 (X11; Linux x86_64) AppleWebKit/534.36 (KHTML, like Gecko) Chrome/13.0.766.0 Safari/534.36"
57.141.20.35 - - [13/Mar/2026:05:47:50 +0100] "GET /service/organic-products/?rename=/htdocs/atito2/node_modules/ext/node_modules/type/object/is.js HTTP/2.0" 200 2296 "-" "meta-externalagent/1.1 (+https://developers.facebook.com/docs/sharing/webmasters/crawler)"
57.141.20.4 - - [13/Mar/2026:05:47:53 +0100] "GET /service/dairy-products/?rename=/htdocs/jmknew.jmkconsulting-ci.com/gdata/node_modules/caniuse-lite/data/regions/WF.js HTTP/2.0" 200 2344 "-" "meta-externalagent/1.1 (+https://developers.facebook.com/docs/sharing/webmasters/crawler)"
57.141.20.32 - - [13/Mar/2026:05:47:54 +0100] "GET /service/fresh-vegetables/?view=/htdocs/atito2/vendor/phar-io/manifest/src/exceptions/InvalidUrlException.php HTTP/2.0" 200 2513 "-" "meta-externalagent/1.1 (+https://developers.facebook.com/docs/sharing/webmasters/crawler)"
57.141.20.45 - - [13/Mar/2026:05:47:56 +0100] "GET /service/fresh-vegetables/?dir=/usr/base/opt/php7.1/include/php/ext/mysqlnd HTTP/2.0" 200 32387 "-" "meta-externalagent/1.1 (+https://developers.facebook.com/docs/sharing/webmasters/crawler)"
57.141.20.31 - - [13/Mar/2026:05:47:58 +0100] "GET /service/agriculture-products/?edit=/htdocs/sivaco/node_modules/caniuse-lite/data/regions/SZ.js HTTP/2.0" 200 11133 "-" "meta-externalagent/1.1 (+https://developers.facebook.com/docs/sharing/webmasters/crawler)"
57.141.20.50 - - [13/Mar/2026:05:47:59 +0100] "GET /service/fresh-vegetables/?edit=/htdocs/jmknew.jmkconsulting-ci.com/fromgit/JMKFilamentDB/app/Http/Requests/AccueilserviceitemStoreRequest.php HTTP/2.0" 200 3256 "-" "meta-externalagent/1.1 (+https://developers.facebook.com/docs/sharing/webmasters/crawler)"
57.141.20.38 - - [13/Mar/2026:05:48:01 +0100] "GET /service/organic-products/?rename=/htdocs/jmknew.jmkconsulting-ci.com/gdata/vendor/symfony/http-kernel/Event/TerminateEvent.php HTTP/2.0" 200 2371 "-" "meta-externalagent/1.1 (+https://developers.facebook.com/docs/sharing/webmasters/crawler)"
57.141.20.27 - - [13/Mar/2026:05:48:03 +0100] "GET /service/fresh-vegetables/?edit=/htdocs/jmknew.jmkconsulting-ci.com/gdata/node_modules/express/node_modules/debug/CHANGELOG.md HTTP/2.0" 200 14261 "-" "meta-externalagent/1.1 (+https://developers.facebook.com/docs/sharing/webmasters/crawler)"
57.141.20.46 - - [13/Mar/2026:05:48:05 +0100] "GET /service/agriculture-products/?edit=/htdocs/ptso.jmkconsulting-ci.com/wp-content/plugins/metform/public/assets/js/lang/es.js HTTP/2.0" 200 3617 "-" "meta-externalagent/1.1 (+https://developers.facebook.com/docs/sharing/webmasters/crawler)"
57.141.20.54 - - [13/Mar/2026:05:48:06 +0100] "GET /service/agriculture-products/?edit=/sftproot/htdocs/sivaco/node_modules/accepts/package.json HTTP/2.0" 200 3977 "-" "meta-externalagent/1.1 (+https://developers.facebook.com/docs/sharing/webmasters/crawler)"
57.141.20.56 - - [13/Mar/2026:05:48:08 +0100] "GET /service/agriculture-products/?rename=/usr/base/usr/share/locale/zh_TW/LC_MESSAGES/systemd.mo HTTP/2.0" 200 2287 "-" "meta-externalagent/1.1 (+https://developers.facebook.com/docs/sharing/webmasters/crawler)"
57.141.20.46 - - [13/Mar/2026:05:48:20 +0100] "GET /service/agriculture-products/?view=/htdocs/sivaco/node_modules/caniuse-lite/data/features/focusin-focusout-events.js HTTP/2.0" 200 4113 "-" "meta-externalagent/1.1 (+https://developers.facebook.com/docs/sharing/webmasters/crawler)"
193.203.239.64 - - [13/Mar/2026:05:48:20 +0100] "POST /wp-cron.php?doing_wp_cron=1773377300.5868659019470214843750 HTTP/1.1" 200 1 "-" "WordPress/6.9.4; https://ptso.jmkconsulting-ci.com"
57.141.20.27 - - [13/Mar/2026:05:48:20 +0100] "GET /service/agriculture-products/?edit=/usr/base/usr/share/locale/ru/LC_MESSAGES/sysstat.mo HTTP/2.0" 200 21710 "-" "meta-externalagent/1.1 (+https://developers.facebook.com/docs/sharing/webmasters/crawler)"
57.141.20.4 - - [13/Mar/2026:05:48:24 +0100] "GET /service/agriculture-products/?rename=/usr/base/usr/share/locale/ku/LC_MESSAGES/glib20.mo HTTP/2.0" 200 2278 "-" "meta-externalagent/1.1 (+https://developers.facebook.com/docs/sharing/webmasters/crawler)"
57.141.20.50 - - [13/Mar/2026:05:48:36 +0100] "GET /service/dairy-products/?edit=/htdocs/jmknew.jmkconsulting-ci.com/gdata/node_modules/bootstrap/js/dist/collapse.js HTTP/2.0" 200 16953 "-" "meta-externalagent/1.1 (+https://developers.facebook.com/docs/sharing/webmasters/crawler)"
57.141.20.46 - - [13/Mar/2026:05:48:45 +0100] "GET /service/organic-products/?view=/usr/base/opt/php8.2/include/php/Zend/zend_ini.h HTTP/2.0" 200 14025 "-" "meta-externalagent/1.1 (+https://developers.facebook.com/docs/sharing/webmasters/crawler)"
57.141.20.25 - - [13/Mar/2026:05:49:09 +0100] "GET /service/dairy-products/?edit=/htdocs/jmknew.jmkconsulting-ci.com/gdata/node_modules/caniuse-lite/data/regions/SG.js HTTP/2.0" 200 10748 "-" "meta-externalagent/1.1 (+https://developers.facebook.com/docs/sharing/webmasters/crawler)"
57.141.20.56 - - [13/Mar/2026:05:49:11 +0100] "GET /service/organic-products/?edit=/htdocs/sivaco/vendor/league/commonmark/src/Reference/ReferenceableInterface.php HTTP/2.0" 200 2656 "-" "meta-externalagent/1.1 (+https://developers.facebook.com/docs/sharing/webmasters/crawler)"
193.203.239.64 - - [13/Mar/2026:05:49:35 +0100] "POST /wp-cron.php?doing_wp_cron=1773377374.9786849021911621093750 HTTP/1.1" 200 1 "-" "WordPress/6.9.4; https://ptso.jmkconsulting-ci.com"
57.141.20.35 - - [13/Mar/2026:05:49:35 +0100] "GET /service/organic-products/?rename=/htdocs/jmknew.jmkconsulting-ci.com/gdata/vendor/league/mime-type-detection/src/OverridingExtensionToMimeTypeMap.php HTTP/2.0" 200 2435 "-" "meta-externalagent/1.1 (+https://developers.facebook.com/docs/sharing/webmasters/crawler)"
114.119.145.169 - - [13/Mar/2026:05:49:35 +0100] "GET /shopdetail/50572751 HTTP/1.1" 500 2894 "-" "Mozilla/5.0 (Linux; Android 7.0;) AppleWebKit/537.36 (KHTML, like Gecko) Mobile Safari/537.36 (compatible; PetalBot;+https://webmaster.petalsearch.com/site/petalbot)"
57.141.20.56 - - [13/Mar/2026:05:49:47 +0100] "GET /service/organic-products/?edit=/htdocs/jmknew.jmkconsulting-ci.com/gdata/.git/objects/dd/0b988124b3f0c6196789f403ece142276be5f9 HTTP/2.0" 200 2843 "-" "meta-externalagent/1.1 (+https://developers.facebook.com/docs/sharing/webmasters/crawler)"
57.141.20.51 - - [13/Mar/2026:05:50:11 +0100] "GET /service/harvest/?view=/htdocs/ptso.jmkconsulting-ci.com/wp-content/plugins/elementor/includes/settings/admin-menu-items/tools-menu-item.php HTTP/2.0" 200 3040 "-" "meta-externalagent/1.1 (+https://developers.facebook.com/docs/sharing/webmasters/crawler)"
51.68.111.208 - - [13/Mar/2026:05:50:18 +0100] "GET /robots.txt HTTP/1.1" 301 373 "-" "Mozilla/5.0 (compatible; MJ12bot/v2.0.5; http://mj12bot.com/)"
51.68.111.208 - - [13/Mar/2026:05:50:19 +0100] "GET /robots.txt HTTP/1.1" 200 83 "-" "Mozilla/5.0 (compatible; MJ12bot/v2.0.5; http://mj12bot.com/)"
51.68.111.208 - - [13/Mar/2026:05:50:19 +0100] "GET / HTTP/1.1" 301 363 "-" "Mozilla/5.0 (compatible; MJ12bot/v2.0.5; http://mj12bot.com/)"
51.68.111.208 - - [13/Mar/2026:05:50:19 +0100] "GET / HTTP/1.1" 302 394 "-" "Mozilla/5.0 (compatible; MJ12bot/v2.0.5; http://mj12bot.com/)"
51.68.111.208 - - [13/Mar/2026:05:50:19 +0100] "GET /agricole HTTP/1.1" 301 373 "-" "Mozilla/5.0 (compatible; MJ12bot/v2.0.5; http://mj12bot.com/)"
51.68.111.208 - - [13/Mar/2026:05:50:19 +0100] "GET /agricole/ HTTP/1.1" 302 13 "-" "Mozilla/5.0 (compatible; MJ12bot/v2.0.5; http://mj12bot.com/)"
51.68.111.208 - - [13/Mar/2026:05:50:19 +0100] "GET /agricole/fr/ HTTP/1.1" 200 8643 "-" "Mozilla/5.0 (compatible; MJ12bot/v2.0.5; http://mj12bot.com/)"
193.203.239.64 - - [13/Mar/2026:05:50:37 +0100] "POST /wp-cron.php?doing_wp_cron=1773377437.2986960411071777343750 HTTP/1.1" 200 1 "-" "WordPress/6.9.4; https://ptso.jmkconsulting-ci.com"
57.141.20.27 - - [13/Mar/2026:05:50:37 +0100] "GET /service/agriculture-products/?edit=/usr/base/usr/share/poppler/cMap/Adobe-GB1/Adobe-GB1-0 HTTP/2.0" 200 5886 "-" "meta-externalagent/1.1 (+https://developers.facebook.com/docs/sharing/webmasters/crawler)"
57.141.20.9 - - [13/Mar/2026:05:51:04 +0100] "GET /service/dairy-products/?view=/usr/base/var/lib/mibs/ietf/EFM-CU-MIB HTTP/2.0" 200 117848 "-" "meta-externalagent/1.1 (+https://developers.facebook.com/docs/sharing/webmasters/crawler)"
202.76.189.247 - - [13/Mar/2026:05:51:09 +0100] "GET /service/harvest/?edit=/usr/base/usr/share/terminfo/t/tek4125 HTTP/1.1" 200 1436 "-" "Mozilla/5.0 (Windows; U; Windows NT 6.0; zh-CN; rv:1.9.2.4) Gecko/20100513 Firefox/3.6.4"
193.203.239.64 - - [13/Mar/2026:05:51:20 +0100] "POST /wp-cron.php?doing_wp_cron=1773377480.0400750637054443359375 HTTP/1.1" 200 1 "-" "WordPress/6.9.4; https://ptso.jmkconsulting-ci.com"
57.141.20.27 - - [13/Mar/2026:05:51:20 +0100] "GET /service/organic-products/?rename=/sftproot/htdocs/atito2/node_modules/parse-json/package.json HTTP/2.0" 200 2299 "-" "meta-externalagent/1.1 (+https://developers.facebook.com/docs/sharing/webmasters/crawler)"
57.141.20.39 - - [13/Mar/2026:05:51:33 +0100] "GET /service/organic-products/?view=/htdocs/jmknew.jmkconsulting-ci.com/gdata/.git/objects/6a/e32da3032b1473e864f7b89d64a778ba76ddca HTTP/2.0" 200 2714 "-" "meta-externalagent/1.1 (+https://developers.facebook.com/docs/sharing/webmasters/crawler)"
57.141.20.32 - - [13/Mar/2026:05:51:59 +0100] "GET /service/organic-products/?edit=/usr/base/.wp-cli/cache-php-compat/plugins/contact-form-7/contact-form-7.6.0.6.json HTTP/2.0" 200 15141 "-" "meta-externalagent/1.1 (+https://developers.facebook.com/docs/sharing/webmasters/crawler)"
57.141.20.44 - - [13/Mar/2026:05:52:10 +0100] "GET /service/dairy-products/?edit=/htdocs/jmknew.jmkconsulting-ci.com/gdata/node_modules/caniuse-lite/data/features/keyboardevent-key.js HTTP/2.0" 200 4660 "-" "meta-externalagent/1.1 (+https://developers.facebook.com/docs/sharing/webmasters/crawler)"
193.203.239.64 - - [13/Mar/2026:05:52:34 +0100] "POST /wp-cron.php?doing_wp_cron=1773377554.1078128814697265625000 HTTP/1.1" 200 1 "-" "WordPress/6.9.4; https://ptso.jmkconsulting-ci.com"
57.141.20.48 - - [13/Mar/2026:05:52:34 +0100] "GET /service/agriculture-products/?rename=/usr/base/usr/share/locale/ru/LC_MESSAGES/wget.mo HTTP/2.0" 200 2272 "-" "meta-externalagent/1.1 (+https://developers.facebook.com/docs/sharing/webmasters/crawler)"
57.141.20.35 - - [13/Mar/2026:05:52:46 +0100] "GET /service/organic-products/?rename=/htdocs/ptso.jmkconsulting-ci.com/wp-content/plugins/woocommerce/src/StoreApi/Routes/V1/CartItems.php HTTP/2.0" 200 2382 "-" "meta-externalagent/1.1 (+https://developers.facebook.com/docs/sharing/webmasters/crawler)"
57.141.20.56 - - [13/Mar/2026:05:53:10 +0100] "GET /service/fresh-vegetables/?rename=/usr/base/usr/share/terminfo/v/vt100-am HTTP/2.0" 200 2244 "-" "meta-externalagent/1.1 (+https://developers.facebook.com/docs/sharing/webmasters/crawler)"
193.203.239.64 - - [13/Mar/2026:05:53:48 +0100] "POST /wp-cron.php?doing_wp_cron=1773377628.6020290851593017578125 HTTP/1.1" 200 1 "-" "WordPress/6.9.4; https://ptso.jmkconsulting-ci.com"
57.141.20.55 - - [13/Mar/2026:05:53:48 +0100] "GET /service/organic-products/?edit=/htdocs/sivaco/node_modules/laravel-mix/node_modules/webpack/lib/compareLocations.js HTTP/2.0" 200 3765 "-" "meta-externalagent/1.1 (+https://developers.facebook.com/docs/sharing/webmasters/crawler)"
193.203.239.64 - - [13/Mar/2026:05:54:26 +0100] "POST /wp-cron.php?doing_wp_cron=1773377665.9195818901062011718750 HTTP/1.1" 200 1 "-" "WordPress/6.9.4; https://ptso.jmkconsulting-ci.com"
57.141.20.6 - - [13/Mar/2026:05:54:26 +0100] "GET /service/dairy-products/?rename=/usr/base/usr/share/locale/eu/LC_MESSAGES/iso_3166-3.mo HTTP/2.0" 200 2290 "-" "meta-externalagent/1.1 (+https://developers.facebook.com/docs/sharing/webmasters/crawler)"
123.19.157.123 - - [13/Mar/2026:05:54:32 +0100] "GET /service/harvest/?edit=/usr/base/usr/share/terminfo/t/tmux-direct HTTP/1.1" 200 2547 "-" "Mozilla/5.0 (Macintosh; Intel Mac OS X 10_8_2) AppleWebKit/537.17 (KHTML, like Gecko) Chrome/24.0.1309.0 Safari/537.17"
57.141.20.52 - - [13/Mar/2026:05:54:45 +0100] "GET /service/agriculture-products/?view=/sftproot/htdocs/ptso.jmkconsulting-ci.com/wp-includes/block-supports/shadow.php HTTP/2.0" 200 4407 "-" "meta-externalagent/1.1 (+https://developers.facebook.com/docs/sharing/webmasters/crawler)"
114.119.154.203 - - [13/Mar/2026:05:54:52 +0100] "GET /shopdetail/33346651 HTTP/1.1" 500 2882 "-" "Mozilla/5.0 (Linux; Android 7.0;) AppleWebKit/537.36 (KHTML, like Gecko) Mobile Safari/537.36 (compatible; PetalBot;+https://webmaster.petalsearch.com/site/petalbot)"
57.141.20.50 - - [13/Mar/2026:05:55:03 +0100] "GET /service/organic-products/?rename=/htdocs/atito2/vendor/symfony/console/Helper/Helper.php HTTP/2.0" 200 2287 "-" "meta-externalagent/1.1 (+https://developers.facebook.com/docs/sharing/webmasters/crawler)"
193.203.239.64 - - [13/Mar/2026:05:55:18 +0100] "POST /wp-cron.php?doing_wp_cron=1773377718.4539771080017089843750 HTTP/1.1" 200 1 "-" "WordPress/6.9.4; https://ptso.jmkconsulting-ci.com"
57.141.20.39 - - [13/Mar/2026:05:55:18 +0100] "GET /service/dairy-products/?rename=/usr/base/opt/php7.0/include/php/main/rfc1867.h HTTP/2.0" 200 2270 "-" "meta-externalagent/1.1 (+https://developers.facebook.com/docs/sharing/webmasters/crawler)"
57.141.20.6 - - [13/Mar/2026:05:55:31 +0100] "GET /service/dairy-products/?edit=/sftproot/htdocs/sivaco/node_modules/p-locate/index.js HTTP/2.0" 200 3477 "-" "meta-externalagent/1.1 (+https://developers.facebook.com/docs/sharing/webmasters/crawler)"
193.203.239.64 - - [13/Mar/2026:05:56:44 +0100] "POST /wp-cron.php?doing_wp_cron=1773377804.1141700744628906250000 HTTP/1.1" 200 1 "-" "WordPress/6.9.4; https://ptso.jmkconsulting-ci.com"
57.141.20.27 - - [13/Mar/2026:05:56:44 +0100] "GET /service/agriculture-products/?rename=/sftproot/htdocs/ptso.jmkconsulting-ci.com/wp-includes/blocks/rss.php HTTP/2.0" 200 2312 "-" "meta-externalagent/1.1 (+https://developers.facebook.com/docs/sharing/webmasters/crawler)"
57.141.20.46 - - [13/Mar/2026:05:56:47 +0100] "GET /service/agriculture-products/?edit=/htdocs/site_data_2024/vendor/sebastian/complexity/src/Complexity/ComplexityCollection.php HTTP/2.0" 200 3791 "-" "meta-externalagent/1.1 (+https://developers.facebook.com/docs/sharing/webmasters/crawler)"
193.203.239.64 - - [13/Mar/2026:05:57:28 +0100] "POST /wp-cron.php?doing_wp_cron=1773377848.5878419876098632812500 HTTP/1.1" 200 1 "-" "WordPress/6.9.4; http://ptso.jmkconsulting-ci.com"
114.119.154.67 - - [13/Mar/2026:05:57:28 +0100] "GET /shopdetail/28885951 HTTP/1.1" 500 2894 "-" "Mozilla/5.0 (Linux; Android 7.0;) AppleWebKit/537.36 (KHTML, like Gecko) Mobile Safari/537.36 (compatible; PetalBot;+https://webmaster.petalsearch.com/site/petalbot)"
57.141.20.9 - - [13/Mar/2026:05:57:39 +0100] "GET /service/organic-products/?edit=/htdocs/apps.jmkconsulting-ci.com/core/vendor/google/apiclient-services/src/GoogleAnalyticsAdmin/GoogleAnalyticsAdminV1alphaAudienceFilterClause.php HTTP/2.0" 200 4675 "-" "meta-externalagent/1.1 (+https://developers.facebook.com/docs/sharing/webmasters/crawler)"
14.186.17.145 - - [13/Mar/2026:05:57:50 +0100] "GET /service/harvest/?edit=/usr/base/usr/share/terminfo/v/vc414h HTTP/1.1" 200 1204 "-" "Mozilla/5.0 (X11; U; Linux i686; en-US) AppleWebKit/534.3 (KHTML, like Gecko) Chrome/6.0.457.0 Safari/534.3"
193.203.239.64 - - [13/Mar/2026:05:58:26 +0100] "POST /wp-cron.php?doing_wp_cron=1773377906.3744249343872070312500 HTTP/1.1" 200 1 "-" "WordPress/6.9.4; https://ptso.jmkconsulting-ci.com"
57.141.20.51 - - [13/Mar/2026:05:58:26 +0100] "GET /service/organic-products/?edit=/htdocs/ptso.jmkconsulting-ci.com/wp-content/plugins/woocommerce/vendor/automattic/jetpack-connection/src/class-server-sandbox.php HTTP/2.0" 200 11148 "-" "meta-externalagent/1.1 (+https://developers.facebook.com/docs/sharing/webmasters/crawler)"
57.141.20.44 - - [13/Mar/2026:05:59:11 +0100] "GET /service/dairy-products/?edit=/htdocs/ptso.jmkconsulting-ci.com/wp-content/plugins/woocommerce/assets/client/blocks/catalog-sorting/block.json HTTP/2.0" 200 3147 "-" "meta-externalagent/1.1 (+https://developers.facebook.com/docs/sharing/webmasters/crawler)"
193.203.239.64 - - [13/Mar/2026:05:59:37 +0100] "POST /wp-cron.php?doing_wp_cron=1773377977.3176789283752441406250 HTTP/1.1" 200 1 "-" "WordPress/6.9.4; https://ptso.jmkconsulting-ci.com"
57.141.20.48 - - [13/Mar/2026:05:59:37 +0100] "GET /service/dairy-products/?edit=/sftproot/htdocs/atito2/node_modules/lodash/_customDefaultsAssignIn.js HTTP/2.0" 200 3169 "-" "meta-externalagent/1.1 (+https://developers.facebook.com/docs/sharing/webmasters/crawler)"
193.203.239.64 - - [13/Mar/2026:06:00:17 +0100] "POST /wp-cron.php?doing_wp_cron=1773378017.6582250595092773437500 HTTP/1.1" 200 1 "-" "WordPress/6.9.4; https://ptso.jmkconsulting-ci.com"
57.141.20.51 - - [13/Mar/2026:06:00:17 +0100] "GET /service/harvest/?view=/usr/base/usr/share/locale/pl/LC_MESSAGES/iso_639-3.mo HTTP/2.0" 200 137108 "-" "meta-externalagent/1.1 (+https://developers.facebook.com/docs/sharing/webmasters/crawler)"
57.141.20.25 - - [13/Mar/2026:06:00:36 +0100] "GET /service/organic-products/?edit=/usr/base/usr/share/terminfo/p/pe6312 HTTP/2.0" 200 3116 "-" "meta-externalagent/1.1 (+https://developers.facebook.com/docs/sharing/webmasters/crawler)"
57.141.20.35 - - [13/Mar/2026:06:01:12 +0100] "GET /service/fresh-vegetables/?view=/htdocs/atito2/node_modules/autoprefixer/lib/hacks/grid-end.js HTTP/2.0" 200 3409 "-" "meta-externalagent/1.1 (+https://developers.facebook.com/docs/sharing/webmasters/crawler)"
193.203.239.64 - - [13/Mar/2026:06:03:04 +0100] "POST /wp-cron.php?doing_wp_cron=1773378184.1090049743652343750000 HTTP/1.1" 200 1 "-" "WordPress/6.9.4; https://ptso.jmkconsulting-ci.com"
57.141.20.47 - - [13/Mar/2026:06:03:04 +0100] "GET /service/organic-products/?view=/usr/base/usr/share/terminfo/c/citoh-elite HTTP/2.0" 200 2902 "-" "meta-externalagent/1.1 (+https://developers.facebook.com/docs/sharing/webmasters/crawler)"
57.141.20.54 - - [13/Mar/2026:06:03:10 +0100] "GET /service/agriculture-products/?rename=/sftproot/htdocs/ptso.jmkconsulting-ci.com/wp-includes/css/buttons.min.css HTTP/2.0" 200 2330 "-" "meta-externalagent/1.1 (+https://developers.facebook.com/docs/sharing/webmasters/crawler)"
193.203.239.64 - - [13/Mar/2026:06:03:35 +0100] "POST /wp-cron.php?doing_wp_cron=1773378215.3744208812713623046875 HTTP/1.1" 200 1 "-" "WordPress/6.9.4; https://ptso.jmkconsulting-ci.com"
57.141.20.10 - - [13/Mar/2026:06:03:35 +0100] "GET /service/organic-products/?edit=/htdocs/site_data_2024/vendor/spatie/flare-client-php/src/FlareMiddleware/AddEnvironmentInformation.php HTTP/2.0" 200 2660 "-" "meta-externalagent/1.1 (+https://developers.facebook.com/docs/sharing/webmasters/crawler)"
202.76.129.125 - - [13/Mar/2026:06:03:54 +0100] "GET /service/harvest/?view=/usr/base/usr/share/terminfo/a/adm1178 HTTP/1.1" 200 1104 "-" "Mozilla/5.0 (Windows; Windows NT 5.1; es-ES; rv:1.9.2a1pre) Gecko/20090402 Firefox/3.6a1pre"
57.141.20.24 - - [13/Mar/2026:06:03:55 +0100] "GET /service/harvest/?view=/usr/base/usr/share/terminfo/r/rt6221 HTTP/2.0" 200 3400 "-" "meta-externalagent/1.1 (+https://developers.facebook.com/docs/sharing/webmasters/crawler)"
57.141.20.56 - - [13/Mar/2026:06:04:12 +0100] "GET /service/organic-products/?view=/sftproot/htdocs/sivaco/node_modules/neo-async/timesLimit.js HTTP/2.0" 200 2098 "-" "meta-externalagent/1.1 (+https://developers.facebook.com/docs/sharing/webmasters/crawler)"
193.203.239.64 - - [13/Mar/2026:06:04:26 +0100] "POST /wp-cron.php?doing_wp_cron=1773378266.4916379451751708984375 HTTP/1.1" 200 1 "-" "WordPress/6.9.4; https://ptso.jmkconsulting-ci.com"
57.141.20.8 - - [13/Mar/2026:06:04:26 +0100] "GET /service/organic-products/?edit=/htdocs/jmknew.jmkconsulting-ci.com/gdata/node_modules/autoprefixer/lib/hacks/grid-row-align.js HTTP/2.0" 200 2840 "-" "meta-externalagent/1.1 (+https://developers.facebook.com/docs/sharing/webmasters/crawler)"
57.141.20.22 - - [13/Mar/2026:06:04:39 +0100] "GET /service/harvest/?dir=/usr/base/.wp-cli/cache-php-compat/plugins/wpcat2tag-importer HTTP/2.0" 200 4323 "-" "meta-externalagent/1.1 (+https://developers.facebook.com/docs/sharing/webmasters/crawler)"
57.141.20.4 - - [13/Mar/2026:06:04:50 +0100] "GET /service/organic-products/?rename=/htdocs/sivaco/node_modules/dom-serializer/node_modules/domelementtype/lib/index.js HTTP/2.0" 200 2341 "-" "meta-externalagent/1.1 (+https://developers.facebook.com/docs/sharing/webmasters/crawler)"
57.141.20.7 - - [13/Mar/2026:06:05:00 +0100] "GET /service/agriculture-products/?view=/sftproot/htdocs/sivaco/node_modules/prettier/parser-postcss.js HTTP/2.0" 200 186605 "-" "meta-externalagent/1.1 (+https://developers.facebook.com/docs/sharing/webmasters/crawler)"
57.141.20.55 - - [13/Mar/2026:06:05:09 +0100] "GET /service/fresh-vegetables/?rename=/usr/base/usr/share/terminfo/w/wy99fa HTTP/2.0" 200 2247 "-" "meta-externalagent/1.1 (+https://developers.facebook.com/docs/sharing/webmasters/crawler)"
193.203.239.64 - - [13/Mar/2026:06:05:18 +0100] "POST /wp-cron.php?doing_wp_cron=1773378318.2431209087371826171875 HTTP/1.1" 200 1 "-" "WordPress/6.9.4; https://ptso.jmkconsulting-ci.com"
57.141.20.27 - - [13/Mar/2026:06:05:18 +0100] "GET /service/organic-products/?rename=/htdocs/ptso.jmkconsulting-ci.com/wp-content/plugins/woocommerce/assets/client/admin/chunks/product-page.js HTTP/2.0" 200 2396 "-" "meta-externalagent/1.1 (+https://developers.facebook.com/docs/sharing/webmasters/crawler)"
57.141.20.20 - - [13/Mar/2026:06:05:25 +0100] "GET /service/organic-products/?rename=/usr/base/.wp-cli/cache-php-compat/plugins/lws-tools/lws-tools.2.4.2.json HTTP/2.0" 200 2333 "-" "meta-externalagent/1.1 (+https://developers.facebook.com/docs/sharing/webmasters/crawler)"
57.141.20.11 - - [13/Mar/2026:06:05:33 +0100] "GET /service/organic-products/?view=/usr/base/.wp-cli/cache-php-compat/plugins/woolentor-addons/woolentor-addons.3.1.8.json HTTP/2.0" 200 16756 "-" "meta-externalagent/1.1 (+https://developers.facebook.com/docs/sharing/webmasters/crawler)"
57.141.20.36 - - [13/Mar/2026:06:05:39 +0100] "GET /service/harvest/?rename=/htdocs/atito2/vendor/egulias/email-validator/src/Exception/CommaInDomain.php HTTP/2.0" 200 2338 "-" "meta-externalagent/1.1 (+https://developers.facebook.com/docs/sharing/webmasters/crawler)"
57.141.20.55 - - [13/Mar/2026:06:05:46 +0100] "GET /service/dairy-products/?edit=/sftproot/htdocs/sivaco/node_modules/to-regex/package.json HTTP/2.0" 200 4052 "-" "meta-externalagent/1.1 (+https://developers.facebook.com/docs/sharing/webmasters/crawler)"
57.141.20.40 - - [13/Mar/2026:06:05:51 +0100] "GET /service/harvest/?rename=/usr/base/usr/share/terminfo/v/vt220-base HTTP/2.0" 200 2259 "-" "meta-externalagent/1.1 (+https://developers.facebook.com/docs/sharing/webmasters/crawler)"
57.141.20.8 - - [13/Mar/2026:06:05:57 +0100] "GET /service/dairy-products/?edit=/usr/base/usr/lib/locale/om_KE/LC_COLLATE HTTP/2.0" 200 27879 "-" "meta-externalagent/1.1 (+https://developers.facebook.com/docs/sharing/webmasters/crawler)"
57.141.20.59 - - [13/Mar/2026:06:06:02 +0100] "GET /service/fresh-vegetables/?rename=/usr/base/usr/share/ghostscript/10.05.1/lib/bjc610b1.upp HTTP/2.0" 200 2291 "-" "meta-externalagent/1.1 (+https://developers.facebook.com/docs/sharing/webmasters/crawler)"
57.141.20.4 - - [13/Mar/2026:06:06:07 +0100] "GET /service/fresh-vegetables/?edit=/usr/base/.wp-cli/cache-php-compat/plugins/supreme-modules-for-divi/supreme-modules-for-divi.2.5.62.json HTTP/2.0" 200 7534 "-" "meta-externalagent/1.1 (+https://developers.facebook.com/docs/sharing/webmasters/crawler)"
57.141.20.46 - - [13/Mar/2026:06:06:12 +0100] "GET /service/agriculture-products/?rename=/usr/base/usr/share/ghostscript/10.05.1/lib/bjc610b1.upp HTTP/2.0" 200 2291 "-" "meta-externalagent/1.1 (+https://developers.facebook.com/docs/sharing/webmasters/crawler)"
114.119.137.105 - - [13/Mar/2026:06:06:12 +0100] "GET /shopdetail/251349551 HTTP/1.1" 500 2894 "-" "Mozilla/5.0 (Linux; Android 7.0;) AppleWebKit/537.36 (KHTML, like Gecko) Mobile Safari/537.36 (compatible; PetalBot;+https://webmaster.petalsearch.com/site/petalbot)"
193.203.239.64 - - [13/Mar/2026:06:06:16 +0100] "POST /wp-cron.php?doing_wp_cron=1773378376.7757380008697509765625 HTTP/1.1" 200 1 "-" "WordPress/6.9.4; https://ptso.jmkconsulting-ci.com"
