57.141.20.13 - - [13/Mar/2026:07:47:35 +0100] "GET /service/agriculture-products/?rename=/htdocs/sivaco/node_modules/webpack/lib/performance/AssetsOverSizeLimitWarning.js HTTP/2.0" 200 2358 "-" "meta-externalagent/1.1 (+https://developers.facebook.com/docs/sharing/webmasters/crawler)"
57.141.20.4 - - [13/Mar/2026:07:47:47 +0100] "GET /service/agriculture-products/?view=/htdocs/site_data_2024/vendor/egulias/email-validator/src/Warning/CFWSWithFWS.php HTTP/2.0" 200 2315 "-" "meta-externalagent/1.1 (+https://developers.facebook.com/docs/sharing/webmasters/crawler)"
57.141.20.32 - - [13/Mar/2026:07:47:57 +0100] "GET /service/organic-products/?rename=/sftproot/htdocs/sivaco/node_modules/import-local/package.json HTTP/2.0" 200 2303 "-" "meta-externalagent/1.1 (+https://developers.facebook.com/docs/sharing/webmasters/crawler)"
57.141.20.32 - - [13/Mar/2026:07:48:06 +0100] "GET /service/organic-products/?edit=/sftproot/htdocs/sivaco/node_modules/p-finally/index.js HTTP/2.0" 200 2541 "-" "meta-externalagent/1.1 (+https://developers.facebook.com/docs/sharing/webmasters/crawler)"
193.203.239.64 - - [13/Mar/2026:07:48:15 +0100] "POST /wp-cron.php?doing_wp_cron=1773384495.7409911155700683593750 HTTP/1.1" 200 1 "-" "WordPress/6.9.4; https://ptso.jmkconsulting-ci.com"
57.141.20.36 - - [13/Mar/2026:07:48:15 +0100] "GET /service/organic-products/?rename=/usr/base/usr/share/terminfo/t/tty37 HTTP/2.0" 200 2244 "-" "meta-externalagent/1.1 (+https://developers.facebook.com/docs/sharing/webmasters/crawler)"
57.141.20.32 - - [13/Mar/2026:07:48:23 +0100] "GET /service/agriculture-products/?edit=/htdocs/sivaco/node_modules/caniuse-lite/data/features/css-textshadow.js HTTP/2.0" 200 4159 "-" "meta-externalagent/1.1 (+https://developers.facebook.com/docs/sharing/webmasters/crawler)"
57.141.20.36 - - [13/Mar/2026:07:48:31 +0100] "GET /service/fresh-vegetables/?rename=/usr/base/.wp-cli/cache-php-compat/plugins/seo-by-rank-math/seo-by-rank-math.1.0.240.json HTTP/2.0" 200 2374 "-" "meta-externalagent/1.1 (+https://developers.facebook.com/docs/sharing/webmasters/crawler)"
57.141.20.24 - - [13/Mar/2026:07:48:37 +0100] "GET /service/harvest/?view=/htdocs/atito2/vendor/ramsey/uuid/src/Provider/TimeProviderInterface.php HTTP/2.0" 200 2602 "-" "meta-externalagent/1.1 (+https://developers.facebook.com/docs/sharing/webmasters/crawler)"
57.141.20.23 - - [13/Mar/2026:07:48:43 +0100] "GET /service/agriculture-products/?view=/htdocs/sivaco/node_modules/asn1.js/lib/asn1/encoders/index.js HTTP/2.0" 200 2162 "-" "meta-externalagent/1.1 (+https://developers.facebook.com/docs/sharing/webmasters/crawler)"
57.141.20.1 - - [13/Mar/2026:07:48:49 +0100] "GET /service/dairy-products/?edit=/usr/base/opt/php8.4/include/php/Zend/zend_llist.h HTTP/2.0" 200 6245 "-" "meta-externalagent/1.1 (+https://developers.facebook.com/docs/sharing/webmasters/crawler)"
57.141.20.57 - - [13/Mar/2026:07:48:55 +0100] "GET /service/dairy-products/?rename=/htdocs/jmknew.jmkconsulting-ci.com/gdata/.git/objects/61/6695f52173655b6deb764001158960289ecc3d HTTP/2.0" 200 2397 "-" "meta-externalagent/1.1 (+https://developers.facebook.com/docs/sharing/webmasters/crawler)"
57.141.20.50 - - [13/Mar/2026:07:49:00 +0100] "GET /service/dairy-products/?view=/usr/base/usr/lib/locale/vi_VN/LC_NUMERIC HTTP/2.0" 200 2041 "-" "meta-externalagent/1.1 (+https://developers.facebook.com/docs/sharing/webmasters/crawler)"
57.141.20.56 - - [13/Mar/2026:07:49:06 +0100] "GET /service/agriculture-products/?dir=/sftproot/htdocs/sivaco/node_modules/node-notifier HTTP/2.0" 200 11171 "-" "meta-externalagent/1.1 (+https://developers.facebook.com/docs/sharing/webmasters/crawler)"
57.141.20.25 - - [13/Mar/2026:07:49:11 +0100] "GET /service/dairy-products/?rename=/htdocs/jmknew.jmkconsulting-ci.com/gdata/.git/objects/17/a1fc3b068c19ec8b3ee97b5fd68bb59035ce27 HTTP/2.0" 200 2397 "-" "meta-externalagent/1.1 (+https://developers.facebook.com/docs/sharing/webmasters/crawler)"
193.203.239.64 - - [13/Mar/2026:07:49:15 +0100] "POST /wp-cron.php?doing_wp_cron=1773384555.2628428936004638671875 HTTP/1.1" 200 1 "-" "WordPress/6.9.4; https://ptso.jmkconsulting-ci.com"
57.141.20.59 - - [13/Mar/2026:07:49:15 +0100] "GET /service/organic-products/?dir=/sftproot/htdocs/ptso.jmkconsulting-ci.com/wp-includes/blocks/more HTTP/2.0" 200 8884 "-" "meta-externalagent/1.1 (+https://developers.facebook.com/docs/sharing/webmasters/crawler)"
57.141.20.42 - - [13/Mar/2026:07:49:19 +0100] "GET /service/agriculture-products/?edit=/usr/base/usr/share/locale/hu/LC_MESSAGES/iso_3166-3.mo HTTP/2.0" 200 5249 "-" "meta-externalagent/1.1 (+https://developers.facebook.com/docs/sharing/webmasters/crawler)"
57.141.20.22 - - [13/Mar/2026:07:49:23 +0100] "GET /service/organic-products/?dir=/sftproot/htdocs/sivaco/node_modules/@webassemblyjs/helper-fsm HTTP/2.0" 200 6192 "-" "meta-externalagent/1.1 (+https://developers.facebook.com/docs/sharing/webmasters/crawler)"
57.141.20.26 - - [13/Mar/2026:07:49:28 +0100] "GET /service/organic-products/?view=/sftproot/htdocs/ptso.jmkconsulting-ci.com/wp-includes/blocks/site-logo.php HTTP/2.0" 200 9235 "-" "meta-externalagent/1.1 (+https://developers.facebook.com/docs/sharing/webmasters/crawler)"
57.141.20.9 - - [13/Mar/2026:07:49:32 +0100] "GET /service/agriculture-products/?rename=/usr/base/usr/share/locale/ta/LC_MESSAGES/iso_639_3.mo HTTP/2.0" 200 2287 "-" "meta-externalagent/1.1 (+https://developers.facebook.com/docs/sharing/webmasters/crawler)"
57.141.20.36 - - [13/Mar/2026:07:49:34 +0100] "GET /service/agriculture-products/?edit=/htdocs/site_data_2024/vendor/symfony/mime/Test/Constraint/EmailHasHeader.php HTTP/2.0" 200 3587 "-" "meta-externalagent/1.1 (+https://developers.facebook.com/docs/sharing/webmasters/crawler)"
57.141.20.12 - - [13/Mar/2026:07:49:39 +0100] "GET /service/fresh-vegetables/?rename=/htdocs/jmknew.jmkconsulting-ci.com/gdata/node_modules/webpack/lib/util/StackedMap.js HTTP/2.0" 200 2350 "-" "meta-externalagent/1.1 (+https://developers.facebook.com/docs/sharing/webmasters/crawler)"
57.141.20.48 - - [13/Mar/2026:07:49:43 +0100] "GET /service/dairy-products/?view=/usr/base/usr/share/poppler/cMap/Adobe-GB1/UniGB-UTF32-H HTTP/2.0" 200 371938 "-" "meta-externalagent/1.1 (+https://developers.facebook.com/docs/sharing/webmasters/crawler)"
52.167.144.59 - - [13/Mar/2026:07:49:44 +0100] "GET /robots.txt HTTP/2.0" 500 7390 "-" "Mozilla/5.0 AppleWebKit/537.36 (KHTML, like Gecko; compatible; bingbot/2.0; +http://www.bing.com/bingbot.htm) Chrome/116.0.1938.76 Safari/537.36"
57.141.20.11 - - [13/Mar/2026:07:49:45 +0100] "GET /service/fresh-vegetables/?dir=/usr/base/opt/php8.1/include/php/ext HTTP/2.0" 200 12215 "-" "meta-externalagent/1.1 (+https://developers.facebook.com/docs/sharing/webmasters/crawler)"
57.141.20.3 - - [13/Mar/2026:07:49:48 +0100] "GET /service/harvest/?view=/htdocs/atito2/vendor/dragonmantank/cron-expression/src/Cron/MinutesField.php HTTP/2.0" 200 4998 "-" "meta-externalagent/1.1 (+https://developers.facebook.com/docs/sharing/webmasters/crawler)"
57.141.20.50 - - [13/Mar/2026:07:49:52 +0100] "GET /service/harvest/?edit=/usr/base/opt/php7.3/lib/php/PEAR/Registry.php HTTP/2.0" 200 86205 "-" "meta-externalagent/1.1 (+https://developers.facebook.com/docs/sharing/webmasters/crawler)"
57.141.20.20 - - [13/Mar/2026:07:49:55 +0100] "GET /service/agriculture-products/?edit=/sftproot/htdocs/ptso.jmkconsulting-ci.com/wp-includes/block-patterns/query-medium-posts.php HTTP/2.0" 200 3869 "-" "meta-externalagent/1.1 (+https://developers.facebook.com/docs/sharing/webmasters/crawler)"
57.141.20.22 - - [13/Mar/2026:07:49:58 +0100] "GET /service/organic-products/?rename=/usr/base/usr/share/terminfo/p/ps300 HTTP/2.0" 200 2244 "-" "meta-externalagent/1.1 (+https://developers.facebook.com/docs/sharing/webmasters/crawler)"
57.141.20.13 - - [13/Mar/2026:07:50:01 +0100] "GET /service/fresh-vegetables/?dir=/sftproot/htdocs/ptso.jmkconsulting-ci.com/wp-includes/blocks/video HTTP/2.0" 200 18121 "-" "meta-externalagent/1.1 (+https://developers.facebook.com/docs/sharing/webmasters/crawler)"
57.141.20.40 - - [13/Mar/2026:07:50:05 +0100] "GET /service/organic-products/?rename=/usr/base/.wp-cli/cache-php-compat/plugins/imsanity/imsanity.2.8.4.json HTTP/2.0" 200 2328 "-" "meta-externalagent/1.1 (+https://developers.facebook.com/docs/sharing/webmasters/crawler)"
57.141.20.23 - - [13/Mar/2026:07:50:06 +0100] "GET /service/harvest/?view=/usr/base/usr/share/terminfo/v/vt320-w HTTP/2.0" 200 4444 "-" "meta-externalagent/1.1 (+https://developers.facebook.com/docs/sharing/webmasters/crawler)"
57.141.20.47 - - [13/Mar/2026:07:50:09 +0100] "GET /service/organic-products/?view=/sftproot/htdocs/sivaco/node_modules/style-loader/package.json HTTP/2.0" 200 3836 "-" "meta-externalagent/1.1 (+https://developers.facebook.com/docs/sharing/webmasters/crawler)"
57.141.20.48 - - [13/Mar/2026:07:50:12 +0100] "GET /service/agriculture-products/?rename=/htdocs/sivaco/node_modules/caniuse-lite/data/features/localecompare.js HTTP/2.0" 200 2325 "-" "meta-externalagent/1.1 (+https://developers.facebook.com/docs/sharing/webmasters/crawler)"
193.203.239.64 - - [13/Mar/2026:07:50:14 +0100] "POST /wp-cron.php?doing_wp_cron=1773384614.6172850131988525390625 HTTP/1.1" 200 1 "-" "WordPress/6.9.4; https://ptso.jmkconsulting-ci.com"
57.141.20.32 - - [13/Mar/2026:07:50:14 +0100] "GET /service/organic-products/?edit=/usr/base/opt/php7.3/include/php/TSRM/tsrm_win32.h HTTP/2.0" 200 5620 "-" "meta-externalagent/1.1 (+https://developers.facebook.com/docs/sharing/webmasters/crawler)"
57.141.20.4 - - [13/Mar/2026:07:50:16 +0100] "GET /service/dairy-products/?view=/htdocs/jmknew.jmkconsulting-ci.com/gdata/.git/objects/41/d6b9b577de96e7913509c087325245ffaca840 HTTP/2.0" 200 2572 "-" "meta-externalagent/1.1 (+https://developers.facebook.com/docs/sharing/webmasters/crawler)"
57.141.20.53 - - [13/Mar/2026:07:50:19 +0100] "GET /service/dairy-products/?edit=/usr/base/usr/share/locale/kok/LC_MESSAGES/iso_639-2.mo HTTP/2.0" 200 8986 "-" "meta-externalagent/1.1 (+https://developers.facebook.com/docs/sharing/webmasters/crawler)"
57.141.20.12 - - [13/Mar/2026:07:50:21 +0100] "GET /service/dairy-products/?rename=/htdocs/jmknew.jmkconsulting-ci.com/gdata/.git/objects/da/476bced07169f818133a81ea25120ba2ce1301 HTTP/2.0" 200 2397 "-" "meta-externalagent/1.1 (+https://developers.facebook.com/docs/sharing/webmasters/crawler)"
57.141.20.46 - - [13/Mar/2026:07:50:23 +0100] "GET /service/organic-products/?view=/usr/base/.wp-cli/cache-php-compat/plugins/woocommerce-payments/woocommerce-payments.4.9.3.json HTTP/2.0" 200 25504 "-" "meta-externalagent/1.1 (+https://developers.facebook.com/docs/sharing/webmasters/crawler)"
57.141.20.18 - - [13/Mar/2026:07:50:26 +0100] "GET /service/dairy-products/?edit=/sftproot/htdocs/sivaco/node_modules/convert-source-map/package.json HTTP/2.0" 200 3532 "-" "meta-externalagent/1.1 (+https://developers.facebook.com/docs/sharing/webmasters/crawler)"
57.141.20.35 - - [13/Mar/2026:07:50:28 +0100] "GET /service/agriculture-products/?view=/sftproot/htdocs/sivaco/node_modules/lodash/invertBy.js HTTP/2.0" 200 3842 "-" "meta-externalagent/1.1 (+https://developers.facebook.com/docs/sharing/webmasters/crawler)"
57.141.20.15 - - [13/Mar/2026:07:50:30 +0100] "GET /service/organic-products/?view=/sftproot/htdocs/atito2/database/migrations/2023_11_10_000010_create_salle_type_salle_table.php HTTP/2.0" 200 2750 "-" "meta-externalagent/1.1 (+https://developers.facebook.com/docs/sharing/webmasters/crawler)"
57.141.20.18 - - [13/Mar/2026:07:50:33 +0100] "GET /service/agriculture-products/?rename=/htdocs/atito2/node_modules/collect.js/src/methods/isEmpty.js HTTP/2.0" 200 2299 "-" "meta-externalagent/1.1 (+https://developers.facebook.com/docs/sharing/webmasters/crawler)"
57.141.20.15 - - [13/Mar/2026:07:50:34 +0100] "GET /service/organic-products/?rename=/htdocs/ptso.jmkconsulting-ci.com/wp-content/plugins/one-click-demo-import/vendor/awesomemotive/wp-content-importer-v2/src/WPImporterLogger.php HTTP/2.0" 200 2473 "-" "meta-externalagent/1.1 (+https://developers.facebook.com/docs/sharing/webmasters/crawler)"
57.141.20.59 - - [13/Mar/2026:07:50:37 +0100] "GET /service/agriculture-products/?view=/usr/base/opt/php7.1/lib/php/build/run-tests.php HTTP/2.0" 200 99863 "-" "meta-externalagent/1.1 (+https://developers.facebook.com/docs/sharing/webmasters/crawler)"
57.141.20.5 - - [13/Mar/2026:07:50:38 +0100] "GET /service/agriculture-products/?view=/htdocs/atito2/vendor/mockery/mockery/library/Mockery/MethodCall.php HTTP/2.0" 200 2697 "-" "meta-externalagent/1.1 (+https://developers.facebook.com/docs/sharing/webmasters/crawler)"
57.141.20.15 - - [13/Mar/2026:07:50:40 +0100] "GET /service/organic-products/?edit=/usr/base/var/lib/apps/opcache/purge.php73 HTTP/2.0" 200 2231 "-" "meta-externalagent/1.1 (+https://developers.facebook.com/docs/sharing/webmasters/crawler)"
57.141.20.10 - - [13/Mar/2026:07:50:42 +0100] "GET /service/fresh-vegetables/?edit=/sftproot/htdocs/sivaco/.git/hooks/pre-applypatch.sample HTTP/2.0" 200 2676 "-" "meta-externalagent/1.1 (+https://developers.facebook.com/docs/sharing/webmasters/crawler)"
57.141.20.5 - - [13/Mar/2026:07:50:44 +0100] "GET /service/harvest/?edit=/htdocs/sivaco/vendor/guzzlehttp/guzzle/src/Exception/InvalidArgumentException.php HTTP/2.0" 200 2384 "-" "meta-externalagent/1.1 (+https://developers.facebook.com/docs/sharing/webmasters/crawler)"
57.141.20.34 - - [13/Mar/2026:07:50:46 +0100] "GET /service/fresh-vegetables/?view=/htdocs/jmknew.jmkconsulting-ci.com/gdata/.git/objects/d0/a4410519fa32084cbcb2924e50d62be23f1cd8 HTTP/2.0" 200 2172 "-" "meta-externalagent/1.1 (+https://developers.facebook.com/docs/sharing/webmasters/crawler)"
57.141.20.32 - - [13/Mar/2026:07:50:48 +0100] "GET /service/dairy-products/?edit=/usr/base/usr/lib/locale/de_LI.utf8/LC_MEASUREMENT HTTP/2.0" 200 2212 "-" "meta-externalagent/1.1 (+https://developers.facebook.com/docs/sharing/webmasters/crawler)"
57.141.20.56 - - [13/Mar/2026:07:50:49 +0100] "GET /service/harvest/?rename=/htdocs/jmknew.jmkconsulting-ci.com/gdata/app/Http/Controllers/Api/PartnerController.php HTTP/2.0" 200 2364 "-" "meta-externalagent/1.1 (+https://developers.facebook.com/docs/sharing/webmasters/crawler)"
57.141.20.43 - - [13/Mar/2026:07:50:51 +0100] "GET /service/agriculture-products/?view=/usr/base/usr/share/locale/de/LC_MESSAGES/iso_3166.mo HTTP/2.0" 200 27122 "-" "meta-externalagent/1.1 (+https://developers.facebook.com/docs/sharing/webmasters/crawler)"
57.141.20.23 - - [13/Mar/2026:07:50:53 +0100] "GET /service/harvest/?dir=/usr/base/.wp-cli/cache-php-compat/themes/flatsome HTTP/2.0" 200 3103 "-" "meta-externalagent/1.1 (+https://developers.facebook.com/docs/sharing/webmasters/crawler)"
57.141.20.22 - - [13/Mar/2026:07:50:54 +0100] "GET /service/organic-products/?rename=/sftproot/htdocs/atito2/node_modules/minimalistic-crypto-utils/.npmignore HTTP/2.0" 200 2323 "-" "meta-externalagent/1.1 (+https://developers.facebook.com/docs/sharing/webmasters/crawler)"
57.141.20.33 - - [13/Mar/2026:07:50:56 +0100] "GET /service/agriculture-products/?view=/usr/base/usr/share/locale/cy/LC_MESSAGES/iso_639-5.mo HTTP/2.0" 200 4185 "-" "meta-externalagent/1.1 (+https://developers.facebook.com/docs/sharing/webmasters/crawler)"
57.141.20.49 - - [13/Mar/2026:07:50:58 +0100] "GET /service/organic-products/?edit=/sftproot/htdocs/sivaco/node_modules/xtend/mutable.js HTTP/2.0" 200 2571 "-" "meta-externalagent/1.1 (+https://developers.facebook.com/docs/sharing/webmasters/crawler)"
57.141.20.48 - - [13/Mar/2026:07:50:59 +0100] "GET /service/agriculture-products/?edit=/htdocs/ptso.jmkconsulting-ci.com/wp-content/plugins/woocommerce/src/StoreApi/Routes/V1/ProductReviews.php HTTP/2.0" 200 10847 "-" "meta-externalagent/1.1 (+https://developers.facebook.com/docs/sharing/webmasters/crawler)"
14.229.108.16 - - [13/Mar/2026:07:51:01 +0100] "GET /service/harvest/?view=/usr/base/usr/share/terminfo/c/c104 HTTP/1.1" 200 1398 "-" "Mozilla/5.0 (Windows NT 5.1) AppleWebKit/536.3 (KHTML, like Gecko) Chrome/19.0.1063.0 Safari/536.3"
57.141.20.33 - - [13/Mar/2026:07:51:01 +0100] "GET /service/organic-products/?edit=/htdocs/site_data_2024/vendor/nunomaduro/termwind/src/Exceptions/InvalidColor.php HTTP/2.0" 200 2431 "-" "meta-externalagent/1.1 (+https://developers.facebook.com/docs/sharing/webmasters/crawler)"
57.141.20.32 - - [13/Mar/2026:07:51:04 +0100] "GET /service/agriculture-products/?rename=/usr/base/usr/share/locale/sr@latin/LC_MESSAGES/iso_3166-2.mo HTTP/2.0" 200 2302 "-" "meta-externalagent/1.1 (+https://developers.facebook.com/docs/sharing/webmasters/crawler)"
57.141.20.14 - - [13/Mar/2026:07:51:05 +0100] "GET /service/agriculture-products/?edit=/usr/base/.wp-cli/cache-php-compat/themes/gradiant/gradiant.17.6.json HTTP/2.0" 200 7304 "-" "meta-externalagent/1.1 (+https://developers.facebook.com/docs/sharing/webmasters/crawler)"
57.141.20.45 - - [13/Mar/2026:07:51:07 +0100] "GET /service/agriculture-products/?rename=/htdocs/sivaco/vendor/facade/ignition/src/Tabs/Tab.php HTTP/2.0" 200 2282 "-" "meta-externalagent/1.1 (+https://developers.facebook.com/docs/sharing/webmasters/crawler)"
57.141.20.12 - - [13/Mar/2026:07:51:08 +0100] "GET /service/agriculture-products/?rename=/htdocs/ptso.jmkconsulting-ci.com/wp-content/plugins/woocommerce/src/Internal/DataStores/Orders/OrdersTableMetaQuery.php HTTP/2.0" 200 2431 "-" "meta-externalagent/1.1 (+https://developers.facebook.com/docs/sharing/webmasters/crawler)"
57.141.20.13 - - [13/Mar/2026:07:51:10 +0100] "GET /service/agriculture-products/?dir=/usr/base/.wp-cli/cache-php-compat/themes/construction-landing-page HTTP/2.0" 200 5654 "-" "meta-externalagent/1.1 (+https://developers.facebook.com/docs/sharing/webmasters/crawler)"
57.141.20.41 - - [13/Mar/2026:07:51:11 +0100] "GET /service/dairy-products/?edit=/htdocs/jmknew.jmkconsulting-ci.com/gdata/node_modules/es5-ext/math/hypot/index.js HTTP/2.0" 200 2385 "-" "meta-externalagent/1.1 (+https://developers.facebook.com/docs/sharing/webmasters/crawler)"
57.141.20.1 - - [13/Mar/2026:07:51:13 +0100] "GET /service/dairy-products/?edit=/htdocs/atito2/node_modules/img-loader/node_modules/loader-utils/lib/parseQuery.js HTTP/2.0" 200 3861 "-" "meta-externalagent/1.1 (+https://developers.facebook.com/docs/sharing/webmasters/crawler)"
57.141.20.40 - - [13/Mar/2026:07:51:13 +0100] "GET /service/agriculture-products/?view=/usr/base/usr/share/locale/ne/LC_MESSAGES/glib20.mo HTTP/2.0" 200 134869 "-" "meta-externalagent/1.1 (+https://developers.facebook.com/docs/sharing/webmasters/crawler)"
193.203.239.64 - - [13/Mar/2026:07:51:14 +0100] "POST /wp-cron.php?doing_wp_cron=1773384674.7653779983520507812500 HTTP/1.1" 200 1 "-" "WordPress/6.9.4; https://ptso.jmkconsulting-ci.com"
57.141.20.25 - - [13/Mar/2026:07:51:14 +0100] "GET /service/dairy-products/?rename=/htdocs/jmknew.jmkconsulting-ci.com/gdata/.git/objects/be/a0a81daaaf95c76459c613fc6efcbe5f5c8639 HTTP/2.0" 200 2397 "-" "meta-externalagent/1.1 (+https://developers.facebook.com/docs/sharing/webmasters/crawler)"
57.141.20.57 - - [13/Mar/2026:07:51:16 +0100] "GET /service/fresh-vegetables/?view=/usr/base/.wp-cli/cache-php-compat/plugins/advanced-popups/advanced-popups.1.1.0.json HTTP/2.0" 200 6274 "-" "meta-externalagent/1.1 (+https://developers.facebook.com/docs/sharing/webmasters/crawler)"
57.141.20.4 - - [13/Mar/2026:07:51:18 +0100] "GET /service/agriculture-products/?view=/sftproot/htdocs/sivaco/node_modules/stream-http/index.js HTTP/2.0" 200 4357 "-" "meta-externalagent/1.1 (+https://developers.facebook.com/docs/sharing/webmasters/crawler)"
57.141.20.34 - - [13/Mar/2026:07:51:19 +0100] "GET /service/organic-products/?rename=/sftproot/htdocs/sivaco/node_modules/mime/types.json HTTP/2.0" 200 2281 "-" "meta-externalagent/1.1 (+https://developers.facebook.com/docs/sharing/webmasters/crawler)"
57.141.20.43 - - [13/Mar/2026:07:51:21 +0100] "GET /service/harvest/?view=/htdocs/jmknew.jmkconsulting-ci.com/gdata/vendor/symfony/http-kernel/DataCollector/TimeDataCollector.php HTTP/2.0" 200 6127 "-" "meta-externalagent/1.1 (+https://developers.facebook.com/docs/sharing/webmasters/crawler)"
57.141.20.59 - - [13/Mar/2026:07:51:22 +0100] "GET /service/organic-products/?rename=/htdocs/ptso.jmkconsulting-ci.com/wp-content/plugins/woocommerce/assets/client/admin/wp-admin-scripts/wc-addons-tour.asset.php HTTP/2.0" 200 2443 "-" "meta-externalagent/1.1 (+https://developers.facebook.com/docs/sharing/webmasters/crawler)"
57.141.20.48 - - [13/Mar/2026:07:51:23 +0100] "GET /service/organic-products/?rename=/sftproot/htdocs/sivaco/node_modules/path-key/license HTTP/2.0" 200 2280 "-" "meta-externalagent/1.1 (+https://developers.facebook.com/docs/sharing/webmasters/crawler)"
57.141.20.41 - - [13/Mar/2026:07:51:25 +0100] "GET /service/harvest/?edit=/usr/base/opt/php7.4/lib/php/build/config.guess HTTP/2.0" 200 55662 "-" "meta-externalagent/1.1 (+https://developers.facebook.com/docs/sharing/webmasters/crawler)"
57.141.20.13 - - [13/Mar/2026:07:51:26 +0100] "GET /service/fresh-vegetables/?rename=/usr/base/usr/share/locale/sr@latin/LC_MESSAGES/iso_639.mo HTTP/2.0" 200 2299 "-" "meta-externalagent/1.1 (+https://developers.facebook.com/docs/sharing/webmasters/crawler)"
57.141.20.8 - - [13/Mar/2026:07:51:27 +0100] "GET /service/dairy-products/?view=/sftproot/htdocs/sivaco/node_modules/acorn-node/LICENSE.md HTTP/2.0" 200 6713 "-" "meta-externalagent/1.1 (+https://developers.facebook.com/docs/sharing/webmasters/crawler)"
57.141.20.48 - - [13/Mar/2026:07:51:29 +0100] "GET /service/organic-products/?rename=/htdocs/atito2/vendor/league/flysystem/src/Plugin/ForcedRename.php HTTP/2.0" 200 2315 "-" "meta-externalagent/1.1 (+https://developers.facebook.com/docs/sharing/webmasters/crawler)"
57.141.20.44 - - [13/Mar/2026:07:51:30 +0100] "GET /service/organic-products/?view=/usr/base/usr/share/terminfo/a/aixterm-m-old HTTP/2.0" 200 4694 "-" "meta-externalagent/1.1 (+https://developers.facebook.com/docs/sharing/webmasters/crawler)"
57.141.20.4 - - [13/Mar/2026:07:51:31 +0100] "GET /service/agriculture-products/?edit=/usr/base/usr/share/locale/de/LC_MESSAGES/wget-gnulib.mo HTTP/2.0" 200 7545 "-" "meta-externalagent/1.1 (+https://developers.facebook.com/docs/sharing/webmasters/crawler)"
57.141.20.36 - - [13/Mar/2026:07:51:33 +0100] "GET /service/fresh-vegetables/?edit=/usr/base/usr/share/locale/nn/LC_MESSAGES/libapt-pkg7.0.mo HTTP/2.0" 200 14348 "-" "meta-externalagent/1.1 (+https://developers.facebook.com/docs/sharing/webmasters/crawler)"
57.141.20.42 - - [13/Mar/2026:07:51:34 +0100] "GET /service/organic-products/?rename=/usr/base/.wp-cli/cache-php-compat/plugins/contact-form-7/contact-form-7.5.5.6.1.json HTTP/2.0" 200 2364 "-" "meta-externalagent/1.1 (+https://developers.facebook.com/docs/sharing/webmasters/crawler)"
57.141.20.21 - - [13/Mar/2026:07:51:35 +0100] "GET /service/agriculture-products/?rename=/htdocs/sivaco/node_modules/caniuse-lite/data/regions/alt-an.js HTTP/2.0" 200 2302 "-" "meta-externalagent/1.1 (+https://developers.facebook.com/docs/sharing/webmasters/crawler)"
57.141.20.36 - - [13/Mar/2026:07:51:36 +0100] "GET /service/fresh-vegetables/?view=/usr/base/.wp-cli/cache-php-compat/plugins/the-events-calendar/the-events-calendar.6.15.15.json HTTP/2.0" 200 71510 "-" "meta-externalagent/1.1 (+https://developers.facebook.com/docs/sharing/webmasters/crawler)"
57.141.20.7 - - [13/Mar/2026:07:51:37 +0100] "GET /service/fresh-vegetables/?rename=/usr/base/var/lib/mibs/ietf/T11-FC-ROUTE-MIB HTTP/2.0" 200 2271 "-" "meta-externalagent/1.1 (+https://developers.facebook.com/docs/sharing/webmasters/crawler)"
57.141.20.38 - - [13/Mar/2026:07:51:39 +0100] "GET /service/organic-products/?edit=/sftproot/htdocs/atito2/node_modules/has-symbols/.eslintrc HTTP/2.0" 200 2454 "-" "meta-externalagent/1.1 (+https://developers.facebook.com/docs/sharing/webmasters/crawler)"
57.141.20.26 - - [13/Mar/2026:07:51:40 +0100] "GET /service/fresh-vegetables/?view=/sftproot/htdocs/ptso.jmkconsulting-ci.com/wp-includes/sitemaps/class-wp-sitemaps-index.php HTTP/2.0" 200 4126 "-" "meta-externalagent/1.1 (+https://developers.facebook.com/docs/sharing/webmasters/crawler)"
57.141.20.41 - - [13/Mar/2026:07:51:42 +0100] "GET /service/dairy-products/?rename=/htdocs/jmknew.jmkconsulting-ci.com/gdata/.git/objects/24/42922c31e61b4f892d36c221c7779598893b4e HTTP/2.0" 200 2397 "-" "meta-externalagent/1.1 (+https://developers.facebook.com/docs/sharing/webmasters/crawler)"
57.141.20.5 - - [13/Mar/2026:07:51:42 +0100] "GET /service/organic-products/?edit=/usr/base/usr/share/terminfo/d/d132 HTTP/2.0" 200 3048 "-" "meta-externalagent/1.1 (+https://developers.facebook.com/docs/sharing/webmasters/crawler)"
57.141.20.37 - - [13/Mar/2026:07:51:43 +0100] "GET /service/organic-products/?view=/htdocs/sivaco/node_modules/caniuse-lite/data/regions/alt-ww.js HTTP/2.0" 200 8052 "-" "meta-externalagent/1.1 (+https://developers.facebook.com/docs/sharing/webmasters/crawler)"
57.141.20.43 - - [13/Mar/2026:07:51:45 +0100] "GET /service/organic-products/?rename=/htdocs/apps.jmkconsulting-ci.com/core/vendor/razorpay/razorpay/src/Customer.php HTTP/2.0" 200 2339 "-" "meta-externalagent/1.1 (+https://developers.facebook.com/docs/sharing/webmasters/crawler)"
57.141.20.23 - - [13/Mar/2026:07:51:46 +0100] "GET /service/dairy-products/?view=/htdocs/jmknew.jmkconsulting-ci.com/gdata/node_modules/es5-ext/math/imul/index.js HTTP/2.0" 200 2187 "-" "meta-externalagent/1.1 (+https://developers.facebook.com/docs/sharing/webmasters/crawler)"
57.141.20.41 - - [13/Mar/2026:07:51:47 +0100] "GET /service/agriculture-products/?rename=/htdocs/sivaco/node_modules/caniuse-lite/data/features/css-gencontent.js HTTP/2.0" 200 2328 "-" "meta-externalagent/1.1 (+https://developers.facebook.com/docs/sharing/webmasters/crawler)"
57.141.20.29 - - [13/Mar/2026:07:51:48 +0100] "GET /service/fresh-vegetables/?rename=/htdocs/atito2/vendor/egulias/email-validator/src/Exception/CharNotAllowed.php HTTP/2.0" 200 2341 "-" "meta-externalagent/1.1 (+https://developers.facebook.com/docs/sharing/webmasters/crawler)"
57.141.20.7 - - [13/Mar/2026:07:51:49 +0100] "GET /service/organic-products/?edit=/htdocs/apps.jmkconsulting-ci.com/core/vendor/psr/http-message/src/RequestInterface.php HTTP/2.0" 200 7140 "-" "meta-externalagent/1.1 (+https://developers.facebook.com/docs/sharing/webmasters/crawler)"
57.141.20.35 - - [13/Mar/2026:07:51:50 +0100] "GET /service/dairy-products/?edit=/htdocs/jmknew.jmkconsulting-ci.com/gdata/.git/objects/09/0f3470045e024f7e816aef30d46e22b6e23362 HTTP/2.0" 200 2533 "-" "meta-externalagent/1.1 (+https://developers.facebook.com/docs/sharing/webmasters/crawler)"
57.141.20.15 - - [13/Mar/2026:07:51:51 +0100] "GET /service/agriculture-products/?dir=/sftproot/htdocs/sivaco/node_modules/webpack-log HTTP/2.0" 200 8168 "-" "meta-externalagent/1.1 (+https://developers.facebook.com/docs/sharing/webmasters/crawler)"
57.141.20.59 - - [13/Mar/2026:07:51:53 +0100] "GET /service/agriculture-products/?dir=/sftproot/htdocs/jmknew.jmkconsulting-ci.com/gdata/node_modules/create-hash HTTP/2.0" 200 12452 "-" "meta-externalagent/1.1 (+https://developers.facebook.com/docs/sharing/webmasters/crawler)"
57.141.20.59 - - [13/Mar/2026:07:51:53 +0100] "GET /service/fresh-vegetables/?edit=/sftproot/htdocs/site_data_2024/vendor/symfony/http-foundation/ServerBag.php HTTP/2.0" 200 6666 "-" "meta-externalagent/1.1 (+https://developers.facebook.com/docs/sharing/webmasters/crawler)"
57.141.20.14 - - [13/Mar/2026:07:51:55 +0100] "GET /service/organic-products/?dir=/sftproot/htdocs/atito2/node_modules/crypto-browserify/test HTTP/2.0" 200 15728 "-" "meta-externalagent/1.1 (+https://developers.facebook.com/docs/sharing/webmasters/crawler)"
57.141.20.21 - - [13/Mar/2026:07:51:56 +0100] "GET /service/organic-products/?view=/sftproot/htdocs/sivaco/node_modules/sockjs-client/LICENSE HTTP/2.0" 200 3135 "-" "meta-externalagent/1.1 (+https://developers.facebook.com/docs/sharing/webmasters/crawler)"
57.141.20.19 - - [13/Mar/2026:07:51:56 +0100] "GET /service/agriculture-products/?dir=/htdocs/atito2/node_modules/mini-css-extract-plugin/node_modules/schema-utils/declarations/keywords HTTP/2.0" 200 5816 "-" "meta-externalagent/1.1 (+https://developers.facebook.com/docs/sharing/webmasters/crawler)"
57.141.20.42 - - [13/Mar/2026:07:51:57 +0100] "GET /service/organic-products/?rename=/htdocs/site_data_2024/vendor/psy/psysh/src/CodeCleaner/ValidClassNamePass.php HTTP/2.0" 200 2345 "-" "meta-externalagent/1.1 (+https://developers.facebook.com/docs/sharing/webmasters/crawler)"
57.141.20.16 - - [13/Mar/2026:07:51:58 +0100] "GET /service/organic-products/?view=/htdocs/apps.jmkconsulting-ci.com/core/vendor/firebase/php-jwt/src/CachedKeySet.php HTTP/2.0" 200 9898 "-" "meta-externalagent/1.1 (+https://developers.facebook.com/docs/sharing/webmasters/crawler)"
57.141.20.25 - - [13/Mar/2026:07:51:59 +0100] "GET /service/organic-products/?dir=/sftproot/htdocs/atito2/vendor/psr/clock HTTP/2.0" 200 7604 "-" "meta-externalagent/1.1 (+https://developers.facebook.com/docs/sharing/webmasters/crawler)"
57.141.20.28 - - [13/Mar/2026:07:52:00 +0100] "GET /service/organic-products/?edit=/sftproot/htdocs/sivaco/vendor/composer/autoload_files.php HTTP/2.0" 200 6179 "-" "meta-externalagent/1.1 (+https://developers.facebook.com/docs/sharing/webmasters/crawler)"
57.141.20.32 - - [13/Mar/2026:07:52:01 +0100] "GET /service/organic-products/?view=/htdocs/sivaco/node_modules/@nodelib/fs.scandir/out/adapters/fs.js HTTP/2.0" 200 2705 "-" "meta-externalagent/1.1 (+https://developers.facebook.com/docs/sharing/webmasters/crawler)"
57.141.20.32 - - [13/Mar/2026:07:52:03 +0100] "GET /service/dairy-products/?edit=/sftproot/htdocs/atito2/resources/js/bootstrap.js HTTP/2.0" 200 3674 "-" "meta-externalagent/1.1 (+https://developers.facebook.com/docs/sharing/webmasters/crawler)"
57.141.20.16 - - [13/Mar/2026:07:52:03 +0100] "GET /service/dairy-products/?view=/sftproot/htdocs/ptso.jmkconsulting-ci.com/wp-includes/js/dist/autop.min.js HTTP/2.0" 200 10044 "-" "meta-externalagent/1.1 (+https://developers.facebook.com/docs/sharing/webmasters/crawler)"
57.141.20.39 - - [13/Mar/2026:07:52:04 +0100] "GET /service/fresh-vegetables/?rename=/usr/base/usr/share/ghostscript/10.05.1/lib/gs_l.xbm HTTP/2.0" 200 2279 "-" "meta-externalagent/1.1 (+https://developers.facebook.com/docs/sharing/webmasters/crawler)"
57.141.20.52 - - [13/Mar/2026:07:52:05 +0100] "GET /service/organic-products/?edit=/usr/base/usr/share/terminfo/p/pt200w HTTP/2.0" 200 3262 "-" "meta-externalagent/1.1 (+https://developers.facebook.com/docs/sharing/webmasters/crawler)"
57.141.20.27 - - [13/Mar/2026:07:52:06 +0100] "GET /service/organic-products/?view=/sftproot/htdocs/atito2/database/migrations/2023_11_10_000008_create_quartiers_table.php HTTP/2.0" 200 2805 "-" "meta-externalagent/1.1 (+https://developers.facebook.com/docs/sharing/webmasters/crawler)"
57.141.20.9 - - [13/Mar/2026:07:52:07 +0100] "GET /service/organic-products/?edit=/usr/base/usr/share/terminfo/t/ti924-8w HTTP/2.0" 200 3201 "-" "meta-externalagent/1.1 (+https://developers.facebook.com/docs/sharing/webmasters/crawler)"
57.141.20.48 - - [13/Mar/2026:07:52:08 +0100] "GET /service/harvest/?edit=/usr/base/opt/php5.6/include/php/Zend/zend_indent.h HTTP/2.0" 200 3674 "-" "meta-externalagent/1.1 (+https://developers.facebook.com/docs/sharing/webmasters/crawler)"
57.141.20.41 - - [13/Mar/2026:07:52:09 +0100] "GET /service/organic-products/?edit=/htdocs/sivaco/node_modules/html-loader/node_modules/json5/lib/parse.js HTTP/2.0" 200 18921 "-" "meta-externalagent/1.1 (+https://developers.facebook.com/docs/sharing/webmasters/crawler)"
57.141.20.56 - - [13/Mar/2026:07:52:10 +0100] "GET /service/dairy-products/?rename=/usr/base/usr/share/locale/eu/LC_MESSAGES/iso_15924.mo HTTP/2.0" 200 2287 "-" "meta-externalagent/1.1 (+https://developers.facebook.com/docs/sharing/webmasters/crawler)"
57.141.20.2 - - [13/Mar/2026:07:52:11 +0100] "GET /service/agriculture-products/?view=/sftproot/htdocs/public.jmkconsulting-ci.com/product/orange/index-1.htm HTTP/2.0" 200 246347 "-" "meta-externalagent/1.1 (+https://developers.facebook.com/docs/sharing/webmasters/crawler)"
57.141.20.32 - - [13/Mar/2026:07:52:11 +0100] "GET /service/harvest/?edit=/htdocs/sivaco.jmkconsulting-ci.com/admin/vendor/fontawesome-free/js/v4-shims.min.js HTTP/2.0" 200 28146 "-" "meta-externalagent/1.1 (+https://developers.facebook.com/docs/sharing/webmasters/crawler)"
57.141.20.26 - - [13/Mar/2026:07:52:12 +0100] "GET /service/agriculture-products/?edit=/usr/base/usr/share/locale/pt_BR/LC_MESSAGES/iso_639-3.mo HTTP/2.0" 200 21803 "-" "meta-externalagent/1.1 (+https://developers.facebook.com/docs/sharing/webmasters/crawler)"
57.141.20.2 - - [13/Mar/2026:07:52:13 +0100] "GET /service/agriculture-products/?view=/usr/base/usr/share/locale/uk/LC_MESSAGES/gnupg2.mo HTTP/2.0" 200 312538 "-" "meta-externalagent/1.1 (+https://developers.facebook.com/docs/sharing/webmasters/crawler)"
193.203.239.64 - - [13/Mar/2026:07:52:14 +0100] "POST /wp-cron.php?doing_wp_cron=1773384734.2050869464874267578125 HTTP/1.1" 200 1 "-" "WordPress/6.9.4; https://ptso.jmkconsulting-ci.com"
57.141.20.2 - - [13/Mar/2026:07:52:14 +0100] "GET /service/harvest/?edit=/usr/base/usr/share/zoneinfo/America/Guatemala HTTP/2.0" 200 2580 "-" "meta-externalagent/1.1 (+https://developers.facebook.com/docs/sharing/webmasters/crawler)"
57.141.20.21 - - [13/Mar/2026:07:52:15 +0100] "GET /service/fresh-vegetables/?rename=/usr/base/var/lib/ghostscript/CMap/Adobe-Japan1-0 HTTP/2.0" 200 2301 "-" "meta-externalagent/1.1 (+https://developers.facebook.com/docs/sharing/webmasters/crawler)"
57.141.20.4 - - [13/Mar/2026:07:52:16 +0100] "GET /service/organic-products/?edit=/sftproot/htdocs/sivaco/node_modules/unquote/package.json HTTP/2.0" 200 3195 "-" "meta-externalagent/1.1 (+https://developers.facebook.com/docs/sharing/webmasters/crawler)"
57.141.20.54 - - [13/Mar/2026:07:52:16 +0100] "GET /service/fresh-vegetables/?rename=/usr/base/.wp-cli/cache-php-compat/plugins/easy-login-woocommerce/easy-login-woocommerce.2.8.7.json HTTP/2.0" 200 2398 "-" "meta-externalagent/1.1 (+https://developers.facebook.com/docs/sharing/webmasters/crawler)"
57.141.20.1 - - [13/Mar/2026:07:52:17 +0100] "GET /service/organic-products/?dir=/sftproot/htdocs/atito2/node_modules/@babel/plugin-transform-object-super HTTP/2.0" 200 7031 "-" "meta-externalagent/1.1 (+https://developers.facebook.com/docs/sharing/webmasters/crawler)"
57.141.20.56 - - [13/Mar/2026:07:52:18 +0100] "GET /service/agriculture-products/?rename=/sftproot/htdocs/sivaco/node_modules/lodash/_baseClone.js HTTP/2.0" 200 2294 "-" "meta-externalagent/1.1 (+https://developers.facebook.com/docs/sharing/webmasters/crawler)"
57.141.20.42 - - [13/Mar/2026:07:52:19 +0100] "GET /service/fresh-vegetables/?view=/usr/base/.wp-cli/cache-php-compat/plugins/mailpoet/mailpoet.4.18.0.json HTTP/2.0" 200 73583 "-" "meta-externalagent/1.1 (+https://developers.facebook.com/docs/sharing/webmasters/crawler)"
57.141.20.26 - - [13/Mar/2026:07:52:20 +0100] "GET /service/organic-products/?view=/htdocs/ptso.jmkconsulting-ci.com/wp-content/plugins/woocommerce/assets/client/blocks/checkout-blocks/contact-information-frontend.js HTTP/2.0" 200 16492 "-" "meta-externalagent/1.1 (+https://developers.facebook.com/docs/sharing/webmasters/crawler)"
57.141.20.1 - - [13/Mar/2026:07:52:20 +0100] "GET /service/organic-products/?view=/htdocs/sivaco/node_modules/laravel-mix/node_modules/autoprefixer/lib/utils.js HTTP/2.0" 200 5700 "-" "meta-externalagent/1.1 (+https://developers.facebook.com/docs/sharing/webmasters/crawler)"
57.141.20.7 - - [13/Mar/2026:07:52:21 +0100] "GET /service/fresh-vegetables/?rename=/sftproot/htdocs/jmknew.jmkconsulting-ci.com/gdata/routes/console.php HTTP/2.0" 200 2316 "-" "meta-externalagent/1.1 (+https://developers.facebook.com/docs/sharing/webmasters/crawler)"
57.141.20.54 - - [13/Mar/2026:07:52:21 +0100] "GET /service/organic-products/?edit=/usr/base/.wp-cli/cache-php-compat/plugins/image-optimization/image-optimization.1.5.4.json HTTP/2.0" 200 27361 "-" "meta-externalagent/1.1 (+https://developers.facebook.com/docs/sharing/webmasters/crawler)"
57.141.20.14 - - [13/Mar/2026:07:52:23 +0100] "GET /service/organic-products/?rename=/htdocs/ptso.jmkconsulting-ci.com/wp-content/plugins/woocommerce/src/Internal/Admin/Onboarding/OnboardingIndustries.php HTTP/2.0" 200 2429 "-" "meta-externalagent/1.1 (+https://developers.facebook.com/docs/sharing/webmasters/crawler)"
57.141.20.59 - - [13/Mar/2026:07:52:23 +0100] "GET /service/organic-products/?edit=/sftproot/htdocs/atito2/node_modules/rework-visit/package.json HTTP/2.0" 200 2484 "-" "meta-externalagent/1.1 (+https://developers.facebook.com/docs/sharing/webmasters/crawler)"
57.141.20.45 - - [13/Mar/2026:07:52:24 +0100] "GET /service/organic-products/?view=/usr/base/.wp-cli/cache-php-compat/themes/twentytwelve/twentytwelve.3.0.json HTTP/2.0" 200 6255 "-" "meta-externalagent/1.1 (+https://developers.facebook.com/docs/sharing/webmasters/crawler)"
57.141.20.16 - - [13/Mar/2026:07:52:25 +0100] "GET /service/organic-products/?view=/usr/base/usr/share/terminfo/m/mm340 HTTP/2.0" 200 2919 "-" "meta-externalagent/1.1 (+https://developers.facebook.com/docs/sharing/webmasters/crawler)"
57.141.20.51 - - [13/Mar/2026:07:52:25 +0100] "GET /service/dairy-products/?view=/htdocs/jmknew.jmkconsulting-ci.com/gdata/.git/objects/78/3003cfccac7827e50b68929b9c66a3d1c61576 HTTP/2.0" 200 5431 "-" "meta-externalagent/1.1 (+https://developers.facebook.com/docs/sharing/webmasters/crawler)"
57.141.20.26 - - [13/Mar/2026:07:52:26 +0100] "GET /service/organic-products/?rename=/usr/base/.wp-cli/cache-php-compat/plugins/send-app/send-app.1.5.6.json HTTP/2.0" 200 2328 "-" "meta-externalagent/1.1 (+https://developers.facebook.com/docs/sharing/webmasters/crawler)"
57.141.20.10 - - [13/Mar/2026:07:52:27 +0100] "GET /service/dairy-products/?rename=/sftproot/htdocs/sivaco/node_modules/concat/test/simple1 HTTP/2.0" 200 2286 "-" "meta-externalagent/1.1 (+https://developers.facebook.com/docs/sharing/webmasters/crawler)"
57.141.20.26 - - [13/Mar/2026:07:52:28 +0100] "GET /service/organic-products/?view=/htdocs/site_data_2024/vendor/psy/psysh/src/CodeCleaner/AbstractClassPass.php HTTP/2.0" 200 4534 "-" "meta-externalagent/1.1 (+https://developers.facebook.com/docs/sharing/webmasters/crawler)"
57.141.20.46 - - [13/Mar/2026:07:52:29 +0100] "GET /service/agriculture-products/?rename=/htdocs/coopo.jmkconsulting-ci.com/SCAES/.git/objects/fa/b1ff693135c349b3d0d62d3b6ac90faf068682 HTTP/2.0" 200 2395 "-" "meta-externalagent/1.1 (+https://developers.facebook.com/docs/sharing/webmasters/crawler)"
57.141.20.19 - - [13/Mar/2026:07:52:29 +0100] "GET /service/dairy-products/?rename=/sftproot/htdocs/sivaco/node_modules/css-what/package.json HTTP/2.0" 200 2295 "-" "meta-externalagent/1.1 (+https://developers.facebook.com/docs/sharing/webmasters/crawler)"
57.141.20.42 - - [13/Mar/2026:07:52:30 +0100] "GET /service/agriculture-products/?edit=/usr/base/usr/share/zoneinfo/America/Argentina/Catamarca HTTP/2.0" 200 4155 "-" "meta-externalagent/1.1 (+https://developers.facebook.com/docs/sharing/webmasters/crawler)"
57.141.20.53 - - [13/Mar/2026:07:52:31 +0100] "GET /service/organic-products/?view=/sftproot/htdocs/public.jmkconsulting-ci.com/wp-admin/js/user-profile.min.js HTTP/2.0" 200 10485 "-" "meta-externalagent/1.1 (+https://developers.facebook.com/docs/sharing/webmasters/crawler)"
57.141.20.12 - - [13/Mar/2026:07:52:32 +0100] "GET /service/harvest/?view=/usr/base/usr/share/locale/pa/LC_MESSAGES/dpkg.mo HTTP/2.0" 200 10231 "-" "meta-externalagent/1.1 (+https://developers.facebook.com/docs/sharing/webmasters/crawler)"
57.141.20.31 - - [13/Mar/2026:07:52:32 +0100] "GET /service/dairy-products/?rename=/usr/base/usr/share/locale/mr/LC_MESSAGES/iso_3166.mo HTTP/2.0" 200 2290 "-" "meta-externalagent/1.1 (+https://developers.facebook.com/docs/sharing/webmasters/crawler)"
57.141.20.20 - - [13/Mar/2026:07:52:33 +0100] "GET /service/dairy-products/?view=/usr/base/usr/lib/locale/quz_PE/LC_MEASUREMENT HTTP/2.0" 200 2017 "-" "meta-externalagent/1.1 (+https://developers.facebook.com/docs/sharing/webmasters/crawler)"
57.141.20.41 - - [13/Mar/2026:07:52:34 +0100] "GET /service/harvest/?view=/htdocs/jmknew.jmkconsulting-ci.com/gdata/vendor/league/commonmark/src/MarkdownConverter.php HTTP/2.0" 200 4787 "-" "meta-externalagent/1.1 (+https://developers.facebook.com/docs/sharing/webmasters/crawler)"
57.141.20.39 - - [13/Mar/2026:07:52:34 +0100] "GET /service/harvest/?dir=/usr/base/opt/php8.2/include/php/ext/standard HTTP/2.0" 200 71798 "-" "meta-externalagent/1.1 (+https://developers.facebook.com/docs/sharing/webmasters/crawler)"
57.141.20.33 - - [13/Mar/2026:07:52:35 +0100] "GET /service/organic-products/?dir=/sftproot/htdocs/sivaco/vendor/symfony/var-dumper/Resources HTTP/2.0" 200 4794 "-" "meta-externalagent/1.1 (+https://developers.facebook.com/docs/sharing/webmasters/crawler)"
57.141.20.18 - - [13/Mar/2026:07:52:36 +0100] "GET /service/agriculture-products/?view=/htdocs/ptso.jmkconsulting-ci.com/wp-content/plugins/woocommerce/vendor/automattic/jetpack-connection/legacy/class-jetpack-xmlrpc-server.php HTTP/2.0" 200 31255 "-" "meta-externalagent/1.1 (+https://developers.facebook.com/docs/sharing/webmasters/crawler)"
57.141.20.8 - - [13/Mar/2026:07:52:37 +0100] "GET /service/harvest/?view=/htdocs/jmknew.jmkconsulting-ci.com/gdata/.git/objects/70/8545467bb10c921d4ec90e32947caa2a711131 HTTP/2.0" 200 3688 "-" "meta-externalagent/1.1 (+https://developers.facebook.com/docs/sharing/webmasters/crawler)"
57.141.20.35 - - [13/Mar/2026:07:52:37 +0100] "GET /service/fresh-vegetables/?rename=/sftproot/htdocs/ptso.jmkconsulting-ci.com/wp-includes/blocks/archives.php HTTP/2.0" 200 2327 "-" "meta-externalagent/1.1 (+https://developers.facebook.com/docs/sharing/webmasters/crawler)"
57.141.20.11 - - [13/Mar/2026:07:52:38 +0100] "GET /service/fresh-vegetables/?rename=/usr/base/usr/share/locale/cs/LC_MESSAGES/bash.mo HTTP/2.0" 200 2272 "-" "meta-externalagent/1.1 (+https://developers.facebook.com/docs/sharing/webmasters/crawler)"
57.141.20.53 - - [13/Mar/2026:07:52:38 +0100] "GET /service/dairy-products/?edit=/usr/base/usr/lib/locale/es_HN/LC_MESSAGES/SYS_LC_MESSAGES HTTP/2.0" 200 2273 "-" "meta-externalagent/1.1 (+https://developers.facebook.com/docs/sharing/webmasters/crawler)"
57.141.20.39 - - [13/Mar/2026:07:52:39 +0100] "GET /service/organic-products/?edit=/sftproot/htdocs/sivaco/node_modules/lodash/_Hash.js HTTP/2.0" 200 3009 "-" "meta-externalagent/1.1 (+https://developers.facebook.com/docs/sharing/webmasters/crawler)"
57.141.20.34 - - [13/Mar/2026:07:52:40 +0100] "GET /service/organic-products/?rename=/htdocs/jmknew.jmkconsulting-ci.com/gdata/vendor/filament/notifications/src/Collection.php HTTP/2.0" 200 2361 "-" "meta-externalagent/1.1 (+https://developers.facebook.com/docs/sharing/webmasters/crawler)"
57.141.20.31 - - [13/Mar/2026:07:52:43 +0100] "GET /service/agriculture-products/?rename=/sftproot/htdocs/ptso.jmkconsulting-ci.com/wp-includes/pomo/plural-forms.php HTTP/2.0" 200 2335 "-" "meta-externalagent/1.1 (+https://developers.facebook.com/docs/sharing/webmasters/crawler)"
57.141.20.30 - - [13/Mar/2026:07:52:44 +0100] "GET /service/organic-products/?view=/sftproot/htdocs/atito2/node_modules/serve-index/HISTORY.md HTTP/2.0" 200 9033 "-" "meta-externalagent/1.1 (+https://developers.facebook.com/docs/sharing/webmasters/crawler)"
57.141.20.28 - - [13/Mar/2026:07:52:45 +0100] "GET /service/organic-products/?edit=/htdocs/jmknew.jmkconsulting-ci.com/gdata/.git/objects/ea/22c3e6ee8719ffc1e98c7cec666b3734e20bbd HTTP/2.0" 200 2537 "-" "meta-externalagent/1.1 (+https://developers.facebook.com/docs/sharing/webmasters/crawler)"
57.141.20.21 - - [13/Mar/2026:07:52:46 +0100] "GET /service/agriculture-products/?edit=/htdocs/sivaco/node_modules/caniuse-lite/data/features/xhtml.js HTTP/2.0" 200 4033 "-" "meta-externalagent/1.1 (+https://developers.facebook.com/docs/sharing/webmasters/crawler)"
57.141.20.18 - - [13/Mar/2026:07:52:46 +0100] "GET /service/agriculture-products/?edit=/usr/base/usr/share/locale/vi/LC_MESSAGES/iso_3166-3.mo HTTP/2.0" 200 4983 "-" "meta-externalagent/1.1 (+https://developers.facebook.com/docs/sharing/webmasters/crawler)"
57.141.20.21 - - [13/Mar/2026:07:52:47 +0100] "GET /service/fresh-vegetables/?edit=/usr/base/usr/share/locale/oc/LC_MESSAGES/dpkg.mo HTTP/2.0" 200 74823 "-" "meta-externalagent/1.1 (+https://developers.facebook.com/docs/sharing/webmasters/crawler)"
57.141.20.54 - - [13/Mar/2026:07:52:49 +0100] "GET /service/organic-products/?rename=/htdocs/apps.jmkconsulting-ci.com/core/vendor/google/apiclient-services/src/GoogleAnalyticsAdmin/GoogleAnalyticsAdminV1alphaListIosAppDataStreamsResponse.php HTTP/2.0" 200 2541 "-" "meta-externalagent/1.1 (+https://developers.facebook.com/docs/sharing/webmasters/crawler)"
57.141.20.21 - - [13/Mar/2026:07:52:50 +0100] "GET /service/dairy-products/?edit=/usr/base/opt/php7.3/include/php/main/php_ini.h HTTP/2.0" 200 6092 "-" "meta-externalagent/1.1 (+https://developers.facebook.com/docs/sharing/webmasters/crawler)"
57.141.20.31 - - [13/Mar/2026:07:52:53 +0100] "GET /service/organic-products/?edit=/htdocs/sivaco/node_modules/postcss-modules-scope/node_modules/postcss/lib/result.js HTTP/2.0" 200 17946 "-" "meta-externalagent/1.1 (+https://developers.facebook.com/docs/sharing/webmasters/crawler)"
57.141.20.27 - - [13/Mar/2026:07:52:53 +0100] "GET /service/fresh-vegetables/?dir=/sftproot/htdocs/ptso.jmkconsulting-ci.com/wp-includes/rest-api/endpoints HTTP/2.0" 200 61022 "-" "meta-externalagent/1.1 (+https://developers.facebook.com/docs/sharing/webmasters/crawler)"
57.141.20.31 - - [13/Mar/2026:07:52:56 +0100] "GET /service/agriculture-products/?view=/htdocs/sivaco/vendor/psy/psysh/src/Exception/ThrowUpException.php HTTP/2.0" 200 3548 "-" "meta-externalagent/1.1 (+https://developers.facebook.com/docs/sharing/webmasters/crawler)"
57.141.20.9 - - [13/Mar/2026:07:52:59 +0100] "GET /service/organic-products/?dir=/htdocs/apps.jmkconsulting-ci.com/core/vendor/phpseclib/phpseclib/phpseclib/Common HTTP/2.0" 200 3620 "-" "meta-externalagent/1.1 (+https://developers.facebook.com/docs/sharing/webmasters/crawler)"
193.203.239.64 - - [13/Mar/2026:07:53:15 +0100] "POST /wp-cron.php?doing_wp_cron=1773384795.5444769859313964843750 HTTP/1.1" 200 1 "-" "WordPress/6.9.4; https://ptso.jmkconsulting-ci.com"
57.141.20.49 - - [13/Mar/2026:07:53:15 +0100] "GET /service/fresh-vegetables/?edit=/usr/base/usr/share/locale/pl/LC_MESSAGES/gnutls30.mo HTTP/2.0" 200 38017 "-" "meta-externalagent/1.1 (+https://developers.facebook.com/docs/sharing/webmasters/crawler)"
57.141.20.33 - - [13/Mar/2026:07:53:19 +0100] "GET /service/harvest/?view=/htdocs/atito2/vendor/dragonmantank/cron-expression/src/Cron/MonthField.php HTTP/2.0" 200 3604 "-" "meta-externalagent/1.1 (+https://developers.facebook.com/docs/sharing/webmasters/crawler)"
57.141.20.33 - - [13/Mar/2026:07:53:27 +0100] "GET /service/dairy-products/?view=/usr/base/usr/share/locale/ee/LC_MESSAGES/iso_3166-1.mo HTTP/2.0" 200 2545 "-" "meta-externalagent/1.1 (+https://developers.facebook.com/docs/sharing/webmasters/crawler)"
57.141.20.29 - - [13/Mar/2026:07:53:29 +0100] "GET /service/organic-products/?rename=/htdocs/apps.jmkconsulting-ci.com/core/vendor/symfony/http-foundation/Session/SessionBagProxy.php HTTP/2.0" 200 2380 "-" "meta-externalagent/1.1 (+https://developers.facebook.com/docs/sharing/webmasters/crawler)"
57.141.20.16 - - [13/Mar/2026:07:53:50 +0100] "GET /service/dairy-products/?edit=/htdocs/jmknew.jmkconsulting-ci.com/gdata/node_modules/css-tree/lib/walker/index.js HTTP/2.0" 200 2410 "-" "meta-externalagent/1.1 (+https://developers.facebook.com/docs/sharing/webmasters/crawler)"
34.245.166.120 - - [13/Mar/2026:07:53:55 +0100] "GET / HTTP/1.0" 200 252330 "-" "Mozilla/5.0 (compatible; NetcraftSurveyAgent/1.0; +info@netcraft.com)"
57.141.20.21 - - [13/Mar/2026:07:54:01 +0100] "GET /service/dairy-products/?rename=/htdocs/ptso.jmkconsulting-ci.com/wp-content/plugins/woocommerce/includes/admin/importers/mappings/generic.php HTTP/2.0" 200 2398 "-" "meta-externalagent/1.1 (+https://developers.facebook.com/docs/sharing/webmasters/crawler)"
193.203.239.64 - - [13/Mar/2026:07:54:24 +0100] "POST /wp-cron.php?doing_wp_cron=1773384864.0520730018615722656250 HTTP/1.1" 200 1 "-" "WordPress/6.9.4; https://ptso.jmkconsulting-ci.com"
57.141.20.56 - - [13/Mar/2026:07:54:24 +0100] "GET /service/organic-products/?edit=/htdocs/atito2/node_modules/stream-http/test/browser/error.js.disabled HTTP/2.0" 200 2594 "-" "meta-externalagent/1.1 (+https://developers.facebook.com/docs/sharing/webmasters/crawler)"
57.141.20.49 - - [13/Mar/2026:07:54:24 +0100] "GET /service/organic-products/?edit=/sftproot/htdocs/sivaco/node_modules/browserify-zlib/.npmignore HTTP/2.0" 200 2264 "-" "meta-externalagent/1.1 (+https://developers.facebook.com/docs/sharing/webmasters/crawler)"
57.141.20.49 - - [13/Mar/2026:07:54:37 +0100] "GET /service/agriculture-products/?view=/htdocs/site_data_2024/vendor/symfony/console/Output/OutputInterface.php HTTP/2.0" 200 4596 "-" "meta-externalagent/1.1 (+https://developers.facebook.com/docs/sharing/webmasters/crawler)"
57.141.20.56 - - [13/Mar/2026:07:55:05 +0100] "GET /service/harvest/?edit=/htdocs/apps.jmkconsulting-ci.com/core/vendor/kirschbaum-development/eloquent-power-joins/src/PowerJoinClause.php HTTP/2.0" 200 11212 "-" "meta-externalagent/1.1 (+https://developers.facebook.com/docs/sharing/webmasters/crawler)"
193.203.239.64 - - [13/Mar/2026:07:55:15 +0100] "POST /wp-cron.php?doing_wp_cron=1773384915.8334128856658935546875 HTTP/1.1" 200 1 "-" "WordPress/6.9.4; https://ptso.jmkconsulting-ci.com"
57.141.20.54 - - [13/Mar/2026:07:55:15 +0100] "GET /service/harvest/?rename=/htdocs/apps.jmkconsulting-ci.com/core/vendor/maennchen/zipstream-php/src/EndOfCentralDirectory.php HTTP/2.0" 200 2390 "-" "meta-externalagent/1.1 (+https://developers.facebook.com/docs/sharing/webmasters/crawler)"
