65.109.118.212 - - [13/Mar/2026:03:02:28 +0100] "GET /service/agriculture-products/?view=/htdocs/sivaco/vendor/composer/autoload_namespaces.php HTTP/1.1" 403 4480 "-" "Mozilla/5.0 (compatible; AwarioBot/1.0; +https://awario.com/bots.html)"
65.109.118.212 - - [13/Mar/2026:03:02:29 +0100] "GET /service/agriculture-products/?view=/htdocs/sivaco/vendor/composer/autoload_psr4.php HTTP/1.1" 301 162 "-" "Mozilla/5.0 (compatible; AwarioBot/1.0; +https://awario.com/bots.html)"
65.109.118.212 - - [13/Mar/2026:03:02:30 +0100] "GET /service/agriculture-products/?view=/htdocs/sivaco/vendor/composer/autoload_psr4.php HTTP/1.1" 403 4478 "-" "Mozilla/5.0 (compatible; AwarioBot/1.0; +https://awario.com/bots.html)"
65.109.118.212 - - [13/Mar/2026:03:02:31 +0100] "GET /service/agriculture-products/?view=/htdocs/sivaco/vendor/composer/autoload_real.php HTTP/1.1" 301 162 "-" "Mozilla/5.0 (compatible; AwarioBot/1.0; +https://awario.com/bots.html)"
57.141.20.24 - - [13/Mar/2026:03:02:31 +0100] "GET /service/agriculture-products/?view=/htdocs/sivaco/node_modules/caniuse-lite/data/features/element-closest.js HTTP/2.0" 200 4036 "-" "meta-externalagent/1.1 (+https://developers.facebook.com/docs/sharing/webmasters/crawler)"
65.109.118.212 - - [13/Mar/2026:03:02:31 +0100] "GET /service/agriculture-products/?view=/htdocs/sivaco/vendor/composer/autoload_real.php HTTP/1.1" 403 4478 "-" "Mozilla/5.0 (compatible; AwarioBot/1.0; +https://awario.com/bots.html)"
65.109.118.212 - - [13/Mar/2026:03:02:33 +0100] "GET /service/agriculture-products/?view=/htdocs/sivaco/vendor/composer/autoload_static.php HTTP/1.1" 301 162 "-" "Mozilla/5.0 (compatible; AwarioBot/1.0; +https://awario.com/bots.html)"
65.109.118.212 - - [13/Mar/2026:03:02:33 +0100] "GET /service/agriculture-products/?view=/htdocs/sivaco/vendor/composer/autoload_static.php HTTP/1.1" 403 4487 "-" "Mozilla/5.0 (compatible; AwarioBot/1.0; +https://awario.com/bots.html)"
57.141.20.8 - - [13/Mar/2026:03:02:35 +0100] "GET /service/fresh-vegetables/?rename=/sftproot/htdocs/atito2/vendor/voku/portable-ascii/README.md HTTP/2.0" 200 2296 "-" "meta-externalagent/1.1 (+https://developers.facebook.com/docs/sharing/webmasters/crawler)"
65.109.118.212 - - [13/Mar/2026:03:02:35 +0100] "GET /service/agriculture-products/?view=/htdocs/sivaco/vendor/composer/installed.json HTTP/1.1" 301 162 "-" "Mozilla/5.0 (compatible; AwarioBot/1.0; +https://awario.com/bots.html)"
65.109.118.212 - - [13/Mar/2026:03:02:35 +0100] "GET /service/agriculture-products/?view=/htdocs/sivaco/vendor/composer/installed.json HTTP/1.1" 403 4478 "-" "Mozilla/5.0 (compatible; AwarioBot/1.0; +https://awario.com/bots.html)"
65.109.118.212 - - [13/Mar/2026:03:02:37 +0100] "GET /service/agriculture-products/?view=/htdocs/sivaco/vendor/composer/installed.php HTTP/1.1" 301 162 "-" "Mozilla/5.0 (compatible; AwarioBot/1.0; +https://awario.com/bots.html)"
65.109.118.212 - - [13/Mar/2026:03:02:37 +0100] "GET /service/agriculture-products/?view=/htdocs/sivaco/vendor/composer/installed.php HTTP/1.1" 403 4478 "-" "Mozilla/5.0 (compatible; AwarioBot/1.0; +https://awario.com/bots.html)"
65.109.118.212 - - [13/Mar/2026:03:02:39 +0100] "GET /service/agriculture-products/?view=/htdocs/sivaco/vendor/composer/platform_check.php HTTP/1.1" 301 162 "-" "Mozilla/5.0 (compatible; AwarioBot/1.0; +https://awario.com/bots.html)"
57.141.20.35 - - [13/Mar/2026:03:02:39 +0100] "GET /service/organic-products/?view=/usr/base/.wp-cli/cache-php-compat/plugins/generateblocks/generateblocks.2.2.0.json HTTP/2.0" 200 15442 "-" "meta-externalagent/1.1 (+https://developers.facebook.com/docs/sharing/webmasters/crawler)"
65.109.118.212 - - [13/Mar/2026:03:02:39 +0100] "GET /service/agriculture-products/?view=/htdocs/sivaco/vendor/composer/platform_check.php HTTP/1.1" 403 4482 "-" "Mozilla/5.0 (compatible; AwarioBot/1.0; +https://awario.com/bots.html)"
65.109.118.212 - - [13/Mar/2026:03:02:41 +0100] "GET /service/agriculture-products/?view=/htdocs/template_Agrotek_jmk/images/bannieres/accompagnement-pacome.fw.png HTTP/1.1" 301 162 "-" "Mozilla/5.0 (compatible; AwarioBot/1.0; +https://awario.com/bots.html)"
65.109.118.212 - - [13/Mar/2026:03:02:41 +0100] "GET /service/agriculture-products/?view=/htdocs/template_Agrotek_jmk/images/bannieres/accompagnement-pacome.fw.png HTTP/1.1" 403 4481 "-" "Mozilla/5.0 (compatible; AwarioBot/1.0; +https://awario.com/bots.html)"
57.141.20.40 - - [13/Mar/2026:03:02:42 +0100] "GET /service/organic-products/?edit=/sftproot/htdocs/sivaco/node_modules/uniq/.npmignore HTTP/2.0" 200 2295 "-" "meta-externalagent/1.1 (+https://developers.facebook.com/docs/sharing/webmasters/crawler)"
65.109.118.212 - - [13/Mar/2026:03:02:43 +0100] "GET /service/agriculture-products/?view=/htdocs/template_Agrotek_jmk/images/bannieres/accompagnement.fw.png HTTP/1.1" 301 162 "-" "Mozilla/5.0 (compatible; AwarioBot/1.0; +https://awario.com/bots.html)"
65.109.118.212 - - [13/Mar/2026:03:02:43 +0100] "GET /service/agriculture-products/?view=/htdocs/template_Agrotek_jmk/images/bannieres/accompagnement.fw.png HTTP/1.1" 403 4479 "-" "Mozilla/5.0 (compatible; AwarioBot/1.0; +https://awario.com/bots.html)"
65.109.118.212 - - [13/Mar/2026:03:02:45 +0100] "GET /service/agriculture-products/?view=/htdocs/template_Agrotek_jmk/images/bannieres/agro-ecsp.fw.png HTTP/1.1" 301 162 "-" "Mozilla/5.0 (compatible; AwarioBot/1.0; +https://awario.com/bots.html)"
57.141.20.45 - - [13/Mar/2026:03:02:45 +0100] "GET /service/dairy-products/?dir=/sftproot/htdocs/jmknew.jmkconsulting-ci.com/gdata/node_modules/md5/dist HTTP/2.0" 200 4308 "-" "meta-externalagent/1.1 (+https://developers.facebook.com/docs/sharing/webmasters/crawler)"
65.109.118.212 - - [13/Mar/2026:03:02:46 +0100] "GET /service/agriculture-products/?view=/htdocs/template_Agrotek_jmk/images/bannieres/agro-ecsp.fw.png HTTP/1.1" 403 4477 "-" "Mozilla/5.0 (compatible; AwarioBot/1.0; +https://awario.com/bots.html)"
65.109.118.212 - - [13/Mar/2026:03:02:47 +0100] "GET /service/agriculture-products/?view=/htdocs/template_Agrotek_jmk/images/bannieres/ban_negoce.fw.png HTTP/1.1" 301 162 "-" "Mozilla/5.0 (compatible; AwarioBot/1.0; +https://awario.com/bots.html)"
65.109.118.212 - - [13/Mar/2026:03:02:47 +0100] "GET /service/agriculture-products/?view=/htdocs/template_Agrotek_jmk/images/bannieres/ban_negoce.fw.png HTTP/1.1" 403 4480 "-" "Mozilla/5.0 (compatible; AwarioBot/1.0; +https://awario.com/bots.html)"
57.141.20.3 - - [13/Mar/2026:03:02:49 +0100] "GET /service/organic-products/?view=/sftproot/htdocs/sivaco/node_modules/deepmerge/rollup.config.js HTTP/2.0" 200 2413 "-" "meta-externalagent/1.1 (+https://developers.facebook.com/docs/sharing/webmasters/crawler)"
65.109.118.212 - - [13/Mar/2026:03:02:49 +0100] "GET /service/agriculture-products/?view=/htdocs/template_Agrotek_jmk/images/bannieres/cacao-e=csp.fw.png HTTP/1.1" 301 162 "-" "Mozilla/5.0 (compatible; AwarioBot/1.0; +https://awario.com/bots.html)"
65.109.118.212 - - [13/Mar/2026:03:02:49 +0100] "GET /service/agriculture-products/?view=/htdocs/template_Agrotek_jmk/images/bannieres/cacao-e=csp.fw.png HTTP/1.1" 403 4481 "-" "Mozilla/5.0 (compatible; AwarioBot/1.0; +https://awario.com/bots.html)"
65.109.118.212 - - [13/Mar/2026:03:02:51 +0100] "GET /service/agriculture-products/?view=/htdocs/template_Agrotek_jmk/images/bannieres/certification.fw.png HTTP/1.1" 301 162 "-" "Mozilla/5.0 (compatible; AwarioBot/1.0; +https://awario.com/bots.html)"
65.109.118.212 - - [13/Mar/2026:03:02:51 +0100] "GET /service/agriculture-products/?view=/htdocs/template_Agrotek_jmk/images/bannieres/certification.fw.png HTTP/1.1" 403 4480 "-" "Mozilla/5.0 (compatible; AwarioBot/1.0; +https://awario.com/bots.html)"
57.141.20.7 - - [13/Mar/2026:03:02:51 +0100] "GET /service/agriculture-products/?rename=/htdocs/coopo.jmkconsulting-ci.com/SCAES/.git/objects/a9/24e9b0178847d167a891e6a7d952e5a5015544 HTTP/2.0" 200 2395 "-" "meta-externalagent/1.1 (+https://developers.facebook.com/docs/sharing/webmasters/crawler)"
65.109.118.212 - - [13/Mar/2026:03:02:53 +0100] "GET /service/agriculture-products/?view=/htdocs/template_Agrotek_jmk/images/bannieres/formation-divo.fw.png HTTP/1.1" 301 162 "-" "Mozilla/5.0 (compatible; AwarioBot/1.0; +https://awario.com/bots.html)"
65.109.118.212 - - [13/Mar/2026:03:02:53 +0100] "GET /service/agriculture-products/?view=/htdocs/template_Agrotek_jmk/images/bannieres/formation-divo.fw.png HTTP/1.1" 403 4478 "-" "Mozilla/5.0 (compatible; AwarioBot/1.0; +https://awario.com/bots.html)"
57.141.20.5 - - [13/Mar/2026:03:02:55 +0100] "GET /service/agriculture-products/?edit=/htdocs/coopo.jmkconsulting-ci.com/SAVE/wp-includes/js/jquery/ui/core.min.js HTTP/2.0" 200 26327 "-" "meta-externalagent/1.1 (+https://developers.facebook.com/docs/sharing/webmasters/crawler)"
65.109.118.212 - - [13/Mar/2026:03:02:55 +0100] "GET /service/agriculture-products/?view=/htdocs/template_Agrotek_jmk/images/bannieres/formation-zamacom.fw.png HTTP/1.1" 301 162 "-" "Mozilla/5.0 (compatible; AwarioBot/1.0; +https://awario.com/bots.html)"
65.109.118.212 - - [13/Mar/2026:03:02:55 +0100] "GET /service/agriculture-products/?view=/htdocs/template_Agrotek_jmk/images/bannieres/formation-zamacom.fw.png HTTP/1.1" 403 4480 "-" "Mozilla/5.0 (compatible; AwarioBot/1.0; +https://awario.com/bots.html)"
65.109.118.212 - - [13/Mar/2026:03:02:57 +0100] "GET /service/agriculture-products/?view=/htdocs/template_Agrotek_jmk/images/bannieres/innonvante.fw.png HTTP/1.1" 301 162 "-" "Mozilla/5.0 (compatible; AwarioBot/1.0; +https://awario.com/bots.html)"
65.109.118.212 - - [13/Mar/2026:03:02:57 +0100] "GET /service/agriculture-products/?view=/htdocs/template_Agrotek_jmk/images/bannieres/innonvante.fw.png HTTP/1.1" 403 4478 "-" "Mozilla/5.0 (compatible; AwarioBot/1.0; +https://awario.com/bots.html)"
57.141.20.8 - - [13/Mar/2026:03:02:58 +0100] "GET /service/dairy-products/?edit=/htdocs/atito2/vendor/league/commonmark/src/Event/AbstractEvent.php HTTP/2.0" 200 3764 "-" "meta-externalagent/1.1 (+https://developers.facebook.com/docs/sharing/webmasters/crawler)"
65.109.118.212 - - [13/Mar/2026:03:02:59 +0100] "GET /service/agriculture-products/?view=/htdocs/template_Agrotek_jmk/images/bannieres/slide-gestion.jpg HTTP/1.1" 301 162 "-" "Mozilla/5.0 (compatible; AwarioBot/1.0; +https://awario.com/bots.html)"
65.109.118.212 - - [13/Mar/2026:03:02:59 +0100] "GET /service/agriculture-products/?view=/htdocs/template_Agrotek_jmk/images/bannieres/slide-gestion.jpg HTTP/1.1" 403 4485 "-" "Mozilla/5.0 (compatible; AwarioBot/1.0; +https://awario.com/bots.html)"
57.141.20.16 - - [13/Mar/2026:03:03:01 +0100] "GET /service/organic-products/?rename=/sftproot/htdocs/sivaco/vendor/symfony/error-handler/BufferingLogger.php HTTP/2.0" 200 2330 "-" "meta-externalagent/1.1 (+https://developers.facebook.com/docs/sharing/webmasters/crawler)"
65.109.118.212 - - [13/Mar/2026:03:03:01 +0100] "GET /service/agriculture-products/?view=/htdocs/template_Agrotek_jmk/images/bannieres/slide-icubation.jpg HTTP/1.1" 301 162 "-" "Mozilla/5.0 (compatible; AwarioBot/1.0; +https://awario.com/bots.html)"
65.109.118.212 - - [13/Mar/2026:03:03:01 +0100] "GET /service/agriculture-products/?view=/htdocs/template_Agrotek_jmk/images/bannieres/slide-icubation.jpg HTTP/1.1" 403 4479 "-" "Mozilla/5.0 (compatible; AwarioBot/1.0; +https://awario.com/bots.html)"
57.141.20.38 - - [13/Mar/2026:03:03:03 +0100] "GET /service/agriculture-products/?dir=/sftproot/htdocs/jmknew.jmkconsulting-ci.com/gdata/node_modules/source-map-js HTTP/2.0" 200 9501 "-" "meta-externalagent/1.1 (+https://developers.facebook.com/docs/sharing/webmasters/crawler)"
65.109.118.212 - - [13/Mar/2026:03:03:04 +0100] "GET /service/agriculture-products/?view=/htdocs/template_Agrotek_jmk/images/bannieres/slide-icubation1.fw.png HTTP/1.1" 301 162 "-" "Mozilla/5.0 (compatible; AwarioBot/1.0; +https://awario.com/bots.html)"
65.109.118.212 - - [13/Mar/2026:03:03:04 +0100] "GET /service/agriculture-products/?view=/htdocs/template_Agrotek_jmk/images/bannieres/slide-icubation1.fw.png HTTP/1.1" 403 4479 "-" "Mozilla/5.0 (compatible; AwarioBot/1.0; +https://awario.com/bots.html)"
65.109.118.212 - - [13/Mar/2026:03:03:05 +0100] "GET /service/agriculture-products/?view=/htdocs/template_Agrotek_jmk/images/bannieres/slide-negoce.jpg HTTP/1.1" 301 162 "-" "Mozilla/5.0 (compatible; AwarioBot/1.0; +https://awario.com/bots.html)"
65.109.118.212 - - [13/Mar/2026:03:03:06 +0100] "GET /service/agriculture-products/?view=/htdocs/template_Agrotek_jmk/images/bannieres/slide-negoce.jpg HTTP/1.1" 403 4479 "-" "Mozilla/5.0 (compatible; AwarioBot/1.0; +https://awario.com/bots.html)"
57.141.20.31 - - [13/Mar/2026:03:03:07 +0100] "GET /service/fresh-vegetables/?edit=/usr/base/.wp-cli/cache-php-compat/plugins/smart-slider-3/smart-slider-3.3.5.1.27.json HTTP/2.0" 200 20782 "-" "meta-externalagent/1.1 (+https://developers.facebook.com/docs/sharing/webmasters/crawler)"
65.109.118.212 - - [13/Mar/2026:03:03:07 +0100] "GET /service/agriculture-products/?view=/htdocs/template_Agrotek_jmk/images/bannieres/slide-negoce1.fw.png HTTP/1.1" 301 162 "-" "Mozilla/5.0 (compatible; AwarioBot/1.0; +https://awario.com/bots.html)"
65.109.118.212 - - [13/Mar/2026:03:03:08 +0100] "GET /service/agriculture-products/?view=/htdocs/template_Agrotek_jmk/images/bannieres/slide-negoce1.fw.png HTTP/1.1" 403 4476 "-" "Mozilla/5.0 (compatible; AwarioBot/1.0; +https://awario.com/bots.html)"
57.141.20.20 - - [13/Mar/2026:03:03:09 +0100] "GET /service/dairy-products/?edit=/htdocs/jmknew.jmkconsulting-ci.com/gdata/node_modules/caniuse-lite/data/features/lazyload.js HTTP/2.0" 200 4388 "-" "meta-externalagent/1.1 (+https://developers.facebook.com/docs/sharing/webmasters/crawler)"
65.109.118.212 - - [13/Mar/2026:03:03:10 +0100] "GET /service/agriculture-products/?view=/htdocs/template_Agrotek_jmk/images/bannieres/slide-negoce1.jpg HTTP/1.1" 301 162 "-" "Mozilla/5.0 (compatible; AwarioBot/1.0; +https://awario.com/bots.html)"
65.109.118.212 - - [13/Mar/2026:03:03:10 +0100] "GET /service/agriculture-products/?view=/htdocs/template_Agrotek_jmk/images/bannieres/slide-negoce1.jpg HTTP/1.1" 403 4468 "-" "Mozilla/5.0 (compatible; AwarioBot/1.0; +https://awario.com/bots.html)"
57.141.20.48 - - [13/Mar/2026:03:03:11 +0100] "GET /service/dairy-products/?edit=/usr/base/usr/share/locale/cy/LC_MESSAGES/iso_3166.mo HTTP/2.0" 200 27639 "-" "meta-externalagent/1.1 (+https://developers.facebook.com/docs/sharing/webmasters/crawler)"
65.109.118.212 - - [13/Mar/2026:03:03:12 +0100] "GET /service/agriculture-products/?view=/htdocs/template_Agrotek_jmk/images/bannieres/travail-enfant.fw.png HTTP/1.1" 301 162 "-" "Mozilla/5.0 (compatible; AwarioBot/1.0; +https://awario.com/bots.html)"
65.109.118.212 - - [13/Mar/2026:03:03:12 +0100] "GET /service/agriculture-products/?view=/htdocs/template_Agrotek_jmk/images/bannieres/travail-enfant.fw.png HTTP/1.1" 403 4472 "-" "Mozilla/5.0 (compatible; AwarioBot/1.0; +https://awario.com/bots.html)"
65.109.118.212 - - [13/Mar/2026:03:03:14 +0100] "GET /service/agriculture-products/?view=/htdocs/template_Agrotek_jmk/images/bg-image/Untitled-15.png HTTP/1.1" 301 162 "-" "Mozilla/5.0 (compatible; AwarioBot/1.0; +https://awario.com/bots.html)"
65.109.118.212 - - [13/Mar/2026:03:03:14 +0100] "GET /service/agriculture-products/?view=/htdocs/template_Agrotek_jmk/images/bg-image/Untitled-15.png HTTP/1.1" 403 4479 "-" "Mozilla/5.0 (compatible; AwarioBot/1.0; +https://awario.com/bots.html)"
193.203.239.64 - - [13/Mar/2026:03:03:14 +0100] "POST /wp-cron.php?doing_wp_cron=1773367394.6281208992004394531250 HTTP/1.1" 200 1 "-" "WordPress/6.9.4; https://ptso.jmkconsulting-ci.com"
57.141.20.33 - - [13/Mar/2026:03:03:14 +0100] "GET /service/agriculture-products/?edit=/sftproot/htdocs/ptso.jmkconsulting-ci.com/wp-includes/sodium_compat/LICENSE HTTP/2.0" 200 3130 "-" "meta-externalagent/1.1 (+https://developers.facebook.com/docs/sharing/webmasters/crawler)"
65.109.118.212 - - [13/Mar/2026:03:03:15 +0100] "GET /service/agriculture-products/?view=/htdocs/template_Agrotek_jmk/images/bg-image/col-bgimage-10.png HTTP/1.1" 301 162 "-" "Mozilla/5.0 (compatible; AwarioBot/1.0; +https://awario.com/bots.html)"
65.109.118.212 - - [13/Mar/2026:03:03:16 +0100] "GET /service/agriculture-products/?view=/htdocs/template_Agrotek_jmk/images/bg-image/col-bgimage-10.png HTTP/1.1" 403 4476 "-" "Mozilla/5.0 (compatible; AwarioBot/1.0; +https://awario.com/bots.html)"
57.141.20.31 - - [13/Mar/2026:03:03:16 +0100] "GET /service/organic-products/?view=/htdocs/atito2/vendor/phar-io/manifest/src/values/AuthorCollection.php HTTP/2.0" 200 2960 "-" "meta-externalagent/1.1 (+https://developers.facebook.com/docs/sharing/webmasters/crawler)"
65.109.118.212 - - [13/Mar/2026:03:03:18 +0100] "GET /service/agriculture-products/?view=/htdocs/template_Agrotek_jmk/images/bg-image/col-bgimage-11.jpg HTTP/1.1" 301 162 "-" "Mozilla/5.0 (compatible; AwarioBot/1.0; +https://awario.com/bots.html)"
65.109.118.212 - - [13/Mar/2026:03:03:18 +0100] "GET /service/agriculture-products/?view=/htdocs/template_Agrotek_jmk/images/bg-image/col-bgimage-11.jpg HTTP/1.1" 403 4476 "-" "Mozilla/5.0 (compatible; AwarioBot/1.0; +https://awario.com/bots.html)"
57.141.20.22 - - [13/Mar/2026:03:03:19 +0100] "GET /service/fresh-vegetables/?rename=/usr/base/usr/share/locale/fr/LC_MESSAGES/glib20.mo HTTP/2.0" 200 2278 "-" "meta-externalagent/1.1 (+https://developers.facebook.com/docs/sharing/webmasters/crawler)"
65.109.118.212 - - [13/Mar/2026:03:03:20 +0100] "GET /service/agriculture-products/?view=/htdocs/template_Agrotek_jmk/images/bg-image/col-bgimage-12.png HTTP/1.1" 301 162 "-" "Mozilla/5.0 (compatible; AwarioBot/1.0; +https://awario.com/bots.html)"
65.109.118.212 - - [13/Mar/2026:03:03:20 +0100] "GET /service/agriculture-products/?view=/htdocs/template_Agrotek_jmk/images/bg-image/col-bgimage-12.png HTTP/1.1" 403 4478 "-" "Mozilla/5.0 (compatible; AwarioBot/1.0; +https://awario.com/bots.html)"
65.109.118.212 - - [13/Mar/2026:03:03:22 +0100] "GET /service/agriculture-products/?view=/htdocs/template_Agrotek_jmk/images/bg-image/col-bgimage-3.jpg HTTP/1.1" 301 162 "-" "Mozilla/5.0 (compatible; AwarioBot/1.0; +https://awario.com/bots.html)"
65.109.118.212 - - [13/Mar/2026:03:03:22 +0100] "GET /service/agriculture-products/?view=/htdocs/template_Agrotek_jmk/images/bg-image/col-bgimage-3.jpg HTTP/1.1" 403 4484 "-" "Mozilla/5.0 (compatible; AwarioBot/1.0; +https://awario.com/bots.html)"
57.141.20.6 - - [13/Mar/2026:03:03:24 +0100] "GET /service/organic-products/?view=/htdocs/site_data_2024/vendor/phpunit/php-code-coverage/src/Exception/ReflectionException.php HTTP/2.0" 200 2499 "-" "meta-externalagent/1.1 (+https://developers.facebook.com/docs/sharing/webmasters/crawler)"
65.109.118.212 - - [13/Mar/2026:03:03:24 +0100] "GET /service/agriculture-products/?view=/htdocs/template_Agrotek_jmk/images/bg-image/col-bgimage-4.jpg HTTP/1.1" 301 162 "-" "Mozilla/5.0 (compatible; AwarioBot/1.0; +https://awario.com/bots.html)"
65.109.118.212 - - [13/Mar/2026:03:03:24 +0100] "GET /service/agriculture-products/?view=/htdocs/template_Agrotek_jmk/images/bg-image/col-bgimage-4.jpg HTTP/1.1" 403 4482 "-" "Mozilla/5.0 (compatible; AwarioBot/1.0; +https://awario.com/bots.html)"
57.141.20.51 - - [13/Mar/2026:03:03:26 +0100] "GET /service/organic-products/?edit=/sftproot/htdocs/atito2/node_modules/call-bind/CHANGELOG.md HTTP/2.0" 200 9267 "-" "meta-externalagent/1.1 (+https://developers.facebook.com/docs/sharing/webmasters/crawler)"
65.109.118.212 - - [13/Mar/2026:03:03:26 +0100] "GET /service/agriculture-products/?view=/htdocs/template_Agrotek_jmk/images/bg-image/col-bgimage-7.png HTTP/1.1" 301 162 "-" "Mozilla/5.0 (compatible; AwarioBot/1.0; +https://awario.com/bots.html)"
65.109.118.212 - - [13/Mar/2026:03:03:26 +0100] "GET /service/agriculture-products/?view=/htdocs/template_Agrotek_jmk/images/bg-image/col-bgimage-7.png HTTP/1.1" 403 4481 "-" "Mozilla/5.0 (compatible; AwarioBot/1.0; +https://awario.com/bots.html)"
65.109.118.212 - - [13/Mar/2026:03:03:28 +0100] "GET /service/agriculture-products/?view=/htdocs/template_Agrotek_jmk/images/bg-image/row-bgimage-1.jpg HTTP/1.1" 301 162 "-" "Mozilla/5.0 (compatible; AwarioBot/1.0; +https://awario.com/bots.html)"
65.109.118.212 - - [13/Mar/2026:03:03:28 +0100] "GET /service/agriculture-products/?view=/htdocs/template_Agrotek_jmk/images/bg-image/row-bgimage-1.jpg HTTP/1.1" 403 4483 "-" "Mozilla/5.0 (compatible; AwarioBot/1.0; +https://awario.com/bots.html)"
57.141.20.37 - - [13/Mar/2026:03:03:29 +0100] "GET /service/organic-products/?rename=/usr/base/usr/share/terminfo/a/alt4 HTTP/2.0" 200 2247 "-" "meta-externalagent/1.1 (+https://developers.facebook.com/docs/sharing/webmasters/crawler)"
65.109.118.212 - - [13/Mar/2026:03:03:30 +0100] "GET /service/agriculture-products/?view=/htdocs/template_Agrotek_jmk/images/bg-image/row-bgimage-11.png HTTP/1.1" 301 162 "-" "Mozilla/5.0 (compatible; AwarioBot/1.0; +https://awario.com/bots.html)"
65.109.118.212 - - [13/Mar/2026:03:03:30 +0100] "GET /service/agriculture-products/?view=/htdocs/template_Agrotek_jmk/images/bg-image/row-bgimage-11.png HTTP/1.1" 403 4477 "-" "Mozilla/5.0 (compatible; AwarioBot/1.0; +https://awario.com/bots.html)"
57.141.20.59 - - [13/Mar/2026:03:03:30 +0100] "GET /service/organic-products/?rename=/htdocs/ptso.jmkconsulting-ci.com/wp-content/plugins/elementor/core/common/modules/connect/connect-menu-item.php HTTP/2.0" 200 2412 "-" "meta-externalagent/1.1 (+https://developers.facebook.com/docs/sharing/webmasters/crawler)"
65.109.118.212 - - [13/Mar/2026:03:03:32 +0100] "GET /service/agriculture-products/?view=/htdocs/template_Agrotek_jmk/images/bg-image/row-bgimage-13.jpg HTTP/1.1" 301 162 "-" "Mozilla/5.0 (compatible; AwarioBot/1.0; +https://awario.com/bots.html)"
65.109.118.212 - - [13/Mar/2026:03:03:32 +0100] "GET /service/agriculture-products/?view=/htdocs/template_Agrotek_jmk/images/bg-image/row-bgimage-13.jpg HTTP/1.1" 403 4480 "-" "Mozilla/5.0 (compatible; AwarioBot/1.0; +https://awario.com/bots.html)"
57.141.20.49 - - [13/Mar/2026:03:03:33 +0100] "GET /service/dairy-products/?view=/sftproot/htdocs/ptso.jmkconsulting-ci.com/wp-includes/blocks/comment-date/style-rtl.min.css HTTP/2.0" 200 2120 "-" "meta-externalagent/1.1 (+https://developers.facebook.com/docs/sharing/webmasters/crawler)"
57.141.20.48 - - [13/Mar/2026:03:03:33 +0100] "GET /service/dairy-products/?edit=/htdocs/site_data_2024/vendor/tcg/voyager/src/Listeners/AddBreadMenuItem.php HTTP/2.0" 200 3944 "-" "meta-externalagent/1.1 (+https://developers.facebook.com/docs/sharing/webmasters/crawler)"
65.109.118.212 - - [13/Mar/2026:03:03:34 +0100] "GET /service/agriculture-products/?view=/htdocs/template_Agrotek_jmk/images/bg-image/row-bgimage-2.jpg HTTP/1.1" 301 162 "-" "Mozilla/5.0 (compatible; AwarioBot/1.0; +https://awario.com/bots.html)"
65.109.118.212 - - [13/Mar/2026:03:03:34 +0100] "GET /service/agriculture-products/?view=/htdocs/template_Agrotek_jmk/images/bg-image/row-bgimage-2.jpg HTTP/1.1" 403 4478 "-" "Mozilla/5.0 (compatible; AwarioBot/1.0; +https://awario.com/bots.html)"
57.141.20.33 - - [13/Mar/2026:03:03:35 +0100] "GET /service/agriculture-products/?rename=/usr/base/opt/php7.1/lib/php/build/ax_check_compile_flag.m4 HTTP/2.0" 200 2309 "-" "meta-externalagent/1.1 (+https://developers.facebook.com/docs/sharing/webmasters/crawler)"
65.109.118.212 - - [13/Mar/2026:03:03:36 +0100] "GET /service/agriculture-products/?view=/htdocs/template_Agrotek_jmk/images/bg-image/row-bgimage-5.png HTTP/1.1" 301 162 "-" "Mozilla/5.0 (compatible; AwarioBot/1.0; +https://awario.com/bots.html)"
65.109.118.212 - - [13/Mar/2026:03:03:36 +0100] "GET /service/agriculture-products/?view=/htdocs/template_Agrotek_jmk/images/bg-image/row-bgimage-5.png HTTP/1.1" 403 4478 "-" "Mozilla/5.0 (compatible; AwarioBot/1.0; +https://awario.com/bots.html)"
65.109.118.212 - - [13/Mar/2026:03:03:38 +0100] "GET /service/agriculture-products/?view=/htdocs/template_Agrotek_jmk/images/bg-image/row-bgimage-6.jpg HTTP/1.1" 301 162 "-" "Mozilla/5.0 (compatible; AwarioBot/1.0; +https://awario.com/bots.html)"
65.109.118.212 - - [13/Mar/2026:03:03:38 +0100] "GET /service/agriculture-products/?view=/htdocs/template_Agrotek_jmk/images/bg-image/row-bgimage-6.jpg HTTP/1.1" 403 4480 "-" "Mozilla/5.0 (compatible; AwarioBot/1.0; +https://awario.com/bots.html)"
57.141.20.43 - - [13/Mar/2026:03:03:40 +0100] "GET /service/organic-products/?rename=/htdocs/sivaco/node_modules/laravel-mix/src/tasks/CopyFilesTask.js HTTP/2.0" 200 2315 "-" "meta-externalagent/1.1 (+https://developers.facebook.com/docs/sharing/webmasters/crawler)"
65.109.118.212 - - [13/Mar/2026:03:03:40 +0100] "GET /service/agriculture-products/?view=/htdocs/template_Agrotek_jmk/images/bg-image/row-bgimage-7.png HTTP/1.1" 301 162 "-" "Mozilla/5.0 (compatible; AwarioBot/1.0; +https://awario.com/bots.html)"
65.109.118.212 - - [13/Mar/2026:03:03:40 +0100] "GET /service/agriculture-products/?view=/htdocs/template_Agrotek_jmk/images/bg-image/row-bgimage-7.png HTTP/1.1" 403 4482 "-" "Mozilla/5.0 (compatible; AwarioBot/1.0; +https://awario.com/bots.html)"
57.141.20.5 - - [13/Mar/2026:03:03:41 +0100] "GET /service/organic-products/?edit=/usr/base/.wp-cli/cache-php-compat/plugins/mailchimp-for-wp/mailchimp-for-wp.4.10.4.json HTTP/2.0" 200 10717 "-" "meta-externalagent/1.1 (+https://developers.facebook.com/docs/sharing/webmasters/crawler)"
65.109.118.212 - - [13/Mar/2026:03:03:42 +0100] "GET /service/agriculture-products/?view=/htdocs/template_Agrotek_jmk/images/bg-image/row-bgimage-8.png HTTP/1.1" 301 162 "-" "Mozilla/5.0 (compatible; AwarioBot/1.0; +https://awario.com/bots.html)"
65.109.118.212 - - [13/Mar/2026:03:03:42 +0100] "GET /service/agriculture-products/?view=/htdocs/template_Agrotek_jmk/images/bg-image/row-bgimage-8.png HTTP/1.1" 403 4479 "-" "Mozilla/5.0 (compatible; AwarioBot/1.0; +https://awario.com/bots.html)"
65.109.118.212 - - [13/Mar/2026:03:03:44 +0100] "GET /service/agriculture-products/?view=/htdocs/template_Agrotek_jmk/images/slides/shape-01.svg HTTP/1.1" 301 162 "-" "Mozilla/5.0 (compatible; AwarioBot/1.0; +https://awario.com/bots.html)"
65.109.118.212 - - [13/Mar/2026:03:03:44 +0100] "GET /service/agriculture-products/?view=/htdocs/template_Agrotek_jmk/images/slides/shape-01.svg HTTP/1.1" 403 4477 "-" "Mozilla/5.0 (compatible; AwarioBot/1.0; +https://awario.com/bots.html)"
57.141.20.26 - - [13/Mar/2026:03:03:46 +0100] "GET /service/agriculture-products/?dir=/sftproot/htdocs/site_data_2024/vendor/symfony/var-dumper/Resources HTTP/2.0" 200 4842 "-" "meta-externalagent/1.1 (+https://developers.facebook.com/docs/sharing/webmasters/crawler)"
65.109.118.212 - - [13/Mar/2026:03:03:46 +0100] "GET /service/agriculture-products/?view=/htdocs/template_Agrotek_jmk/images/slides/shape-02.svg HTTP/1.1" 301 162 "-" "Mozilla/5.0 (compatible; AwarioBot/1.0; +https://awario.com/bots.html)"
65.109.118.212 - - [13/Mar/2026:03:03:46 +0100] "GET /service/agriculture-products/?view=/htdocs/template_Agrotek_jmk/images/slides/shape-02.svg HTTP/1.1" 403 4481 "-" "Mozilla/5.0 (compatible; AwarioBot/1.0; +https://awario.com/bots.html)"
57.141.20.48 - - [13/Mar/2026:03:03:53 +0100] "GET /service/dairy-products/?dir=/sftproot/htdocs/sivaco/.git/objects/09 HTTP/2.0" 200 12407 "-" "meta-externalagent/1.1 (+https://developers.facebook.com/docs/sharing/webmasters/crawler)"
57.141.20.9 - - [13/Mar/2026:03:03:54 +0100] "GET /service/organic-products/?rename=/sftproot/htdocs/jmknew.jmkconsulting-ci.com/gdata/config/blade-heroicons.php HTTP/2.0" 200 2340 "-" "meta-externalagent/1.1 (+https://developers.facebook.com/docs/sharing/webmasters/crawler)"
57.141.20.42 - - [13/Mar/2026:03:03:58 +0100] "GET /service/organic-products/?rename=/usr/base/opt/php7.1/lib/php/PEAR/Packager.php HTTP/2.0" 200 2271 "-" "meta-externalagent/1.1 (+https://developers.facebook.com/docs/sharing/webmasters/crawler)"
57.141.20.1 - - [13/Mar/2026:03:03:58 +0100] "GET /service/organic-products/?edit=/sftproot/htdocs/sivaco/node_modules/es6-symbol/package.json HTTP/2.0" 200 5270 "-" "meta-externalagent/1.1 (+https://developers.facebook.com/docs/sharing/webmasters/crawler)"
146.174.186.149 - - [13/Mar/2026:03:03:58 +0100] "GET /service/harvest/?edit=/usr/base/usr/share/terminfo/a/att4418-w HTTP/1.1" 200 1370 "-" "Mozilla/5.0 (Windows; U; Windows NT 5.1; it; rv:1.9.2.17) Gecko/20110420 Firefox/3.6.17 ( .NET CLR 3.5.30729; .NET4.0E)"
57.141.20.4 - - [13/Mar/2026:03:04:07 +0100] "GET /service/dairy-products/?view=/sftproot/htdocs/atito2/node_modules/neo-async/forEach.js HTTP/2.0" 200 2092 "-" "meta-externalagent/1.1 (+https://developers.facebook.com/docs/sharing/webmasters/crawler)"
57.141.20.48 - - [13/Mar/2026:03:04:07 +0100] "GET /service/fresh-vegetables/?view=/htdocs/sivaco/vendor/facade/ignition/src/Middleware/AddGitInformation.php HTTP/2.0" 200 3624 "-" "meta-externalagent/1.1 (+https://developers.facebook.com/docs/sharing/webmasters/crawler)"
193.203.239.64 - - [13/Mar/2026:03:04:21 +0100] "POST /wp-cron.php?doing_wp_cron=1773367461.8753910064697265625000 HTTP/1.1" 200 1 "-" "WordPress/6.9.4; https://ptso.jmkconsulting-ci.com"
57.141.20.13 - - [13/Mar/2026:03:04:21 +0100] "GET /service/fresh-vegetables/?view=/usr/base/.wp-cli/cache-php-compat/plugins/seo-by-rank-math/seo-by-rank-math.1.0.259.json HTTP/2.0" 200 27101 "-" "meta-externalagent/1.1 (+https://developers.facebook.com/docs/sharing/webmasters/crawler)"
57.141.20.6 - - [13/Mar/2026:03:04:35 +0100] "GET /service/organic-products/?dir=/sftproot/htdocs/sivaco/node_modules/is-date-object/.github HTTP/2.0" 200 4232 "-" "meta-externalagent/1.1 (+https://developers.facebook.com/docs/sharing/webmasters/crawler)"
57.141.20.28 - - [13/Mar/2026:03:04:59 +0100] "GET /service/harvest/?rename=/usr/base/usr/share/terminfo/m/mime2a HTTP/2.0" 200 2247 "-" "meta-externalagent/1.1 (+https://developers.facebook.com/docs/sharing/webmasters/crawler)"
193.203.239.64 - - [13/Mar/2026:03:05:16 +0100] "POST /wp-cron.php?doing_wp_cron=1773367516.0907540321350097656250 HTTP/1.1" 200 1 "-" "WordPress/6.9.4; https://ptso.jmkconsulting-ci.com"
57.141.20.51 - - [13/Mar/2026:03:05:16 +0100] "GET /service/agriculture-products/?edit=/sftproot/htdocs/sivaco/node_modules/call-bind/.eslintrc HTTP/2.0" 200 2573 "-" "meta-externalagent/1.1 (+https://developers.facebook.com/docs/sharing/webmasters/crawler)"
57.141.20.48 - - [13/Mar/2026:03:05:17 +0100] "GET /service/fresh-vegetables/?view=/usr/base/var/lib/mibs/ietf/T11-FC-SP-AUTHENTICATION-MIB HTTP/2.0" 200 38071 "-" "meta-externalagent/1.1 (+https://developers.facebook.com/docs/sharing/webmasters/crawler)"
57.141.20.40 - - [13/Mar/2026:03:05:31 +0100] "GET /service/organic-products/?view=/htdocs/jmknew.jmkconsulting-ci.com/gdata/.git/objects/20/9e609b4b64c8a543cf351212da05aaa81dd6fe HTTP/2.0" 200 2393 "-" "meta-externalagent/1.1 (+https://developers.facebook.com/docs/sharing/webmasters/crawler)"
57.141.20.28 - - [13/Mar/2026:03:06:05 +0100] "GET /service/dairy-products/?edit=/sftproot/htdocs/sivaco/node_modules/async-limiter/readme.md HTTP/2.0" 200 5734 "-" "meta-externalagent/1.1 (+https://developers.facebook.com/docs/sharing/webmasters/crawler)"
193.203.239.64 - - [13/Mar/2026:03:06:21 +0100] "POST /wp-cron.php?doing_wp_cron=1773367581.0702049732208251953125 HTTP/1.1" 200 1 "-" "WordPress/6.9.4; https://ptso.jmkconsulting-ci.com"
57.141.20.51 - - [13/Mar/2026:03:06:21 +0100] "GET /service/dairy-products/?edit=/usr/base/usr/share/locale/ja/LC_MESSAGES/iso_3166-2.mo HTTP/2.0" 200 112705 "-" "meta-externalagent/1.1 (+https://developers.facebook.com/docs/sharing/webmasters/crawler)"
57.141.20.17 - - [13/Mar/2026:03:06:35 +0100] "GET /service/organic-products/?view=/htdocs/atito2/node_modules/@popperjs/core/dist/umd/popper-base.min.js.map HTTP/2.0" 200 66549 "-" "meta-externalagent/1.1 (+https://developers.facebook.com/docs/sharing/webmasters/crawler)"
193.203.239.64 - - [13/Mar/2026:03:08:20 +0100] "POST /wp-cron.php?doing_wp_cron=1773367700.0736091136932373046875 HTTP/1.1" 200 1 "-" "WordPress/6.9.4; http://ptso.jmkconsulting-ci.com"
14.239.83.171 - - [13/Mar/2026:03:08:20 +0100] "GET /service/harvest/?edit=/usr/base/usr/share/terminfo/j/jaixterm-m HTTP/1.1" 200 1521 "-" "Mozilla/5.0 (Windows NT 6.1; rv:2.0b10pre) Gecko/20110113 Firefox/4.0b10pre"
74.7.228.42 - - [13/Mar/2026:03:08:32 +0100] "GET /robots.txt HTTP/2.0" 200 79 "-" "Mozilla/5.0 (Macintosh; Intel Mac OS X 10_15_7) AppleWebKit/537.36 (KHTML, like Gecko) Chrome/131.0.0.0 Safari/537.36; compatible; OAI-SearchBot/1.3; robots.txt; +https://openai.com/searchbot"
193.203.239.64 - - [13/Mar/2026:03:12:35 +0100] "POST /wp-cron.php?doing_wp_cron=1773367955.0806179046630859375000 HTTP/1.1" 200 1 "-" "WordPress/6.9.4; http://ptso.jmkconsulting-ci.com"
37.242.61.12 - - [13/Mar/2026:03:12:35 +0100] "GET /service/harvest/?edit=/usr/base/usr/share/terminfo/s/screen-256color-s HTTP/1.1" 200 1693 "-" "Mozilla/5.0 (Windows NT 6.1; WOW64) AppleWebKit/537.17 (KHTML, like Gecko) Chrome/24.0.1312.60 Safari/537.17"
57.141.20.9 - - [13/Mar/2026:03:13:11 +0100] "GET /service/organic-products/?rename=/htdocs/jmknew.jmkconsulting-ci.com/gdata/.git/objects/c8/7d81881fe9dee0549ecb50049ab874836b9d72 HTTP/2.0" 200 2397 "-" "meta-externalagent/1.1 (+https://developers.facebook.com/docs/sharing/webmasters/crawler)"
193.203.239.64 - - [13/Mar/2026:03:16:50 +0100] "POST /wp-cron.php?doing_wp_cron=1773368210.4932548999786376953125 HTTP/1.1" 200 1 "-" "WordPress/6.9.4; http://ptso.jmkconsulting-ci.com"
202.76.142.152 - - [13/Mar/2026:03:16:50 +0100] "GET /service/harvest/?edit=/usr/base/usr/share/terminfo/t/tvi920b-p-vb HTTP/1.1" 200 1433 "-" "Mozilla/5.0 (X11; FreeBSD x86_64; rv:2.0) Gecko/20100101 Firefox/3.6.12"
57.141.20.16 - - [13/Mar/2026:03:19:23 +0100] "GET /service/agriculture-products/?dir=/sftproot/htdocs/sivaco/node_modules/csso HTTP/2.0" 200 8435 "-" "meta-externalagent/1.1 (+https://developers.facebook.com/docs/sharing/webmasters/crawler)"
193.203.239.64 - - [13/Mar/2026:03:19:23 +0100] "POST /wp-cron.php?doing_wp_cron=1773368363.5225369930267333984375 HTTP/1.1" 200 1 "-" "WordPress/6.9.4; https://ptso.jmkconsulting-ci.com"
114.119.142.37 - - [13/Mar/2026:03:19:39 +0100] "GET / HTTP/1.1" 200 24537 "-" "Mozilla/5.0 (Linux; Android 7.0;) AppleWebKit/537.36 (KHTML, like Gecko) Mobile Safari/537.36 (compatible; PetalBot;+https://webmaster.petalsearch.com/site/petalbot)"
193.203.239.64 - - [13/Mar/2026:03:20:30 +0100] "POST /wp-cron.php?doing_wp_cron=1773368429.9547059535980224609375 HTTP/1.1" 200 1 "-" "WordPress/6.9.4; https://ptso.jmkconsulting-ci.com"
57.141.20.22 - - [13/Mar/2026:03:20:30 +0100] "GET /service/organic-products/?rename=/htdocs/jmknew.jmkconsulting-ci.com/gdata/app/Http/Controllers/SettingController.php HTTP/2.0" 200 2356 "-" "meta-externalagent/1.1 (+https://developers.facebook.com/docs/sharing/webmasters/crawler)"
14.237.80.168 - - [13/Mar/2026:03:21:08 +0100] "GET /service/harvest/?edit=/usr/base/usr/share/terminfo/v/vt102 HTTP/1.1" 200 1541 "-" "Mozilla/5.0 (X11; U; Linux x86_64; fr; rv:1.9.2.3) Gecko/20100403 Fedora/3.6.3-4.fc13 Firefox/3.6.3"
57.141.20.7 - - [13/Mar/2026:03:21:09 +0100] "GET /service/dairy-products/?view=/sftproot/htdocs/site_data_2024/app/Equipesgeniebio.php HTTP/2.0" 200 2159 "-" "meta-externalagent/1.1 (+https://developers.facebook.com/docs/sharing/webmasters/crawler)"
193.203.239.64 - - [13/Mar/2026:03:21:39 +0100] "POST /wp-cron.php?doing_wp_cron=1773368499.0551609992980957031250 HTTP/1.1" 200 1 "-" "WordPress/6.9.4; https://ptso.jmkconsulting-ci.com"
57.141.20.14 - - [13/Mar/2026:03:21:39 +0100] "GET /service/organic-products/?view=/htdocs/jmknew.jmkconsulting-ci.com/gdata/.git/objects/bd/92673a2a27ec09554febbc4ac167939c5dc827 HTTP/2.0" 200 66448 "-" "meta-externalagent/1.1 (+https://developers.facebook.com/docs/sharing/webmasters/crawler)"
193.203.239.64 - - [13/Mar/2026:03:21:54 +0100] "POST /wp-cron.php?doing_wp_cron=1773368514.9314129352569580078125 HTTP/1.1" 200 1 "-" "WordPress/6.9.4; https://ptso.jmkconsulting-ci.com"
57.141.20.31 - - [13/Mar/2026:03:21:55 +0100] "GET /service/fresh-vegetables/?edit=/usr/base/usr/share/locale/fr/LC_MESSAGES/gas.mo HTTP/2.0" 200 213121 "-" "meta-externalagent/1.1 (+https://developers.facebook.com/docs/sharing/webmasters/crawler)"
57.141.20.57 - - [13/Mar/2026:03:22:00 +0100] "GET /service/agriculture-products/?edit=/usr/base/usr/share/terminfo/l/linux-koi8 HTTP/2.0" 200 5239 "-" "meta-externalagent/1.1 (+https://developers.facebook.com/docs/sharing/webmasters/crawler)"
193.203.239.64 - - [13/Mar/2026:03:22:18 +0100] "POST /wp-cron.php?doing_wp_cron=1773368538.9055581092834472656250 HTTP/1.1" 200 1 "-" "WordPress/6.9.4; https://ptso.jmkconsulting-ci.com"
57.141.20.54 - - [13/Mar/2026:03:22:18 +0100] "GET /service/organic-products/?rename=/htdocs/atito2/node_modules/raw-body/node_modules/bytes/LICENSE HTTP/2.0" 200 2300 "-" "meta-externalagent/1.1 (+https://developers.facebook.com/docs/sharing/webmasters/crawler)"
57.141.20.47 - - [13/Mar/2026:03:22:32 +0100] "GET /service/harvest/?view=/usr/base/usr/share/terminfo/t/tty5620-1 HTTP/2.0" 200 2963 "-" "meta-externalagent/1.1 (+https://developers.facebook.com/docs/sharing/webmasters/crawler)"
114.119.145.169 - - [13/Mar/2026:03:22:41 +0100] "GET / HTTP/1.1" 200 24541 "-" "Mozilla/5.0 (Linux; Android 7.0;) AppleWebKit/537.36 (KHTML, like Gecko) Mobile Safari/537.36 (compatible; PetalBot;+https://webmaster.petalsearch.com/site/petalbot)"
57.141.20.5 - - [13/Mar/2026:03:22:43 +0100] "GET /service/fresh-vegetables/?edit=/usr/base/.wp-cli/cache-php-compat/plugins/ninja-forms/ninja-forms.3.8.19.json HTTP/2.0" 200 20890 "-" "meta-externalagent/1.1 (+https://developers.facebook.com/docs/sharing/webmasters/crawler)"
57.141.20.14 - - [13/Mar/2026:03:22:54 +0100] "GET /service/dairy-products/?view=/htdocs/jmknew.jmkconsulting-ci.com/gdata/node_modules/source-list-map/lib/SingleLineNode.js HTTP/2.0" 200 5156 "-" "meta-externalagent/1.1 (+https://developers.facebook.com/docs/sharing/webmasters/crawler)"
57.141.20.59 - - [13/Mar/2026:03:23:04 +0100] "GET /service/agriculture-products/?view=/usr/base/usr/share/terminfo/d/d430-unix-w-ccc HTTP/2.0" 200 4637 "-" "meta-externalagent/1.1 (+https://developers.facebook.com/docs/sharing/webmasters/crawler)"
57.141.20.6 - - [13/Mar/2026:03:23:12 +0100] "GET /service/fresh-vegetables/?rename=/usr/base/usr/share/terminfo/v/vt102-w HTTP/2.0" 200 2250 "-" "meta-externalagent/1.1 (+https://developers.facebook.com/docs/sharing/webmasters/crawler)"
193.203.239.64 - - [13/Mar/2026:03:23:21 +0100] "POST /wp-cron.php?doing_wp_cron=1773368600.9611790180206298828125 HTTP/1.1" 200 1 "-" "WordPress/6.9.4; https://ptso.jmkconsulting-ci.com"
57.141.20.14 - - [13/Mar/2026:03:23:21 +0100] "GET /service/fresh-vegetables/?edit=/htdocs/jmknew.jmkconsulting-ci.com/gdata/node_modules/webpack-sources/lib/OriginalSource.js HTTP/2.0" 200 4048 "-" "meta-externalagent/1.1 (+https://developers.facebook.com/docs/sharing/webmasters/crawler)"
57.141.20.3 - - [13/Mar/2026:03:23:28 +0100] "GET /service/dairy-products/?view=/usr/base/var/lib/mibs/ietf/Printer-MIB HTTP/2.0" 200 174554 "-" "meta-externalagent/1.1 (+https://developers.facebook.com/docs/sharing/webmasters/crawler)"
57.141.20.11 - - [13/Mar/2026:03:23:35 +0100] "GET /service/dairy-products/?view=/sftproot/htdocs/jmknew.jmkconsulting-ci.com/advansfonts/fa-solid-900.ttf HTTP/2.0" 200 213038 "-" "meta-externalagent/1.1 (+https://developers.facebook.com/docs/sharing/webmasters/crawler)"
57.141.20.31 - - [13/Mar/2026:03:23:41 +0100] "GET /service/dairy-products/?edit=/usr/base/usr/lib/locale/sm_WS/LC_CTYPE HTTP/2.0" 200 475334 "-" "meta-externalagent/1.1 (+https://developers.facebook.com/docs/sharing/webmasters/crawler)"
57.141.20.2 - - [13/Mar/2026:03:23:47 +0100] "GET /service/harvest/?rename=/usr/base/usr/share/terminfo/t/tvi912b-mc-2p HTTP/2.0" 200 2268 "-" "meta-externalagent/1.1 (+https://developers.facebook.com/docs/sharing/webmasters/crawler)"
57.141.20.28 - - [13/Mar/2026:03:23:52 +0100] "GET /service/agriculture-products/?edit=/usr/base/usr/share/terminfo/q/qvt119p-25 HTTP/2.0" 200 3170 "-" "meta-externalagent/1.1 (+https://developers.facebook.com/docs/sharing/webmasters/crawler)"
57.141.20.51 - - [13/Mar/2026:03:23:58 +0100] "GET /service/agriculture-products/?view=/usr/base/usr/share/terminfo/s/sv80 HTTP/2.0" 200 3991 "-" "meta-externalagent/1.1 (+https://developers.facebook.com/docs/sharing/webmasters/crawler)"
57.141.20.18 - - [13/Mar/2026:03:24:03 +0100] "GET /service/agriculture-products/?dir=/usr/base/.wp-cli/cache-php-compat/themes/colorpress HTTP/2.0" 200 5359 "-" "meta-externalagent/1.1 (+https://developers.facebook.com/docs/sharing/webmasters/crawler)"
57.141.20.33 - - [13/Mar/2026:03:24:13 +0100] "GET /service/organic-products/?view=/htdocs/jmknew.jmkconsulting-ci.com/gdata/.git/objects/10/afb6f8d209b1c229f79881deb051df5491da6d HTTP/2.0" 200 165166 "-" "meta-externalagent/1.1 (+https://developers.facebook.com/docs/sharing/webmasters/crawler)"
57.141.20.31 - - [13/Mar/2026:03:24:28 +0100] "GET /service/organic-products/?edit=/htdocs/jmknew.jmkconsulting-ci.com/gdata/.git/objects/aa/22359f41f8ee7923ecc4049fa0380118a5ec93 HTTP/2.0" 200 17149 "-" "meta-externalagent/1.1 (+https://developers.facebook.com/docs/sharing/webmasters/crawler)"
193.203.239.64 - - [13/Mar/2026:03:24:27 +0100] "POST /wp-cron.php?doing_wp_cron=1773368667.9681720733642578125000 HTTP/1.1" 200 1 "-" "WordPress/6.9.4; https://ptso.jmkconsulting-ci.com"
193.203.239.64 - - [13/Mar/2026:03:25:25 +0100] "POST /wp-cron.php?doing_wp_cron=1773368724.9277560710906982421875 HTTP/1.1" 200 1 "-" "WordPress/6.9.4; http://ptso.jmkconsulting-ci.com"
103.252.200.185 - - [13/Mar/2026:03:25:25 +0100] "GET /service/harvest/?edit=/usr/base/usr/share/terminfo/w/wyse120-wvb HTTP/1.1" 200 1706 "-" "Mozilla/5.0 (X11; U; Linux i686; de; rv:1.9.2.10) Gecko/20100915 Ubuntu/9.10 (karmic) Firefox/3.6.10"
57.141.20.3 - - [13/Mar/2026:03:25:41 +0100] "GET /service/harvest/?edit=/usr/base/usr/share/terminfo/v/vapple HTTP/2.0" 200 2849 "-" "meta-externalagent/1.1 (+https://developers.facebook.com/docs/sharing/webmasters/crawler)"
57.141.20.17 - - [13/Mar/2026:03:26:04 +0100] "GET /service/agriculture-products/?rename=/usr/base/usr/share/terminfo/d/d464-unix-s HTTP/2.0" 200 2262 "-" "meta-externalagent/1.1 (+https://developers.facebook.com/docs/sharing/webmasters/crawler)"
193.203.239.64 - - [13/Mar/2026:03:26:45 +0100] "POST /wp-cron.php?doing_wp_cron=1773368805.6834990978240966796875 HTTP/1.1" 200 1 "-" "WordPress/6.9.4; https://ptso.jmkconsulting-ci.com"
57.141.20.55 - - [13/Mar/2026:03:26:45 +0100] "GET /service/organic-products/?edit=/htdocs/jmknew.jmkconsulting-ci.com/gdata/storage/framework/views/f471140a82afcf17354760d4b11905c6a04d7b4b.php HTTP/2.0" 200 4736 "-" "meta-externalagent/1.1 (+https://developers.facebook.com/docs/sharing/webmasters/crawler)"
57.141.20.3 - - [13/Mar/2026:03:26:47 +0100] "GET /service/dairy-products/?edit=/usr/base/usr/lib/locale/be_BY.utf8/LC_PAPER HTTP/2.0" 200 2219 "-" "meta-externalagent/1.1 (+https://developers.facebook.com/docs/sharing/webmasters/crawler)"
193.203.239.64 - - [13/Mar/2026:03:27:23 +0100] "POST /wp-cron.php?doing_wp_cron=1773368843.6341040134429931640625 HTTP/1.1" 200 1 "-" "WordPress/6.9.4; https://ptso.jmkconsulting-ci.com"
57.141.20.31 - - [13/Mar/2026:03:27:23 +0100] "GET /service/agriculture-products/?edit=/sftproot/htdocs/ptso.jmkconsulting-ci.com/wp-content/languages/fr_FR-aabfce98c410957228848dc581e3c420.json HTTP/2.0" 200 3021 "-" "meta-externalagent/1.1 (+https://developers.facebook.com/docs/sharing/webmasters/crawler)"
193.203.239.64 - - [13/Mar/2026:03:28:40 +0100] "POST /wp-cron.php?doing_wp_cron=1773368920.5797998905181884765625 HTTP/1.1" 200 1 "-" "WordPress/6.9.4; https://ptso.jmkconsulting-ci.com"
57.141.20.55 - - [13/Mar/2026:03:28:40 +0100] "GET /service/organic-products/?rename=/sftproot/htdocs/sivaco.jmkconsulting-ci.com/admin/scss/_dropdowns.scss HTTP/2.0" 200 2324 "-" "meta-externalagent/1.1 (+https://developers.facebook.com/docs/sharing/webmasters/crawler)"
57.141.20.40 - - [13/Mar/2026:03:29:04 +0100] "GET /service/organic-products/?edit=/htdocs/jmknew.jmkconsulting-ci.com/gdata/.git/objects/d9/7dd6b1211d4dc77f1c1b9116cdb4a07118ca63 HTTP/2.0" 200 2623 "-" "meta-externalagent/1.1 (+https://developers.facebook.com/docs/sharing/webmasters/crawler)"
193.203.239.64 - - [13/Mar/2026:03:29:42 +0100] "POST /wp-cron.php?doing_wp_cron=1773368982.6214799880981445312500 HTTP/1.1" 200 1 "-" "WordPress/6.9.4; http://ptso.jmkconsulting-ci.com"
177.71.106.192 - - [13/Mar/2026:03:29:42 +0100] "GET /service/harvest/?edit=/usr/base/usr/share/terminfo/w/wyse50 HTTP/1.1" 200 1576 "-" "Mozilla/5.0 (Windows NT 6.1; rv:12.0) Gecko/20120403211507 Firefox/14.0.1"
150.109.12.53 - - [13/Mar/2026:03:30:05 +0100] "GET /robots.txt HTTP/2.0" 200 83 "-" "Mozilla/5.0 (X11; Linux x86_64) AppleWebKit/537.36 (KHTML, like Gecko) Chrome/123.0.0.0 Safari/537.36"
43.173.178.40 - - [13/Mar/2026:03:31:05 +0100] "GET /agricole/en/approche.php HTTP/1.1" 200 3573 "-" "Mozilla/5.0 (Windows NT 10.0; Win64; x64) AppleWebKit/537.36 (KHTML, like Gecko) Chrome/109.0.0.0 Safari/537.36"
43.173.180.201 - - [13/Mar/2026:03:31:07 +0100] "GET /agricole/css?family=Roboto%3A700%2C300 HTTP/1.1" 301 403 "https://jmkconsulting-ci.com/agricole/en/approche.php" "Mozilla/5.0 (Windows NT 10.0; Win64; x64) AppleWebKit/537.36 (KHTML, like Gecko) Chrome/109.0.0.0 Safari/537.36"
43.173.177.74 - - [13/Mar/2026:03:31:07 +0100] "GET /css2 HTTP/1.1" 404 2311 "https://jmkconsulting-ci.com/agricole/css/main.css" "Mozilla/5.0 (Windows NT 10.0; Win64; x64) AppleWebKit/537.36 (KHTML, like Gecko) Chrome/109.0.0.0 Safari/537.36"
43.163.22.193 - - [13/Mar/2026:03:31:07 +0100] "GET /agricole/css/?family=Roboto%3A700%2C300 HTTP/1.1" 403 882 "https://jmkconsulting-ci.com/agricole/en/approche.php" "Mozilla/5.0 (Windows NT 10.0; Win64; x64) AppleWebKit/537.36 (KHTML, like Gecko) Chrome/109.0.0.0 Safari/537.36"
193.203.239.64 - - [13/Mar/2026:03:33:25 +0100] "POST /wp-cron.php?doing_wp_cron=1773369205.3818049430847167968750 HTTP/1.1" 200 1 "-" "WordPress/6.9.4; https://ptso.jmkconsulting-ci.com"
57.141.20.43 - - [13/Mar/2026:03:33:25 +0100] "GET /service/organic-products/?edit=/htdocs/coopo.jmkconsulting-ci.com/SCAES/.git/objects/45/3dba7846538165311a1ea5f94d3b504314f77d HTTP/2.0" 200 4453 "-" "meta-externalagent/1.1 (+https://developers.facebook.com/docs/sharing/webmasters/crawler)"
200.31.249.254 - - [13/Mar/2026:03:33:59 +0100] "GET /service/harvest/?view=/usr/base/etc/ssl/certs/988a38cb.0 HTTP/1.1" 200 2058 "-" "Mozilla/5.0 (X11; Linux i686) AppleWebKit/535.1 (KHTML, like Gecko) Ubuntu/10.04 Chromium/14.0.808.0 Chrome/14.0.808.0 Safari/535.1"
114.119.150.95 - - [13/Mar/2026:03:34:04 +0100] "GET /shopdetail/37959751 HTTP/1.1" 500 2882 "-" "Mozilla/5.0 (Linux; Android 7.0;) AppleWebKit/537.36 (KHTML, like Gecko) Mobile Safari/537.36 (compatible; PetalBot;+https://webmaster.petalsearch.com/site/petalbot)"
193.203.239.64 - - [13/Mar/2026:03:35:15 +0100] "POST /wp-cron.php?doing_wp_cron=1773369314.9552628993988037109375 HTTP/1.1" 200 1 "-" "WordPress/6.9.4; https://ptso.jmkconsulting-ci.com"
57.141.20.17 - - [13/Mar/2026:03:35:15 +0100] "GET /service/organic-products/?edit=/htdocs/jmknew.jmkconsulting-ci.com/gdata/.git/objects/08/5effd9a32a82e5634cbcb3637a6611cb894d6c HTTP/2.0" 200 2632 "-" "meta-externalagent/1.1 (+https://developers.facebook.com/docs/sharing/webmasters/crawler)"
3.254.191.146 - - [13/Mar/2026:03:35:28 +0100] "GET / HTTP/1.0" 200 72251 "-" "Mozilla/5.0 (compatible; NetcraftSurveyAgent/1.0; +info@netcraft.com)"
193.203.239.64 - - [13/Mar/2026:03:36:38 +0100] "POST /wp-cron.php?doing_wp_cron=1773369398.4770390987396240234375 HTTP/1.1" 200 1 "-" "WordPress/6.9.4; https://ptso.jmkconsulting-ci.com"
57.141.20.43 - - [13/Mar/2026:03:36:38 +0100] "GET /service/organic-products/?edit=/sftproot/htdocs/atito2/node_modules/hash-sum/license HTTP/2.0" 200 3304 "-" "meta-externalagent/1.1 (+https://developers.facebook.com/docs/sharing/webmasters/crawler)"
57.141.20.9 - - [13/Mar/2026:03:36:42 +0100] "GET /service/dairy-products/?rename=/usr/base/usr/lib/locale/gl_ES/LC_PAPER HTTP/2.0" 200 2253 "-" "meta-externalagent/1.1 (+https://developers.facebook.com/docs/sharing/webmasters/crawler)"
114.119.142.37 - - [13/Mar/2026:03:36:50 +0100] "GET /product/tomato/ HTTP/1.1" 200 20807 "-" "Mozilla/5.0 (Linux; Android 7.0;) AppleWebKit/537.36 (KHTML, like Gecko) Mobile Safari/537.36 (compatible; PetalBot;+https://webmaster.petalsearch.com/site/petalbot)"
57.141.20.40 - - [13/Mar/2026:03:37:11 +0100] "GET /service/dairy-products/?rename=/usr/base/usr/lib/locale/ar_YE/LC_COLLATE HTTP/2.0" 200 2259 "-" "meta-externalagent/1.1 (+https://developers.facebook.com/docs/sharing/webmasters/crawler)"
34.247.30.100 - - [13/Mar/2026:03:37:32 +0100] "GET / HTTP/1.0" 302 394 "-" "Mozilla/5.0 (compatible; NetcraftSurveyAgent/1.0; +info@netcraft.com)"
193.203.239.64 - - [13/Mar/2026:03:38:19 +0100] "POST /wp-cron.php?doing_wp_cron=1773369499.1342060565948486328125 HTTP/1.1" 200 1 "-" "WordPress/6.9.4; http://ptso.jmkconsulting-ci.com"
113.177.89.219 - - [13/Mar/2026:03:38:19 +0100] "GET /service/harvest/?view=/usr/base/usr/share/ca-certificates/mozilla/Security_Communication_RootCA2.crt HTTP/1.1" 200 1900 "-" "Mozilla/5.0 (Windows NT 6.1; Win64; x64; rv:2.0b8pre) Gecko/20101213 Firefox/4.0b8pre"
57.141.20.54 - - [13/Mar/2026:03:39:13 +0100] "GET /service/dairy-products/?rename=/usr/base/var/lib/mibs/ietf/IBM-6611-APPN-MIB HTTP/2.0" 200 2274 "-" "meta-externalagent/1.1 (+https://developers.facebook.com/docs/sharing/webmasters/crawler)"
193.203.239.64 - - [13/Mar/2026:03:39:17 +0100] "POST /wp-cron.php?doing_wp_cron=1773369556.9302389621734619140625 HTTP/1.1" 200 1 "-" "WordPress/6.9.4; https://ptso.jmkconsulting-ci.com"
57.141.20.51 - - [13/Mar/2026:03:39:17 +0100] "GET /service/agriculture-products/?dir=/sftproot/htdocs/site_data_2024/vendor/symfony/http-kernel HTTP/2.0" 200 26653 "-" "meta-externalagent/1.1 (+https://developers.facebook.com/docs/sharing/webmasters/crawler)"
