65.109.118.212 - - [13/Mar/2026:00:41:19 +0100] "GET /service/agriculture-products/?view=/htdocs/sivaco/node_modules/enhanced-resolve/README.md HTTP/1.1" 200 3763 "-" "Mozilla/5.0 (compatible; AwarioBot/1.0; +https://awario.com/bots.html)"
65.109.118.212 - - [13/Mar/2026:00:41:21 +0100] "GET /service/agriculture-products/?view=/htdocs/sivaco/node_modules/enhanced-resolve/package.json HTTP/1.1" 200 1784 "-" "Mozilla/5.0 (compatible; AwarioBot/1.0; +https://awario.com/bots.html)"
57.141.20.23 - - [13/Mar/2026:00:41:23 +0100] "GET /service/dairy-products/?edit=/usr/base/usr/lib/locale/es_CO/LC_NUMERIC HTTP/2.0" 200 2239 "-" "meta-externalagent/1.1 (+https://developers.facebook.com/docs/sharing/webmasters/crawler)"
65.109.118.212 - - [13/Mar/2026:00:41:23 +0100] "GET /service/agriculture-products/?view=/htdocs/sivaco/node_modules/enhanced-resolve/types.d.ts HTTP/1.1" 200 3723 "-" "Mozilla/5.0 (compatible; AwarioBot/1.0; +https://awario.com/bots.html)"
65.109.118.212 - - [13/Mar/2026:00:41:26 +0100] "GET /service/agriculture-products/?view=/htdocs/sivaco/node_modules/entities/LICENSE HTTP/1.1" 200 1526 "-" "Mozilla/5.0 (compatible; AwarioBot/1.0; +https://awario.com/bots.html)"
65.109.118.212 - - [13/Mar/2026:00:41:28 +0100] "GET /service/agriculture-products/?view=/htdocs/sivaco/node_modules/entities/package.json HTTP/1.1" 200 1576 "-" "Mozilla/5.0 (compatible; AwarioBot/1.0; +https://awario.com/bots.html)"
65.109.118.212 - - [13/Mar/2026:00:41:29 +0100] "GET /service/agriculture-products/?view=/htdocs/sivaco/node_modules/entities/readme.md HTTP/1.1" 200 1884 "-" "Mozilla/5.0 (compatible; AwarioBot/1.0; +https://awario.com/bots.html)"
65.109.118.212 - - [13/Mar/2026:00:41:31 +0100] "GET /service/agriculture-products/?view=/htdocs/sivaco/node_modules/envinfo/LICENSE HTTP/1.1" 200 1496 "-" "Mozilla/5.0 (compatible; AwarioBot/1.0; +https://awario.com/bots.html)"
65.109.118.212 - - [13/Mar/2026:00:41:34 +0100] "GET /service/agriculture-products/?view=/htdocs/sivaco/node_modules/envinfo/README.md HTTP/1.1" 200 5622 "-" "Mozilla/5.0 (compatible; AwarioBot/1.0; +https://awario.com/bots.html)"
65.109.118.212 - - [13/Mar/2026:00:41:36 +0100] "GET /service/agriculture-products/?view=/htdocs/sivaco/node_modules/envinfo/package.json HTTP/1.1" 200 2003 "-" "Mozilla/5.0 (compatible; AwarioBot/1.0; +https://awario.com/bots.html)"
65.109.118.212 - - [13/Mar/2026:00:41:38 +0100] "GET /service/agriculture-products/?view=/htdocs/sivaco/node_modules/errno/.jshintrc HTTP/1.1" 200 1231 "-" "Mozilla/5.0 (compatible; AwarioBot/1.0; +https://awario.com/bots.html)"
65.109.118.212 - - [13/Mar/2026:00:41:40 +0100] "GET /robots.txt HTTP/1.1" 200 119 "-" "Mozilla/5.0 (compatible; AwarioBot/1.0; +https://awario.com/bots.html)"
65.109.118.212 - - [13/Mar/2026:00:41:40 +0100] "GET /service/agriculture-products/?view=/htdocs/sivaco/node_modules/errno/.travis.yml HTTP/1.1" 200 928 "-" "Mozilla/5.0 (compatible; AwarioBot/1.0; +https://awario.com/bots.html)"
65.109.118.212 - - [13/Mar/2026:00:41:43 +0100] "GET /service/agriculture-products/?view=/htdocs/sivaco/node_modules/errno/README.md HTTP/1.1" 200 3029 "-" "Mozilla/5.0 (compatible; AwarioBot/1.0; +https://awario.com/bots.html)"
65.109.118.212 - - [13/Mar/2026:00:41:44 +0100] "GET /service/agriculture-products/?view=/htdocs/sivaco/node_modules/errno/build.js HTTP/1.1" 200 1368 "-" "Mozilla/5.0 (compatible; AwarioBot/1.0; +https://awario.com/bots.html)"
65.109.118.212 - - [13/Mar/2026:00:41:46 +0100] "GET /service/agriculture-products/?view=/htdocs/sivaco/node_modules/errno/cli.js HTTP/1.1" 200 1095 "-" "Mozilla/5.0 (compatible; AwarioBot/1.0; +https://awario.com/bots.html)"
65.109.118.212 - - [13/Mar/2026:00:41:50 +0100] "GET /service/agriculture-products/?view=/htdocs/sivaco/node_modules/errno/custom.js HTTP/1.1" 200 1477 "-" "Mozilla/5.0 (compatible; AwarioBot/1.0; +https://awario.com/bots.html)"
57.141.20.44 - - [13/Mar/2026:00:41:52 +0100] "GET /service/organic-products/?view=/htdocs/jmknew.jmkconsulting-ci.com/gdata/vendor/symfony/http-kernel/Controller/ArgumentResolver.php HTTP/2.0" 200 5949 "-" "meta-externalagent/1.1 (+https://developers.facebook.com/docs/sharing/webmasters/crawler)"
65.109.118.212 - - [13/Mar/2026:00:41:53 +0100] "GET /service/agriculture-products/?view=/htdocs/sivaco/node_modules/errno/errno.js HTTP/1.1" 200 2267 "-" "Mozilla/5.0 (compatible; AwarioBot/1.0; +https://awario.com/bots.html)"
65.109.118.212 - - [13/Mar/2026:00:41:55 +0100] "GET /service/agriculture-products/?view=/htdocs/sivaco/node_modules/errno/package.json HTTP/1.1" 200 1177 "-" "Mozilla/5.0 (compatible; AwarioBot/1.0; +https://awario.com/bots.html)"
65.109.118.212 - - [13/Mar/2026:00:41:57 +0100] "GET /service/agriculture-products/?view=/htdocs/sivaco/node_modules/errno/test.js HTTP/1.1" 200 1638 "-" "Mozilla/5.0 (compatible; AwarioBot/1.0; +https://awario.com/bots.html)"
65.109.118.212 - - [13/Mar/2026:00:41:59 +0100] "GET /service/agriculture-products/?view=/htdocs/sivaco/node_modules/error-ex/LICENSE HTTP/1.1" 200 1502 "-" "Mozilla/5.0 (compatible; AwarioBot/1.0; +https://awario.com/bots.html)"
65.109.118.212 - - [13/Mar/2026:00:42:01 +0100] "GET /service/agriculture-products/?view=/htdocs/sivaco/node_modules/error-ex/README.md HTTP/1.1" 200 2264 "-" "Mozilla/5.0 (compatible; AwarioBot/1.0; +https://awario.com/bots.html)"
65.109.118.212 - - [13/Mar/2026:00:42:03 +0100] "GET /service/agriculture-products/?view=/htdocs/sivaco/node_modules/error-ex/index.js HTTP/1.1" 200 1843 "-" "Mozilla/5.0 (compatible; AwarioBot/1.0; +https://awario.com/bots.html)"
65.109.118.212 - - [13/Mar/2026:00:42:05 +0100] "GET /service/agriculture-products/?view=/htdocs/sivaco/node_modules/error-ex/package.json HTTP/1.1" 200 1303 "-" "Mozilla/5.0 (compatible; AwarioBot/1.0; +https://awario.com/bots.html)"
65.109.118.212 - - [13/Mar/2026:00:42:08 +0100] "GET /service/agriculture-products/?view=/htdocs/sivaco/node_modules/error-stack-parser/LICENSE HTTP/1.1" 200 1510 "-" "Mozilla/5.0 (compatible; AwarioBot/1.0; +https://awario.com/bots.html)"
57.141.20.48 - - [13/Mar/2026:00:42:08 +0100] "GET /service/agriculture-products/?edit=/usr/base/opt/php8.3/include/php/Zend/zend_atomic.h HTTP/2.0" 200 8087 "-" "meta-externalagent/1.1 (+https://developers.facebook.com/docs/sharing/webmasters/crawler)"
57.141.20.20 - - [13/Mar/2026:00:42:09 +0100] "GET /service/agriculture-products/?edit=/usr/base/usr/share/locale/en_GB/LC_MESSAGES/libc.mo HTTP/2.0" 200 3694 "-" "meta-externalagent/1.1 (+https://developers.facebook.com/docs/sharing/webmasters/crawler)"
65.109.118.212 - - [13/Mar/2026:00:42:11 +0100] "GET /service/agriculture-products/?view=/htdocs/sivaco/node_modules/error-stack-parser/README.md HTTP/1.1" 200 1998 "-" "Mozilla/5.0 (compatible; AwarioBot/1.0; +https://awario.com/bots.html)"
65.109.118.212 - - [13/Mar/2026:00:42:13 +0100] "GET /service/agriculture-products/?view=/htdocs/sivaco/node_modules/error-stack-parser/error-stack-parser.d.ts HTTP/1.1" 200 1141 "-" "Mozilla/5.0 (compatible; AwarioBot/1.0; +https://awario.com/bots.html)"
193.203.239.64 - - [13/Mar/2026:00:42:15 +0100] "POST /wp-cron.php?doing_wp_cron=1773358935.1326880455017089843750 HTTP/1.1" 200 1 "-" "WordPress/6.9.4; http://ptso.jmkconsulting-ci.com"
65.109.118.212 - - [13/Mar/2026:00:42:15 +0100] "GET /service/agriculture-products/?view=/htdocs/sivaco/node_modules/error-stack-parser/error-stack-parser.js HTTP/1.1" 200 3099 "-" "Mozilla/5.0 (compatible; AwarioBot/1.0; +https://awario.com/bots.html)"
65.109.118.212 - - [13/Mar/2026:00:42:17 +0100] "GET /service/agriculture-products/?view=/htdocs/sivaco/node_modules/error-stack-parser/package.json HTTP/1.1" 200 1619 "-" "Mozilla/5.0 (compatible; AwarioBot/1.0; +https://awario.com/bots.html)"
65.109.118.212 - - [13/Mar/2026:00:42:18 +0100] "GET /service/agriculture-products/?view=/htdocs/sivaco/node_modules/es-abstract/.editorconfig HTTP/1.1" 200 1024 "-" "Mozilla/5.0 (compatible; AwarioBot/1.0; +https://awario.com/bots.html)"
65.109.118.212 - - [13/Mar/2026:00:42:21 +0100] "GET /service/agriculture-products/?view=/htdocs/sivaco/node_modules/es-abstract/.eslintrc HTTP/1.1" 200 1413 "-" "Mozilla/5.0 (compatible; AwarioBot/1.0; +https://awario.com/bots.html)"
65.109.118.212 - - [13/Mar/2026:00:42:23 +0100] "GET /service/agriculture-products/?view=/htdocs/sivaco/node_modules/es-abstract/.nycrc HTTP/1.1" 200 966 "-" "Mozilla/5.0 (compatible; AwarioBot/1.0; +https://awario.com/bots.html)"
65.109.118.212 - - [13/Mar/2026:00:42:25 +0100] "GET /service/agriculture-products/?view=/htdocs/sivaco/node_modules/es-abstract/CHANGELOG.md HTTP/1.1" 200 9754 "-" "Mozilla/5.0 (compatible; AwarioBot/1.0; +https://awario.com/bots.html)"
65.109.118.212 - - [13/Mar/2026:00:42:27 +0100] "GET /service/agriculture-products/?view=/htdocs/sivaco/node_modules/es-abstract/GetIntrinsic.js HTTP/1.1" 200 934 "-" "Mozilla/5.0 (compatible; AwarioBot/1.0; +https://awario.com/bots.html)"
65.109.118.212 - - [13/Mar/2026:00:42:29 +0100] "GET /service/agriculture-products/?view=/htdocs/sivaco/node_modules/es-abstract/LICENSE HTTP/1.1" 200 1505 "-" "Mozilla/5.0 (compatible; AwarioBot/1.0; +https://awario.com/bots.html)"
65.109.118.212 - - [13/Mar/2026:00:42:31 +0100] "GET /service/agriculture-products/?view=/htdocs/sivaco/node_modules/es-abstract/README.md HTTP/1.1" 200 1662 "-" "Mozilla/5.0 (compatible; AwarioBot/1.0; +https://awario.com/bots.html)"
65.109.118.212 - - [13/Mar/2026:00:42:33 +0100] "GET /service/agriculture-products/?view=/htdocs/sivaco/node_modules/es-abstract/es2015.js HTTP/1.1" 200 2272 "-" "Mozilla/5.0 (compatible; AwarioBot/1.0; +https://awario.com/bots.html)"
65.109.118.212 - - [13/Mar/2026:00:42:35 +0100] "GET /service/agriculture-products/?view=/htdocs/sivaco/node_modules/es-abstract/es2016.js HTTP/1.1" 200 2323 "-" "Mozilla/5.0 (compatible; AwarioBot/1.0; +https://awario.com/bots.html)"
65.109.118.212 - - [13/Mar/2026:00:42:36 +0100] "GET /service/agriculture-products/?view=/htdocs/sivaco/node_modules/es-abstract/es2017.js HTTP/1.1" 200 2393 "-" "Mozilla/5.0 (compatible; AwarioBot/1.0; +https://awario.com/bots.html)"
57.141.20.11 - - [13/Mar/2026:00:42:37 +0100] "GET /service/dairy-products/?view=/sftproot/htdocs/jmknew.jmkconsulting-ci.com/gdata/node_modules/md5/md5.js HTTP/2.0" 200 8398 "-" "meta-externalagent/1.1 (+https://developers.facebook.com/docs/sharing/webmasters/crawler)"
65.109.118.212 - - [13/Mar/2026:00:42:40 +0100] "GET /service/agriculture-products/?view=/htdocs/sivaco/node_modules/es-abstract/es2018.js HTTP/1.1" 200 2501 "-" "Mozilla/5.0 (compatible; AwarioBot/1.0; +https://awario.com/bots.html)"
65.109.118.212 - - [13/Mar/2026:00:42:42 +0100] "GET /service/agriculture-products/?view=/htdocs/sivaco/node_modules/es-abstract/es2019.js HTTP/1.1" 200 2554 "-" "Mozilla/5.0 (compatible; AwarioBot/1.0; +https://awario.com/bots.html)"
65.109.118.212 - - [13/Mar/2026:00:42:44 +0100] "GET /service/agriculture-products/?view=/htdocs/sivaco/node_modules/es-abstract/es2020.js HTTP/1.1" 200 2786 "-" "Mozilla/5.0 (compatible; AwarioBot/1.0; +https://awario.com/bots.html)"
65.109.118.212 - - [13/Mar/2026:00:42:45 +0100] "GET /service/agriculture-products/?view=/htdocs/sivaco/node_modules/es-abstract/es2021.js HTTP/1.1" 200 2910 "-" "Mozilla/5.0 (compatible; AwarioBot/1.0; +https://awario.com/bots.html)"
65.109.118.212 - - [13/Mar/2026:00:42:48 +0100] "GET /service/agriculture-products/?view=/htdocs/sivaco/node_modules/es-abstract/es2022.js HTTP/1.1" 200 3031 "-" "Mozilla/5.0 (compatible; AwarioBot/1.0; +https://awario.com/bots.html)"
65.109.118.212 - - [13/Mar/2026:00:42:50 +0100] "GET /service/agriculture-products/?view=/htdocs/sivaco/node_modules/es-abstract/es5.js HTTP/1.1" 200 1394 "-" "Mozilla/5.0 (compatible; AwarioBot/1.0; +https://awario.com/bots.html)"
65.109.118.212 - - [13/Mar/2026:00:42:51 +0100] "GET /service/agriculture-products/?view=/htdocs/sivaco/node_modules/es-abstract/es6.js HTTP/1.1" 200 904 "-" "Mozilla/5.0 (compatible; AwarioBot/1.0; +https://awario.com/bots.html)"
65.109.118.212 - - [13/Mar/2026:00:42:53 +0100] "GET /service/agriculture-products/?view=/htdocs/sivaco/node_modules/es-abstract/es7.js HTTP/1.1" 200 905 "-" "Mozilla/5.0 (compatible; AwarioBot/1.0; +https://awario.com/bots.html)"
65.109.118.212 - - [13/Mar/2026:00:42:55 +0100] "GET /service/agriculture-products/?view=/htdocs/sivaco/node_modules/es-abstract/index.js HTTP/1.1" 200 1108 "-" "Mozilla/5.0 (compatible; AwarioBot/1.0; +https://awario.com/bots.html)"
65.109.118.212 - - [13/Mar/2026:00:42:57 +0100] "GET /service/agriculture-products/?view=/htdocs/sivaco/node_modules/es-abstract/package.json HTTP/1.1" 200 2405 "-" "Mozilla/5.0 (compatible; AwarioBot/1.0; +https://awario.com/bots.html)"
65.109.118.212 - - [13/Mar/2026:00:42:58 +0100] "GET /service/agriculture-products/?view=/htdocs/sivaco/node_modules/es-array-method-boxes-properly/.eslintrc HTTP/1.1" 200 943 "-" "Mozilla/5.0 (compatible; AwarioBot/1.0; +https://awario.com/bots.html)"
65.109.118.212 - - [13/Mar/2026:00:43:00 +0100] "GET /service/agriculture-products/?view=/htdocs/sivaco/node_modules/es-array-method-boxes-properly/LICENSE HTTP/1.1" 200 1514 "-" "Mozilla/5.0 (compatible; AwarioBot/1.0; +https://awario.com/bots.html)"
65.109.118.212 - - [13/Mar/2026:00:43:02 +0100] "GET /service/agriculture-products/?view=/htdocs/sivaco/node_modules/es-array-method-boxes-properly/README.md HTTP/1.1" 200 959 "-" "Mozilla/5.0 (compatible; AwarioBot/1.0; +https://awario.com/bots.html)"
65.109.118.212 - - [13/Mar/2026:00:43:04 +0100] "GET /service/agriculture-products/?view=/htdocs/sivaco/node_modules/es-array-method-boxes-properly/index.js HTTP/1.1" 200 1201 "-" "Mozilla/5.0 (compatible; AwarioBot/1.0; +https://awario.com/bots.html)"
65.109.118.212 - - [13/Mar/2026:00:43:06 +0100] "GET /service/agriculture-products/?view=/htdocs/sivaco/node_modules/es-array-method-boxes-properly/package.json HTTP/1.1" 200 1291 "-" "Mozilla/5.0 (compatible; AwarioBot/1.0; +https://awario.com/bots.html)"
65.109.118.212 - - [13/Mar/2026:00:43:07 +0100] "GET /service/agriculture-products/?view=/htdocs/sivaco/node_modules/es-module-lexer/LICENSE HTTP/1.1" 200 1501 "-" "Mozilla/5.0 (compatible; AwarioBot/1.0; +https://awario.com/bots.html)"
65.109.118.212 - - [13/Mar/2026:00:43:09 +0100] "GET /service/agriculture-products/?view=/htdocs/sivaco/node_modules/es-module-lexer/README.md HTTP/1.1" 200 3563 "-" "Mozilla/5.0 (compatible; AwarioBot/1.0; +https://awario.com/bots.html)"
65.109.118.212 - - [13/Mar/2026:00:43:11 +0100] "GET /service/agriculture-products/?view=/htdocs/sivaco/node_modules/es-module-lexer/lexer.js HTTP/1.1" 200 7088 "-" "Mozilla/5.0 (compatible; AwarioBot/1.0; +https://awario.com/bots.html)"
65.109.118.212 - - [13/Mar/2026:00:43:12 +0100] "GET /service/agriculture-products/?view=/htdocs/sivaco/node_modules/es-module-lexer/package.json HTTP/1.1" 200 1521 "-" "Mozilla/5.0 (compatible; AwarioBot/1.0; +https://awario.com/bots.html)"
193.203.239.64 - - [13/Mar/2026:00:43:14 +0100] "POST /wp-cron.php?doing_wp_cron=1773358994.4012899398803710937500 HTTP/1.1" 200 1 "-" "WordPress/6.9.4; http://ptso.jmkconsulting-ci.com"
65.109.118.212 - - [13/Mar/2026:00:43:14 +0100] "GET /service/agriculture-products/?view=/htdocs/sivaco/node_modules/es-set-tostringtag/.eslintrc HTTP/1.1" 200 969 "-" "Mozilla/5.0 (compatible; AwarioBot/1.0; +https://awario.com/bots.html)"
65.109.118.212 - - [13/Mar/2026:00:43:16 +0100] "GET /service/agriculture-products/?view=/htdocs/sivaco/node_modules/es-set-tostringtag/CHANGELOG.md HTTP/1.1" 200 1602 "-" "Mozilla/5.0 (compatible; AwarioBot/1.0; +https://awario.com/bots.html)"
65.109.118.212 - - [13/Mar/2026:00:43:17 +0100] "GET /service/agriculture-products/?view=/htdocs/sivaco/node_modules/es-set-tostringtag/LICENSE HTTP/1.1" 200 1506 "-" "Mozilla/5.0 (compatible; AwarioBot/1.0; +https://awario.com/bots.html)"
57.141.20.50 - - [13/Mar/2026:00:43:17 +0100] "GET /service/organic-products/?rename=/htdocs/apps.jmkconsulting-ci.com/core/vendor/symfony/http-kernel/Log/DebugLoggerConfigurator.php HTTP/2.0" 200 2388 "-" "meta-externalagent/1.1 (+https://developers.facebook.com/docs/sharing/webmasters/crawler)"
65.109.118.212 - - [13/Mar/2026:00:43:19 +0100] "GET /service/agriculture-products/?view=/htdocs/sivaco/node_modules/es-set-tostringtag/README.md HTTP/1.1" 200 1518 "-" "Mozilla/5.0 (compatible; AwarioBot/1.0; +https://awario.com/bots.html)"
65.109.118.212 - - [13/Mar/2026:00:43:20 +0100] "GET /service/agriculture-products/?view=/htdocs/sivaco/node_modules/es-set-tostringtag/index.js HTTP/1.1" 200 1212 "-" "Mozilla/5.0 (compatible; AwarioBot/1.0; +https://awario.com/bots.html)"
65.109.118.212 - - [13/Mar/2026:00:43:22 +0100] "GET /service/agriculture-products/?view=/htdocs/sivaco/node_modules/es-set-tostringtag/package.json HTTP/1.1" 200 1714 "-" "Mozilla/5.0 (compatible; AwarioBot/1.0; +https://awario.com/bots.html)"
65.109.118.212 - - [13/Mar/2026:00:43:24 +0100] "GET /service/agriculture-products/?view=/htdocs/sivaco/node_modules/es-to-primitive/.eslintrc HTTP/1.1" 200 1107 "-" "Mozilla/5.0 (compatible; AwarioBot/1.0; +https://awario.com/bots.html)"
65.109.118.212 - - [13/Mar/2026:00:43:25 +0100] "GET /service/agriculture-products/?view=/htdocs/sivaco/node_modules/es-to-primitive/.travis.yml HTTP/1.1" 200 1007 "-" "Mozilla/5.0 (compatible; AwarioBot/1.0; +https://awario.com/bots.html)"
65.109.118.212 - - [13/Mar/2026:00:43:27 +0100] "GET /service/agriculture-products/?view=/htdocs/sivaco/node_modules/es-to-primitive/CHANGELOG.md HTTP/1.1" 200 1605 "-" "Mozilla/5.0 (compatible; AwarioBot/1.0; +https://awario.com/bots.html)"
65.109.118.212 - - [13/Mar/2026:00:43:28 +0100] "GET /service/agriculture-products/?view=/htdocs/sivaco/node_modules/es-to-primitive/LICENSE HTTP/1.1" 200 1513 "-" "Mozilla/5.0 (compatible; AwarioBot/1.0; +https://awario.com/bots.html)"
65.109.118.212 - - [13/Mar/2026:00:43:33 +0100] "GET /service/agriculture-products/?view=/htdocs/sivaco/node_modules/es-to-primitive/Makefile HTTP/1.1" 200 2678 "-" "Mozilla/5.0 (compatible; AwarioBot/1.0; +https://awario.com/bots.html)"
65.109.118.212 - - [13/Mar/2026:00:43:34 +0100] "GET /service/agriculture-products/?view=/htdocs/sivaco/node_modules/es-to-primitive/README.md HTTP/1.1" 200 1633 "-" "Mozilla/5.0 (compatible; AwarioBot/1.0; +https://awario.com/bots.html)"
65.109.118.212 - - [13/Mar/2026:00:43:37 +0100] "GET /service/agriculture-products/?view=/htdocs/sivaco/node_modules/es-to-primitive/es2015.js HTTP/1.1" 200 1701 "-" "Mozilla/5.0 (compatible; AwarioBot/1.0; +https://awario.com/bots.html)"
65.109.118.212 - - [13/Mar/2026:00:43:40 +0100] "GET /service/agriculture-products/?view=/htdocs/sivaco/node_modules/es-to-primitive/es5.js HTTP/1.1" 200 1377 "-" "Mozilla/5.0 (compatible; AwarioBot/1.0; +https://awario.com/bots.html)"
65.109.118.212 - - [13/Mar/2026:00:43:43 +0100] "GET /robots.txt HTTP/1.1" 200 119 "-" "Mozilla/5.0 (compatible; AwarioBot/1.0; +https://awario.com/bots.html)"
65.109.118.212 - - [13/Mar/2026:00:43:43 +0100] "GET /service/agriculture-products/?view=/htdocs/sivaco/node_modules/es-to-primitive/es6.js HTTP/1.1" 200 908 "-" "Mozilla/5.0 (compatible; AwarioBot/1.0; +https://awario.com/bots.html)"
65.109.118.212 - - [13/Mar/2026:00:43:45 +0100] "GET /service/agriculture-products/?view=/htdocs/sivaco/node_modules/es-to-primitive/index.js HTTP/1.1" 200 1041 "-" "Mozilla/5.0 (compatible; AwarioBot/1.0; +https://awario.com/bots.html)"
65.109.118.212 - - [13/Mar/2026:00:43:48 +0100] "GET /service/agriculture-products/?view=/htdocs/sivaco/node_modules/es-to-primitive/package.json HTTP/1.1" 200 1637 "-" "Mozilla/5.0 (compatible; AwarioBot/1.0; +https://awario.com/bots.html)"
65.109.118.212 - - [13/Mar/2026:00:43:50 +0100] "GET /service/agriculture-products/?view=/htdocs/sivaco/node_modules/es5-ext/CHANGELOG.md HTTP/1.1" 200 4232 "-" "Mozilla/5.0 (compatible; AwarioBot/1.0; +https://awario.com/bots.html)"
65.109.118.212 - - [13/Mar/2026:00:43:52 +0100] "GET /service/agriculture-products/?view=/htdocs/sivaco/node_modules/es5-ext/LICENSE HTTP/1.1" 200 1352 "-" "Mozilla/5.0 (compatible; AwarioBot/1.0; +https://awario.com/bots.html)"
65.109.118.212 - - [13/Mar/2026:00:43:53 +0100] "GET /service/agriculture-products/?view=/htdocs/sivaco/node_modules/es5-ext/README.md HTTP/1.1" 200 11012 "-" "Mozilla/5.0 (compatible; AwarioBot/1.0; +https://awario.com/bots.html)"
57.141.20.50 - - [13/Mar/2026:00:43:57 +0100] "GET /service/organic-products/?edit=/htdocs/sivaco/vendor/brick/math/src/Exception/DivisionByZeroException.php HTTP/2.0" 200 3131 "-" "meta-externalagent/1.1 (+https://developers.facebook.com/docs/sharing/webmasters/crawler)"
65.109.118.212 - - [13/Mar/2026:00:43:57 +0100] "GET /service/agriculture-products/?view=/htdocs/sivaco/node_modules/es5-ext/_postinstall.js HTTP/1.1" 200 2462 "-" "Mozilla/5.0 (compatible; AwarioBot/1.0; +https://awario.com/bots.html)"
65.109.118.212 - - [13/Mar/2026:00:43:59 +0100] "GET /service/agriculture-products/?view=/htdocs/sivaco/node_modules/es5-ext/global.js HTTP/1.1" 200 1399 "-" "Mozilla/5.0 (compatible; AwarioBot/1.0; +https://awario.com/bots.html)"
65.109.118.212 - - [13/Mar/2026:00:44:04 +0100] "GET /service/agriculture-products/?view=/htdocs/sivaco/node_modules/es5-ext/index.js HTTP/1.1" 200 1104 "-" "Mozilla/5.0 (compatible; AwarioBot/1.0; +https://awario.com/bots.html)"
65.109.118.212 - - [13/Mar/2026:00:44:07 +0100] "GET /service/agriculture-products/?view=/htdocs/sivaco/node_modules/es5-ext/optional-chaining.js HTTP/1.1" 200 1124 "-" "Mozilla/5.0 (compatible; AwarioBot/1.0; +https://awario.com/bots.html)"
65.109.118.212 - - [13/Mar/2026:00:44:12 +0100] "GET /service/agriculture-products/?view=/htdocs/sivaco/node_modules/es5-ext/package.json HTTP/1.1" 200 1925 "-" "Mozilla/5.0 (compatible; AwarioBot/1.0; +https://awario.com/bots.html)"
193.203.239.64 - - [13/Mar/2026:00:44:14 +0100] "POST /wp-cron.php?doing_wp_cron=1773359054.8580830097198486328125 HTTP/1.1" 200 1 "-" "WordPress/6.9.4; http://ptso.jmkconsulting-ci.com"
65.109.118.212 - - [13/Mar/2026:00:44:14 +0100] "GET /service/agriculture-products/?view=/htdocs/sivaco/node_modules/es5-ext/safe-to-string.js HTTP/1.1" 200 1023 "-" "Mozilla/5.0 (compatible; AwarioBot/1.0; +https://awario.com/bots.html)"
65.109.118.212 - - [13/Mar/2026:00:44:17 +0100] "GET /service/agriculture-products/?view=/htdocs/sivaco/node_modules/es5-ext/to-short-string-representation.js HTTP/1.1" 200 1118 "-" "Mozilla/5.0 (compatible; AwarioBot/1.0; +https://awario.com/bots.html)"
65.109.118.212 - - [13/Mar/2026:00:44:19 +0100] "GET /service/agriculture-products/?view=/htdocs/sivaco/node_modules/es6-iterator/.editorconfig HTTP/1.1" 200 1006 "-" "Mozilla/5.0 (compatible; AwarioBot/1.0; +https://awario.com/bots.html)"
65.109.118.212 - - [13/Mar/2026:00:44:22 +0100] "GET /service/agriculture-products/?view=/htdocs/sivaco/node_modules/es6-iterator/.npmignore HTTP/1.1" 200 943 "-" "Mozilla/5.0 (compatible; AwarioBot/1.0; +https://awario.com/bots.html)"
65.109.118.212 - - [13/Mar/2026:00:44:26 +0100] "GET /service/agriculture-products/?view=/htdocs/sivaco/node_modules/es6-iterator/CHANGELOG.md HTTP/1.1" 200 1259 "-" "Mozilla/5.0 (compatible; AwarioBot/1.0; +https://awario.com/bots.html)"
65.109.118.212 - - [13/Mar/2026:00:44:29 +0100] "GET /service/agriculture-products/?view=/htdocs/sivaco/node_modules/es6-iterator/CHANGES HTTP/1.1" 200 1509 "-" "Mozilla/5.0 (compatible; AwarioBot/1.0; +https://awario.com/bots.html)"
65.109.118.212 - - [13/Mar/2026:00:44:32 +0100] "GET /service/agriculture-products/?view=/htdocs/sivaco/node_modules/es6-iterator/LICENSE HTTP/1.1" 200 1529 "-" "Mozilla/5.0 (compatible; AwarioBot/1.0; +https://awario.com/bots.html)"
65.109.118.212 - - [13/Mar/2026:00:44:34 +0100] "GET /service/agriculture-products/?view=/htdocs/sivaco/node_modules/es6-iterator/README.md HTTP/1.1" 200 2278 "-" "Mozilla/5.0 (compatible; AwarioBot/1.0; +https://awario.com/bots.html)"
65.109.118.212 - - [13/Mar/2026:00:44:36 +0100] "GET /service/agriculture-products/?view=/htdocs/sivaco/node_modules/es6-iterator/appveyor.yml HTTP/1.1" 200 1131 "-" "Mozilla/5.0 (compatible; AwarioBot/1.0; +https://awario.com/bots.html)"
57.141.20.21 - - [13/Mar/2026:00:44:36 +0100] "GET /service/fresh-vegetables/?view=/sftproot/htdocs/jmknew.jmkconsulting-ci.com/gdata/node_modules/statuses/codes.json HTTP/2.0" 200 5118 "-" "meta-externalagent/1.1 (+https://developers.facebook.com/docs/sharing/webmasters/crawler)"
65.109.118.212 - - [13/Mar/2026:00:44:38 +0100] "GET /service/agriculture-products/?view=/htdocs/sivaco/node_modules/es6-iterator/array.js HTTP/1.1" 200 1350 "-" "Mozilla/5.0 (compatible; AwarioBot/1.0; +https://awario.com/bots.html)"
65.109.118.212 - - [13/Mar/2026:00:44:40 +0100] "GET /service/agriculture-products/?view=/htdocs/sivaco/node_modules/es6-iterator/for-of.js HTTP/1.1" 200 1392 "-" "Mozilla/5.0 (compatible; AwarioBot/1.0; +https://awario.com/bots.html)"
65.109.118.212 - - [13/Mar/2026:00:44:42 +0100] "GET /service/agriculture-products/?view=/htdocs/sivaco/node_modules/es6-iterator/get.js HTTP/1.1" 200 1089 "-" "Mozilla/5.0 (compatible; AwarioBot/1.0; +https://awario.com/bots.html)"
65.109.118.212 - - [13/Mar/2026:00:44:43 +0100] "GET /service/agriculture-products/?view=/htdocs/sivaco/node_modules/es6-iterator/index.js HTTP/1.1" 200 1807 "-" "Mozilla/5.0 (compatible; AwarioBot/1.0; +https://awario.com/bots.html)"
65.109.118.212 - - [13/Mar/2026:00:44:46 +0100] "GET /service/agriculture-products/?view=/htdocs/sivaco/node_modules/es6-iterator/is-iterable.js HTTP/1.1" 200 1078 "-" "Mozilla/5.0 (compatible; AwarioBot/1.0; +https://awario.com/bots.html)"
65.109.118.212 - - [13/Mar/2026:00:44:49 +0100] "GET /service/agriculture-products/?view=/htdocs/sivaco/node_modules/es6-iterator/package.json HTTP/1.1" 200 1297 "-" "Mozilla/5.0 (compatible; AwarioBot/1.0; +https://awario.com/bots.html)"
65.109.118.212 - - [13/Mar/2026:00:44:51 +0100] "GET /service/agriculture-products/?view=/htdocs/sivaco/node_modules/es6-iterator/string.js HTTP/1.1" 200 1459 "-" "Mozilla/5.0 (compatible; AwarioBot/1.0; +https://awario.com/bots.html)"
65.109.118.212 - - [13/Mar/2026:00:44:54 +0100] "GET /service/agriculture-products/?view=/htdocs/sivaco/node_modules/es6-iterator/valid-iterable.js HTTP/1.1" 200 978 "-" "Mozilla/5.0 (compatible; AwarioBot/1.0; +https://awario.com/bots.html)"
65.109.118.212 - - [13/Mar/2026:00:44:56 +0100] "GET /service/agriculture-products/?view=/htdocs/sivaco/node_modules/es6-symbol/.editorconfig HTTP/1.1" 200 1000 "-" "Mozilla/5.0 (compatible; AwarioBot/1.0; +https://awario.com/bots.html)"
65.109.118.212 - - [13/Mar/2026:00:44:59 +0100] "GET /service/agriculture-products/?view=/htdocs/sivaco/node_modules/es6-symbol/.testignore HTTP/1.1" 200 869 "-" "Mozilla/5.0 (compatible; AwarioBot/1.0; +https://awario.com/bots.html)"
65.109.118.212 - - [13/Mar/2026:00:45:00 +0100] "GET /service/agriculture-products/?view=/htdocs/sivaco/node_modules/es6-symbol/CHANGELOG.md HTTP/1.1" 200 1255 "-" "Mozilla/5.0 (compatible; AwarioBot/1.0; +https://awario.com/bots.html)"
65.109.118.212 - - [13/Mar/2026:00:45:03 +0100] "GET /service/agriculture-products/?view=/htdocs/sivaco/node_modules/es6-symbol/CHANGES HTTP/1.1" 200 1737 "-" "Mozilla/5.0 (compatible; AwarioBot/1.0; +https://awario.com/bots.html)"
65.109.118.212 - - [13/Mar/2026:00:45:06 +0100] "GET /service/agriculture-products/?view=/htdocs/sivaco/node_modules/es6-symbol/LICENSE HTTP/1.1" 200 1355 "-" "Mozilla/5.0 (compatible; AwarioBot/1.0; +https://awario.com/bots.html)"
65.109.118.212 - - [13/Mar/2026:00:45:08 +0100] "GET /service/agriculture-products/?view=/htdocs/sivaco/node_modules/es6-symbol/README.md HTTP/1.1" 200 2338 "-" "Mozilla/5.0 (compatible; AwarioBot/1.0; +https://awario.com/bots.html)"
65.109.118.212 - - [13/Mar/2026:00:45:11 +0100] "GET /service/agriculture-products/?view=/htdocs/sivaco/node_modules/es6-symbol/implement.js HTTP/1.1" 200 1003 "-" "Mozilla/5.0 (compatible; AwarioBot/1.0; +https://awario.com/bots.html)"
65.109.118.212 - - [13/Mar/2026:00:45:13 +0100] "GET /service/agriculture-products/?view=/htdocs/sivaco/node_modules/es6-symbol/index.js HTTP/1.1" 200 948 "-" "Mozilla/5.0 (compatible; AwarioBot/1.0; +https://awario.com/bots.html)"
193.203.239.64 - - [13/Mar/2026:00:45:15 +0100] "POST /wp-cron.php?doing_wp_cron=1773359115.3695530891418457031250 HTTP/1.1" 200 1 "-" "WordPress/6.9.4; http://ptso.jmkconsulting-ci.com"
65.109.118.212 - - [13/Mar/2026:00:45:15 +0100] "GET /service/agriculture-products/?view=/htdocs/sivaco/node_modules/es6-symbol/is-implemented.js HTTP/1.1" 200 1128 "-" "Mozilla/5.0 (compatible; AwarioBot/1.0; +https://awario.com/bots.html)"
65.109.118.212 - - [13/Mar/2026:00:45:18 +0100] "GET /service/agriculture-products/?view=/htdocs/sivaco/node_modules/es6-symbol/is-native-implemented.js HTTP/1.1" 200 1003 "-" "Mozilla/5.0 (compatible; AwarioBot/1.0; +https://awario.com/bots.html)"
65.109.118.212 - - [13/Mar/2026:00:45:20 +0100] "GET /service/agriculture-products/?view=/htdocs/sivaco/node_modules/es6-symbol/is-symbol.js HTTP/1.1" 200 991 "-" "Mozilla/5.0 (compatible; AwarioBot/1.0; +https://awario.com/bots.html)"
57.141.20.33 - - [13/Mar/2026:00:45:20 +0100] "GET /service/organic-products/?view=/htdocs/jmknew.jmkconsulting-ci.com/gdata/storage/framework/views/0d0c5a30e040b5278662bc687bedba64bd147cf9.php HTTP/2.0" 200 12125 "-" "meta-externalagent/1.1 (+https://developers.facebook.com/docs/sharing/webmasters/crawler)"
65.109.118.212 - - [13/Mar/2026:00:45:22 +0100] "GET /service/agriculture-products/?view=/htdocs/sivaco/node_modules/es6-symbol/package.json HTTP/1.1" 200 1664 "-" "Mozilla/5.0 (compatible; AwarioBot/1.0; +https://awario.com/bots.html)"
65.109.118.212 - - [13/Mar/2026:00:45:25 +0100] "GET /service/agriculture-products/?view=/htdocs/sivaco/node_modules/es6-symbol/polyfill.js HTTP/1.1" 200 1981 "-" "Mozilla/5.0 (compatible; AwarioBot/1.0; +https://awario.com/bots.html)"
65.109.118.212 - - [13/Mar/2026:00:45:27 +0100] "GET /service/agriculture-products/?view=/htdocs/sivaco/node_modules/es6-symbol/validate-symbol.js HTTP/1.1" 200 980 "-" "Mozilla/5.0 (compatible; AwarioBot/1.0; +https://awario.com/bots.html)"
65.109.118.212 - - [13/Mar/2026:00:45:29 +0100] "GET /service/agriculture-products/?view=/htdocs/sivaco/node_modules/es6-templates/.npmignore HTTP/1.1" 200 874 "-" "Mozilla/5.0 (compatible; AwarioBot/1.0; +https://awario.com/bots.html)"
65.109.118.212 - - [13/Mar/2026:00:45:32 +0100] "GET /service/agriculture-products/?view=/htdocs/sivaco/node_modules/es6-templates/.travis.yml HTTP/1.1" 200 897 "-" "Mozilla/5.0 (compatible; AwarioBot/1.0; +https://awario.com/bots.html)"
65.109.118.212 - - [13/Mar/2026:00:45:35 +0100] "GET /service/agriculture-products/?view=/htdocs/sivaco/node_modules/es6-templates/LICENSE HTTP/1.1" 200 1188 "-" "Mozilla/5.0 (compatible; AwarioBot/1.0; +https://awario.com/bots.html)"
65.109.118.212 - - [13/Mar/2026:00:45:39 +0100] "GET /service/agriculture-products/?view=/htdocs/sivaco/node_modules/es6-templates/README.md HTTP/1.1" 200 2101 "-" "Mozilla/5.0 (compatible; AwarioBot/1.0; +https://awario.com/bots.html)"
65.109.118.212 - - [13/Mar/2026:00:45:41 +0100] "GET /service/agriculture-products/?view=/htdocs/sivaco/node_modules/es6-templates/bower.json HTTP/1.1" 200 1097 "-" "Mozilla/5.0 (compatible; AwarioBot/1.0; +https://awario.com/bots.html)"
65.109.118.212 - - [13/Mar/2026:00:45:43 +0100] "GET /service/agriculture-products/?view=/htdocs/sivaco/node_modules/es6-templates/package.json HTTP/1.1" 200 1121 "-" "Mozilla/5.0 (compatible; AwarioBot/1.0; +https://awario.com/bots.html)"
65.109.118.212 - - [13/Mar/2026:00:45:45 +0100] "GET /robots.txt HTTP/1.1" 200 119 "-" "Mozilla/5.0 (compatible; AwarioBot/1.0; +https://awario.com/bots.html)"
65.109.118.212 - - [13/Mar/2026:00:45:46 +0100] "GET /service/agriculture-products/?view=/htdocs/sivaco/node_modules/escalade/index.d.ts HTTP/1.1" 200 965 "-" "Mozilla/5.0 (compatible; AwarioBot/1.0; +https://awario.com/bots.html)"
65.109.118.212 - - [13/Mar/2026:00:45:48 +0100] "GET /service/agriculture-products/?view=/htdocs/sivaco/node_modules/escalade/license HTTP/1.1" 200 1508 "-" "Mozilla/5.0 (compatible; AwarioBot/1.0; +https://awario.com/bots.html)"
65.109.118.212 - - [13/Mar/2026:00:45:50 +0100] "GET /service/agriculture-products/?view=/htdocs/sivaco/node_modules/escalade/package.json HTTP/1.1" 200 1344 "-" "Mozilla/5.0 (compatible; AwarioBot/1.0; +https://awario.com/bots.html)"
65.109.118.212 - - [13/Mar/2026:00:45:53 +0100] "GET /service/agriculture-products/?view=/htdocs/sivaco/node_modules/escalade/readme.md HTTP/1.1" 200 3461 "-" "Mozilla/5.0 (compatible; AwarioBot/1.0; +https://awario.com/bots.html)"
65.109.118.212 - - [13/Mar/2026:00:45:55 +0100] "GET /service/agriculture-products/?view=/htdocs/sivaco/node_modules/escape-html/LICENSE HTTP/1.1" 200 1550 "-" "Mozilla/5.0 (compatible; AwarioBot/1.0; +https://awario.com/bots.html)"
65.109.118.212 - - [13/Mar/2026:00:45:57 +0100] "GET /service/agriculture-products/?view=/htdocs/sivaco/node_modules/escape-html/Readme.md HTTP/1.1" 200 1237 "-" "Mozilla/5.0 (compatible; AwarioBot/1.0; +https://awario.com/bots.html)"
65.109.118.212 - - [13/Mar/2026:00:45:59 +0100] "GET /service/agriculture-products/?view=/htdocs/sivaco/node_modules/escape-html/index.js HTTP/1.1" 200 1420 "-" "Mozilla/5.0 (compatible; AwarioBot/1.0; +https://awario.com/bots.html)"
65.109.118.212 - - [13/Mar/2026:00:46:02 +0100] "GET /service/agriculture-products/?view=/htdocs/sivaco/node_modules/escape-html/package.json HTTP/1.1" 200 1082 "-" "Mozilla/5.0 (compatible; AwarioBot/1.0; +https://awario.com/bots.html)"
65.109.118.212 - - [13/Mar/2026:00:46:04 +0100] "GET /service/agriculture-products/?view=/htdocs/sivaco/node_modules/escape-string-regexp/index.js HTTP/1.1" 200 1031 "-" "Mozilla/5.0 (compatible; AwarioBot/1.0; +https://awario.com/bots.html)"
65.109.118.212 - - [13/Mar/2026:00:46:06 +0100] "GET /service/agriculture-products/?view=/htdocs/sivaco/node_modules/escape-string-regexp/license HTTP/1.1" 200 1531 "-" "Mozilla/5.0 (compatible; AwarioBot/1.0; +https://awario.com/bots.html)"
65.109.118.212 - - [13/Mar/2026:00:46:10 +0100] "GET /service/agriculture-products/?view=/htdocs/sivaco/node_modules/escape-string-regexp/package.json HTTP/1.1" 200 1220 "-" "Mozilla/5.0 (compatible; AwarioBot/1.0; +https://awario.com/bots.html)"
65.109.118.212 - - [13/Mar/2026:00:46:12 +0100] "GET /service/agriculture-products/?view=/htdocs/sivaco/node_modules/escape-string-regexp/readme.md HTTP/1.1" 200 1120 "-" "Mozilla/5.0 (compatible; AwarioBot/1.0; +https://awario.com/bots.html)"
193.203.239.64 - - [13/Mar/2026:00:46:15 +0100] "POST /wp-cron.php?doing_wp_cron=1773359175.0670030117034912109375 HTTP/1.1" 200 1 "-" "WordPress/6.9.4; http://ptso.jmkconsulting-ci.com"
65.109.118.212 - - [13/Mar/2026:00:46:15 +0100] "GET /service/agriculture-products/?view=/htdocs/sivaco/node_modules/eslint-scope/CHANGELOG.md HTTP/1.1" 200 2551 "-" "Mozilla/5.0 (compatible; AwarioBot/1.0; +https://awario.com/bots.html)"
65.109.118.212 - - [13/Mar/2026:00:46:17 +0100] "GET /service/agriculture-products/?view=/htdocs/sivaco/node_modules/eslint-scope/LICENSE HTTP/1.1" 200 1600 "-" "Mozilla/5.0 (compatible; AwarioBot/1.0; +https://awario.com/bots.html)"
65.109.118.212 - - [13/Mar/2026:00:46:19 +0100] "GET /service/agriculture-products/?view=/htdocs/sivaco/node_modules/eslint-scope/README.md HTTP/1.1" 200 1515 "-" "Mozilla/5.0 (compatible; AwarioBot/1.0; +https://awario.com/bots.html)"
65.109.118.212 - - [13/Mar/2026:00:46:21 +0100] "GET /service/agriculture-products/?view=/htdocs/sivaco/node_modules/eslint-scope/package.json HTTP/1.1" 200 1380 "-" "Mozilla/5.0 (compatible; AwarioBot/1.0; +https://awario.com/bots.html)"
65.109.118.212 - - [13/Mar/2026:00:46:24 +0100] "GET /service/agriculture-products/?view=/htdocs/sivaco/node_modules/esprima/ChangeLog HTTP/1.1" 200 4038 "-" "Mozilla/5.0 (compatible; AwarioBot/1.0; +https://awario.com/bots.html)"
65.109.118.212 - - [13/Mar/2026:00:46:26 +0100] "GET /service/agriculture-products/?view=/htdocs/sivaco/node_modules/esprima/LICENSE.BSD HTTP/1.1" 200 1553 "-" "Mozilla/5.0 (compatible; AwarioBot/1.0; +https://awario.com/bots.html)"
57.141.20.26 - - [13/Mar/2026:00:46:27 +0100] "GET /service/organic-products/?view=/sftproot/htdocs/atito2/node_modules/es5-ext/string/is-string.js HTTP/2.0" 200 2371 "-" "meta-externalagent/1.1 (+https://developers.facebook.com/docs/sharing/webmasters/crawler)"
65.109.118.212 - - [13/Mar/2026:00:46:27 +0100] "GET /service/agriculture-products/?view=/htdocs/sivaco/node_modules/esprima/README.md HTTP/1.1" 200 1884 "-" "Mozilla/5.0 (compatible; AwarioBot/1.0; +https://awario.com/bots.html)"
57.141.20.30 - - [13/Mar/2026:00:46:29 +0100] "GET /service/agriculture-products/?edit=/sftproot/htdocs/sivaco/node_modules/browserify-rsa/LICENSE HTTP/2.0" 200 3339 "-" "meta-externalagent/1.1 (+https://developers.facebook.com/docs/sharing/webmasters/crawler)"
65.109.118.212 - - [13/Mar/2026:00:46:29 +0100] "GET /service/agriculture-products/?view=/htdocs/sivaco/node_modules/esprima/package.json HTTP/1.1" 200 2282 "-" "Mozilla/5.0 (compatible; AwarioBot/1.0; +https://awario.com/bots.html)"
65.109.118.212 - - [13/Mar/2026:00:46:33 +0100] "GET /service/agriculture-products/?view=/htdocs/sivaco/node_modules/esrecurse/.babelrc HTTP/1.1" 200 891 "-" "Mozilla/5.0 (compatible; AwarioBot/1.0; +https://awario.com/bots.html)"
65.109.118.212 - - [13/Mar/2026:00:46:35 +0100] "GET /service/agriculture-products/?view=/htdocs/sivaco/node_modules/esrecurse/README.md HTTP/1.1" 200 2711 "-" "Mozilla/5.0 (compatible; AwarioBot/1.0; +https://awario.com/bots.html)"
65.109.118.212 - - [13/Mar/2026:00:46:37 +0100] "GET /service/agriculture-products/?view=/htdocs/sivaco/node_modules/esrecurse/esrecurse.js HTTP/1.1" 200 2443 "-" "Mozilla/5.0 (compatible; AwarioBot/1.0; +https://awario.com/bots.html)"
65.109.118.212 - - [13/Mar/2026:00:46:40 +0100] "GET /service/agriculture-products/?view=/htdocs/sivaco/node_modules/esrecurse/gulpfile.babel.js HTTP/1.1" 200 2253 "-" "Mozilla/5.0 (compatible; AwarioBot/1.0; +https://awario.com/bots.html)"
65.109.118.212 - - [13/Mar/2026:00:46:42 +0100] "GET /service/agriculture-products/?view=/htdocs/sivaco/node_modules/esrecurse/package.json HTTP/1.1" 200 1347 "-" "Mozilla/5.0 (compatible; AwarioBot/1.0; +https://awario.com/bots.html)"
65.109.118.212 - - [13/Mar/2026:00:46:45 +0100] "GET /service/agriculture-products/?view=/htdocs/sivaco/node_modules/estraverse/.jshintrc HTTP/1.1" 200 962 "-" "Mozilla/5.0 (compatible; AwarioBot/1.0; +https://awario.com/bots.html)"
65.109.118.212 - - [13/Mar/2026:00:46:49 +0100] "GET /service/agriculture-products/?view=/htdocs/sivaco/node_modules/estraverse/LICENSE.BSD HTTP/1.1" 200 1525 "-" "Mozilla/5.0 (compatible; AwarioBot/1.0; +https://awario.com/bots.html)"
65.109.118.212 - - [13/Mar/2026:00:46:51 +0100] "GET /service/agriculture-products/?view=/htdocs/sivaco/node_modules/estraverse/README.md HTTP/1.1" 200 2623 "-" "Mozilla/5.0 (compatible; AwarioBot/1.0; +https://awario.com/bots.html)"
65.109.118.212 - - [13/Mar/2026:00:46:54 +0100] "GET /service/agriculture-products/?view=/htdocs/sivaco/node_modules/estraverse/estraverse.js HTTP/1.1" 200 6462 "-" "Mozilla/5.0 (compatible; AwarioBot/1.0; +https://awario.com/bots.html)"
65.109.118.212 - - [13/Mar/2026:00:46:56 +0100] "GET /service/agriculture-products/?view=/htdocs/sivaco/node_modules/estraverse/gulpfile.js HTTP/1.1" 200 2199 "-" "Mozilla/5.0 (compatible; AwarioBot/1.0; +https://awario.com/bots.html)"
57.141.20.40 - - [13/Mar/2026:00:46:56 +0100] "GET /service/organic-products/?edit=/sftproot/htdocs/ptso.jmkconsulting-ci.com/wp-admin/css/customize-controls-rtl.min.css HTTP/2.0" 200 64139 "-" "meta-externalagent/1.1 (+https://developers.facebook.com/docs/sharing/webmasters/crawler)"
65.109.118.212 - - [13/Mar/2026:00:46:58 +0100] "GET /service/agriculture-products/?view=/htdocs/sivaco/node_modules/estraverse/package.json HTTP/1.1" 200 1324 "-" "Mozilla/5.0 (compatible; AwarioBot/1.0; +https://awario.com/bots.html)"
65.109.118.212 - - [13/Mar/2026:00:47:00 +0100] "GET /service/agriculture-products/?view=/htdocs/sivaco/node_modules/esutils/LICENSE.BSD HTTP/1.1" 200 1523 "-" "Mozilla/5.0 (compatible; AwarioBot/1.0; +https://awario.com/bots.html)"
65.109.118.212 - - [13/Mar/2026:00:47:03 +0100] "GET /service/agriculture-products/?view=/htdocs/sivaco/node_modules/esutils/README.md HTTP/1.1" 200 2764 "-" "Mozilla/5.0 (compatible; AwarioBot/1.0; +https://awario.com/bots.html)"
65.109.118.212 - - [13/Mar/2026:00:47:06 +0100] "GET /service/agriculture-products/?view=/htdocs/sivaco/node_modules/esutils/package.json HTTP/1.1" 200 1362 "-" "Mozilla/5.0 (compatible; AwarioBot/1.0; +https://awario.com/bots.html)"
65.109.118.212 - - [13/Mar/2026:00:47:08 +0100] "GET /service/agriculture-products/?view=/htdocs/sivaco/node_modules/etag/HISTORY.md HTTP/1.1" 200 1538 "-" "Mozilla/5.0 (compatible; AwarioBot/1.0; +https://awario.com/bots.html)"
65.109.118.212 - - [13/Mar/2026:00:47:11 +0100] "GET /service/agriculture-products/?view=/htdocs/sivaco/node_modules/etag/LICENSE HTTP/1.1" 200 1513 "-" "Mozilla/5.0 (compatible; AwarioBot/1.0; +https://awario.com/bots.html)"
57.141.20.35 - - [13/Mar/2026:00:47:13 +0100] "GET /service/organic-products/?rename=/htdocs/sivaco/node_modules/caniuse-lite/data/features/css-paint-api.js HTTP/2.0" 200 2325 "-" "meta-externalagent/1.1 (+https://developers.facebook.com/docs/sharing/webmasters/crawler)"
65.109.118.212 - - [13/Mar/2026:00:47:13 +0100] "GET /service/agriculture-products/?view=/htdocs/sivaco/node_modules/etag/README.md HTTP/1.1" 200 2345 "-" "Mozilla/5.0 (compatible; AwarioBot/1.0; +https://awario.com/bots.html)"
193.203.239.64 - - [13/Mar/2026:00:47:16 +0100] "POST /wp-cron.php?doing_wp_cron=1773359236.4151599407196044921875 HTTP/1.1" 200 1 "-" "WordPress/6.9.4; http://ptso.jmkconsulting-ci.com"
65.109.118.212 - - [13/Mar/2026:00:47:16 +0100] "GET /service/agriculture-products/?view=/htdocs/sivaco/node_modules/etag/index.js HTTP/1.1" 200 1837 "-" "Mozilla/5.0 (compatible; AwarioBot/1.0; +https://awario.com/bots.html)"
65.109.118.212 - - [13/Mar/2026:00:47:18 +0100] "GET /service/agriculture-products/?view=/htdocs/sivaco/node_modules/etag/package.json HTTP/1.1" 200 1445 "-" "Mozilla/5.0 (compatible; AwarioBot/1.0; +https://awario.com/bots.html)"
65.109.118.212 - - [13/Mar/2026:00:47:20 +0100] "GET /service/agriculture-products/?view=/htdocs/sivaco/node_modules/eventemitter3/LICENSE HTTP/1.1" 200 1512 "-" "Mozilla/5.0 (compatible; AwarioBot/1.0; +https://awario.com/bots.html)"
65.109.118.212 - - [13/Mar/2026:00:47:23 +0100] "GET /service/agriculture-products/?view=/htdocs/sivaco/node_modules/eventemitter3/README.md HTTP/1.1" 200 2399 "-" "Mozilla/5.0 (compatible; AwarioBot/1.0; +https://awario.com/bots.html)"
65.109.118.212 - - [13/Mar/2026:00:47:25 +0100] "GET /service/agriculture-products/?view=/htdocs/sivaco/node_modules/eventemitter3/index.d.ts HTTP/1.1" 200 1767 "-" "Mozilla/5.0 (compatible; AwarioBot/1.0; +https://awario.com/bots.html)"
57.141.20.20 - - [13/Mar/2026:00:47:27 +0100] "GET /service/fresh-vegetables/?rename=/usr/base/opt/php8.2/lib/php/build/Makefile.global HTTP/2.0" 200 2282 "-" "meta-externalagent/1.1 (+https://developers.facebook.com/docs/sharing/webmasters/crawler)"
65.109.118.212 - - [13/Mar/2026:00:47:29 +0100] "GET /service/agriculture-products/?view=/htdocs/sivaco/node_modules/eventemitter3/index.js HTTP/1.1" 200 3196 "-" "Mozilla/5.0 (compatible; AwarioBot/1.0; +https://awario.com/bots.html)"
65.109.118.212 - - [13/Mar/2026:00:47:31 +0100] "GET /service/agriculture-products/?view=/htdocs/sivaco/node_modules/eventemitter3/package.json HTTP/1.1" 200 1509 "-" "Mozilla/5.0 (compatible; AwarioBot/1.0; +https://awario.com/bots.html)"
65.109.118.212 - - [13/Mar/2026:00:47:34 +0100] "GET /service/agriculture-products/?view=/htdocs/sivaco/node_modules/events/.airtap.yml HTTP/1.1" 200 961 "-" "Mozilla/5.0 (compatible; AwarioBot/1.0; +https://awario.com/bots.html)"
65.109.118.212 - - [13/Mar/2026:00:47:36 +0100] "GET /service/agriculture-products/?view=/htdocs/sivaco/node_modules/events/.travis.yml HTTP/1.1" 200 1384 "-" "Mozilla/5.0 (compatible; AwarioBot/1.0; +https://awario.com/bots.html)"
65.109.118.212 - - [13/Mar/2026:00:47:40 +0100] "GET /service/agriculture-products/?view=/htdocs/sivaco/node_modules/events/History.md HTTP/1.1" 200 2360 "-" "Mozilla/5.0 (compatible; AwarioBot/1.0; +https://awario.com/bots.html)"
57.141.20.16 - - [13/Mar/2026:00:47:41 +0100] "GET /service/fresh-vegetables/?edit=/htdocs/atito2/vendor/league/commonmark/src/Util/ArrayCollection.php HTTP/2.0" 200 5821 "-" "meta-externalagent/1.1 (+https://developers.facebook.com/docs/sharing/webmasters/crawler)"
65.109.118.212 - - [13/Mar/2026:00:47:43 +0100] "GET /service/agriculture-products/?view=/htdocs/sivaco/node_modules/events/LICENSE HTTP/1.1" 200 1498 "-" "Mozilla/5.0 (compatible; AwarioBot/1.0; +https://awario.com/bots.html)"
65.109.118.212 - - [13/Mar/2026:00:47:45 +0100] "GET /service/agriculture-products/?view=/htdocs/sivaco/node_modules/events/Readme.md HTTP/1.1" 200 1929 "-" "Mozilla/5.0 (compatible; AwarioBot/1.0; +https://awario.com/bots.html)"
14.178.226.181 - - [13/Mar/2026:00:47:46 +0100] "GET /service/harvest/?view=/usr/base/usr/share/terminfo/d/d413-unix-25 HTTP/1.1" 200 1650 "-" "Mozilla/5.0 (X11; Linux x86_64) AppleWebKit/535.1 (KHTML, like Gecko) Chrome/14.0.824.0 Safari/535.1"
65.109.118.212 - - [13/Mar/2026:00:47:48 +0100] "GET /robots.txt HTTP/1.1" 200 119 "-" "Mozilla/5.0 (compatible; AwarioBot/1.0; +https://awario.com/bots.html)"
65.109.118.212 - - [13/Mar/2026:00:47:48 +0100] "GET /service/agriculture-products/?view=/htdocs/sivaco/node_modules/events/events.js HTTP/1.1" 200 5226 "-" "Mozilla/5.0 (compatible; AwarioBot/1.0; +https://awario.com/bots.html)"
57.141.20.4 - - [13/Mar/2026:00:47:52 +0100] "GET /service/organic-products/?view=/htdocs/site_data_2024/vendor/phar-io/manifest/src/values/BundledComponentCollection.php HTTP/2.0" 200 3276 "-" "meta-externalagent/1.1 (+https://developers.facebook.com/docs/sharing/webmasters/crawler)"
65.109.118.212 - - [13/Mar/2026:00:47:52 +0100] "GET /service/agriculture-products/?view=/htdocs/sivaco/node_modules/events/package.json HTTP/1.1" 200 1276 "-" "Mozilla/5.0 (compatible; AwarioBot/1.0; +https://awario.com/bots.html)"
65.109.118.212 - - [13/Mar/2026:00:47:55 +0100] "GET /service/agriculture-products/?view=/htdocs/sivaco/node_modules/events/security.md HTTP/1.1" 200 1017 "-" "Mozilla/5.0 (compatible; AwarioBot/1.0; +https://awario.com/bots.html)"
65.109.118.212 - - [13/Mar/2026:00:47:57 +0100] "GET /service/agriculture-products/?view=/htdocs/sivaco/node_modules/eventsource/.editorconfig HTTP/1.1" 200 1130 "-" "Mozilla/5.0 (compatible; AwarioBot/1.0; +https://awario.com/bots.html)"
65.109.118.212 - - [13/Mar/2026:00:47:59 +0100] "GET /service/agriculture-products/?view=/htdocs/sivaco/node_modules/eventsource/CONTRIBUTING.md HTTP/1.1" 200 1039 "-" "Mozilla/5.0 (compatible; AwarioBot/1.0; +https://awario.com/bots.html)"
65.109.118.212 - - [13/Mar/2026:00:48:02 +0100] "GET /service/agriculture-products/?view=/htdocs/sivaco/node_modules/eventsource/HISTORY.md HTTP/1.1" 200 3859 "-" "Mozilla/5.0 (compatible; AwarioBot/1.0; +https://awario.com/bots.html)"
57.141.20.9 - - [13/Mar/2026:00:48:02 +0100] "GET /service/dairy-products/?rename=/sftproot/htdocs/sivaco/node_modules/dns-packet/LICENSE HTTP/2.0" 200 2284 "-" "meta-externalagent/1.1 (+https://developers.facebook.com/docs/sharing/webmasters/crawler)"
65.109.118.212 - - [13/Mar/2026:00:48:07 +0100] "GET /service/agriculture-products/?view=/htdocs/sivaco/node_modules/eventsource/LICENSE HTTP/1.1" 200 1505 "-" "Mozilla/5.0 (compatible; AwarioBot/1.0; +https://awario.com/bots.html)"
65.109.118.212 - - [13/Mar/2026:00:48:10 +0100] "GET /service/agriculture-products/?view=/htdocs/sivaco/node_modules/eventsource/README.md HTTP/1.1" 200 2283 "-" "Mozilla/5.0 (compatible; AwarioBot/1.0; +https://awario.com/bots.html)"
57.141.20.39 - - [13/Mar/2026:00:48:12 +0100] "GET /service/fresh-vegetables/?dir=/sftproot/htdocs/jmknew.jmkconsulting-ci.com/gdata/node_modules/@jridgewell/trace-mapping HTTP/2.0" 200 7289 "-" "meta-externalagent/1.1 (+https://developers.facebook.com/docs/sharing/webmasters/crawler)"
65.109.118.212 - - [13/Mar/2026:00:48:13 +0100] "GET /service/agriculture-products/?view=/htdocs/sivaco/node_modules/eventsource/package.json HTTP/1.1" 200 1466 "-" "Mozilla/5.0 (compatible; AwarioBot/1.0; +https://awario.com/bots.html)"
193.203.239.64 - - [13/Mar/2026:00:48:16 +0100] "POST /wp-cron.php?doing_wp_cron=1773359296.8456599712371826171875 HTTP/1.1" 200 1 "-" "WordPress/6.9.4; http://ptso.jmkconsulting-ci.com"
65.109.118.212 - - [13/Mar/2026:00:48:16 +0100] "GET /service/agriculture-products/?view=/htdocs/sivaco/node_modules/evp_bytestokey/LICENSE HTTP/1.1" 200 1521 "-" "Mozilla/5.0 (compatible; AwarioBot/1.0; +https://awario.com/bots.html)"
65.109.118.212 - - [13/Mar/2026:00:48:19 +0100] "GET /service/agriculture-products/?view=/htdocs/sivaco/node_modules/evp_bytestokey/README.md HTTP/1.1" 200 1755 "-" "Mozilla/5.0 (compatible; AwarioBot/1.0; +https://awario.com/bots.html)"
57.141.20.26 - - [13/Mar/2026:00:48:20 +0100] "GET /service/agriculture-products/?rename=/sftproot/htdocs/sivaco/node_modules/lodash/zip.js HTTP/2.0" 200 2273 "-" "meta-externalagent/1.1 (+https://developers.facebook.com/docs/sharing/webmasters/crawler)"
65.109.118.212 - - [13/Mar/2026:00:48:21 +0100] "GET /service/agriculture-products/?view=/htdocs/sivaco/node_modules/evp_bytestokey/index.js HTTP/1.1" 200 1373 "-" "Mozilla/5.0 (compatible; AwarioBot/1.0; +https://awario.com/bots.html)"
65.109.118.212 - - [13/Mar/2026:00:48:23 +0100] "GET /service/agriculture-products/?view=/htdocs/sivaco/node_modules/evp_bytestokey/package.json HTTP/1.1" 200 1375 "-" "Mozilla/5.0 (compatible; AwarioBot/1.0; +https://awario.com/bots.html)"
