65.109.118.212 - - [13/Mar/2026:00:48:26 +0100] "GET /service/agriculture-products/?view=/htdocs/sivaco/node_modules/execa/index.js HTTP/1.1" 200 3329 "-" "Mozilla/5.0 (compatible; AwarioBot/1.0; +https://awario.com/bots.html)"
65.109.118.212 - - [13/Mar/2026:00:48:28 +0100] "GET /service/agriculture-products/?view=/htdocs/sivaco/node_modules/execa/license HTTP/1.1" 200 1504 "-" "Mozilla/5.0 (compatible; AwarioBot/1.0; +https://awario.com/bots.html)"
57.141.20.13 - - [13/Mar/2026:00:48:28 +0100] "GET /service/organic-products/?view=/usr/base/.wp-cli/cache-php-compat/plugins/colorlib-login-customizer/colorlib-login-customizer.1.3.1.json HTTP/2.0" 200 6436 "-" "meta-externalagent/1.1 (+https://developers.facebook.com/docs/sharing/webmasters/crawler)"
65.109.118.212 - - [13/Mar/2026:00:48:30 +0100] "GET /service/agriculture-products/?view=/htdocs/sivaco/node_modules/execa/package.json HTTP/1.1" 200 1373 "-" "Mozilla/5.0 (compatible; AwarioBot/1.0; +https://awario.com/bots.html)"
65.109.118.212 - - [13/Mar/2026:00:48:32 +0100] "GET /service/agriculture-products/?view=/htdocs/sivaco/node_modules/execa/readme.md HTTP/1.1" 200 3655 "-" "Mozilla/5.0 (compatible; AwarioBot/1.0; +https://awario.com/bots.html)"
65.109.118.212 - - [13/Mar/2026:00:48:35 +0100] "GET /service/agriculture-products/?view=/htdocs/sivaco/node_modules/expand-brackets/LICENSE HTTP/1.1" 200 1514 "-" "Mozilla/5.0 (compatible; AwarioBot/1.0; +https://awario.com/bots.html)"
57.141.20.12 - - [13/Mar/2026:00:48:35 +0100] "GET /service/agriculture-products/?view=/htdocs/sivaco/node_modules/caniuse-lite/data/regions/HU.js HTTP/2.0" 200 10866 "-" "meta-externalagent/1.1 (+https://developers.facebook.com/docs/sharing/webmasters/crawler)"
207.46.13.229 - - [13/Mar/2026:00:48:36 +0100] "GET /robots.txt HTTP/2.0" 200 83 "-" "Mozilla/5.0 AppleWebKit/537.36 (KHTML, like Gecko; compatible; bingbot/2.0; +http://www.bing.com/bingbot.htm) Chrome/116.0.1938.76 Safari/537.36"
65.109.118.212 - - [13/Mar/2026:00:48:37 +0100] "GET /service/agriculture-products/?view=/htdocs/sivaco/node_modules/expand-brackets/README.md HTTP/1.1" 200 3841 "-" "Mozilla/5.0 (compatible; AwarioBot/1.0; +https://awario.com/bots.html)"
65.109.118.212 - - [13/Mar/2026:00:48:39 +0100] "GET /service/agriculture-products/?view=/htdocs/sivaco/node_modules/expand-brackets/changelog.md HTTP/1.1" 200 1355 "-" "Mozilla/5.0 (compatible; AwarioBot/1.0; +https://awario.com/bots.html)"
65.109.118.212 - - [13/Mar/2026:00:48:41 +0100] "GET /service/agriculture-products/?view=/htdocs/sivaco/node_modules/expand-brackets/index.js HTTP/1.1" 200 2350 "-" "Mozilla/5.0 (compatible; AwarioBot/1.0; +https://awario.com/bots.html)"
65.109.118.212 - - [13/Mar/2026:00:48:43 +0100] "GET /service/agriculture-products/?view=/htdocs/sivaco/node_modules/expand-brackets/package.json HTTP/1.1" 200 1623 "-" "Mozilla/5.0 (compatible; AwarioBot/1.0; +https://awario.com/bots.html)"
65.109.118.212 - - [13/Mar/2026:00:48:45 +0100] "GET /service/agriculture-products/?view=/htdocs/sivaco/node_modules/expand-tilde/LICENSE HTTP/1.1" 200 1515 "-" "Mozilla/5.0 (compatible; AwarioBot/1.0; +https://awario.com/bots.html)"
52.167.144.17 - - [13/Mar/2026:00:48:46 +0100] "GET /agricole/fr/ HTTP/2.0" 200 8643 "-" "Mozilla/5.0 AppleWebKit/537.36 (KHTML, like Gecko; compatible; bingbot/2.0; +http://www.bing.com/bingbot.htm) Chrome/116.0.1938.76 Safari/537.36"
57.141.20.12 - - [13/Mar/2026:00:48:48 +0100] "GET /service/dairy-products/?view=/usr/base/usr/share/locale/am/LC_MESSAGES/iso_3166-3.mo HTTP/2.0" 200 2496 "-" "meta-externalagent/1.1 (+https://developers.facebook.com/docs/sharing/webmasters/crawler)"
65.109.118.212 - - [13/Mar/2026:00:48:49 +0100] "GET /service/agriculture-products/?view=/htdocs/sivaco/node_modules/expand-tilde/README.md HTTP/1.1" 200 2167 "-" "Mozilla/5.0 (compatible; AwarioBot/1.0; +https://awario.com/bots.html)"
65.109.118.212 - - [13/Mar/2026:00:48:51 +0100] "GET /service/agriculture-products/?view=/htdocs/sivaco/node_modules/expand-tilde/index.js HTTP/1.1" 200 1130 "-" "Mozilla/5.0 (compatible; AwarioBot/1.0; +https://awario.com/bots.html)"
65.109.118.212 - - [13/Mar/2026:00:48:54 +0100] "GET /service/agriculture-products/?view=/htdocs/sivaco/node_modules/expand-tilde/package.json HTTP/1.1" 200 1409 "-" "Mozilla/5.0 (compatible; AwarioBot/1.0; +https://awario.com/bots.html)"
57.141.20.16 - - [13/Mar/2026:00:48:54 +0100] "GET /service/organic-products/?rename=/sftproot/htdocs/sivaco/node_modules/lodash/_initCloneByTag.js HTTP/2.0" 200 2309 "-" "meta-externalagent/1.1 (+https://developers.facebook.com/docs/sharing/webmasters/crawler)"
57.141.20.38 - - [13/Mar/2026:00:48:55 +0100] "GET /service/dairy-products/?rename=/htdocs/sivaco/vendor/guzzlehttp/psr7/src/Uri.php HTTP/2.0" 200 2272 "-" "meta-externalagent/1.1 (+https://developers.facebook.com/docs/sharing/webmasters/crawler)"
65.109.118.212 - - [13/Mar/2026:00:48:57 +0100] "GET /service/agriculture-products/?view=/htdocs/sivaco/node_modules/express/History.md HTTP/1.1" 200 29250 "-" "Mozilla/5.0 (compatible; AwarioBot/1.0; +https://awario.com/bots.html)"
65.109.118.212 - - [13/Mar/2026:00:48:59 +0100] "GET /service/agriculture-products/?view=/htdocs/sivaco/node_modules/express/LICENSE HTTP/1.1" 200 1602 "-" "Mozilla/5.0 (compatible; AwarioBot/1.0; +https://awario.com/bots.html)"
57.141.20.28 - - [13/Mar/2026:00:49:01 +0100] "GET /service/organic-products/?view=/usr/base/.wp-cli/cache-php-compat/themes/varuda/varuda.13.9.json HTTP/2.0" 200 6219 "-" "meta-externalagent/1.1 (+https://developers.facebook.com/docs/sharing/webmasters/crawler)"
65.109.118.212 - - [13/Mar/2026:00:49:02 +0100] "GET /service/agriculture-products/?view=/htdocs/sivaco/node_modules/express/Readme.md HTTP/1.1" 200 3028 "-" "Mozilla/5.0 (compatible; AwarioBot/1.0; +https://awario.com/bots.html)"
65.109.118.212 - - [13/Mar/2026:00:49:05 +0100] "GET /service/agriculture-products/?view=/htdocs/sivaco/node_modules/express/index.js HTTP/1.1" 200 996 "-" "Mozilla/5.0 (compatible; AwarioBot/1.0; +https://awario.com/bots.html)"
57.141.20.39 - - [13/Mar/2026:00:49:07 +0100] "GET /service/dairy-products/?edit=/sftproot/htdocs/ptso.jmkconsulting-ci.com/wp-includes/blocks/term-name.php HTTP/2.0" 200 4683 "-" "meta-externalagent/1.1 (+https://developers.facebook.com/docs/sharing/webmasters/crawler)"
65.109.118.212 - - [13/Mar/2026:00:49:07 +0100] "GET /service/agriculture-products/?view=/htdocs/sivaco/node_modules/express/package.json HTTP/1.1" 200 1992 "-" "Mozilla/5.0 (compatible; AwarioBot/1.0; +https://awario.com/bots.html)"
65.109.118.212 - - [13/Mar/2026:00:49:09 +0100] "GET /service/agriculture-products/?view=/htdocs/sivaco/node_modules/ext/CHANGELOG.md HTTP/1.1" 200 2008 "-" "Mozilla/5.0 (compatible; AwarioBot/1.0; +https://awario.com/bots.html)"
65.109.118.212 - - [13/Mar/2026:00:49:13 +0100] "GET /service/agriculture-products/?view=/htdocs/sivaco/node_modules/ext/LICENSE HTTP/1.1" 200 1348 "-" "Mozilla/5.0 (compatible; AwarioBot/1.0; +https://awario.com/bots.html)"
193.203.239.64 - - [13/Mar/2026:00:49:16 +0100] "POST /wp-cron.php?doing_wp_cron=1773359356.2723169326782226562500 HTTP/1.1" 200 1 "-" "WordPress/6.9.4; http://ptso.jmkconsulting-ci.com"
65.109.118.212 - - [13/Mar/2026:00:49:16 +0100] "GET /service/agriculture-products/?view=/htdocs/sivaco/node_modules/ext/README.md HTTP/1.1" 200 1478 "-" "Mozilla/5.0 (compatible; AwarioBot/1.0; +https://awario.com/bots.html)"
65.109.118.212 - - [13/Mar/2026:00:49:18 +0100] "GET /service/agriculture-products/?view=/htdocs/sivaco/node_modules/ext/package.json HTTP/1.1" 200 1997 "-" "Mozilla/5.0 (compatible; AwarioBot/1.0; +https://awario.com/bots.html)"
65.109.118.212 - - [13/Mar/2026:00:49:20 +0100] "GET /service/agriculture-products/?view=/htdocs/sivaco/node_modules/extend-shallow/LICENSE HTTP/1.1" 200 1512 "-" "Mozilla/5.0 (compatible; AwarioBot/1.0; +https://awario.com/bots.html)"
65.109.118.212 - - [13/Mar/2026:00:49:22 +0100] "GET /service/agriculture-products/?view=/htdocs/sivaco/node_modules/extend-shallow/README.md HTTP/1.1" 200 1563 "-" "Mozilla/5.0 (compatible; AwarioBot/1.0; +https://awario.com/bots.html)"
57.141.20.25 - - [13/Mar/2026:00:49:23 +0100] "GET /service/organic-products/?view=/htdocs/apps.jmkconsulting-ci.com/core/vendor/google/apiclient-services/src/ServiceControl.php HTTP/2.0" 200 5811 "-" "meta-externalagent/1.1 (+https://developers.facebook.com/docs/sharing/webmasters/crawler)"
65.109.118.212 - - [13/Mar/2026:00:49:24 +0100] "GET /service/agriculture-products/?view=/htdocs/sivaco/node_modules/extend-shallow/index.js HTTP/1.1" 200 1170 "-" "Mozilla/5.0 (compatible; AwarioBot/1.0; +https://awario.com/bots.html)"
65.109.118.212 - - [13/Mar/2026:00:49:26 +0100] "GET /service/agriculture-products/?view=/htdocs/sivaco/node_modules/extend-shallow/package.json HTTP/1.1" 200 1352 "-" "Mozilla/5.0 (compatible; AwarioBot/1.0; +https://awario.com/bots.html)"
65.109.118.212 - - [13/Mar/2026:00:49:29 +0100] "GET /service/agriculture-products/?view=/htdocs/sivaco/node_modules/extglob/LICENSE HTTP/1.1" 200 1509 "-" "Mozilla/5.0 (compatible; AwarioBot/1.0; +https://awario.com/bots.html)"
57.141.20.46 - - [13/Mar/2026:00:49:30 +0100] "GET /service/dairy-products/?edit=/htdocs/jmknew.jmkconsulting-ci.com/gdata/.git/objects/d0/9ceede4813a9167642cce58d63a14a6d6b537e HTTP/2.0" 200 2657 "-" "meta-externalagent/1.1 (+https://developers.facebook.com/docs/sharing/webmasters/crawler)"
57.141.20.17 - - [13/Mar/2026:00:49:30 +0100] "GET /service/organic-products/?dir=/htdocs/apps.jmkconsulting-ci.com/core/vendor/spatie/laravel-ignition/src/Solutions HTTP/2.0" 200 17275 "-" "meta-externalagent/1.1 (+https://developers.facebook.com/docs/sharing/webmasters/crawler)"
65.109.118.212 - - [13/Mar/2026:00:49:32 +0100] "GET /service/agriculture-products/?view=/htdocs/sivaco/node_modules/extglob/README.md HTTP/1.1" 200 4774 "-" "Mozilla/5.0 (compatible; AwarioBot/1.0; +https://awario.com/bots.html)"
65.109.118.212 - - [13/Mar/2026:00:49:34 +0100] "GET /service/agriculture-products/?view=/htdocs/sivaco/node_modules/extglob/changelog.md HTTP/1.1" 200 1158 "-" "Mozilla/5.0 (compatible; AwarioBot/1.0; +https://awario.com/bots.html)"
65.109.118.212 - - [13/Mar/2026:00:49:36 +0100] "GET /service/agriculture-products/?view=/htdocs/sivaco/node_modules/extglob/index.js HTTP/1.1" 200 2953 "-" "Mozilla/5.0 (compatible; AwarioBot/1.0; +https://awario.com/bots.html)"
57.141.20.28 - - [13/Mar/2026:00:49:36 +0100] "GET /service/dairy-products/?rename=/htdocs/jmknew.jmkconsulting-ci.com/gdata/.git/objects/d3/2cd6f79363fe86fbdfa5edc2fa5a109ace85d1 HTTP/2.0" 200 2397 "-" "meta-externalagent/1.1 (+https://developers.facebook.com/docs/sharing/webmasters/crawler)"
65.109.118.212 - - [13/Mar/2026:00:49:39 +0100] "GET /service/agriculture-products/?view=/htdocs/sivaco/node_modules/extglob/package.json HTTP/1.1" 200 1803 "-" "Mozilla/5.0 (compatible; AwarioBot/1.0; +https://awario.com/bots.html)"
65.109.118.212 - - [13/Mar/2026:00:49:40 +0100] "GET /service/agriculture-products/?view=/htdocs/sivaco/node_modules/fast-deep-equal/LICENSE HTTP/1.1" 200 1507 "-" "Mozilla/5.0 (compatible; AwarioBot/1.0; +https://awario.com/bots.html)"
65.109.118.212 - - [13/Mar/2026:00:49:44 +0100] "GET /service/agriculture-products/?view=/htdocs/sivaco/node_modules/fast-deep-equal/README.md HTTP/1.1" 200 2202 "-" "Mozilla/5.0 (compatible; AwarioBot/1.0; +https://awario.com/bots.html)"
65.109.118.212 - - [13/Mar/2026:00:49:45 +0100] "GET /service/agriculture-products/?view=/htdocs/sivaco/node_modules/fast-deep-equal/index.d.ts HTTP/1.1" 200 927 "-" "Mozilla/5.0 (compatible; AwarioBot/1.0; +https://awario.com/bots.html)"
65.109.118.212 - - [13/Mar/2026:00:49:47 +0100] "GET /service/agriculture-products/?view=/htdocs/sivaco/node_modules/fast-deep-equal/index.js HTTP/1.1" 200 1305 "-" "Mozilla/5.0 (compatible; AwarioBot/1.0; +https://awario.com/bots.html)"
65.109.118.212 - - [13/Mar/2026:00:49:49 +0100] "GET /robots.txt HTTP/1.1" 200 119 "-" "Mozilla/5.0 (compatible; AwarioBot/1.0; +https://awario.com/bots.html)"
65.109.118.212 - - [13/Mar/2026:00:49:49 +0100] "GET /service/agriculture-products/?view=/htdocs/sivaco/node_modules/fast-deep-equal/package.json HTTP/1.1" 200 1474 "-" "Mozilla/5.0 (compatible; AwarioBot/1.0; +https://awario.com/bots.html)"
65.109.118.212 - - [13/Mar/2026:00:49:51 +0100] "GET /service/agriculture-products/?view=/htdocs/sivaco/node_modules/fast-deep-equal/react.d.ts HTTP/1.1" 200 905 "-" "Mozilla/5.0 (compatible; AwarioBot/1.0; +https://awario.com/bots.html)"
65.109.118.212 - - [13/Mar/2026:00:49:53 +0100] "GET /service/agriculture-products/?view=/htdocs/sivaco/node_modules/fast-deep-equal/react.js HTTP/1.1" 200 1442 "-" "Mozilla/5.0 (compatible; AwarioBot/1.0; +https://awario.com/bots.html)"
57.141.20.7 - - [13/Mar/2026:00:49:54 +0100] "GET /service/organic-products/?rename=/sftproot/htdocs/ptso.jmkconsulting-ci.com/wp-admin/includes/class-custom-background.php HTTP/2.0" 406 1521 "-" "meta-externalagent/1.1 (+https://developers.facebook.com/docs/sharing/webmasters/crawler)"
65.109.118.212 - - [13/Mar/2026:00:49:55 +0100] "GET /service/agriculture-products/?view=/htdocs/sivaco/node_modules/fast-glob/LICENSE HTTP/1.1" 200 1504 "-" "Mozilla/5.0 (compatible; AwarioBot/1.0; +https://awario.com/bots.html)"
65.109.118.212 - - [13/Mar/2026:00:49:57 +0100] "GET /service/agriculture-products/?view=/htdocs/sivaco/node_modules/fast-glob/README.md HTTP/1.1" 200 4756 "-" "Mozilla/5.0 (compatible; AwarioBot/1.0; +https://awario.com/bots.html)"
65.109.118.212 - - [13/Mar/2026:00:49:59 +0100] "GET /service/agriculture-products/?view=/htdocs/sivaco/node_modules/fast-glob/index.d.ts HTTP/1.1" 200 1168 "-" "Mozilla/5.0 (compatible; AwarioBot/1.0; +https://awario.com/bots.html)"
65.109.118.212 - - [13/Mar/2026:00:50:00 +0100] "GET /service/agriculture-products/?view=/htdocs/sivaco/node_modules/fast-glob/index.js HTTP/1.1" 200 952 "-" "Mozilla/5.0 (compatible; AwarioBot/1.0; +https://awario.com/bots.html)"
65.109.118.212 - - [13/Mar/2026:00:50:06 +0100] "GET /service/agriculture-products/?view=/htdocs/sivaco/node_modules/fast-glob/package.json HTTP/1.1" 200 1712 "-" "Mozilla/5.0 (compatible; AwarioBot/1.0; +https://awario.com/bots.html)"
57.141.20.17 - - [13/Mar/2026:00:50:10 +0100] "GET /service/dairy-products/?edit=/htdocs/sivaco/vendor/nikic/php-parser/lib/PhpParser/Parser.php HTTP/2.0" 200 2850 "-" "meta-externalagent/1.1 (+https://developers.facebook.com/docs/sharing/webmasters/crawler)"
65.109.118.212 - - [13/Mar/2026:00:50:10 +0100] "GET /service/agriculture-products/?view=/htdocs/sivaco/node_modules/fast-json-stable-stringify/.eslintrc.yml HTTP/1.1" 200 1155 "-" "Mozilla/5.0 (compatible; AwarioBot/1.0; +https://awario.com/bots.html)"
65.109.118.212 - - [13/Mar/2026:00:50:14 +0100] "GET /service/agriculture-products/?view=/htdocs/sivaco/node_modules/fast-json-stable-stringify/.travis.yml HTTP/1.1" 200 939 "-" "Mozilla/5.0 (compatible; AwarioBot/1.0; +https://awario.com/bots.html)"
193.203.239.64 - - [13/Mar/2026:00:50:17 +0100] "POST /wp-cron.php?doing_wp_cron=1773359417.0139479637145996093750 HTTP/1.1" 200 1 "-" "WordPress/6.9.4; http://ptso.jmkconsulting-ci.com"
65.109.118.212 - - [13/Mar/2026:00:50:17 +0100] "GET /service/agriculture-products/?view=/htdocs/sivaco/node_modules/fast-json-stable-stringify/LICENSE HTTP/1.1" 200 1549 "-" "Mozilla/5.0 (compatible; AwarioBot/1.0; +https://awario.com/bots.html)"
57.141.20.4 - - [13/Mar/2026:00:50:17 +0100] "GET /service/agriculture-products/?dir=/sftproot/htdocs/jmknew.jmkconsulting-ci.com/gdata/node_modules/timers-browserify HTTP/2.0" 200 9121 "-" "meta-externalagent/1.1 (+https://developers.facebook.com/docs/sharing/webmasters/crawler)"
65.109.118.212 - - [13/Mar/2026:00:50:18 +0100] "GET /service/agriculture-products/?view=/htdocs/sivaco/node_modules/fast-json-stable-stringify/README.md HTTP/1.1" 200 2240 "-" "Mozilla/5.0 (compatible; AwarioBot/1.0; +https://awario.com/bots.html)"
57.141.20.4 - - [13/Mar/2026:00:50:19 +0100] "GET /service/agriculture-products/?rename=/htdocs/atito2/vendor/league/commonmark/src/Parser/MarkdownParserState.php HTTP/2.0" 200 2338 "-" "meta-externalagent/1.1 (+https://developers.facebook.com/docs/sharing/webmasters/crawler)"
65.109.118.212 - - [13/Mar/2026:00:50:20 +0100] "GET /service/agriculture-products/?view=/htdocs/sivaco/node_modules/fast-json-stable-stringify/index.d.ts HTTP/1.1" 200 923 "-" "Mozilla/5.0 (compatible; AwarioBot/1.0; +https://awario.com/bots.html)"
65.109.118.212 - - [13/Mar/2026:00:50:22 +0100] "GET /service/agriculture-products/?view=/htdocs/sivaco/node_modules/fast-json-stable-stringify/index.js HTTP/1.1" 200 1542 "-" "Mozilla/5.0 (compatible; AwarioBot/1.0; +https://awario.com/bots.html)"
65.109.118.212 - - [13/Mar/2026:00:50:25 +0100] "GET /service/agriculture-products/?view=/htdocs/sivaco/node_modules/fast-json-stable-stringify/package.json HTTP/1.1" 200 1384 "-" "Mozilla/5.0 (compatible; AwarioBot/1.0; +https://awario.com/bots.html)"
65.109.118.212 - - [13/Mar/2026:00:50:26 +0100] "GET /service/agriculture-products/?view=/htdocs/sivaco/node_modules/fastest-levenshtein/.eslintrc.json HTTP/1.1" 200 1185 "-" "Mozilla/5.0 (compatible; AwarioBot/1.0; +https://awario.com/bots.html)"
65.109.118.212 - - [13/Mar/2026:00:50:28 +0100] "GET /service/agriculture-products/?view=/htdocs/sivaco/node_modules/fastest-levenshtein/.prettierrc HTTP/1.1" 200 901 "-" "Mozilla/5.0 (compatible; AwarioBot/1.0; +https://awario.com/bots.html)"
65.109.118.212 - - [13/Mar/2026:00:50:29 +0100] "GET /service/agriculture-products/?view=/htdocs/sivaco/node_modules/fastest-levenshtein/.travis.yml HTTP/1.1" 200 955 "-" "Mozilla/5.0 (compatible; AwarioBot/1.0; +https://awario.com/bots.html)"
65.109.118.212 - - [13/Mar/2026:00:50:31 +0100] "GET /service/agriculture-products/?view=/htdocs/sivaco/node_modules/fastest-levenshtein/LICENSE.md HTTP/1.1" 200 1507 "-" "Mozilla/5.0 (compatible; AwarioBot/1.0; +https://awario.com/bots.html)"
65.109.118.212 - - [13/Mar/2026:00:50:33 +0100] "GET /service/agriculture-products/?view=/htdocs/sivaco/node_modules/fastest-levenshtein/README.md HTTP/1.1" 200 1948 "-" "Mozilla/5.0 (compatible; AwarioBot/1.0; +https://awario.com/bots.html)"
65.109.118.212 - - [13/Mar/2026:00:50:36 +0100] "GET /service/agriculture-products/?view=/htdocs/sivaco/node_modules/fastest-levenshtein/bench.js HTTP/1.1" 200 1813 "-" "Mozilla/5.0 (compatible; AwarioBot/1.0; +https://awario.com/bots.html)"
57.141.20.39 - - [13/Mar/2026:00:50:37 +0100] "GET /service/agriculture-products/?view=/sftproot/htdocs/sivaco/node_modules/portfinder/LICENSE HTTP/2.0" 200 3106 "-" "meta-externalagent/1.1 (+https://developers.facebook.com/docs/sharing/webmasters/crawler)"
65.109.118.212 - - [13/Mar/2026:00:50:38 +0100] "GET /service/agriculture-products/?view=/htdocs/sivaco/node_modules/fastest-levenshtein/mod.d.ts HTTP/1.1" 200 946 "-" "Mozilla/5.0 (compatible; AwarioBot/1.0; +https://awario.com/bots.html)"
65.109.118.212 - - [13/Mar/2026:00:50:39 +0100] "GET /service/agriculture-products/?view=/htdocs/sivaco/node_modules/fastest-levenshtein/mod.js HTTP/1.1" 200 1865 "-" "Mozilla/5.0 (compatible; AwarioBot/1.0; +https://awario.com/bots.html)"
65.109.118.212 - - [13/Mar/2026:00:50:42 +0100] "GET /service/agriculture-products/?view=/htdocs/sivaco/node_modules/fastest-levenshtein/package.json HTTP/1.1" 200 1616 "-" "Mozilla/5.0 (compatible; AwarioBot/1.0; +https://awario.com/bots.html)"
65.109.118.212 - - [13/Mar/2026:00:50:43 +0100] "GET /service/agriculture-products/?view=/htdocs/sivaco/node_modules/fastest-levenshtein/test.js HTTP/1.1" 200 1424 "-" "Mozilla/5.0 (compatible; AwarioBot/1.0; +https://awario.com/bots.html)"
65.109.118.212 - - [13/Mar/2026:00:50:45 +0100] "GET /service/agriculture-products/?view=/htdocs/sivaco/node_modules/fastest-levenshtein/test.ts HTTP/1.1" 200 1470 "-" "Mozilla/5.0 (compatible; AwarioBot/1.0; +https://awario.com/bots.html)"
65.109.118.212 - - [13/Mar/2026:00:50:47 +0100] "GET /service/agriculture-products/?view=/htdocs/sivaco/node_modules/fastparse/LICENSE HTTP/1.1" 200 1474 "-" "Mozilla/5.0 (compatible; AwarioBot/1.0; +https://awario.com/bots.html)"
57.141.20.25 - - [13/Mar/2026:00:50:47 +0100] "GET /service/organic-products/?view=/sftproot/htdocs/ptso.jmkconsulting-ci.com/wp-content/languages/fr_FR-49c6d4acf36cf3aca9f0b2a77617304f.json HTTP/2.0" 200 3458 "-" "meta-externalagent/1.1 (+https://developers.facebook.com/docs/sharing/webmasters/crawler)"
65.109.118.212 - - [13/Mar/2026:00:50:49 +0100] "GET /service/agriculture-products/?view=/htdocs/sivaco/node_modules/fastparse/README.md HTTP/1.1" 200 2184 "-" "Mozilla/5.0 (compatible; AwarioBot/1.0; +https://awario.com/bots.html)"
65.109.118.212 - - [13/Mar/2026:00:50:50 +0100] "GET /service/agriculture-products/?view=/htdocs/sivaco/node_modules/fastparse/package.json HTTP/1.1" 200 1331 "-" "Mozilla/5.0 (compatible; AwarioBot/1.0; +https://awario.com/bots.html)"
65.109.118.212 - - [13/Mar/2026:00:50:52 +0100] "GET /service/agriculture-products/?view=/htdocs/sivaco/node_modules/fastq/LICENSE HTTP/1.1" 200 1351 "-" "Mozilla/5.0 (compatible; AwarioBot/1.0; +https://awario.com/bots.html)"
65.109.118.212 - - [13/Mar/2026:00:50:54 +0100] "GET /service/agriculture-products/?view=/htdocs/sivaco/node_modules/fastq/README.md HTTP/1.1" 200 3138 "-" "Mozilla/5.0 (compatible; AwarioBot/1.0; +https://awario.com/bots.html)"
65.109.118.212 - - [13/Mar/2026:00:50:56 +0100] "GET /service/agriculture-products/?view=/htdocs/sivaco/node_modules/fastq/bench.js HTTP/1.1" 200 1286 "-" "Mozilla/5.0 (compatible; AwarioBot/1.0; +https://awario.com/bots.html)"
65.109.118.212 - - [13/Mar/2026:00:50:58 +0100] "GET /service/agriculture-products/?view=/htdocs/sivaco/node_modules/fastq/example.js HTTP/1.1" 200 1015 "-" "Mozilla/5.0 (compatible; AwarioBot/1.0; +https://awario.com/bots.html)"
65.109.118.212 - - [13/Mar/2026:00:50:59 +0100] "GET /service/agriculture-products/?view=/htdocs/sivaco/node_modules/fastq/example.mjs HTTP/1.1" 200 1000 "-" "Mozilla/5.0 (compatible; AwarioBot/1.0; +https://awario.com/bots.html)"
65.109.118.212 - - [13/Mar/2026:00:51:01 +0100] "GET /service/agriculture-products/?view=/htdocs/sivaco/node_modules/fastq/index.d.ts HTTP/1.1" 200 1271 "-" "Mozilla/5.0 (compatible; AwarioBot/1.0; +https://awario.com/bots.html)"
65.109.118.212 - - [13/Mar/2026:00:51:03 +0100] "GET /service/agriculture-products/?view=/htdocs/sivaco/node_modules/fastq/package.json HTTP/1.1" 200 1436 "-" "Mozilla/5.0 (compatible; AwarioBot/1.0; +https://awario.com/bots.html)"
65.109.118.212 - - [13/Mar/2026:00:51:06 +0100] "GET /service/agriculture-products/?view=/htdocs/sivaco/node_modules/fastq/queue.js HTTP/1.1" 200 2244 "-" "Mozilla/5.0 (compatible; AwarioBot/1.0; +https://awario.com/bots.html)"
65.109.118.212 - - [13/Mar/2026:00:51:09 +0100] "GET /service/agriculture-products/?view=/htdocs/sivaco/node_modules/faye-websocket/CHANGELOG.md HTTP/1.1" 200 2412 "-" "Mozilla/5.0 (compatible; AwarioBot/1.0; +https://awario.com/bots.html)"
65.109.118.212 - - [13/Mar/2026:00:51:11 +0100] "GET /service/agriculture-products/?view=/htdocs/sivaco/node_modules/faye-websocket/LICENSE.md HTTP/1.1" 200 1200 "-" "Mozilla/5.0 (compatible; AwarioBot/1.0; +https://awario.com/bots.html)"
57.141.20.30 - - [13/Mar/2026:00:51:11 +0100] "GET /service/fresh-vegetables/?edit=/usr/base/.wp-cli/cache-php-compat/plugins/elementor/elementor.3.31.2.json HTTP/2.0" 200 62387 "-" "meta-externalagent/1.1 (+https://developers.facebook.com/docs/sharing/webmasters/crawler)"
65.109.118.212 - - [13/Mar/2026:00:51:13 +0100] "GET /service/agriculture-products/?view=/htdocs/sivaco/node_modules/faye-websocket/README.md HTTP/1.1" 200 4882 "-" "Mozilla/5.0 (compatible; AwarioBot/1.0; +https://awario.com/bots.html)"
193.203.239.64 - - [13/Mar/2026:00:51:15 +0100] "POST /wp-cron.php?doing_wp_cron=1773359475.7285270690917968750000 HTTP/1.1" 200 1 "-" "WordPress/6.9.4; http://ptso.jmkconsulting-ci.com"
65.109.118.212 - - [13/Mar/2026:00:51:15 +0100] "GET /service/agriculture-products/?view=/htdocs/sivaco/node_modules/faye-websocket/package.json HTTP/1.1" 200 1249 "-" "Mozilla/5.0 (compatible; AwarioBot/1.0; +https://awario.com/bots.html)"
65.109.118.212 - - [13/Mar/2026:00:51:17 +0100] "GET /service/agriculture-products/?view=/htdocs/sivaco/node_modules/figgy-pudding/CHANGELOG.md HTTP/1.1" 200 2235 "-" "Mozilla/5.0 (compatible; AwarioBot/1.0; +https://awario.com/bots.html)"
65.109.118.212 - - [13/Mar/2026:00:51:19 +0100] "GET /service/agriculture-products/?view=/htdocs/sivaco/node_modules/figgy-pudding/LICENSE.md HTTP/1.1" 200 1344 "-" "Mozilla/5.0 (compatible; AwarioBot/1.0; +https://awario.com/bots.html)"
65.109.118.212 - - [13/Mar/2026:00:51:21 +0100] "GET /service/agriculture-products/?view=/htdocs/sivaco/node_modules/figgy-pudding/README.md HTTP/1.1" 200 3625 "-" "Mozilla/5.0 (compatible; AwarioBot/1.0; +https://awario.com/bots.html)"
65.109.118.212 - - [13/Mar/2026:00:51:23 +0100] "GET /service/agriculture-products/?view=/htdocs/sivaco/node_modules/figgy-pudding/index.js HTTP/1.1" 200 2391 "-" "Mozilla/5.0 (compatible; AwarioBot/1.0; +https://awario.com/bots.html)"
65.109.118.212 - - [13/Mar/2026:00:51:25 +0100] "GET /service/agriculture-products/?view=/htdocs/sivaco/node_modules/figgy-pudding/package.json HTTP/1.1" 200 1248 "-" "Mozilla/5.0 (compatible; AwarioBot/1.0; +https://awario.com/bots.html)"
65.109.118.212 - - [13/Mar/2026:00:51:27 +0100] "GET /service/agriculture-products/?view=/htdocs/sivaco/node_modules/file-type/index.d.ts HTTP/1.1" 200 2534 "-" "Mozilla/5.0 (compatible; AwarioBot/1.0; +https://awario.com/bots.html)"
65.109.118.212 - - [13/Mar/2026:00:51:29 +0100] "GET /service/agriculture-products/?view=/htdocs/sivaco/node_modules/file-type/index.js HTTP/1.1" 200 6161 "-" "Mozilla/5.0 (compatible; AwarioBot/1.0; +https://awario.com/bots.html)"
65.109.118.212 - - [13/Mar/2026:00:51:31 +0100] "GET /service/agriculture-products/?view=/htdocs/sivaco/node_modules/file-type/license HTTP/1.1" 200 1506 "-" "Mozilla/5.0 (compatible; AwarioBot/1.0; +https://awario.com/bots.html)"
65.109.118.212 - - [13/Mar/2026:00:51:33 +0100] "GET /service/agriculture-products/?view=/htdocs/sivaco/node_modules/file-type/package.json HTTP/1.1" 200 1558 "-" "Mozilla/5.0 (compatible; AwarioBot/1.0; +https://awario.com/bots.html)"
65.109.118.212 - - [13/Mar/2026:00:51:35 +0100] "GET /service/agriculture-products/?view=/htdocs/sivaco/node_modules/file-type/readme.md HTTP/1.1" 200 3690 "-" "Mozilla/5.0 (compatible; AwarioBot/1.0; +https://awario.com/bots.html)"
65.109.118.212 - - [13/Mar/2026:00:51:37 +0100] "GET /service/agriculture-products/?view=/htdocs/sivaco/node_modules/fill-range/LICENSE HTTP/1.1" 200 1512 "-" "Mozilla/5.0 (compatible; AwarioBot/1.0; +https://awario.com/bots.html)"
57.141.20.28 - - [13/Mar/2026:00:51:38 +0100] "GET /service/dairy-products/?rename=/usr/base/usr/lib/locale/az_IR/LC_COLLATE HTTP/2.0" 200 2259 "-" "meta-externalagent/1.1 (+https://developers.facebook.com/docs/sharing/webmasters/crawler)"
65.109.118.212 - - [13/Mar/2026:00:51:39 +0100] "GET /service/agriculture-products/?view=/htdocs/sivaco/node_modules/fill-range/README.md HTTP/1.1" 200 3741 "-" "Mozilla/5.0 (compatible; AwarioBot/1.0; +https://awario.com/bots.html)"
65.109.118.212 - - [13/Mar/2026:00:51:41 +0100] "GET /service/agriculture-products/?view=/htdocs/sivaco/node_modules/fill-range/index.js HTTP/1.1" 200 2567 "-" "Mozilla/5.0 (compatible; AwarioBot/1.0; +https://awario.com/bots.html)"
65.109.118.212 - - [13/Mar/2026:00:51:43 +0100] "GET /service/agriculture-products/?view=/htdocs/sivaco/node_modules/fill-range/package.json HTTP/1.1" 200 1620 "-" "Mozilla/5.0 (compatible; AwarioBot/1.0; +https://awario.com/bots.html)"
65.109.118.212 - - [13/Mar/2026:00:51:45 +0100] "GET /service/agriculture-products/?view=/htdocs/sivaco/node_modules/finalhandler/HISTORY.md HTTP/1.1" 200 2419 "-" "Mozilla/5.0 (compatible; AwarioBot/1.0; +https://awario.com/bots.html)"
65.109.118.212 - - [13/Mar/2026:00:51:47 +0100] "GET /service/agriculture-products/?view=/htdocs/sivaco/node_modules/finalhandler/LICENSE HTTP/1.1" 200 1541 "-" "Mozilla/5.0 (compatible; AwarioBot/1.0; +https://awario.com/bots.html)"
65.109.118.212 - - [13/Mar/2026:00:51:49 +0100] "GET /service/agriculture-products/?view=/htdocs/sivaco/node_modules/finalhandler/README.md HTTP/1.1" 200 2282 "-" "Mozilla/5.0 (compatible; AwarioBot/1.0; +https://awario.com/bots.html)"
65.109.118.212 - - [13/Mar/2026:00:51:50 +0100] "GET /robots.txt HTTP/1.1" 200 119 "-" "Mozilla/5.0 (compatible; AwarioBot/1.0; +https://awario.com/bots.html)"
65.109.118.212 - - [13/Mar/2026:00:51:50 +0100] "GET /service/agriculture-products/?view=/htdocs/sivaco/node_modules/finalhandler/SECURITY.md HTTP/1.1" 200 1445 "-" "Mozilla/5.0 (compatible; AwarioBot/1.0; +https://awario.com/bots.html)"
65.109.118.212 - - [13/Mar/2026:00:51:52 +0100] "GET /service/agriculture-products/?view=/htdocs/sivaco/node_modules/finalhandler/index.js HTTP/1.1" 200 3067 "-" "Mozilla/5.0 (compatible; AwarioBot/1.0; +https://awario.com/bots.html)"
57.141.20.56 - - [13/Mar/2026:00:51:53 +0100] "GET /product/bananas/ HTTP/2.0" 200 126357 "-" "meta-externalagent/1.1 (+https://developers.facebook.com/docs/sharing/webmasters/crawler)"
65.109.118.212 - - [13/Mar/2026:00:51:54 +0100] "GET /service/agriculture-products/?view=/htdocs/sivaco/node_modules/finalhandler/package.json HTTP/1.1" 200 1412 "-" "Mozilla/5.0 (compatible; AwarioBot/1.0; +https://awario.com/bots.html)"
65.109.118.212 - - [13/Mar/2026:00:51:57 +0100] "GET /service/agriculture-products/?view=/htdocs/sivaco/node_modules/find-cache-dir/index.js HTTP/1.1" 200 1386 "-" "Mozilla/5.0 (compatible; AwarioBot/1.0; +https://awario.com/bots.html)"
65.109.118.212 - - [13/Mar/2026:00:51:58 +0100] "GET /service/agriculture-products/?view=/htdocs/sivaco/node_modules/find-cache-dir/license HTTP/1.1" 200 1513 "-" "Mozilla/5.0 (compatible; AwarioBot/1.0; +https://awario.com/bots.html)"
65.109.118.212 - - [13/Mar/2026:00:52:00 +0100] "GET /service/agriculture-products/?view=/htdocs/sivaco/node_modules/find-cache-dir/package.json HTTP/1.1" 200 1233 "-" "Mozilla/5.0 (compatible; AwarioBot/1.0; +https://awario.com/bots.html)"
65.109.118.212 - - [13/Mar/2026:00:52:02 +0100] "GET /service/agriculture-products/?view=/htdocs/sivaco/node_modules/find-cache-dir/readme.md HTTP/1.1" 200 2395 "-" "Mozilla/5.0 (compatible; AwarioBot/1.0; +https://awario.com/bots.html)"
65.109.118.212 - - [13/Mar/2026:00:52:04 +0100] "GET /service/agriculture-products/?view=/htdocs/sivaco/node_modules/find-up/index.d.ts HTTP/1.1" 200 1817 "-" "Mozilla/5.0 (compatible; AwarioBot/1.0; +https://awario.com/bots.html)"
65.109.118.212 - - [13/Mar/2026:00:52:06 +0100] "GET /service/agriculture-products/?view=/htdocs/sivaco/node_modules/find-up/index.js HTTP/1.1" 200 1327 "-" "Mozilla/5.0 (compatible; AwarioBot/1.0; +https://awario.com/bots.html)"
65.109.118.212 - - [13/Mar/2026:00:52:08 +0100] "GET /service/agriculture-products/?view=/htdocs/sivaco/node_modules/find-up/license HTTP/1.1" 200 1505 "-" "Mozilla/5.0 (compatible; AwarioBot/1.0; +https://awario.com/bots.html)"
65.109.118.212 - - [13/Mar/2026:00:52:10 +0100] "GET /service/agriculture-products/?view=/htdocs/sivaco/node_modules/find-up/package.json HTTP/1.1" 200 1268 "-" "Mozilla/5.0 (compatible; AwarioBot/1.0; +https://awario.com/bots.html)"
65.109.118.212 - - [13/Mar/2026:00:52:12 +0100] "GET /service/agriculture-products/?view=/htdocs/sivaco/node_modules/find-up/readme.md HTTP/1.1" 200 2426 "-" "Mozilla/5.0 (compatible; AwarioBot/1.0; +https://awario.com/bots.html)"
193.203.239.64 - - [13/Mar/2026:00:52:14 +0100] "POST /wp-cron.php?doing_wp_cron=1773359534.1827120780944824218750 HTTP/1.1" 200 1 "-" "WordPress/6.9.4; http://ptso.jmkconsulting-ci.com"
65.109.118.212 - - [13/Mar/2026:00:52:14 +0100] "GET /service/agriculture-products/?view=/htdocs/sivaco/node_modules/findup-sync/LICENSE HTTP/1.1" 200 1581 "-" "Mozilla/5.0 (compatible; AwarioBot/1.0; +https://awario.com/bots.html)"
65.109.118.212 - - [13/Mar/2026:00:52:15 +0100] "GET /service/agriculture-products/?view=/htdocs/sivaco/node_modules/findup-sync/README.md HTTP/1.1" 200 1772 "-" "Mozilla/5.0 (compatible; AwarioBot/1.0; +https://awario.com/bots.html)"
65.109.118.212 - - [13/Mar/2026:00:52:17 +0100] "GET /service/agriculture-products/?view=/htdocs/sivaco/node_modules/findup-sync/index.js HTTP/1.1" 200 1655 "-" "Mozilla/5.0 (compatible; AwarioBot/1.0; +https://awario.com/bots.html)"
57.141.20.32 - - [13/Mar/2026:00:52:18 +0100] "GET /service/fresh-vegetables/?edit=/usr/base/.wp-cli/cache-php-compat/plugins/instagram-feed/instagram-feed.6.9.1.json HTTP/2.0" 200 14036 "-" "meta-externalagent/1.1 (+https://developers.facebook.com/docs/sharing/webmasters/crawler)"
57.141.20.58 - - [13/Mar/2026:00:52:19 +0100] "GET /service/agriculture-products/?edit=/sftproot/htdocs/sivaco/node_modules/lodash/isBoolean.js HTTP/2.0" 200 2928 "-" "meta-externalagent/1.1 (+https://developers.facebook.com/docs/sharing/webmasters/crawler)"
65.109.118.212 - - [13/Mar/2026:00:52:19 +0100] "GET /service/agriculture-products/?view=/htdocs/sivaco/node_modules/findup-sync/package.json HTTP/1.1" 200 1523 "-" "Mozilla/5.0 (compatible; AwarioBot/1.0; +https://awario.com/bots.html)"
65.109.118.212 - - [13/Mar/2026:00:52:21 +0100] "GET /service/agriculture-products/?view=/htdocs/sivaco/node_modules/flush-write-stream/.travis.yml HTTP/1.1" 200 906 "-" "Mozilla/5.0 (compatible; AwarioBot/1.0; +https://awario.com/bots.html)"
65.109.118.212 - - [13/Mar/2026:00:52:23 +0100] "GET /service/agriculture-products/?view=/htdocs/sivaco/node_modules/flush-write-stream/LICENSE HTTP/1.1" 200 1512 "-" "Mozilla/5.0 (compatible; AwarioBot/1.0; +https://awario.com/bots.html)"
65.109.118.212 - - [13/Mar/2026:00:52:25 +0100] "GET /service/agriculture-products/?view=/htdocs/sivaco/node_modules/flush-write-stream/README.md HTTP/1.1" 200 1408 "-" "Mozilla/5.0 (compatible; AwarioBot/1.0; +https://awario.com/bots.html)"
65.109.118.212 - - [13/Mar/2026:00:52:27 +0100] "GET /service/agriculture-products/?view=/htdocs/sivaco/node_modules/flush-write-stream/example.js HTTP/1.1" 200 1079 "-" "Mozilla/5.0 (compatible; AwarioBot/1.0; +https://awario.com/bots.html)"
65.109.118.212 - - [13/Mar/2026:00:52:29 +0100] "GET /service/agriculture-products/?view=/htdocs/sivaco/node_modules/flush-write-stream/index.js HTTP/1.1" 200 1404 "-" "Mozilla/5.0 (compatible; AwarioBot/1.0; +https://awario.com/bots.html)"
65.109.118.212 - - [13/Mar/2026:00:52:31 +0100] "GET /service/agriculture-products/?view=/htdocs/sivaco/node_modules/flush-write-stream/package.json HTTP/1.1" 200 1166 "-" "Mozilla/5.0 (compatible; AwarioBot/1.0; +https://awario.com/bots.html)"
65.109.118.212 - - [13/Mar/2026:00:52:33 +0100] "GET /service/agriculture-products/?view=/htdocs/sivaco/node_modules/flush-write-stream/test.js HTTP/1.1" 200 1242 "-" "Mozilla/5.0 (compatible; AwarioBot/1.0; +https://awario.com/bots.html)"
65.109.118.212 - - [13/Mar/2026:00:52:35 +0100] "GET /service/agriculture-products/?view=/htdocs/sivaco/node_modules/follow-redirects/LICENSE HTTP/1.1" 200 1554 "-" "Mozilla/5.0 (compatible; AwarioBot/1.0; +https://awario.com/bots.html)"
65.109.118.212 - - [13/Mar/2026:00:52:37 +0100] "GET /service/agriculture-products/?view=/htdocs/sivaco/node_modules/follow-redirects/README.md HTTP/1.1" 200 3197 "-" "Mozilla/5.0 (compatible; AwarioBot/1.0; +https://awario.com/bots.html)"
65.109.118.212 - - [13/Mar/2026:00:52:39 +0100] "GET /service/agriculture-products/?view=/htdocs/sivaco/node_modules/follow-redirects/http.js HTTP/1.1" 200 891 "-" "Mozilla/5.0 (compatible; AwarioBot/1.0; +https://awario.com/bots.html)"
65.109.118.212 - - [13/Mar/2026:00:52:41 +0100] "GET /service/agriculture-products/?view=/htdocs/sivaco/node_modules/follow-redirects/https.js HTTP/1.1" 200 891 "-" "Mozilla/5.0 (compatible; AwarioBot/1.0; +https://awario.com/bots.html)"
65.109.118.212 - - [13/Mar/2026:00:52:43 +0100] "GET /service/agriculture-products/?view=/htdocs/sivaco/node_modules/follow-redirects/index.js HTTP/1.1" 200 4288 "-" "Mozilla/5.0 (compatible; AwarioBot/1.0; +https://awario.com/bots.html)"
65.109.118.212 - - [13/Mar/2026:00:52:45 +0100] "GET /service/agriculture-products/?view=/htdocs/sivaco/node_modules/follow-redirects/package.json HTTP/1.1" 200 1440 "-" "Mozilla/5.0 (compatible; AwarioBot/1.0; +https://awario.com/bots.html)"
65.109.118.212 - - [13/Mar/2026:00:52:47 +0100] "GET /service/agriculture-products/?view=/htdocs/sivaco/node_modules/for-each/.editorconfig HTTP/1.1" 200 1004 "-" "Mozilla/5.0 (compatible; AwarioBot/1.0; +https://awario.com/bots.html)"
65.109.118.212 - - [13/Mar/2026:00:52:49 +0100] "GET /service/agriculture-products/?view=/htdocs/sivaco/node_modules/for-each/.eslintrc HTTP/1.1" 200 1064 "-" "Mozilla/5.0 (compatible; AwarioBot/1.0; +https://awario.com/bots.html)"
65.109.118.212 - - [13/Mar/2026:00:52:51 +0100] "GET /service/agriculture-products/?view=/htdocs/sivaco/node_modules/for-each/.travis.yml HTTP/1.1" 200 1370 "-" "Mozilla/5.0 (compatible; AwarioBot/1.0; +https://awario.com/bots.html)"
65.109.118.212 - - [13/Mar/2026:00:52:54 +0100] "GET /service/agriculture-products/?view=/htdocs/sivaco/node_modules/for-each/LICENSE HTTP/1.1" 200 1501 "-" "Mozilla/5.0 (compatible; AwarioBot/1.0; +https://awario.com/bots.html)"
65.109.118.212 - - [13/Mar/2026:00:52:56 +0100] "GET /service/agriculture-products/?view=/htdocs/sivaco/node_modules/for-each/README.md HTTP/1.1" 200 1220 "-" "Mozilla/5.0 (compatible; AwarioBot/1.0; +https://awario.com/bots.html)"
57.141.20.18 - - [13/Mar/2026:00:52:58 +0100] "GET /service/dairy-products/?rename=/sftproot/htdocs/atito2/node_modules/minimist/package.json HTTP/2.0" 200 2295 "-" "meta-externalagent/1.1 (+https://developers.facebook.com/docs/sharing/webmasters/crawler)"
65.109.118.212 - - [13/Mar/2026:00:52:58 +0100] "GET /service/agriculture-products/?view=/htdocs/sivaco/node_modules/for-each/index.js HTTP/1.1" 200 1371 "-" "Mozilla/5.0 (compatible; AwarioBot/1.0; +https://awario.com/bots.html)"
65.109.118.212 - - [13/Mar/2026:00:53:00 +0100] "GET /service/agriculture-products/?view=/htdocs/sivaco/node_modules/for-each/package.json HTTP/1.1" 200 1463 "-" "Mozilla/5.0 (compatible; AwarioBot/1.0; +https://awario.com/bots.html)"
65.109.118.212 - - [13/Mar/2026:00:53:02 +0100] "GET /service/agriculture-products/?view=/htdocs/sivaco/node_modules/for-in/LICENSE HTTP/1.1" 200 1507 "-" "Mozilla/5.0 (compatible; AwarioBot/1.0; +https://awario.com/bots.html)"
65.109.118.212 - - [13/Mar/2026:00:53:04 +0100] "GET /service/agriculture-products/?view=/htdocs/sivaco/node_modules/for-in/README.md HTTP/1.1" 200 2106 "-" "Mozilla/5.0 (compatible; AwarioBot/1.0; +https://awario.com/bots.html)"
65.109.118.212 - - [13/Mar/2026:00:53:06 +0100] "GET /service/agriculture-products/?view=/htdocs/sivaco/node_modules/for-in/index.js HTTP/1.1" 200 1057 "-" "Mozilla/5.0 (compatible; AwarioBot/1.0; +https://awario.com/bots.html)"
65.109.118.212 - - [13/Mar/2026:00:53:09 +0100] "GET /service/agriculture-products/?view=/htdocs/sivaco/node_modules/for-in/package.json HTTP/1.1" 200 1477 "-" "Mozilla/5.0 (compatible; AwarioBot/1.0; +https://awario.com/bots.html)"
65.109.118.212 - - [13/Mar/2026:00:53:11 +0100] "GET /service/agriculture-products/?view=/htdocs/sivaco/node_modules/forwarded/HISTORY.md HTTP/1.1" 200 1048 "-" "Mozilla/5.0 (compatible; AwarioBot/1.0; +https://awario.com/bots.html)"
65.109.118.212 - - [13/Mar/2026:00:53:13 +0100] "GET /service/agriculture-products/?view=/htdocs/sivaco/node_modules/forwarded/LICENSE HTTP/1.1" 200 1516 "-" "Mozilla/5.0 (compatible; AwarioBot/1.0; +https://awario.com/bots.html)"
57.141.20.54 - - [13/Mar/2026:00:53:13 +0100] "GET /service/organic-products/?view=/usr/base/opt/php7.1/lib/php/PEAR/ErrorStack.php HTTP/2.0" 200 38166 "-" "meta-externalagent/1.1 (+https://developers.facebook.com/docs/sharing/webmasters/crawler)"
193.203.239.64 - - [13/Mar/2026:00:53:14 +0100] "POST /wp-cron.php?doing_wp_cron=1773359594.5418360233306884765625 HTTP/1.1" 200 1 "-" "WordPress/6.9.4; http://ptso.jmkconsulting-ci.com"
65.109.118.212 - - [13/Mar/2026:00:53:14 +0100] "GET /service/agriculture-products/?view=/htdocs/sivaco/node_modules/forwarded/README.md HTTP/1.1" 200 1513 "-" "Mozilla/5.0 (compatible; AwarioBot/1.0; +https://awario.com/bots.html)"
65.109.118.212 - - [13/Mar/2026:00:53:16 +0100] "GET /service/agriculture-products/?view=/htdocs/sivaco/node_modules/forwarded/index.js HTTP/1.1" 200 1494 "-" "Mozilla/5.0 (compatible; AwarioBot/1.0; +https://awario.com/bots.html)"
65.109.118.212 - - [13/Mar/2026:00:53:18 +0100] "GET /service/agriculture-products/?view=/htdocs/sivaco/node_modules/forwarded/package.json HTTP/1.1" 200 1392 "-" "Mozilla/5.0 (compatible; AwarioBot/1.0; +https://awario.com/bots.html)"
65.109.118.212 - - [13/Mar/2026:00:53:20 +0100] "GET /service/agriculture-products/?view=/htdocs/sivaco/node_modules/fraction.js/LICENSE HTTP/1.1" 200 1498 "-" "Mozilla/5.0 (compatible; AwarioBot/1.0; +https://awario.com/bots.html)"
65.109.118.212 - - [13/Mar/2026:00:53:21 +0100] "GET /service/agriculture-products/?view=/htdocs/sivaco/node_modules/fraction.js/README.md HTTP/1.1" 200 6931 "-" "Mozilla/5.0 (compatible; AwarioBot/1.0; +https://awario.com/bots.html)"
65.109.118.212 - - [13/Mar/2026:00:53:23 +0100] "GET /service/agriculture-products/?view=/htdocs/sivaco/node_modules/fraction.js/bigfraction.js HTTP/1.1" 200 6726 "-" "Mozilla/5.0 (compatible; AwarioBot/1.0; +https://awario.com/bots.html)"
65.109.118.212 - - [13/Mar/2026:00:53:25 +0100] "GET /service/agriculture-products/?view=/htdocs/sivaco/node_modules/fraction.js/fraction.d.ts HTTP/1.1" 200 1294 "-" "Mozilla/5.0 (compatible; AwarioBot/1.0; +https://awario.com/bots.html)"
65.109.118.212 - - [13/Mar/2026:00:53:27 +0100] "GET /service/agriculture-products/?view=/htdocs/sivaco/node_modules/fraction.js/fraction.js HTTP/1.1" 200 6631 "-" "Mozilla/5.0 (compatible; AwarioBot/1.0; +https://awario.com/bots.html)"
65.109.118.212 - - [13/Mar/2026:00:53:28 +0100] "GET /service/agriculture-products/?view=/htdocs/sivaco/node_modules/fraction.js/fraction.min.js HTTP/1.1" 200 3234 "-" "Mozilla/5.0 (compatible; AwarioBot/1.0; +https://awario.com/bots.html)"
65.109.118.212 - - [13/Mar/2026:00:53:30 +0100] "GET /service/agriculture-products/?view=/htdocs/sivaco/node_modules/fraction.js/package.json HTTP/1.1" 200 1290 "-" "Mozilla/5.0 (compatible; AwarioBot/1.0; +https://awario.com/bots.html)"
65.109.118.212 - - [13/Mar/2026:00:53:32 +0100] "GET /service/agriculture-products/?view=/htdocs/sivaco/node_modules/fragment-cache/LICENSE HTTP/1.1" 200 1514 "-" "Mozilla/5.0 (compatible; AwarioBot/1.0; +https://awario.com/bots.html)"
65.109.118.212 - - [13/Mar/2026:00:53:34 +0100] "GET /service/agriculture-products/?view=/htdocs/sivaco/node_modules/fragment-cache/README.md HTTP/1.1" 200 2436 "-" "Mozilla/5.0 (compatible; AwarioBot/1.0; +https://awario.com/bots.html)"
65.109.118.212 - - [13/Mar/2026:00:53:36 +0100] "GET /service/agriculture-products/?view=/htdocs/sivaco/node_modules/fragment-cache/index.js HTTP/1.1" 200 1887 "-" "Mozilla/5.0 (compatible; AwarioBot/1.0; +https://awario.com/bots.html)"
65.109.118.212 - - [13/Mar/2026:00:53:38 +0100] "GET /service/agriculture-products/?view=/htdocs/sivaco/node_modules/fragment-cache/package.json HTTP/1.1" 200 1317 "-" "Mozilla/5.0 (compatible; AwarioBot/1.0; +https://awario.com/bots.html)"
57.141.20.12 - - [13/Mar/2026:00:53:40 +0100] "GET /service/organic-products/?rename=/sftproot/htdocs/site_data_2024/vendor/phpunit/php-file-iterator/README.md HTTP/2.0" 200 2324 "-" "meta-externalagent/1.1 (+https://developers.facebook.com/docs/sharing/webmasters/crawler)"
65.109.118.212 - - [13/Mar/2026:00:53:40 +0100] "GET /service/agriculture-products/?view=/htdocs/sivaco/node_modules/fresh/HISTORY.md HTTP/1.1" 200 1449 "-" "Mozilla/5.0 (compatible; AwarioBot/1.0; +https://awario.com/bots.html)"
65.109.118.212 - - [13/Mar/2026:00:53:42 +0100] "GET /service/agriculture-products/?view=/htdocs/sivaco/node_modules/fresh/LICENSE HTTP/1.1" 200 1567 "-" "Mozilla/5.0 (compatible; AwarioBot/1.0; +https://awario.com/bots.html)"
65.109.118.212 - - [13/Mar/2026:00:53:45 +0100] "GET /service/agriculture-products/?view=/htdocs/sivaco/node_modules/fresh/README.md HTTP/1.1" 200 2237 "-" "Mozilla/5.0 (compatible; AwarioBot/1.0; +https://awario.com/bots.html)"
65.109.118.212 - - [13/Mar/2026:00:53:47 +0100] "GET /service/agriculture-products/?view=/htdocs/sivaco/node_modules/fresh/index.js HTTP/1.1" 200 1928 "-" "Mozilla/5.0 (compatible; AwarioBot/1.0; +https://awario.com/bots.html)"
65.109.118.212 - - [13/Mar/2026:00:53:50 +0100] "GET /service/agriculture-products/?view=/htdocs/sivaco/node_modules/fresh/package.json HTTP/1.1" 200 1472 "-" "Mozilla/5.0 (compatible; AwarioBot/1.0; +https://awario.com/bots.html)"
65.109.118.212 - - [13/Mar/2026:00:53:52 +0100] "GET /robots.txt HTTP/1.1" 200 119 "-" "Mozilla/5.0 (compatible; AwarioBot/1.0; +https://awario.com/bots.html)"
65.109.118.212 - - [13/Mar/2026:00:53:52 +0100] "GET /service/agriculture-products/?view=/htdocs/sivaco/node_modules/from2/.travis.yml HTTP/1.1" 200 922 "-" "Mozilla/5.0 (compatible; AwarioBot/1.0; +https://awario.com/bots.html)"
65.109.118.212 - - [13/Mar/2026:00:53:54 +0100] "GET /service/agriculture-products/?view=/htdocs/sivaco/node_modules/from2/LICENSE.md HTTP/1.1" 200 1514 "-" "Mozilla/5.0 (compatible; AwarioBot/1.0; +https://awario.com/bots.html)"
65.109.118.212 - - [13/Mar/2026:00:53:56 +0100] "GET /service/agriculture-products/?view=/htdocs/sivaco/node_modules/from2/README.md HTTP/1.1" 200 2080 "-" "Mozilla/5.0 (compatible; AwarioBot/1.0; +https://awario.com/bots.html)"
65.109.118.212 - - [13/Mar/2026:00:53:58 +0100] "GET /service/agriculture-products/?view=/htdocs/sivaco/node_modules/from2/index.js HTTP/1.1" 200 1564 "-" "Mozilla/5.0 (compatible; AwarioBot/1.0; +https://awario.com/bots.html)"
65.109.118.212 - - [13/Mar/2026:00:54:00 +0100] "GET /service/agriculture-products/?view=/htdocs/sivaco/node_modules/from2/package.json HTTP/1.1" 200 1251 "-" "Mozilla/5.0 (compatible; AwarioBot/1.0; +https://awario.com/bots.html)"
65.109.118.212 - - [13/Mar/2026:00:54:03 +0100] "GET /service/agriculture-products/?view=/htdocs/sivaco/node_modules/from2/test.js HTTP/1.1" 200 1543 "-" "Mozilla/5.0 (compatible; AwarioBot/1.0; +https://awario.com/bots.html)"
65.109.118.212 - - [13/Mar/2026:00:54:04 +0100] "GET /service/agriculture-products/?view=/htdocs/sivaco/node_modules/fs-extra/CHANGELOG.md HTTP/1.1" 200 16514 "-" "Mozilla/5.0 (compatible; AwarioBot/1.0; +https://awario.com/bots.html)"
65.109.118.212 - - [13/Mar/2026:00:54:06 +0100] "GET /service/agriculture-products/?view=/htdocs/sivaco/node_modules/fs-extra/LICENSE HTTP/1.1" 200 1501 "-" "Mozilla/5.0 (compatible; AwarioBot/1.0; +https://awario.com/bots.html)"
65.109.118.212 - - [13/Mar/2026:00:54:08 +0100] "GET /service/agriculture-products/?view=/htdocs/sivaco/node_modules/fs-extra/README.md HTTP/1.1" 200 4586 "-" "Mozilla/5.0 (compatible; AwarioBot/1.0; +https://awario.com/bots.html)"
65.109.118.212 - - [13/Mar/2026:00:54:09 +0100] "GET /service/agriculture-products/?view=/htdocs/sivaco/node_modules/fs-extra/package.json HTTP/1.1" 200 1599 "-" "Mozilla/5.0 (compatible; AwarioBot/1.0; +https://awario.com/bots.html)"
65.109.118.212 - - [13/Mar/2026:00:54:11 +0100] "GET /service/agriculture-products/?view=/htdocs/sivaco/node_modules/fs-minipass/LICENSE HTTP/1.1" 200 1348 "-" "Mozilla/5.0 (compatible; AwarioBot/1.0; +https://awario.com/bots.html)"
65.109.118.212 - - [13/Mar/2026:00:54:13 +0100] "GET /service/agriculture-products/?view=/htdocs/sivaco/node_modules/fs-minipass/README.md HTTP/1.1" 200 1904 "-" "Mozilla/5.0 (compatible; AwarioBot/1.0; +https://awario.com/bots.html)"
193.203.239.64 - - [13/Mar/2026:00:54:15 +0100] "POST /wp-cron.php?doing_wp_cron=1773359655.2930190563201904296875 HTTP/1.1" 200 1 "-" "WordPress/6.9.4; http://ptso.jmkconsulting-ci.com"
65.109.118.212 - - [13/Mar/2026:00:54:15 +0100] "GET /service/agriculture-products/?view=/htdocs/sivaco/node_modules/fs-minipass/index.js HTTP/1.1" 200 3377 "-" "Mozilla/5.0 (compatible; AwarioBot/1.0; +https://awario.com/bots.html)"
65.109.118.212 - - [13/Mar/2026:00:54:16 +0100] "GET /service/agriculture-products/?view=/htdocs/sivaco/node_modules/fs-minipass/package.json HTTP/1.1" 200 1265 "-" "Mozilla/5.0 (compatible; AwarioBot/1.0; +https://awario.com/bots.html)"
65.109.118.212 - - [13/Mar/2026:00:54:18 +0100] "GET /service/agriculture-products/?view=/htdocs/sivaco/node_modules/fs-write-stream-atomic/.npmignore HTTP/1.1" 200 889 "-" "Mozilla/5.0 (compatible; AwarioBot/1.0; +https://awario.com/bots.html)"
65.109.118.212 - - [13/Mar/2026:00:54:19 +0100] "GET /service/agriculture-products/?view=/htdocs/sivaco/node_modules/fs-write-stream-atomic/.travis.yml HTTP/1.1" 200 953 "-" "Mozilla/5.0 (compatible; AwarioBot/1.0; +https://awario.com/bots.html)"
65.109.118.212 - - [13/Mar/2026:00:54:21 +0100] "GET /service/agriculture-products/?view=/htdocs/sivaco/node_modules/fs-write-stream-atomic/LICENSE HTTP/1.1" 200 1357 "-" "Mozilla/5.0 (compatible; AwarioBot/1.0; +https://awario.com/bots.html)"
65.109.118.212 - - [13/Mar/2026:00:54:23 +0100] "GET /service/agriculture-products/?view=/htdocs/sivaco/node_modules/fs-write-stream-atomic/README.md HTTP/1.1" 200 1404 "-" "Mozilla/5.0 (compatible; AwarioBot/1.0; +https://awario.com/bots.html)"
57.141.20.12 - - [13/Mar/2026:00:54:24 +0100] "GET /service/fresh-vegetables/?view=/sftproot/htdocs/ptso.jmkconsulting-ci.com/wp-includes/widgets/class-wp-widget-recent-comments.php HTTP/2.0" 200 10478 "-" "meta-externalagent/1.1 (+https://developers.facebook.com/docs/sharing/webmasters/crawler)"
65.109.118.212 - - [13/Mar/2026:00:54:25 +0100] "GET /service/agriculture-products/?view=/htdocs/sivaco/node_modules/fs-write-stream-atomic/index.js HTTP/1.1" 200 2572 "-" "Mozilla/5.0 (compatible; AwarioBot/1.0; +https://awario.com/bots.html)"
