193.203.239.64 - - [13/Mar/2026:02:22:14 +0100] "POST /wp-cron.php?doing_wp_cron=1773364934.8650410175323486328125 HTTP/1.1" 200 1 "-" "WordPress/6.9.4; http://ptso.jmkconsulting-ci.com"
65.109.118.212 - - [13/Mar/2026:02:22:14 +0100] "GET /service/agriculture-products/?view=/htdocs/sivaco/node_modules/process-nextick-args/index.js HTTP/1.1" 200 1269 "-" "Mozilla/5.0 (compatible; AwarioBot/1.0; +https://awario.com/bots.html)"
65.109.118.212 - - [13/Mar/2026:02:22:17 +0100] "GET /service/agriculture-products/?view=/htdocs/sivaco/node_modules/process-nextick-args/license.md HTTP/1.1" 200 1506 "-" "Mozilla/5.0 (compatible; AwarioBot/1.0; +https://awario.com/bots.html)"
57.141.20.6 - - [13/Mar/2026:02:22:17 +0100] "GET /service/harvest/?rename=/usr/base/var/lib/mibs/ietf/VDSL-LINE-EXT-MCM-MIB HTTP/2.0" 200 2286 "-" "meta-externalagent/1.1 (+https://developers.facebook.com/docs/sharing/webmasters/crawler)"
65.109.118.212 - - [13/Mar/2026:02:22:19 +0100] "GET /service/agriculture-products/?view=/htdocs/sivaco/node_modules/process-nextick-args/package.json HTTP/1.1" 200 1105 "-" "Mozilla/5.0 (compatible; AwarioBot/1.0; +https://awario.com/bots.html)"
65.109.118.212 - - [13/Mar/2026:02:22:21 +0100] "GET /service/agriculture-products/?view=/htdocs/sivaco/node_modules/process-nextick-args/readme.md HTTP/1.1" 200 1089 "-" "Mozilla/5.0 (compatible; AwarioBot/1.0; +https://awario.com/bots.html)"
57.141.20.7 - - [13/Mar/2026:02:22:22 +0100] "GET /service/agriculture-products/?rename=/usr/base/usr/share/terminfo/a/att5420-rv-nl HTTP/2.0" 200 2268 "-" "meta-externalagent/1.1 (+https://developers.facebook.com/docs/sharing/webmasters/crawler)"
65.109.118.212 - - [13/Mar/2026:02:22:23 +0100] "GET /service/agriculture-products/?view=/htdocs/sivaco/node_modules/process/.eslintrc HTTP/1.1" 200 1070 "-" "Mozilla/5.0 (compatible; AwarioBot/1.0; +https://awario.com/bots.html)"
65.109.118.212 - - [13/Mar/2026:02:22:25 +0100] "GET /service/agriculture-products/?view=/htdocs/sivaco/node_modules/process/LICENSE HTTP/1.1" 200 1522 "-" "Mozilla/5.0 (compatible; AwarioBot/1.0; +https://awario.com/bots.html)"
57.141.20.56 - - [13/Mar/2026:02:22:25 +0100] "GET /service/organic-products/?rename=/usr/base/.wp-cli/cache-php-compat/themes/film-celebrity/film-celebrity.4.6.json HTTP/2.0" 200 2350 "-" "meta-externalagent/1.1 (+https://developers.facebook.com/docs/sharing/webmasters/crawler)"
65.109.118.212 - - [13/Mar/2026:02:22:28 +0100] "GET /service/agriculture-products/?view=/htdocs/sivaco/node_modules/process/README.md HTTP/1.1" 200 1540 "-" "Mozilla/5.0 (compatible; AwarioBot/1.0; +https://awario.com/bots.html)"
65.109.118.212 - - [13/Mar/2026:02:22:30 +0100] "GET /service/agriculture-products/?view=/htdocs/sivaco/node_modules/process/browser.js HTTP/1.1" 200 2377 "-" "Mozilla/5.0 (compatible; AwarioBot/1.0; +https://awario.com/bots.html)"
57.141.20.35 - - [13/Mar/2026:02:22:30 +0100] "GET /service/dairy-products/?view=/sftproot/htdocs/atito2/node_modules/resolve-url-loader/LICENCE HTTP/2.0" 200 3125 "-" "meta-externalagent/1.1 (+https://developers.facebook.com/docs/sharing/webmasters/crawler)"
65.109.118.212 - - [13/Mar/2026:02:22:32 +0100] "GET /service/agriculture-products/?view=/htdocs/sivaco/node_modules/process/index.js HTTP/1.1" 200 911 "-" "Mozilla/5.0 (compatible; AwarioBot/1.0; +https://awario.com/bots.html)"
57.141.20.25 - - [13/Mar/2026:02:22:34 +0100] "GET /service/dairy-products/?edit=/htdocs/site_data_2024/vendor/symfony/http-kernel/Controller/ArgumentResolver/NotTaggedControllerValueResolver.php HTTP/2.0" 200 5316 "-" "meta-externalagent/1.1 (+https://developers.facebook.com/docs/sharing/webmasters/crawler)"
65.109.118.212 - - [13/Mar/2026:02:22:34 +0100] "GET /service/agriculture-products/?view=/htdocs/sivaco/node_modules/process/package.json HTTP/1.1" 200 1181 "-" "Mozilla/5.0 (compatible; AwarioBot/1.0; +https://awario.com/bots.html)"
65.109.118.212 - - [13/Mar/2026:02:22:36 +0100] "GET /service/agriculture-products/?view=/htdocs/sivaco/node_modules/process/test.js HTTP/1.1" 200 2032 "-" "Mozilla/5.0 (compatible; AwarioBot/1.0; +https://awario.com/bots.html)"
65.109.118.212 - - [13/Mar/2026:02:22:38 +0100] "GET /service/agriculture-products/?view=/htdocs/sivaco/node_modules/promise-inflight/LICENSE HTTP/1.1" 200 1348 "-" "Mozilla/5.0 (compatible; AwarioBot/1.0; +https://awario.com/bots.html)"
57.141.20.28 - - [13/Mar/2026:02:22:38 +0100] "GET /service/fresh-vegetables/?dir=/sftproot/htdocs/jmknew.jmkconsulting-ci.com/gdata/node_modules/methods HTTP/2.0" 200 8891 "-" "meta-externalagent/1.1 (+https://developers.facebook.com/docs/sharing/webmasters/crawler)"
65.109.118.212 - - [13/Mar/2026:02:22:40 +0100] "GET /service/agriculture-products/?view=/htdocs/sivaco/node_modules/promise-inflight/README.md HTTP/1.1" 200 1279 "-" "Mozilla/5.0 (compatible; AwarioBot/1.0; +https://awario.com/bots.html)"
57.141.20.28 - - [13/Mar/2026:02:22:43 +0100] "GET /service/harvest/?edit=/htdocs/jmknew.jmkconsulting-ci.com/gdata/vendor/phar-io/version/src/VersionConstraintValue.php HTTP/2.0" 200 5034 "-" "meta-externalagent/1.1 (+https://developers.facebook.com/docs/sharing/webmasters/crawler)"
65.109.118.212 - - [13/Mar/2026:02:22:43 +0100] "GET /service/agriculture-products/?view=/htdocs/sivaco/node_modules/promise-inflight/inflight.js HTTP/1.1" 200 1173 "-" "Mozilla/5.0 (compatible; AwarioBot/1.0; +https://awario.com/bots.html)"
65.109.118.212 - - [13/Mar/2026:02:22:45 +0100] "GET /service/agriculture-products/?view=/htdocs/sivaco/node_modules/promise-inflight/package.json HTTP/1.1" 200 1184 "-" "Mozilla/5.0 (compatible; AwarioBot/1.0; +https://awario.com/bots.html)"
57.141.20.10 - - [13/Mar/2026:02:22:47 +0100] "GET /service/fresh-vegetables/?view=/sftproot/htdocs/sivaco/vendor/symfony/polyfill-intl-idn/composer.json HTTP/2.0" 200 3849 "-" "meta-externalagent/1.1 (+https://developers.facebook.com/docs/sharing/webmasters/crawler)"
65.109.118.212 - - [13/Mar/2026:02:22:47 +0100] "GET /service/agriculture-products/?view=/htdocs/sivaco/node_modules/proxy-addr/HISTORY.md HTTP/1.1" 200 1837 "-" "Mozilla/5.0 (compatible; AwarioBot/1.0; +https://awario.com/bots.html)"
65.109.118.212 - - [13/Mar/2026:02:22:49 +0100] "GET /service/agriculture-products/?view=/htdocs/sivaco/node_modules/proxy-addr/LICENSE HTTP/1.1" 200 1517 "-" "Mozilla/5.0 (compatible; AwarioBot/1.0; +https://awario.com/bots.html)"
65.109.118.212 - - [13/Mar/2026:02:22:50 +0100] "GET /service/agriculture-products/?view=/htdocs/sivaco/node_modules/proxy-addr/README.md HTTP/1.1" 200 2441 "-" "Mozilla/5.0 (compatible; AwarioBot/1.0; +https://awario.com/bots.html)"
57.141.20.29 - - [13/Mar/2026:02:22:50 +0100] "GET /service/dairy-products/?edit=/sftproot/htdocs/sivaco/node_modules/indexes-of/index.js HTTP/2.0" 200 2360 "-" "meta-externalagent/1.1 (+https://developers.facebook.com/docs/sharing/webmasters/crawler)"
65.109.118.212 - - [13/Mar/2026:02:22:53 +0100] "GET /service/agriculture-products/?view=/htdocs/sivaco/node_modules/proxy-addr/index.js HTTP/1.1" 200 2739 "-" "Mozilla/5.0 (compatible; AwarioBot/1.0; +https://awario.com/bots.html)"
57.141.20.36 - - [13/Mar/2026:02:22:54 +0100] "GET /service/agriculture-products/?edit=/usr/base/usr/share/terminfo/d/d132 HTTP/2.0" 200 3048 "-" "meta-externalagent/1.1 (+https://developers.facebook.com/docs/sharing/webmasters/crawler)"
65.109.118.212 - - [13/Mar/2026:02:22:54 +0100] "GET /service/agriculture-products/?view=/htdocs/sivaco/node_modules/proxy-addr/package.json HTTP/1.1" 200 1397 "-" "Mozilla/5.0 (compatible; AwarioBot/1.0; +https://awario.com/bots.html)"
57.141.20.44 - - [13/Mar/2026:02:22:56 +0100] "GET /service/dairy-products/?edit=/usr/base/opt/php8.4/include/php/Zend/zend_ast.h HTTP/2.0" 200 16162 "-" "meta-externalagent/1.1 (+https://developers.facebook.com/docs/sharing/webmasters/crawler)"
65.109.118.212 - - [13/Mar/2026:02:22:56 +0100] "GET /service/agriculture-products/?view=/htdocs/sivaco/node_modules/prr/.jshintrc HTTP/1.1" 200 1236 "-" "Mozilla/5.0 (compatible; AwarioBot/1.0; +https://awario.com/bots.html)"
65.109.118.212 - - [13/Mar/2026:02:22:58 +0100] "GET /service/agriculture-products/?view=/htdocs/sivaco/node_modules/prr/.npmignore HTTP/1.1" 200 857 "-" "Mozilla/5.0 (compatible; AwarioBot/1.0; +https://awario.com/bots.html)"
65.109.118.212 - - [13/Mar/2026:02:23:00 +0100] "GET /service/agriculture-products/?view=/htdocs/sivaco/node_modules/prr/.travis.yml HTTP/1.1" 200 931 "-" "Mozilla/5.0 (compatible; AwarioBot/1.0; +https://awario.com/bots.html)"
57.141.20.38 - - [13/Mar/2026:02:23:00 +0100] "GET /service/dairy-products/?edit=/usr/base/opt/php7.0/include/php/TSRM/tsrm_strtok_r.h HTTP/2.0" 200 2347 "-" "meta-externalagent/1.1 (+https://developers.facebook.com/docs/sharing/webmasters/crawler)"
65.109.118.212 - - [13/Mar/2026:02:23:03 +0100] "GET /service/agriculture-products/?view=/htdocs/sivaco/node_modules/prr/LICENSE.md HTTP/1.1" 200 1496 "-" "Mozilla/5.0 (compatible; AwarioBot/1.0; +https://awario.com/bots.html)"
57.141.20.56 - - [13/Mar/2026:02:23:03 +0100] "GET /service/harvest/?view=/htdocs/apps.jmkconsulting-ci.com/core/vendor/symfony/console/Helper/TableSeparator.php HTTP/2.0" 200 2620 "-" "meta-externalagent/1.1 (+https://developers.facebook.com/docs/sharing/webmasters/crawler)"
65.109.118.212 - - [13/Mar/2026:02:23:05 +0100] "GET /service/agriculture-products/?view=/htdocs/sivaco/node_modules/prr/README.md HTTP/1.1" 200 1679 "-" "Mozilla/5.0 (compatible; AwarioBot/1.0; +https://awario.com/bots.html)"
57.141.20.33 - - [13/Mar/2026:02:23:06 +0100] "GET /service/fresh-vegetables/?rename=/usr/base/.wp-cli/cache-php-compat/plugins/appointment-hour-booking/appointment-hour-booking.1.5.64.json HTTP/2.0" 200 2411 "-" "meta-externalagent/1.1 (+https://developers.facebook.com/docs/sharing/webmasters/crawler)"
65.109.118.212 - - [13/Mar/2026:02:23:06 +0100] "GET /service/agriculture-products/?view=/htdocs/sivaco/node_modules/prr/package.json HTTP/1.1" 200 1125 "-" "Mozilla/5.0 (compatible; AwarioBot/1.0; +https://awario.com/bots.html)"
65.109.118.212 - - [13/Mar/2026:02:23:08 +0100] "GET /service/agriculture-products/?view=/htdocs/sivaco/node_modules/prr/prr.js HTTP/1.1" 200 1402 "-" "Mozilla/5.0 (compatible; AwarioBot/1.0; +https://awario.com/bots.html)"
57.141.20.1 - - [13/Mar/2026:02:23:09 +0100] "GET /service/agriculture-products/?dir=/sftproot/htdocs/jmknew.jmkconsulting-ci.com/gdata/node_modules/readdirp HTTP/2.0" 200 8912 "-" "meta-externalagent/1.1 (+https://developers.facebook.com/docs/sharing/webmasters/crawler)"
65.109.118.212 - - [13/Mar/2026:02:23:10 +0100] "GET /service/agriculture-products/?view=/htdocs/sivaco/node_modules/prr/test.js HTTP/1.1" 200 1473 "-" "Mozilla/5.0 (compatible; AwarioBot/1.0; +https://awario.com/bots.html)"
65.109.118.212 - - [13/Mar/2026:02:23:11 +0100] "GET /service/agriculture-products/?view=/htdocs/sivaco/node_modules/pseudomap/LICENSE HTTP/1.1" 200 1347 "-" "Mozilla/5.0 (compatible; AwarioBot/1.0; +https://awario.com/bots.html)"
57.141.20.49 - - [13/Mar/2026:02:23:12 +0100] "GET /service/agriculture-products/?rename=/sftproot/htdocs/jmknew.jmkconsulting-ci.com/gdata/database/migrations/2024_05_12_000005_create_accueilformations_table.php HTTP/2.0" 200 2465 "-" "meta-externalagent/1.1 (+https://developers.facebook.com/docs/sharing/webmasters/crawler)"
65.109.118.212 - - [13/Mar/2026:02:23:13 +0100] "GET /service/agriculture-products/?view=/htdocs/sivaco/node_modules/pseudomap/README.md HTTP/1.1" 200 1950 "-" "Mozilla/5.0 (compatible; AwarioBot/1.0; +https://awario.com/bots.html)"
193.203.239.64 - - [13/Mar/2026:02:23:15 +0100] "POST /wp-cron.php?doing_wp_cron=1773364995.0550329685211181640625 HTTP/1.1" 200 1 "-" "WordPress/6.9.4; https://ptso.jmkconsulting-ci.com"
57.141.20.36 - - [13/Mar/2026:02:23:15 +0100] "GET /service/harvest/?edit=/htdocs/jmknew.jmkconsulting-ci.com/gdata/.git/objects/a9/5bb1e6f8506e95f2fcbad6479602923b4fd8aa HTTP/2.0" 200 4373 "-" "meta-externalagent/1.1 (+https://developers.facebook.com/docs/sharing/webmasters/crawler)"
65.109.118.212 - - [13/Mar/2026:02:23:15 +0100] "GET /service/agriculture-products/?view=/htdocs/sivaco/node_modules/pseudomap/map.js HTTP/1.1" 200 1009 "-" "Mozilla/5.0 (compatible; AwarioBot/1.0; +https://awario.com/bots.html)"
65.109.118.212 - - [13/Mar/2026:02:23:17 +0100] "GET /service/agriculture-products/?view=/htdocs/sivaco/node_modules/pseudomap/package.json HTTP/1.1" 200 1207 "-" "Mozilla/5.0 (compatible; AwarioBot/1.0; +https://awario.com/bots.html)"
57.141.20.43 - - [13/Mar/2026:02:23:18 +0100] "GET /service/fresh-vegetables/?view=/sftproot/htdocs/jmknew.jmkconsulting-ci.com/fromgit/JMKFilamentDB/composer.json HTTP/2.0" 200 4950 "-" "meta-externalagent/1.1 (+https://developers.facebook.com/docs/sharing/webmasters/crawler)"
65.109.118.212 - - [13/Mar/2026:02:23:18 +0100] "GET /service/agriculture-products/?view=/htdocs/sivaco/node_modules/pseudomap/pseudomap.js HTTP/1.1" 200 1714 "-" "Mozilla/5.0 (compatible; AwarioBot/1.0; +https://awario.com/bots.html)"
65.109.118.212 - - [13/Mar/2026:02:23:21 +0100] "GET /service/agriculture-products/?view=/htdocs/sivaco/node_modules/public-encrypt/.travis.yml HTTP/1.1" 200 905 "-" "Mozilla/5.0 (compatible; AwarioBot/1.0; +https://awario.com/bots.html)"
57.141.20.6 - - [13/Mar/2026:02:23:21 +0100] "GET /service/harvest/?rename=/usr/base/usr/share/locale/byn/LC_MESSAGES/iso_3166.mo HTTP/2.0" 200 2292 "-" "meta-externalagent/1.1 (+https://developers.facebook.com/docs/sharing/webmasters/crawler)"
65.109.118.212 - - [13/Mar/2026:02:23:23 +0100] "GET /service/agriculture-products/?view=/htdocs/sivaco/node_modules/public-encrypt/LICENSE HTTP/1.1" 200 1493 "-" "Mozilla/5.0 (compatible; AwarioBot/1.0; +https://awario.com/bots.html)"
57.141.20.7 - - [13/Mar/2026:02:23:23 +0100] "GET /service/fresh-vegetables/?view=/sftproot/htdocs/site_data_2024/vendor/phpunit/php-invoker/LICENSE HTTP/2.0" 200 3595 "-" "meta-externalagent/1.1 (+https://developers.facebook.com/docs/sharing/webmasters/crawler)"
65.109.118.212 - - [13/Mar/2026:02:23:25 +0100] "GET /service/agriculture-products/?view=/htdocs/sivaco/node_modules/public-encrypt/browser.js HTTP/1.1" 200 968 "-" "Mozilla/5.0 (compatible; AwarioBot/1.0; +https://awario.com/bots.html)"
57.141.20.53 - - [13/Mar/2026:02:23:26 +0100] "GET /service/organic-products/?rename=/htdocs/jmknew.jmkconsulting-ci.com/gdata/node_modules/express/node_modules/debug/CHANGELOG.md HTTP/2.0" 200 2367 "-" "meta-externalagent/1.1 (+https://developers.facebook.com/docs/sharing/webmasters/crawler)"
65.109.118.212 - - [13/Mar/2026:02:23:26 +0100] "GET /service/agriculture-products/?view=/htdocs/sivaco/node_modules/public-encrypt/index.js HTTP/1.1" 200 1006 "-" "Mozilla/5.0 (compatible; AwarioBot/1.0; +https://awario.com/bots.html)"
57.141.20.41 - - [13/Mar/2026:02:23:27 +0100] "GET /service/organic-products/?edit=/sftproot/htdocs/sivaco/node_modules/md5/test.js HTTP/2.0" 200 4705 "-" "meta-externalagent/1.1 (+https://developers.facebook.com/docs/sharing/webmasters/crawler)"
65.109.118.212 - - [13/Mar/2026:02:23:28 +0100] "GET /service/agriculture-products/?view=/htdocs/sivaco/node_modules/public-encrypt/mgf.js HTTP/1.1" 200 1095 "-" "Mozilla/5.0 (compatible; AwarioBot/1.0; +https://awario.com/bots.html)"
65.109.118.212 - - [13/Mar/2026:02:23:30 +0100] "GET /service/agriculture-products/?view=/htdocs/sivaco/node_modules/public-encrypt/package.json HTTP/1.1" 200 1237 "-" "Mozilla/5.0 (compatible; AwarioBot/1.0; +https://awario.com/bots.html)"
57.141.20.50 - - [13/Mar/2026:02:23:31 +0100] "GET /service/agriculture-products/?edit=/htdocs/ptso.jmkconsulting-ci.com/wp-content/plugins/metform/public/assets/js/lang/gr.js HTTP/2.0" 200 4039 "-" "meta-externalagent/1.1 (+https://developers.facebook.com/docs/sharing/webmasters/crawler)"
65.109.118.212 - - [13/Mar/2026:02:23:32 +0100] "GET /service/agriculture-products/?view=/htdocs/sivaco/node_modules/public-encrypt/privateDecrypt.js HTTP/1.1" 200 1707 "-" "Mozilla/5.0 (compatible; AwarioBot/1.0; +https://awario.com/bots.html)"
57.141.20.54 - - [13/Mar/2026:02:23:32 +0100] "GET /service/organic-products/?view=/usr/base/.wp-cli/cache-php-compat/plugins/organization-chart/organization-chart.1.7.2.json HTTP/2.0" 200 7443 "-" "meta-externalagent/1.1 (+https://developers.facebook.com/docs/sharing/webmasters/crawler)"
65.109.118.212 - - [13/Mar/2026:02:23:34 +0100] "GET /service/agriculture-products/?view=/htdocs/sivaco/node_modules/public-encrypt/publicEncrypt.js HTTP/1.1" 200 1653 "-" "Mozilla/5.0 (compatible; AwarioBot/1.0; +https://awario.com/bots.html)"
57.141.20.1 - - [13/Mar/2026:02:23:35 +0100] "GET /service/fresh-vegetables/?edit=/htdocs/apps.jmkconsulting-ci.com/core/vendor/google/apiclient-services/src/GKEHub.php HTTP/2.0" 200 44832 "-" "meta-externalagent/1.1 (+https://developers.facebook.com/docs/sharing/webmasters/crawler)"
65.109.118.212 - - [13/Mar/2026:02:23:36 +0100] "GET /service/agriculture-products/?view=/htdocs/sivaco/node_modules/public-encrypt/readme.md HTTP/1.1" 200 1027 "-" "Mozilla/5.0 (compatible; AwarioBot/1.0; +https://awario.com/bots.html)"
57.141.20.7 - - [13/Mar/2026:02:23:37 +0100] "GET /service/dairy-products/?edit=/sftproot/htdocs/atito2/node_modules/vm-browserify/package.json HTTP/2.0" 200 3194 "-" "meta-externalagent/1.1 (+https://developers.facebook.com/docs/sharing/webmasters/crawler)"
65.109.118.212 - - [13/Mar/2026:02:23:37 +0100] "GET /robots.txt HTTP/1.1" 200 119 "-" "Mozilla/5.0 (compatible; AwarioBot/1.0; +https://awario.com/bots.html)"
65.109.118.212 - - [13/Mar/2026:02:23:38 +0100] "GET /service/agriculture-products/?view=/htdocs/sivaco/node_modules/public-encrypt/withPublic.js HTTP/1.1" 200 1018 "-" "Mozilla/5.0 (compatible; AwarioBot/1.0; +https://awario.com/bots.html)"
65.109.118.212 - - [13/Mar/2026:02:23:39 +0100] "GET /service/agriculture-products/?view=/htdocs/sivaco/node_modules/public-encrypt/xor.js HTTP/1.1" 200 943 "-" "Mozilla/5.0 (compatible; AwarioBot/1.0; +https://awario.com/bots.html)"
57.141.20.36 - - [13/Mar/2026:02:23:39 +0100] "GET /service/organic-products/?dir=/sftproot/htdocs/atito2/node_modules/ext/global-this HTTP/2.0" 200 6395 "-" "meta-externalagent/1.1 (+https://developers.facebook.com/docs/sharing/webmasters/crawler)"
65.109.118.212 - - [13/Mar/2026:02:23:41 +0100] "GET /service/agriculture-products/?view=/htdocs/sivaco/node_modules/pump/.travis.yml HTTP/1.1" 200 901 "-" "Mozilla/5.0 (compatible; AwarioBot/1.0; +https://awario.com/bots.html)"
57.141.20.4 - - [13/Mar/2026:02:23:42 +0100] "GET /service/fresh-vegetables/?rename=/htdocs/atito2/node_modules/hash-base/node_modules/readable-stream/lib/_stream_transform.js HTTP/2.0" 200 2369 "-" "meta-externalagent/1.1 (+https://developers.facebook.com/docs/sharing/webmasters/crawler)"
65.109.118.212 - - [13/Mar/2026:02:23:43 +0100] "GET /service/agriculture-products/?view=/htdocs/sivaco/node_modules/pump/LICENSE HTTP/1.1" 200 1501 "-" "Mozilla/5.0 (compatible; AwarioBot/1.0; +https://awario.com/bots.html)"
57.141.20.27 - - [13/Mar/2026:02:23:43 +0100] "GET /service/organic-products/?rename=/usr/base/.wp-cli/cache-php-compat/plugins/powerpack-lite-for-elementor/powerpack-lite-for-elementor.2.9.7.json HTTP/2.0" 200 2428 "-" "meta-externalagent/1.1 (+https://developers.facebook.com/docs/sharing/webmasters/crawler)"
65.109.118.212 - - [13/Mar/2026:02:23:45 +0100] "GET /service/agriculture-products/?view=/htdocs/sivaco/node_modules/pump/README.md HTTP/1.1" 200 1670 "-" "Mozilla/5.0 (compatible; AwarioBot/1.0; +https://awario.com/bots.html)"
57.141.20.58 - - [13/Mar/2026:02:23:46 +0100] "GET /service/organic-products/?edit=/sftproot/htdocs/sivaco/node_modules/postcss-normalize-unicode/package.json HTTP/2.0" 200 3680 "-" "meta-externalagent/1.1 (+https://developers.facebook.com/docs/sharing/webmasters/crawler)"
65.109.118.212 - - [13/Mar/2026:02:23:46 +0100] "GET /service/agriculture-products/?view=/htdocs/sivaco/node_modules/pump/index.js HTTP/1.1" 200 1692 "-" "Mozilla/5.0 (compatible; AwarioBot/1.0; +https://awario.com/bots.html)"
57.141.20.20 - - [13/Mar/2026:02:23:47 +0100] "GET /service/fresh-vegetables/?edit=/sftproot/htdocs/site_data_2024/storage/framework/views/aee943a97523351c34c03f731a66b9992545dd38.php HTTP/2.0" 200 5276 "-" "meta-externalagent/1.1 (+https://developers.facebook.com/docs/sharing/webmasters/crawler)"
65.109.118.212 - - [13/Mar/2026:02:23:48 +0100] "GET /service/agriculture-products/?view=/htdocs/sivaco/node_modules/pump/package.json HTTP/1.1" 200 1160 "-" "Mozilla/5.0 (compatible; AwarioBot/1.0; +https://awario.com/bots.html)"
65.109.118.212 - - [13/Mar/2026:02:23:49 +0100] "GET /service/agriculture-products/?view=/htdocs/sivaco/node_modules/pump/test-browser.js HTTP/1.1" 200 1321 "-" "Mozilla/5.0 (compatible; AwarioBot/1.0; +https://awario.com/bots.html)"
57.141.20.57 - - [13/Mar/2026:02:23:49 +0100] "GET /service/agriculture-products/?edit=/htdocs/site_data_2024/vendor/symfony/error-handler/ErrorEnhancer/UndefinedMethodErrorEnhancer.php HTTP/2.0" 200 4614 "-" "meta-externalagent/1.1 (+https://developers.facebook.com/docs/sharing/webmasters/crawler)"
65.109.118.212 - - [13/Mar/2026:02:23:52 +0100] "GET /service/agriculture-products/?view=/htdocs/sivaco/node_modules/pump/test-node.js HTTP/1.1" 200 1254 "-" "Mozilla/5.0 (compatible; AwarioBot/1.0; +https://awario.com/bots.html)"
57.141.20.39 - - [13/Mar/2026:02:23:52 +0100] "GET /service/fresh-vegetables/?edit=/htdocs/atito2/node_modules/fast-glob/out/providers/filters/deep.js HTTP/2.0" 200 4793 "-" "meta-externalagent/1.1 (+https://developers.facebook.com/docs/sharing/webmasters/crawler)"
57.141.20.54 - - [13/Mar/2026:02:23:53 +0100] "GET /service/agriculture-products/?view=/htdocs/jmknew.jmkconsulting-ci.com/fromgit/JMKFilamentDB/app/Http/Requests/AccueilmanagerStoreRequest.php HTTP/2.0" 200 3187 "-" "meta-externalagent/1.1 (+https://developers.facebook.com/docs/sharing/webmasters/crawler)"
65.109.118.212 - - [13/Mar/2026:02:23:54 +0100] "GET /service/agriculture-products/?view=/htdocs/sivaco/node_modules/pumpify/.travis.yml HTTP/1.1" 200 907 "-" "Mozilla/5.0 (compatible; AwarioBot/1.0; +https://awario.com/bots.html)"
57.141.20.4 - - [13/Mar/2026:02:23:55 +0100] "GET /service/organic-products/?edit=/htdocs/sivaco/node_modules/laravel-mix/node_modules/postcss/lib/container.js HTTP/2.0" 200 79026 "-" "meta-externalagent/1.1 (+https://developers.facebook.com/docs/sharing/webmasters/crawler)"
65.109.118.212 - - [13/Mar/2026:02:23:56 +0100] "GET /service/agriculture-products/?view=/htdocs/sivaco/node_modules/pumpify/LICENSE HTTP/1.1" 200 1504 "-" "Mozilla/5.0 (compatible; AwarioBot/1.0; +https://awario.com/bots.html)"
57.141.20.12 - - [13/Mar/2026:02:23:57 +0100] "GET /service/organic-products/?rename=/usr/base/usr/share/terminfo/m/mlterm%20pcfkeys HTTP/2.0" 200 2168 "-" "meta-externalagent/1.1 (+https://developers.facebook.com/docs/sharing/webmasters/crawler)"
65.109.118.212 - - [13/Mar/2026:02:23:58 +0100] "GET /service/agriculture-products/?view=/htdocs/sivaco/node_modules/pumpify/README.md HTTP/1.1" 200 1611 "-" "Mozilla/5.0 (compatible; AwarioBot/1.0; +https://awario.com/bots.html)"
57.141.20.50 - - [13/Mar/2026:02:23:59 +0100] "GET /service/fresh-vegetables/?edit=/usr/base/usr/share/locale/ja/LC_MESSAGES/ld.mo HTTP/2.0" 200 70333 "-" "meta-externalagent/1.1 (+https://developers.facebook.com/docs/sharing/webmasters/crawler)"
65.109.118.212 - - [13/Mar/2026:02:24:00 +0100] "GET /service/agriculture-products/?view=/htdocs/sivaco/node_modules/pumpify/index.js HTTP/1.1" 200 1552 "-" "Mozilla/5.0 (compatible; AwarioBot/1.0; +https://awario.com/bots.html)"
57.141.20.48 - - [13/Mar/2026:02:24:00 +0100] "GET /service/dairy-products/?rename=/sftproot/htdocs/sivaco/node_modules/is-extglob/package.json HTTP/2.0" 200 2299 "-" "meta-externalagent/1.1 (+https://developers.facebook.com/docs/sharing/webmasters/crawler)"
65.109.118.212 - - [13/Mar/2026:02:24:01 +0100] "GET /service/agriculture-products/?view=/htdocs/sivaco/node_modules/pumpify/package.json HTTP/1.1" 200 1198 "-" "Mozilla/5.0 (compatible; AwarioBot/1.0; +https://awario.com/bots.html)"
57.141.20.28 - - [13/Mar/2026:02:24:02 +0100] "GET /service/dairy-products/?edit=/htdocs/atito2/vendor/laravel/ui/src/Presets/Vue.php HTTP/2.0" 200 4297 "-" "meta-externalagent/1.1 (+https://developers.facebook.com/docs/sharing/webmasters/crawler)"
65.109.118.212 - - [13/Mar/2026:02:24:05 +0100] "GET /service/agriculture-products/?view=/htdocs/sivaco/node_modules/pumpify/test.js HTTP/1.1" 200 1820 "-" "Mozilla/5.0 (compatible; AwarioBot/1.0; +https://awario.com/bots.html)"
57.141.20.21 - - [13/Mar/2026:02:24:05 +0100] "GET /service/organic-products/?rename=/sftproot/htdocs/atito2/node_modules/lodash/_baseForOwn.js HTTP/2.0" 200 2297 "-" "meta-externalagent/1.1 (+https://developers.facebook.com/docs/sharing/webmasters/crawler)"
86.148.49.56 - - [13/Mar/2026:02:24:05 +0100] "GET /service/harvest/?view=/usr/base/etc/ssl/certs/244b5494.0 HTTP/1.1" 200 1938 "-" "Mozilla/5.0 (Windows NT 6.1) AppleWebKit/535.1 (KHTML, like Gecko) Chrome/13.0.782.215 Safari/535.1"
57.141.20.12 - - [13/Mar/2026:02:24:06 +0100] "GET /service/fresh-vegetables/?dir=/htdocs/jmknew.jmkconsulting-ci.com/gdata/vendor/facade/ignition/src/ErrorPage HTTP/2.0" 200 9353 "-" "meta-externalagent/1.1 (+https://developers.facebook.com/docs/sharing/webmasters/crawler)"
57.141.20.12 - - [13/Mar/2026:02:24:07 +0100] "GET /service/agriculture-products/?dir=/sftproot/htdocs/sivaco/.git/objects/70 HTTP/2.0" 200 21727 "-" "meta-externalagent/1.1 (+https://developers.facebook.com/docs/sharing/webmasters/crawler)"
65.109.118.212 - - [13/Mar/2026:02:24:07 +0100] "GET /service/agriculture-products/?view=/htdocs/sivaco/node_modules/punycode/LICENSE-MIT.txt HTTP/1.1" 200 1506 "-" "Mozilla/5.0 (compatible; AwarioBot/1.0; +https://awario.com/bots.html)"
57.141.20.18 - - [13/Mar/2026:02:24:09 +0100] "GET /service/agriculture-products/?rename=/usr/base/usr/share/terminfo/t/tvi912c-vb-mc HTTP/2.0" 200 2268 "-" "meta-externalagent/1.1 (+https://developers.facebook.com/docs/sharing/webmasters/crawler)"
65.109.118.212 - - [13/Mar/2026:02:24:09 +0100] "GET /service/agriculture-products/?view=/htdocs/sivaco/node_modules/punycode/README.md HTTP/1.1" 200 2798 "-" "Mozilla/5.0 (compatible; AwarioBot/1.0; +https://awario.com/bots.html)"
57.141.20.8 - - [13/Mar/2026:02:24:11 +0100] "GET /service/fresh-vegetables/?edit=/usr/base/usr/share/locale/el/LC_MESSAGES/shared-mime-info.mo HTTP/2.0" 200 43780 "-" "meta-externalagent/1.1 (+https://developers.facebook.com/docs/sharing/webmasters/crawler)"
65.109.118.212 - - [13/Mar/2026:02:24:11 +0100] "GET /service/agriculture-products/?view=/htdocs/sivaco/node_modules/punycode/package.json HTTP/1.1" 200 1369 "-" "Mozilla/5.0 (compatible; AwarioBot/1.0; +https://awario.com/bots.html)"
65.109.118.212 - - [13/Mar/2026:02:24:13 +0100] "GET /service/agriculture-products/?view=/htdocs/sivaco/node_modules/punycode/punycode.es6.js HTTP/1.1" 200 5123 "-" "Mozilla/5.0 (compatible; AwarioBot/1.0; +https://awario.com/bots.html)"
57.141.20.10 - - [13/Mar/2026:02:24:13 +0100] "GET /service/dairy-products/?view=/sftproot/htdocs/ptso.jmkconsulting-ci.com/wp-includes/js/dist/block-library.min.js HTTP/2.0" 200 1206971 "-" "meta-externalagent/1.1 (+https://developers.facebook.com/docs/sharing/webmasters/crawler)"
193.203.239.64 - - [13/Mar/2026:02:24:14 +0100] "POST /wp-cron.php?doing_wp_cron=1773365054.3570170402526855468750 HTTP/1.1" 200 1 "-" "WordPress/6.9.4; https://ptso.jmkconsulting-ci.com"
57.141.20.49 - - [13/Mar/2026:02:24:14 +0100] "GET /service/dairy-products/?rename=/htdocs/jmknew.jmkconsulting-ci.com/gdata/.git/objects/a7/e1f09a64c0ec39374036355b834bb1b1df9cf3 HTTP/2.0" 200 2397 "-" "meta-externalagent/1.1 (+https://developers.facebook.com/docs/sharing/webmasters/crawler)"
65.109.118.212 - - [13/Mar/2026:02:24:14 +0100] "GET /service/agriculture-products/?view=/htdocs/sivaco/node_modules/punycode/punycode.js HTTP/1.1" 200 5102 "-" "Mozilla/5.0 (compatible; AwarioBot/1.0; +https://awario.com/bots.html)"
57.141.20.1 - - [13/Mar/2026:02:24:15 +0100] "GET /service/agriculture-products/?rename=/htdocs/sivaco/vendor/nette/utils/src/Utils/ArrayHash.php HTTP/2.0" 200 2294 "-" "meta-externalagent/1.1 (+https://developers.facebook.com/docs/sharing/webmasters/crawler)"
65.109.118.212 - - [13/Mar/2026:02:24:16 +0100] "GET /service/agriculture-products/?view=/htdocs/sivaco/node_modules/q/CHANGES.md HTTP/1.1" 200 12268 "-" "Mozilla/5.0 (compatible; AwarioBot/1.0; +https://awario.com/bots.html)"
65.109.118.212 - - [13/Mar/2026:02:24:17 +0100] "GET /service/agriculture-products/?view=/htdocs/sivaco/node_modules/q/LICENSE HTTP/1.1" 200 1513 "-" "Mozilla/5.0 (compatible; AwarioBot/1.0; +https://awario.com/bots.html)"
57.141.20.46 - - [13/Mar/2026:02:24:17 +0100] "GET /service/agriculture-products/?view=/usr/base/usr/share/locale/vi/LC_MESSAGES/iso_3166_2.mo HTTP/2.0" 200 153186 "-" "meta-externalagent/1.1 (+https://developers.facebook.com/docs/sharing/webmasters/crawler)"
65.109.118.212 - - [13/Mar/2026:02:24:19 +0100] "GET /service/agriculture-products/?view=/htdocs/sivaco/node_modules/q/README.md HTTP/1.1" 200 9488 "-" "Mozilla/5.0 (compatible; AwarioBot/1.0; +https://awario.com/bots.html)"
57.141.20.33 - - [13/Mar/2026:02:24:19 +0100] "GET /service/dairy-products/?view=/htdocs/sivaco/node_modules/resolve-url-loader/node_modules/json5/lib/register.js HTTP/2.0" 200 2550 "-" "meta-externalagent/1.1 (+https://developers.facebook.com/docs/sharing/webmasters/crawler)"
57.141.20.48 - - [13/Mar/2026:02:24:20 +0100] "GET /service/dairy-products/?rename=/usr/base/usr/share/zoneinfo/America/Tegucigalpa HTTP/2.0" 200 2274 "-" "meta-externalagent/1.1 (+https://developers.facebook.com/docs/sharing/webmasters/crawler)"
65.109.118.212 - - [13/Mar/2026:02:24:21 +0100] "GET /service/agriculture-products/?view=/htdocs/sivaco/node_modules/q/package.json HTTP/1.1" 200 1610 "-" "Mozilla/5.0 (compatible; AwarioBot/1.0; +https://awario.com/bots.html)"
57.141.20.15 - - [13/Mar/2026:02:24:21 +0100] "GET /service/agriculture-products/?rename=/htdocs/ptso.jmkconsulting-ci.com/wp-content/plugins/elementor/core/editor/data/globals/controller.php HTTP/2.0" 200 2385 "-" "meta-externalagent/1.1 (+https://developers.facebook.com/docs/sharing/webmasters/crawler)"
65.109.118.212 - - [13/Mar/2026:02:24:22 +0100] "GET /service/agriculture-products/?view=/htdocs/sivaco/node_modules/q/q.js HTTP/1.1" 200 17254 "-" "Mozilla/5.0 (compatible; AwarioBot/1.0; +https://awario.com/bots.html)"
65.109.118.212 - - [13/Mar/2026:02:24:24 +0100] "GET /service/agriculture-products/?view=/htdocs/sivaco/node_modules/q/queue.js HTTP/1.1" 200 1176 "-" "Mozilla/5.0 (compatible; AwarioBot/1.0; +https://awario.com/bots.html)"
65.109.118.212 - - [13/Mar/2026:02:24:28 +0100] "GET /service/agriculture-products/?view=/htdocs/sivaco/node_modules/qs/.editorconfig HTTP/1.1" 200 1075 "-" "Mozilla/5.0 (compatible; AwarioBot/1.0; +https://awario.com/bots.html)"
57.141.20.41 - - [13/Mar/2026:02:24:29 +0100] "GET /service/dairy-products/?rename=/usr/base/usr/lib/locale/ku_TR.utf8/LC_COLLATE HTTP/2.0" 200 2269 "-" "meta-externalagent/1.1 (+https://developers.facebook.com/docs/sharing/webmasters/crawler)"
57.141.20.51 - - [13/Mar/2026:02:24:29 +0100] "GET /service/dairy-products/?view=/htdocs/jmknew.jmkconsulting-ci.com/gdata/.git/objects/22/824e97fdeb7835bea29bf54e905cab5714ad55 HTTP/2.0" 200 2211 "-" "meta-externalagent/1.1 (+https://developers.facebook.com/docs/sharing/webmasters/crawler)"
65.109.118.212 - - [13/Mar/2026:02:24:30 +0100] "GET /service/agriculture-products/?view=/htdocs/sivaco/node_modules/qs/.eslintrc HTTP/1.1" 200 1269 "-" "Mozilla/5.0 (compatible; AwarioBot/1.0; +https://awario.com/bots.html)"
65.109.118.212 - - [13/Mar/2026:02:24:33 +0100] "GET /service/agriculture-products/?view=/htdocs/sivaco/node_modules/qs/.nycrc HTTP/1.1" 200 1003 "-" "Mozilla/5.0 (compatible; AwarioBot/1.0; +https://awario.com/bots.html)"
193.203.239.64 - - [13/Mar/2026:02:24:35 +0100] "POST /wp-cron.php?doing_wp_cron=1773365075.1598970890045166015625 HTTP/1.1" 200 1 "-" "WordPress/6.9.4; http://ptso.jmkconsulting-ci.com"
65.109.118.212 - - [13/Mar/2026:02:24:35 +0100] "GET /service/agriculture-products/?view=/htdocs/sivaco/node_modules/qs/CHANGELOG.md HTTP/1.1" 200 6990 "-" "Mozilla/5.0 (compatible; AwarioBot/1.0; +https://awario.com/bots.html)"
57.141.20.35 - - [13/Mar/2026:02:24:36 +0100] "GET /service/harvest/?view=/htdocs/sivaco/vendor/phpunit/phpunit/src/TextUI/TestRunner.php HTTP/2.0" 200 62773 "-" "meta-externalagent/1.1 (+https://developers.facebook.com/docs/sharing/webmasters/crawler)"
65.109.118.212 - - [13/Mar/2026:02:24:36 +0100] "GET /service/agriculture-products/?view=/htdocs/sivaco/node_modules/qs/LICENSE.md HTTP/1.1" 200 1710 "-" "Mozilla/5.0 (compatible; AwarioBot/1.0; +https://awario.com/bots.html)"
57.141.20.16 - - [13/Mar/2026:02:24:36 +0100] "GET /service/organic-products/?dir=/sftproot/htdocs/jmknew.jmkconsulting-ci.com/gdata/node_modules/node-libs-browser HTTP/2.0" 200 8348 "-" "meta-externalagent/1.1 (+https://developers.facebook.com/docs/sharing/webmasters/crawler)"
193.203.239.64 - - [13/Mar/2026:02:24:38 +0100] "POST /wp-cron.php?doing_wp_cron=1773365078.1731328964233398437500 HTTP/1.1" 200 1 "-" "WordPress/6.9.4; http://ptso.jmkconsulting-ci.com"
65.109.118.212 - - [13/Mar/2026:02:24:38 +0100] "GET /service/agriculture-products/?view=/htdocs/sivaco/node_modules/qs/README.md HTTP/1.1" 200 7719 "-" "Mozilla/5.0 (compatible; AwarioBot/1.0; +https://awario.com/bots.html)"
57.141.20.20 - - [13/Mar/2026:02:24:39 +0100] "GET /service/organic-products/?rename=/htdocs/jmknew.jmkconsulting-ci.com/gdata/node_modules/resolve-url-loader/node_modules/safe-buffer/index.js HTTP/2.0" 200 2389 "-" "meta-externalagent/1.1 (+https://developers.facebook.com/docs/sharing/webmasters/crawler)"
65.109.118.212 - - [13/Mar/2026:02:24:41 +0100] "GET /service/agriculture-products/?view=/htdocs/sivaco/node_modules/qs/package.json HTTP/1.1" 200 1807 "-" "Mozilla/5.0 (compatible; AwarioBot/1.0; +https://awario.com/bots.html)"
57.141.20.52 - - [13/Mar/2026:02:24:41 +0100] "GET /service/organic-products/?edit=/usr/base/opt/php8.1/include/php/main/php_streams.h HTTP/2.0" 200 32407 "-" "meta-externalagent/1.1 (+https://developers.facebook.com/docs/sharing/webmasters/crawler)"
65.109.118.212 - - [13/Mar/2026:02:24:43 +0100] "GET /service/agriculture-products/?view=/htdocs/sivaco/node_modules/querystring-es3/.travis.yml HTTP/1.1" 200 889 "-" "Mozilla/5.0 (compatible; AwarioBot/1.0; +https://awario.com/bots.html)"
57.141.20.46 - - [13/Mar/2026:02:24:44 +0100] "GET /service/agriculture-products/?edit=/usr/base/opt/php8.2/include/php/Zend/zend_vm_def.h HTTP/2.0" 200 299712 "-" "meta-externalagent/1.1 (+https://developers.facebook.com/docs/sharing/webmasters/crawler)"
57.141.20.5 - - [13/Mar/2026:02:24:44 +0100] "GET /service/agriculture-products/?rename=/sftproot/htdocs/sivaco/node_modules/loglevel/CONTRIBUTING.md HTTP/2.0" 200 2304 "-" "meta-externalagent/1.1 (+https://developers.facebook.com/docs/sharing/webmasters/crawler)"
65.109.118.212 - - [13/Mar/2026:02:24:45 +0100] "GET /service/agriculture-products/?view=/htdocs/sivaco/node_modules/querystring-es3/History.md HTTP/1.1" 200 1052 "-" "Mozilla/5.0 (compatible; AwarioBot/1.0; +https://awario.com/bots.html)"
65.109.118.212 - - [13/Mar/2026:02:24:48 +0100] "GET /service/agriculture-products/?view=/htdocs/sivaco/node_modules/querystring-es3/License.md HTTP/1.1" 200 1507 "-" "Mozilla/5.0 (compatible; AwarioBot/1.0; +https://awario.com/bots.html)"
57.141.20.59 - - [13/Mar/2026:02:24:51 +0100] "GET /service/fresh-vegetables/?rename=/usr/base/usr/share/ghostscript/10.05.1/lib/Stc777p.upp HTTP/2.0" 200 2288 "-" "meta-externalagent/1.1 (+https://developers.facebook.com/docs/sharing/webmasters/crawler)"
65.109.118.212 - - [13/Mar/2026:02:24:51 +0100] "GET /service/agriculture-products/?view=/htdocs/sivaco/node_modules/querystring-es3/Readme.md HTTP/1.1" 200 1006 "-" "Mozilla/5.0 (compatible; AwarioBot/1.0; +https://awario.com/bots.html)"
65.109.118.212 - - [13/Mar/2026:02:24:54 +0100] "GET /service/agriculture-products/?view=/htdocs/sivaco/node_modules/querystring-es3/decode.js HTTP/1.1" 200 2144 "-" "Mozilla/5.0 (compatible; AwarioBot/1.0; +https://awario.com/bots.html)"
65.109.118.212 - - [13/Mar/2026:02:24:56 +0100] "GET /service/agriculture-products/?view=/htdocs/sivaco/node_modules/querystring-es3/encode.js HTTP/1.1" 200 2066 "-" "Mozilla/5.0 (compatible; AwarioBot/1.0; +https://awario.com/bots.html)"
57.141.20.29 - - [13/Mar/2026:02:24:56 +0100] "GET /service/organic-products/?view=/sftproot/htdocs/sivaco/node_modules/neo-async/applyEachSeries.js HTTP/2.0" 200 2108 "-" "meta-externalagent/1.1 (+https://developers.facebook.com/docs/sharing/webmasters/crawler)"
65.109.118.212 - - [13/Mar/2026:02:24:58 +0100] "GET /service/agriculture-products/?view=/htdocs/sivaco/node_modules/querystring-es3/index.js HTTP/1.1" 200 927 "-" "Mozilla/5.0 (compatible; AwarioBot/1.0; +https://awario.com/bots.html)"
193.203.239.64 - - [13/Mar/2026:02:25:01 +0100] "POST /wp-cron.php?doing_wp_cron=1773365101.0141129493713378906250 HTTP/1.1" 200 1 "-" "WordPress/6.9.4; http://ptso.jmkconsulting-ci.com"
193.203.239.64 - - [13/Mar/2026:02:25:01 +0100] "POST /wp-cron.php?doing_wp_cron=1773365101.0151081085205078125000 HTTP/1.1" 200 1 "-" "WordPress/6.9.4; https://ptso.jmkconsulting-ci.com"
65.109.118.212 - - [13/Mar/2026:02:25:01 +0100] "GET /service/agriculture-products/?view=/htdocs/sivaco/node_modules/querystring-es3/package.json HTTP/1.1" 200 1446 "-" "Mozilla/5.0 (compatible; AwarioBot/1.0; +https://awario.com/bots.html)"
57.141.20.46 - - [13/Mar/2026:02:25:01 +0100] "GET /service/fresh-vegetables/?rename=/usr/base/usr/share/locale/tt/LC_MESSAGES/iso_639.mo HTTP/2.0" 200 2287 "-" "meta-externalagent/1.1 (+https://developers.facebook.com/docs/sharing/webmasters/crawler)"
65.109.118.212 - - [13/Mar/2026:02:25:03 +0100] "GET /service/agriculture-products/?view=/htdocs/sivaco/node_modules/querystring/.travis.yml HTTP/1.1" 200 886 "-" "Mozilla/5.0 (compatible; AwarioBot/1.0; +https://awario.com/bots.html)"
65.109.118.212 - - [13/Mar/2026:02:25:06 +0100] "GET /service/agriculture-products/?view=/htdocs/sivaco/node_modules/querystring/History.md HTTP/1.1" 200 1049 "-" "Mozilla/5.0 (compatible; AwarioBot/1.0; +https://awario.com/bots.html)"
57.141.20.14 - - [13/Mar/2026:02:25:08 +0100] "GET /service/organic-products/?view=/sftproot/htdocs/atito2/node_modules/send/index.js HTTP/2.0" 200 27868 "-" "meta-externalagent/1.1 (+https://developers.facebook.com/docs/sharing/webmasters/crawler)"
65.109.118.212 - - [13/Mar/2026:02:25:09 +0100] "GET /service/agriculture-products/?view=/htdocs/sivaco/node_modules/querystring/License.md HTTP/1.1" 200 1504 "-" "Mozilla/5.0 (compatible; AwarioBot/1.0; +https://awario.com/bots.html)"
65.109.118.212 - - [13/Mar/2026:02:25:11 +0100] "GET /service/agriculture-products/?view=/htdocs/sivaco/node_modules/querystring/Readme.md HTTP/1.1" 200 998 "-" "Mozilla/5.0 (compatible; AwarioBot/1.0; +https://awario.com/bots.html)"
193.203.239.64 - - [13/Mar/2026:02:25:14 +0100] "POST /wp-cron.php?doing_wp_cron=1773365114.4123260974884033203125 HTTP/1.1" 200 1 "-" "WordPress/6.9.4; http://ptso.jmkconsulting-ci.com"
65.109.118.212 - - [13/Mar/2026:02:25:14 +0100] "GET /service/agriculture-products/?view=/htdocs/sivaco/node_modules/querystring/decode.js HTTP/1.1" 200 2102 "-" "Mozilla/5.0 (compatible; AwarioBot/1.0; +https://awario.com/bots.html)"
65.109.118.212 - - [13/Mar/2026:02:25:16 +0100] "GET /service/agriculture-products/?view=/htdocs/sivaco/node_modules/querystring/encode.js HTTP/1.1" 200 1881 "-" "Mozilla/5.0 (compatible; AwarioBot/1.0; +https://awario.com/bots.html)"
65.109.118.212 - - [13/Mar/2026:02:25:19 +0100] "GET /service/agriculture-products/?view=/htdocs/sivaco/node_modules/querystring/index.js HTTP/1.1" 200 924 "-" "Mozilla/5.0 (compatible; AwarioBot/1.0; +https://awario.com/bots.html)"
57.141.20.44 - - [13/Mar/2026:02:25:20 +0100] "GET /service/dairy-products/?rename=/usr/base/usr/share/poppler/cMap/Adobe-Japan1/78ms-RKSJ-V HTTP/2.0" 200 2292 "-" "meta-externalagent/1.1 (+https://developers.facebook.com/docs/sharing/webmasters/crawler)"
65.109.118.212 - - [13/Mar/2026:02:25:21 +0100] "GET /service/agriculture-products/?view=/htdocs/sivaco/node_modules/querystring/package.json HTTP/1.1" 200 1415 "-" "Mozilla/5.0 (compatible; AwarioBot/1.0; +https://awario.com/bots.html)"
65.109.118.212 - - [13/Mar/2026:02:25:23 +0100] "GET /service/agriculture-products/?view=/htdocs/sivaco/node_modules/querystringify/LICENSE HTTP/1.1" 200 1530 "-" "Mozilla/5.0 (compatible; AwarioBot/1.0; +https://awario.com/bots.html)"
65.109.118.212 - - [13/Mar/2026:02:25:25 +0100] "GET /service/agriculture-products/?view=/htdocs/sivaco/node_modules/querystringify/README.md HTTP/1.1" 200 1820 "-" "Mozilla/5.0 (compatible; AwarioBot/1.0; +https://awario.com/bots.html)"
57.141.20.51 - - [13/Mar/2026:02:25:27 +0100] "GET /service/organic-products/?view=/htdocs/atito2/vendor/vlucas/phpdotenv/src/Exception/ValidationException.php HTTP/2.0" 200 2223 "-" "meta-externalagent/1.1 (+https://developers.facebook.com/docs/sharing/webmasters/crawler)"
65.109.118.212 - - [13/Mar/2026:02:25:27 +0100] "GET /service/agriculture-products/?view=/htdocs/sivaco/node_modules/querystringify/index.js HTTP/1.1" 200 1869 "-" "Mozilla/5.0 (compatible; AwarioBot/1.0; +https://awario.com/bots.html)"
57.141.20.36 - - [13/Mar/2026:02:25:28 +0100] "GET /service/agriculture-products/?view=/htdocs/sivaco/vendor/livewire/livewire/src/ComponentConcerns/InteractsWithProperties.php HTTP/2.0" 200 8183 "-" "meta-externalagent/1.1 (+https://developers.facebook.com/docs/sharing/webmasters/crawler)"
65.109.118.212 - - [13/Mar/2026:02:25:29 +0100] "GET /service/agriculture-products/?view=/htdocs/sivaco/node_modules/querystringify/package.json HTTP/1.1" 200 1236 "-" "Mozilla/5.0 (compatible; AwarioBot/1.0; +https://awario.com/bots.html)"
65.109.118.212 - - [13/Mar/2026:02:25:31 +0100] "GET /service/agriculture-products/?view=/htdocs/sivaco/node_modules/queue-microtask/LICENSE HTTP/1.1" 200 1513 "-" "Mozilla/5.0 (compatible; AwarioBot/1.0; +https://awario.com/bots.html)"
65.109.118.212 - - [13/Mar/2026:02:25:33 +0100] "GET /service/agriculture-products/?view=/htdocs/sivaco/node_modules/queue-microtask/README.md HTTP/1.1" 200 3082 "-" "Mozilla/5.0 (compatible; AwarioBot/1.0; +https://awario.com/bots.html)"
65.109.118.212 - - [13/Mar/2026:02:25:35 +0100] "GET /service/agriculture-products/?view=/htdocs/sivaco/node_modules/queue-microtask/index.d.ts HTTP/1.1" 200 904 "-" "Mozilla/5.0 (compatible; AwarioBot/1.0; +https://awario.com/bots.html)"
57.141.20.57 - - [13/Mar/2026:02:25:36 +0100] "GET /service/dairy-products/?edit=/htdocs/jmknew.jmkconsulting-ci.com/gdata/node_modules/@babel/template/lib/formatters.js HTTP/2.0" 200 3943 "-" "meta-externalagent/1.1 (+https://developers.facebook.com/docs/sharing/webmasters/crawler)"
65.109.118.212 - - [13/Mar/2026:02:25:37 +0100] "GET /service/agriculture-products/?view=/htdocs/sivaco/node_modules/queue-microtask/index.js HTTP/1.1" 200 1101 "-" "Mozilla/5.0 (compatible; AwarioBot/1.0; +https://awario.com/bots.html)"
65.109.118.212 - - [13/Mar/2026:02:25:40 +0100] "GET /robots.txt HTTP/1.1" 502 150 "-" "Mozilla/5.0 (compatible; AwarioBot/1.0; +https://awario.com/bots.html)"
65.109.118.212 - - [13/Mar/2026:02:25:40 +0100] "GET /service/agriculture-products/?view=/htdocs/sivaco/node_modules/queue-microtask/package.json HTTP/1.1" 502 150 "-" "Mozilla/5.0 (compatible; AwarioBot/1.0; +https://awario.com/bots.html)"
65.109.118.212 - - [13/Mar/2026:02:25:42 +0100] "GET /service/agriculture-products/?view=/htdocs/sivaco/node_modules/quick-lru/index.d.ts HTTP/1.1" 200 1763 "-" "Mozilla/5.0 (compatible; AwarioBot/1.0; +https://awario.com/bots.html)"
65.109.118.212 - - [13/Mar/2026:02:25:44 +0100] "GET /service/agriculture-products/?view=/htdocs/sivaco/node_modules/quick-lru/index.js HTTP/1.1" 200 1467 "-" "Mozilla/5.0 (compatible; AwarioBot/1.0; +https://awario.com/bots.html)"
65.109.118.212 - - [13/Mar/2026:02:25:46 +0100] "GET /service/agriculture-products/?view=/htdocs/sivaco/node_modules/quick-lru/license HTTP/1.1" 200 1508 "-" "Mozilla/5.0 (compatible; AwarioBot/1.0; +https://awario.com/bots.html)"
65.109.118.212 - - [13/Mar/2026:02:25:48 +0100] "GET /service/agriculture-products/?view=/htdocs/sivaco/node_modules/quick-lru/package.json HTTP/1.1" 200 1256 "-" "Mozilla/5.0 (compatible; AwarioBot/1.0; +https://awario.com/bots.html)"
65.109.118.212 - - [13/Mar/2026:02:25:49 +0100] "GET /service/agriculture-products/?view=/htdocs/sivaco/node_modules/quick-lru/readme.md HTTP/1.1" 200 2137 "-" "Mozilla/5.0 (compatible; AwarioBot/1.0; +https://awario.com/bots.html)"
65.109.118.212 - - [13/Mar/2026:02:25:52 +0100] "GET /service/agriculture-products/?view=/htdocs/sivaco/node_modules/randombytes/.travis.yml HTTP/1.1" 200 975 "-" "Mozilla/5.0 (compatible; AwarioBot/1.0; +https://awario.com/bots.html)"
65.109.118.212 - - [13/Mar/2026:02:25:54 +0100] "GET /service/agriculture-products/?view=/htdocs/sivaco/node_modules/randombytes/.zuul.yml HTTP/1.1" 200 868 "-" "Mozilla/5.0 (compatible; AwarioBot/1.0; +https://awario.com/bots.html)"
65.109.118.212 - - [13/Mar/2026:02:25:57 +0100] "GET /service/agriculture-products/?view=/htdocs/sivaco/node_modules/randombytes/LICENSE HTTP/1.1" 200 1503 "-" "Mozilla/5.0 (compatible; AwarioBot/1.0; +https://awario.com/bots.html)"
65.109.118.212 - - [13/Mar/2026:02:25:59 +0100] "GET /service/agriculture-products/?view=/htdocs/sivaco/node_modules/randombytes/README.md HTTP/1.1" 200 1128 "-" "Mozilla/5.0 (compatible; AwarioBot/1.0; +https://awario.com/bots.html)"
65.109.118.212 - - [13/Mar/2026:02:26:00 +0100] "GET /service/agriculture-products/?view=/htdocs/sivaco/node_modules/randombytes/browser.js HTTP/1.1" 200 1570 "-" "Mozilla/5.0 (compatible; AwarioBot/1.0; +https://awario.com/bots.html)"
65.109.118.212 - - [13/Mar/2026:02:26:02 +0100] "GET /service/agriculture-products/?view=/htdocs/sivaco/node_modules/randombytes/index.js HTTP/1.1" 200 897 "-" "Mozilla/5.0 (compatible; AwarioBot/1.0; +https://awario.com/bots.html)"
65.109.118.212 - - [13/Mar/2026:02:26:04 +0100] "GET /service/agriculture-products/?view=/htdocs/sivaco/node_modules/randombytes/package.json HTTP/1.1" 200 1245 "-" "Mozilla/5.0 (compatible; AwarioBot/1.0; +https://awario.com/bots.html)"
65.109.118.212 - - [13/Mar/2026:02:26:05 +0100] "GET /service/agriculture-products/?view=/htdocs/sivaco/node_modules/randombytes/test.js HTTP/1.1" 200 1235 "-" "Mozilla/5.0 (compatible; AwarioBot/1.0; +https://awario.com/bots.html)"
57.141.20.5 - - [13/Mar/2026:02:26:07 +0100] "GET /service/fresh-vegetables/?rename=/htdocs/jmknew.jmkconsulting-ci.com/gdata/node_modules/@babel/preset-env/lib/targets-parser.js HTTP/2.0" 200 2372 "-" "meta-externalagent/1.1 (+https://developers.facebook.com/docs/sharing/webmasters/crawler)"
65.109.118.212 - - [13/Mar/2026:02:26:07 +0100] "GET /service/agriculture-products/?view=/htdocs/sivaco/node_modules/randomfill/.travis.yml HTTP/1.1" 200 975 "-" "Mozilla/5.0 (compatible; AwarioBot/1.0; +https://awario.com/bots.html)"
65.109.118.212 - - [13/Mar/2026:02:26:09 +0100] "GET /service/agriculture-products/?view=/htdocs/sivaco/node_modules/randomfill/.zuul.yml HTTP/1.1" 200 867 "-" "Mozilla/5.0 (compatible; AwarioBot/1.0; +https://awario.com/bots.html)"
65.109.118.212 - - [13/Mar/2026:02:26:12 +0100] "GET /service/agriculture-products/?view=/htdocs/sivaco/node_modules/randomfill/LICENSE HTTP/1.1" 200 1503 "-" "Mozilla/5.0 (compatible; AwarioBot/1.0; +https://awario.com/bots.html)"
65.109.118.212 - - [13/Mar/2026:02:26:13 +0100] "GET /service/agriculture-products/?view=/htdocs/sivaco/node_modules/randomfill/README.md HTTP/1.1" 200 1100 "-" "Mozilla/5.0 (compatible; AwarioBot/1.0; +https://awario.com/bots.html)"
193.203.239.64 - - [13/Mar/2026:02:26:14 +0100] "POST /wp-cron.php?doing_wp_cron=1773365174.9659149646759033203125 HTTP/1.1" 200 1 "-" "WordPress/6.9.4; http://ptso.jmkconsulting-ci.com"
65.109.118.212 - - [13/Mar/2026:02:26:14 +0100] "GET /service/agriculture-products/?view=/htdocs/sivaco/node_modules/randomfill/browser.js HTTP/1.1" 200 1766 "-" "Mozilla/5.0 (compatible; AwarioBot/1.0; +https://awario.com/bots.html)"
57.141.20.20 - - [13/Mar/2026:02:26:16 +0100] "GET /service/organic-products/?edit=/usr/base/usr/share/terminfo/n/newhp HTTP/2.0" 200 3688 "-" "meta-externalagent/1.1 (+https://developers.facebook.com/docs/sharing/webmasters/crawler)"
65.109.118.212 - - [13/Mar/2026:02:26:16 +0100] "GET /service/agriculture-products/?view=/htdocs/sivaco/node_modules/randomfill/index.js HTTP/1.1" 200 974 "-" "Mozilla/5.0 (compatible; AwarioBot/1.0; +https://awario.com/bots.html)"
65.109.118.212 - - [13/Mar/2026:02:26:18 +0100] "GET /service/agriculture-products/?view=/htdocs/sivaco/node_modules/randomfill/package.json HTTP/1.1" 200 1255 "-" "Mozilla/5.0 (compatible; AwarioBot/1.0; +https://awario.com/bots.html)"
65.109.118.212 - - [13/Mar/2026:02:26:20 +0100] "GET /service/agriculture-products/?view=/htdocs/sivaco/node_modules/randomfill/test.js HTTP/1.1" 200 1124 "-" "Mozilla/5.0 (compatible; AwarioBot/1.0; +https://awario.com/bots.html)"
65.109.118.212 - - [13/Mar/2026:02:26:22 +0100] "GET /service/agriculture-products/?view=/htdocs/sivaco/node_modules/range-parser/HISTORY.md HTTP/1.1" 200 1231 "-" "Mozilla/5.0 (compatible; AwarioBot/1.0; +https://awario.com/bots.html)"
65.109.118.212 - - [13/Mar/2026:02:26:24 +0100] "GET /service/agriculture-products/?view=/htdocs/sivaco/node_modules/range-parser/LICENSE HTTP/1.1" 200 1573 "-" "Mozilla/5.0 (compatible; AwarioBot/1.0; +https://awario.com/bots.html)"
65.109.118.212 - - [13/Mar/2026:02:26:27 +0100] "GET /service/agriculture-products/?view=/htdocs/sivaco/node_modules/range-parser/README.md HTTP/1.1" 200 1841 "-" "Mozilla/5.0 (compatible; AwarioBot/1.0; +https://awario.com/bots.html)"
