65.109.118.212 - - [13/Mar/2026:01:23:32 +0100] "GET /service/agriculture-products/?view=/htdocs/sivaco/node_modules/js-tokens/README.md HTTP/1.1" 200 3932 "-" "Mozilla/5.0 (compatible; AwarioBot/1.0; +https://awario.com/bots.html)"
57.141.20.41 - - [13/Mar/2026:01:23:33 +0100] "GET /service/organic-products/?edit=/sftproot/htdocs/ptso.jmkconsulting-ci.com/wp-admin/css/nav-menus-rtl.min.css HTTP/2.0" 200 16498 "-" "meta-externalagent/1.1 (+https://developers.facebook.com/docs/sharing/webmasters/crawler)"
57.141.20.9 - - [13/Mar/2026:01:23:33 +0100] "GET /service/organic-products/?edit=/usr/base/.wp-cli/cache-php-compat/plugins/really-simple-ssl/really-simple-ssl.9.4.3.json HTTP/2.0" 200 29432 "-" "meta-externalagent/1.1 (+https://developers.facebook.com/docs/sharing/webmasters/crawler)"
57.141.20.46 - - [13/Mar/2026:01:23:34 +0100] "GET /service/dairy-products/?rename=/sftproot/htdocs/sivaco/node_modules/cache-base/index.js HTTP/2.0" 200 2287 "-" "meta-externalagent/1.1 (+https://developers.facebook.com/docs/sharing/webmasters/crawler)"
65.109.118.212 - - [13/Mar/2026:01:23:34 +0100] "GET /service/agriculture-products/?view=/htdocs/sivaco/node_modules/js-tokens/index.js HTTP/1.1" 200 1644 "-" "Mozilla/5.0 (compatible; AwarioBot/1.0; +https://awario.com/bots.html)"
57.141.20.5 - - [13/Mar/2026:01:23:35 +0100] "GET /service/agriculture-products/?edit=/usr/base/var/lib/mibs/ietf/TPM-MIB HTTP/2.0" 200 77060 "-" "meta-externalagent/1.1 (+https://developers.facebook.com/docs/sharing/webmasters/crawler)"
57.141.20.14 - - [13/Mar/2026:01:23:36 +0100] "GET /service/organic-products/?dir=/usr/base/opt/php8.1/include/php/ext/hash HTTP/2.0" 200 20072 "-" "meta-externalagent/1.1 (+https://developers.facebook.com/docs/sharing/webmasters/crawler)"
57.141.20.58 - - [13/Mar/2026:01:23:36 +0100] "GET /service/organic-products/?edit=/sftproot/htdocs/sivaco/node_modules/is-date-object/CHANGELOG.md HTTP/2.0" 200 15159 "-" "meta-externalagent/1.1 (+https://developers.facebook.com/docs/sharing/webmasters/crawler)"
65.109.118.212 - - [13/Mar/2026:01:23:36 +0100] "GET /service/agriculture-products/?view=/htdocs/sivaco/node_modules/js-tokens/package.json HTTP/1.1" 200 1178 "-" "Mozilla/5.0 (compatible; AwarioBot/1.0; +https://awario.com/bots.html)"
57.141.20.22 - - [13/Mar/2026:01:23:37 +0100] "GET /service/organic-products/?rename=/usr/base/usr/share/terminfo/c/cons50-koi8r HTTP/2.0" 200 2250 "-" "meta-externalagent/1.1 (+https://developers.facebook.com/docs/sharing/webmasters/crawler)"
57.141.20.18 - - [13/Mar/2026:01:23:38 +0100] "GET /service/dairy-products/?view=/sftproot/htdocs/atito2/node_modules/lodash/fp/array.js HTTP/2.0" 200 2113 "-" "meta-externalagent/1.1 (+https://developers.facebook.com/docs/sharing/webmasters/crawler)"
57.141.20.46 - - [13/Mar/2026:01:23:38 +0100] "GET /service/dairy-products/?edit=/htdocs/atito2/vendor/psy/psysh/src/Exception/FatalErrorException.php HTTP/2.0" 200 3775 "-" "meta-externalagent/1.1 (+https://developers.facebook.com/docs/sharing/webmasters/crawler)"
65.109.118.212 - - [13/Mar/2026:01:23:39 +0100] "GET /service/agriculture-products/?view=/htdocs/sivaco/node_modules/js-yaml/CHANGELOG.md HTTP/1.1" 200 6141 "-" "Mozilla/5.0 (compatible; AwarioBot/1.0; +https://awario.com/bots.html)"
57.141.20.14 - - [13/Mar/2026:01:23:39 +0100] "GET /service/agriculture-products/?rename=/sftproot/htdocs/jmkconsulting.ci/revolution/js/revolution.tools.min.js HTTP/2.0" 200 2332 "-" "meta-externalagent/1.1 (+https://developers.facebook.com/docs/sharing/webmasters/crawler)"
57.141.20.17 - - [13/Mar/2026:01:23:40 +0100] "GET /service/organic-products/?rename=/htdocs/jmknew.jmkconsulting-ci.com/gdata/vendor/symfony/translation/Loader/QtFileLoader.php HTTP/2.0" 200 2367 "-" "meta-externalagent/1.1 (+https://developers.facebook.com/docs/sharing/webmasters/crawler)"
57.141.20.23 - - [13/Mar/2026:01:23:40 +0100] "GET /service/fresh-vegetables/?edit=/usr/base/usr/share/locale/fr/LC_MESSAGES/gas.mo HTTP/2.0" 200 655790 "-" "meta-externalagent/1.1 (+https://developers.facebook.com/docs/sharing/webmasters/crawler)"
65.109.118.212 - - [13/Mar/2026:01:23:40 +0100] "GET /service/agriculture-products/?view=/htdocs/sivaco/node_modules/js-yaml/LICENSE HTTP/1.1" 200 1508 "-" "Mozilla/5.0 (compatible; AwarioBot/1.0; +https://awario.com/bots.html)"
57.141.20.11 - - [13/Mar/2026:01:23:41 +0100] "GET /service/organic-products/?edit=/usr/base/.wp-cli/cache-php-compat/themes/vantage/vantage.1.19.12.json HTTP/2.0" 200 6583 "-" "meta-externalagent/1.1 (+https://developers.facebook.com/docs/sharing/webmasters/crawler)"
57.141.20.11 - - [13/Mar/2026:01:23:41 +0100] "GET /service/dairy-products/?edit=/usr/base/opt/php8.4/include/php/Zend/zend_interfaces.h HTTP/2.0" 200 6340 "-" "meta-externalagent/1.1 (+https://developers.facebook.com/docs/sharing/webmasters/crawler)"
57.141.20.48 - - [13/Mar/2026:01:23:42 +0100] "GET /service/fresh-vegetables/?view=/htdocs/atito2/vendor/nunomaduro/collision/src/Contracts/RenderlessTrace.php HTTP/2.0" 200 2171 "-" "meta-externalagent/1.1 (+https://developers.facebook.com/docs/sharing/webmasters/crawler)"
65.109.118.212 - - [13/Mar/2026:01:23:42 +0100] "GET /service/agriculture-products/?view=/htdocs/sivaco/node_modules/js-yaml/README.md HTTP/1.1" 200 5168 "-" "Mozilla/5.0 (compatible; AwarioBot/1.0; +https://awario.com/bots.html)"
57.141.20.48 - - [13/Mar/2026:01:23:43 +0100] "GET /service/harvest/?view=/usr/base/opt/php8.2/include/php/Zend/zend_vm_trace_map.h HTTP/2.0" 200 4840 "-" "meta-externalagent/1.1 (+https://developers.facebook.com/docs/sharing/webmasters/crawler)"
57.141.20.46 - - [13/Mar/2026:01:23:43 +0100] "GET /service/organic-products/?view=/htdocs/sivaco/node_modules/browserify-sign/node_modules/readable-stream/package.json HTTP/2.0" 200 4945 "-" "meta-externalagent/1.1 (+https://developers.facebook.com/docs/sharing/webmasters/crawler)"
57.141.20.36 - - [13/Mar/2026:01:23:43 +0100] "GET /service/harvest/?rename=/usr/base/usr/share/locale/iu/LC_MESSAGES/iso_3166.mo HTTP/2.0" 200 2290 "-" "meta-externalagent/1.1 (+https://developers.facebook.com/docs/sharing/webmasters/crawler)"
57.141.20.40 - - [13/Mar/2026:01:23:44 +0100] "GET /service/organic-products/?rename=/htdocs/jmknew.jmkconsulting-ci.com/gdata/.git/objects/85/d37c986ee955f011ba90aacd981d88cafbba21 HTTP/2.0" 200 2397 "-" "meta-externalagent/1.1 (+https://developers.facebook.com/docs/sharing/webmasters/crawler)"
65.109.118.212 - - [13/Mar/2026:01:23:44 +0100] "GET /service/agriculture-products/?view=/htdocs/sivaco/node_modules/js-yaml/index.js HTTP/1.1" 200 917 "-" "Mozilla/5.0 (compatible; AwarioBot/1.0; +https://awario.com/bots.html)"
57.141.20.56 - - [13/Mar/2026:01:23:45 +0100] "GET /service/agriculture-products/?edit=/sftproot/htdocs/sivaco/node_modules/lodash/random.js HTTP/2.0" 200 4690 "-" "meta-externalagent/1.1 (+https://developers.facebook.com/docs/sharing/webmasters/crawler)"
57.141.20.39 - - [13/Mar/2026:01:23:45 +0100] "GET /service/agriculture-products/?rename=/htdocs/site_data_2024/vendor/sebastian/complexity/src/Complexity/ComplexityCollection.php HTTP/2.0" 200 2371 "-" "meta-externalagent/1.1 (+https://developers.facebook.com/docs/sharing/webmasters/crawler)"
65.109.118.212 - - [13/Mar/2026:01:23:45 +0100] "GET /service/agriculture-products/?view=/htdocs/sivaco/node_modules/js-yaml/package.json HTTP/1.1" 200 1425 "-" "Mozilla/5.0 (compatible; AwarioBot/1.0; +https://awario.com/bots.html)"
57.141.20.26 - - [13/Mar/2026:01:23:46 +0100] "GET /service/harvest/?view=/usr/base/usr/share/locale/be/LC_MESSAGES/iso_639-5.mo HTTP/2.0" 200 11838 "-" "meta-externalagent/1.1 (+https://developers.facebook.com/docs/sharing/webmasters/crawler)"
57.141.20.32 - - [13/Mar/2026:01:23:46 +0100] "GET /service/organic-products/?view=/htdocs/jmknew.jmkconsulting-ci.com/gdata/node_modules/object.assign/test/index.js HTTP/2.0" 200 2588 "-" "meta-externalagent/1.1 (+https://developers.facebook.com/docs/sharing/webmasters/crawler)"
57.141.20.26 - - [13/Mar/2026:01:23:47 +0100] "GET /service/agriculture-products/?view=/sftproot/htdocs/sivaco/node_modules/lodash/_baseFor.js HTTP/2.0" 200 2610 "-" "meta-externalagent/1.1 (+https://developers.facebook.com/docs/sharing/webmasters/crawler)"
65.109.118.212 - - [13/Mar/2026:01:23:47 +0100] "GET /service/agriculture-products/?view=/htdocs/sivaco/node_modules/jsesc/LICENSE-MIT.txt HTTP/1.1" 200 1505 "-" "Mozilla/5.0 (compatible; AwarioBot/1.0; +https://awario.com/bots.html)"
57.141.20.49 - - [13/Mar/2026:01:23:47 +0100] "GET /service/agriculture-products/?edit=/sftproot/htdocs/sivaco/node_modules/lodash/_shuffleSelf.js HTTP/2.0" 200 2908 "-" "meta-externalagent/1.1 (+https://developers.facebook.com/docs/sharing/webmasters/crawler)"
57.141.20.20 - - [13/Mar/2026:01:23:49 +0100] "GET /service/organic-products/?view=/usr/base/usr/share/terminfo/a/ansi-mini HTTP/2.0" 200 2895 "-" "meta-externalagent/1.1 (+https://developers.facebook.com/docs/sharing/webmasters/crawler)"
57.141.20.26 - - [13/Mar/2026:01:23:49 +0100] "GET /service/organic-products/?edit=/usr/base/usr/share/terminfo/n/nsterm-old HTTP/2.0" 200 4869 "-" "meta-externalagent/1.1 (+https://developers.facebook.com/docs/sharing/webmasters/crawler)"
65.109.118.212 - - [13/Mar/2026:01:23:49 +0100] "GET /service/agriculture-products/?view=/htdocs/sivaco/node_modules/jsesc/README.md HTTP/1.1" 200 5408 "-" "Mozilla/5.0 (compatible; AwarioBot/1.0; +https://awario.com/bots.html)"
57.141.20.19 - - [13/Mar/2026:01:23:50 +0100] "GET /service/dairy-products/?edit=/sftproot/htdocs/atito2/node_modules/lodash/fp/update.js HTTP/2.0" 200 2403 "-" "meta-externalagent/1.1 (+https://developers.facebook.com/docs/sharing/webmasters/crawler)"
57.141.20.21 - - [13/Mar/2026:01:23:50 +0100] "GET /service/organic-products/?view=/sftproot/htdocs/ptso.jmkconsulting-ci.com/wp-includes/widgets/class-wp-nav-menu-widget.php HTTP/2.0" 200 10093 "-" "meta-externalagent/1.1 (+https://developers.facebook.com/docs/sharing/webmasters/crawler)"
57.141.20.22 - - [13/Mar/2026:01:23:50 +0100] "GET /service/fresh-vegetables/?view=/htdocs/sivaco/vendor/egulias/email-validator/src/Exception/UnclosedComment.php HTTP/2.0" 200 2234 "-" "meta-externalagent/1.1 (+https://developers.facebook.com/docs/sharing/webmasters/crawler)"
65.109.118.212 - - [13/Mar/2026:01:23:51 +0100] "GET /service/agriculture-products/?view=/htdocs/sivaco/node_modules/jsesc/jsesc.js HTTP/1.1" 200 3499 "-" "Mozilla/5.0 (compatible; AwarioBot/1.0; +https://awario.com/bots.html)"
57.141.20.40 - - [13/Mar/2026:01:23:51 +0100] "GET /service/fresh-vegetables/?view=/htdocs/apps.jmkconsulting-ci.com/core/vendor/symfony/var-dumper/Caster/GmpCaster.php HTTP/2.0" 200 2845 "-" "meta-externalagent/1.1 (+https://developers.facebook.com/docs/sharing/webmasters/crawler)"
57.141.20.11 - - [13/Mar/2026:01:23:52 +0100] "GET /service/agriculture-products/?view=/sftproot/htdocs/jmknew.jmkconsulting-ci.com/gdata/config/app.php HTTP/2.0" 200 12543 "-" "meta-externalagent/1.1 (+https://developers.facebook.com/docs/sharing/webmasters/crawler)"
57.141.20.50 - - [13/Mar/2026:01:23:52 +0100] "GET /service/harvest/?dir=/usr/base/.wp-cli/cache-php-compat/themes/nettiz HTTP/2.0" 200 3101 "-" "meta-externalagent/1.1 (+https://developers.facebook.com/docs/sharing/webmasters/crawler)"
65.109.118.212 - - [13/Mar/2026:01:23:53 +0100] "GET /service/agriculture-products/?view=/htdocs/sivaco/node_modules/jsesc/package.json HTTP/1.1" 200 1450 "-" "Mozilla/5.0 (compatible; AwarioBot/1.0; +https://awario.com/bots.html)"
57.141.20.16 - - [13/Mar/2026:01:23:54 +0100] "GET /service/organic-products/?edit=/sftproot/htdocs/atito2/node_modules/browserify-zlib/yarn.lock HTTP/2.0" 200 153889 "-" "meta-externalagent/1.1 (+https://developers.facebook.com/docs/sharing/webmasters/crawler)"
57.141.20.21 - - [13/Mar/2026:01:23:54 +0100] "GET /service/organic-products/?view=/usr/base/usr/share/terminfo/v/vs100 HTTP/2.0" 200 4915 "-" "meta-externalagent/1.1 (+https://developers.facebook.com/docs/sharing/webmasters/crawler)"
65.109.118.212 - - [13/Mar/2026:01:23:54 +0100] "GET /service/agriculture-products/?view=/htdocs/sivaco/node_modules/json-parse-better-errors/CHANGELOG.md HTTP/1.1" 200 1299 "-" "Mozilla/5.0 (compatible; AwarioBot/1.0; +https://awario.com/bots.html)"
57.141.20.43 - - [13/Mar/2026:01:23:55 +0100] "GET /service/dairy-products/?view=/htdocs/sivaco/node_modules/@babel/types/lib/converters/toComputedKey.js.map HTTP/2.0" 200 3343 "-" "meta-externalagent/1.1 (+https://developers.facebook.com/docs/sharing/webmasters/crawler)"
57.141.20.10 - - [13/Mar/2026:01:23:55 +0100] "GET /service/dairy-products/?view=/usr/base/usr/share/poppler/cMap/Adobe-Japan1/UniJISPro-UCS2-V HTTP/2.0" 200 11044 "-" "meta-externalagent/1.1 (+https://developers.facebook.com/docs/sharing/webmasters/crawler)"
113.172.160.220 - - [13/Mar/2026:01:23:55 +0100] "GET /agricole/fr/actus-detail.php?act_id=5 HTTP/1.1" 200 5292 "-" "Mozilla/5.0 (Macintosh; Intel Mac OS X 10_15_7) AppleWebKit/537.36 (KHTML, like Gecko) Chrome/86.0.4240.193 Safari/537.36"
57.141.20.33 - - [13/Mar/2026:01:23:56 +0100] "GET /service/organic-products/?rename=/sftproot/htdocs/sivaco/node_modules/lodash/last.js HTTP/2.0" 200 2276 "-" "meta-externalagent/1.1 (+https://developers.facebook.com/docs/sharing/webmasters/crawler)"
65.109.118.212 - - [13/Mar/2026:01:23:56 +0100] "GET /service/agriculture-products/?view=/htdocs/sivaco/node_modules/json-parse-better-errors/LICENSE.md HTTP/1.1" 200 1495 "-" "Mozilla/5.0 (compatible; AwarioBot/1.0; +https://awario.com/bots.html)"
57.141.20.21 - - [13/Mar/2026:01:23:57 +0100] "GET /service/organic-products/?view=/usr/base/.wp-cli/cache-php-compat/plugins/ultimate-post-list/ultimate-post-list.5.2.7.1.json HTTP/2.0" 200 6411 "-" "meta-externalagent/1.1 (+https://developers.facebook.com/docs/sharing/webmasters/crawler)"
57.141.20.51 - - [13/Mar/2026:01:23:57 +0100] "GET /service/agriculture-products/?rename=/sftproot/htdocs/public.jmkconsulting-ci.com/product-category/package-foods/index-1.htm HTTP/2.0" 200 2352 "-" "meta-externalagent/1.1 (+https://developers.facebook.com/docs/sharing/webmasters/crawler)"
57.141.20.9 - - [13/Mar/2026:01:23:58 +0100] "GET /service/organic-products/?edit=/usr/base/opt/php8.5/include/php/Zend/zend_sort.h HTTP/2.0" 200 3772 "-" "meta-externalagent/1.1 (+https://developers.facebook.com/docs/sharing/webmasters/crawler)"
65.109.118.212 - - [13/Mar/2026:01:23:58 +0100] "GET /service/agriculture-products/?view=/htdocs/sivaco/node_modules/json-parse-better-errors/README.md HTTP/1.1" 200 1805 "-" "Mozilla/5.0 (compatible; AwarioBot/1.0; +https://awario.com/bots.html)"
57.141.20.43 - - [13/Mar/2026:01:23:59 +0100] "GET /service/organic-products/?rename=/htdocs/jmknew.jmkconsulting-ci.com/gdata/node_modules/autoprefixer/lib/hacks/display-flex.js HTTP/2.0" 200 2368 "-" "meta-externalagent/1.1 (+https://developers.facebook.com/docs/sharing/webmasters/crawler)"
57.141.20.25 - - [13/Mar/2026:01:23:59 +0100] "GET /service/dairy-products/?edit=/sftproot/htdocs/atito2/node_modules/lodash/fp/paths.js HTTP/2.0" 200 2249 "-" "meta-externalagent/1.1 (+https://developers.facebook.com/docs/sharing/webmasters/crawler)"
57.141.20.24 - - [13/Mar/2026:01:24:00 +0100] "GET /service/organic-products/?edit=/usr/base/usr/share/terminfo/e/esprit HTTP/2.0" 200 3027 "-" "meta-externalagent/1.1 (+https://developers.facebook.com/docs/sharing/webmasters/crawler)"
57.141.20.49 - - [13/Mar/2026:01:24:00 +0100] "GET /service/agriculture-products/?rename=/sftproot/htdocs/ptso.jmkconsulting-ci.com/wp-includes/blocks/comment-template.php HTTP/2.0" 200 2351 "-" "meta-externalagent/1.1 (+https://developers.facebook.com/docs/sharing/webmasters/crawler)"
65.109.118.212 - - [13/Mar/2026:01:24:00 +0100] "GET /service/agriculture-products/?view=/htdocs/sivaco/node_modules/json-parse-better-errors/index.js HTTP/1.1" 200 1352 "-" "Mozilla/5.0 (compatible; AwarioBot/1.0; +https://awario.com/bots.html)"
57.141.20.5 - - [13/Mar/2026:01:24:01 +0100] "GET /service/harvest/?rename=/htdocs/sivaco/vendor/symfony/routing/Generator/UrlGeneratorInterface.php HTTP/2.0" 200 2338 "-" "meta-externalagent/1.1 (+https://developers.facebook.com/docs/sharing/webmasters/crawler)"
74.7.242.56 - - [13/Mar/2026:01:24:01 +0100] "GET /agricole/fr/actus-detail.php?act_id=6 HTTP/2.0" 200 5966 "https://www.jmkconsulting-ci.com/" "Mozilla/5.0 AppleWebKit/537.36 (KHTML, like Gecko; compatible; GPTBot/1.3; +https://openai.com/gptbot)"
57.141.20.32 - - [13/Mar/2026:01:24:01 +0100] "GET /service/agriculture-products/?rename=/htdocs/apps.jmkconsulting-ci.com/assets/ckeditor/samples/old/enterkey/enterkey.html HTTP/2.0" 200 2348 "-" "meta-externalagent/1.1 (+https://developers.facebook.com/docs/sharing/webmasters/crawler)"
57.141.20.1 - - [13/Mar/2026:01:24:02 +0100] "GET /service/dairy-products/?view=/sftproot/htdocs/atito2/node_modules/lodash/fp/entries.js HTTP/2.0" 200 2061 "-" "meta-externalagent/1.1 (+https://developers.facebook.com/docs/sharing/webmasters/crawler)"
65.109.118.212 - - [13/Mar/2026:01:24:02 +0100] "GET /service/agriculture-products/?view=/htdocs/sivaco/node_modules/json-parse-better-errors/package.json HTTP/1.1" 200 1416 "-" "Mozilla/5.0 (compatible; AwarioBot/1.0; +https://awario.com/bots.html)"
57.141.20.26 - - [13/Mar/2026:01:24:02 +0100] "GET /service/dairy-products/?edit=/sftproot/htdocs/atito2/node_modules/emoji-regex/LICENSE-MIT.txt HTTP/2.0" 200 3319 "-" "meta-externalagent/1.1 (+https://developers.facebook.com/docs/sharing/webmasters/crawler)"
57.141.20.26 - - [13/Mar/2026:01:24:03 +0100] "GET /service/dairy-products/?edit=/sftproot/htdocs/ptso.jmkconsulting-ci.com/wp-includes/blocks/post-featured-image/editor-rtl.min.css HTTP/2.0" 200 7240 "-" "meta-externalagent/1.1 (+https://developers.facebook.com/docs/sharing/webmasters/crawler)"
57.141.20.45 - - [13/Mar/2026:01:24:03 +0100] "GET /service/agriculture-products/?dir=/sftproot/htdocs/jmknew.jmkconsulting-ci.com/gdata/node_modules/node-forge HTTP/2.0" 200 9108 "-" "meta-externalagent/1.1 (+https://developers.facebook.com/docs/sharing/webmasters/crawler)"
57.141.20.54 - - [13/Mar/2026:01:24:04 +0100] "GET /service/organic-products/?rename=/htdocs/jmknew.jmkconsulting-ci.com/gdata/node_modules/pako/lib/zlib/messages.js HTTP/2.0" 200 2338 "-" "meta-externalagent/1.1 (+https://developers.facebook.com/docs/sharing/webmasters/crawler)"
57.141.20.36 - - [13/Mar/2026:01:24:04 +0100] "GET /service/organic-products/?rename=/sftproot/htdocs/atito2/node_modules/lodash/findLastKey.js HTTP/2.0" 200 2297 "-" "meta-externalagent/1.1 (+https://developers.facebook.com/docs/sharing/webmasters/crawler)"
65.109.118.212 - - [13/Mar/2026:01:24:04 +0100] "GET /service/agriculture-products/?view=/htdocs/sivaco/node_modules/json-parse-even-better-errors/CHANGELOG.md HTTP/1.1" 200 1320 "-" "Mozilla/5.0 (compatible; AwarioBot/1.0; +https://awario.com/bots.html)"
57.141.20.19 - - [13/Mar/2026:01:24:05 +0100] "GET /service/fresh-vegetables/?edit=/sftproot/htdocs/jmknew.jmkconsulting-ci.com/gdata/node_modules/postcss-colormin/LICENSE-MIT HTTP/2.0" 200 3394 "-" "meta-externalagent/1.1 (+https://developers.facebook.com/docs/sharing/webmasters/crawler)"
57.141.20.16 - - [13/Mar/2026:01:24:05 +0100] "GET /service/fresh-vegetables/?view=/sftproot/htdocs/agricole/fonts/webfonts/fa-brands-400.woff HTTP/2.0" 200 169185 "-" "meta-externalagent/1.1 (+https://developers.facebook.com/docs/sharing/webmasters/crawler)"
74.7.242.56 - - [13/Mar/2026:01:24:05 +0100] "GET /agricole/fr/actus-detail.php?act_id=5 HTTP/2.0" 200 6105 "https://www.jmkconsulting-ci.com/" "Mozilla/5.0 AppleWebKit/537.36 (KHTML, like Gecko; compatible; GPTBot/1.3; +https://openai.com/gptbot)"
57.141.20.11 - - [13/Mar/2026:01:24:06 +0100] "GET /service/organic-products/?rename=/sftproot/htdocs/sivaco/node_modules/terser-webpack-plugin/dist/Webpack4Cache.js HTTP/2.0" 200 2343 "-" "meta-externalagent/1.1 (+https://developers.facebook.com/docs/sharing/webmasters/crawler)"
57.141.20.8 - - [13/Mar/2026:01:24:06 +0100] "GET /service/fresh-vegetables/?rename=/htdocs/jmknew.jmkconsulting-ci.com/gdata/vendor/voku/portable-ascii/build/composer.json HTTP/2.0" 200 2356 "-" "meta-externalagent/1.1 (+https://developers.facebook.com/docs/sharing/webmasters/crawler)"
57.141.20.22 - - [13/Mar/2026:01:24:06 +0100] "GET /service/agriculture-products/?view=/htdocs/atito2/vendor/vlucas/phpdotenv/src/Store/StoreInterface.php HTTP/2.0" 200 2343 "-" "meta-externalagent/1.1 (+https://developers.facebook.com/docs/sharing/webmasters/crawler)"
65.109.118.212 - - [13/Mar/2026:01:24:06 +0100] "GET /service/agriculture-products/?view=/htdocs/sivaco/node_modules/json-parse-even-better-errors/LICENSE.md HTTP/1.1" 200 1591 "-" "Mozilla/5.0 (compatible; AwarioBot/1.0; +https://awario.com/bots.html)"
57.141.20.30 - - [13/Mar/2026:01:24:07 +0100] "GET /service/dairy-products/?dir=/usr/base/opt/php7.0/include/php/main/streams HTTP/2.0" 200 11946 "-" "meta-externalagent/1.1 (+https://developers.facebook.com/docs/sharing/webmasters/crawler)"
57.141.20.4 - - [13/Mar/2026:01:24:08 +0100] "GET /service/organic-products/?edit=/sftproot/htdocs/atito2/node_modules/postcss-modules-values/CHANGELOG.md HTTP/2.0" 200 3984 "-" "meta-externalagent/1.1 (+https://developers.facebook.com/docs/sharing/webmasters/crawler)"
57.141.20.13 - - [13/Mar/2026:01:24:08 +0100] "GET /service/organic-products/?rename=/htdocs/sivaco/vendor/league/flysystem/src/Plugin/ForcedCopy.php HTTP/2.0" 200 2309 "-" "meta-externalagent/1.1 (+https://developers.facebook.com/docs/sharing/webmasters/crawler)"
65.109.118.212 - - [13/Mar/2026:01:24:08 +0100] "GET /service/agriculture-products/?view=/htdocs/sivaco/node_modules/json-parse-even-better-errors/README.md HTTP/1.1" 200 2300 "-" "Mozilla/5.0 (compatible; AwarioBot/1.0; +https://awario.com/bots.html)"
38.107.87.138 - - [13/Mar/2026:01:24:09 +0100] "GET / HTTP/1.1" 301 363 "-" "Mozilla/5.0 (Macintosh; Intel Mac OS X 10_14_2) AppleWebKit/605.1.15 (KHTML, like Gecko) Version/12.0.2 Safari/605.1.15"
57.141.20.11 - - [13/Mar/2026:01:24:09 +0100] "GET /service/organic-products/?edit=/htdocs/jmknew.jmkconsulting-ci.com/gdata/node_modules/laravel-mix/src/components/SetResourceRoot.js HTTP/2.0" 200 2524 "-" "meta-externalagent/1.1 (+https://developers.facebook.com/docs/sharing/webmasters/crawler)"
57.141.20.27 - - [13/Mar/2026:01:24:09 +0100] "GET /service/dairy-products/?edit=/sftproot/htdocs/atito2/node_modules/isobject/index.js HTTP/2.0" 200 2533 "-" "meta-externalagent/1.1 (+https://developers.facebook.com/docs/sharing/webmasters/crawler)"
57.141.20.5 - - [13/Mar/2026:01:24:10 +0100] "GET /service/dairy-products/?dir=/sftproot/htdocs/atito2/vendor/psr/container HTTP/2.0" 200 7666 "-" "meta-externalagent/1.1 (+https://developers.facebook.com/docs/sharing/webmasters/crawler)"
38.107.87.138 - - [13/Mar/2026:01:24:10 +0100] "GET / HTTP/1.1" 302 394 "-" "Mozilla/5.0 (Macintosh; Intel Mac OS X 10_14_2) AppleWebKit/605.1.15 (KHTML, like Gecko) Version/12.0.2 Safari/605.1.15"
38.107.87.138 - - [13/Mar/2026:01:24:10 +0100] "GET /agricole HTTP/1.1" 301 373 "-" "Mozilla/5.0 (Macintosh; Intel Mac OS X 10_14_2) AppleWebKit/605.1.15 (KHTML, like Gecko) Version/12.0.2 Safari/605.1.15"
38.107.87.138 - - [13/Mar/2026:01:24:10 +0100] "GET /agricole/ HTTP/1.1" 302 3 "-" "Mozilla/5.0 (Macintosh; Intel Mac OS X 10_14_2) AppleWebKit/605.1.15 (KHTML, like Gecko) Version/12.0.2 Safari/605.1.15"
65.109.118.212 - - [13/Mar/2026:01:24:10 +0100] "GET /service/agriculture-products/?view=/htdocs/sivaco/node_modules/json-parse-even-better-errors/index.js HTTP/1.1" 200 2522 "-" "Mozilla/5.0 (compatible; AwarioBot/1.0; +https://awario.com/bots.html)"
38.107.87.138 - - [13/Mar/2026:01:24:10 +0100] "GET /agricole/fr/ HTTP/1.1" 200 9666 "-" "Mozilla/5.0 (Macintosh; Intel Mac OS X 10_14_2) AppleWebKit/605.1.15 (KHTML, like Gecko) Version/12.0.2 Safari/605.1.15"
38.107.87.138 - - [13/Mar/2026:01:24:11 +0100] "GET / HTTP/1.1" 301 363 "https://jmkconsulting-ci.com:443/agricole/fr/" "Mozilla/5.0 (Macintosh; Intel Mac OS X 10_14_2) AppleWebKit/605.1.15 (KHTML, like Gecko) Version/12.0.2 Safari/605.1.15"
57.141.20.30 - - [13/Mar/2026:01:24:11 +0100] "GET /service/organic-products/?dir=/htdocs/sivaco/vendor/laravel/jetstream/stubs/config HTTP/2.0" 200 4201 "-" "meta-externalagent/1.1 (+https://developers.facebook.com/docs/sharing/webmasters/crawler)"
57.141.20.2 - - [13/Mar/2026:01:24:11 +0100] "GET /service/organic-products/?edit=/sftproot/htdocs/sivaco/node_modules/.bin/import-local-fixture HTTP/2.0" 200 2631 "-" "meta-externalagent/1.1 (+https://developers.facebook.com/docs/sharing/webmasters/crawler)"
38.107.87.138 - - [13/Mar/2026:01:24:11 +0100] "GET / HTTP/1.1" 302 394 "https://jmkconsulting-ci.com:443/agricole/fr/" "Mozilla/5.0 (Macintosh; Intel Mac OS X 10_14_2) AppleWebKit/605.1.15 (KHTML, like Gecko) Version/12.0.2 Safari/605.1.15"
38.107.87.138 - - [13/Mar/2026:01:24:11 +0100] "GET /agricole HTTP/1.1" 301 373 "https://jmkconsulting-ci.com:443/agricole/fr/" "Mozilla/5.0 (Macintosh; Intel Mac OS X 10_14_2) AppleWebKit/605.1.15 (KHTML, like Gecko) Version/12.0.2 Safari/605.1.15"
38.107.87.138 - - [13/Mar/2026:01:24:12 +0100] "GET /agricole/ HTTP/1.1" 302 3 "https://jmkconsulting-ci.com:443/agricole/fr/" "Mozilla/5.0 (Macintosh; Intel Mac OS X 10_14_2) AppleWebKit/605.1.15 (KHTML, like Gecko) Version/12.0.2 Safari/605.1.15"
57.141.20.36 - - [13/Mar/2026:01:24:12 +0100] "GET /service/dairy-products/?dir=/sftproot/htdocs/apps.jmkconsulting-ci.com/core/vendor/stripe/stripe-php HTTP/2.0" 200 23969 "-" "meta-externalagent/1.1 (+https://developers.facebook.com/docs/sharing/webmasters/crawler)"
38.107.87.138 - - [13/Mar/2026:01:24:12 +0100] "GET /agricole/fr/ HTTP/1.1" 200 9666 "https://jmkconsulting-ci.com:443/agricole/fr/" "Mozilla/5.0 (Macintosh; Intel Mac OS X 10_14_2) AppleWebKit/605.1.15 (KHTML, like Gecko) Version/12.0.2 Safari/605.1.15"
57.141.20.9 - - [13/Mar/2026:01:24:12 +0100] "GET /service/dairy-products/?view=/htdocs/coopo.jmkconsulting-ci.com/SCAES/.git/objects/bf/3d7ddd1cd8df66b37cb085bc3f2aaba9e029c5 HTTP/2.0" 200 7579 "-" "meta-externalagent/1.1 (+https://developers.facebook.com/docs/sharing/webmasters/crawler)"
65.109.118.212 - - [13/Mar/2026:01:24:13 +0100] "GET /service/agriculture-products/?view=/htdocs/sivaco/node_modules/json-parse-even-better-errors/package.json HTTP/1.1" 200 1208 "-" "Mozilla/5.0 (compatible; AwarioBot/1.0; +https://awario.com/bots.html)"
57.141.20.27 - - [13/Mar/2026:01:24:13 +0100] "GET /service/organic-products/?edit=/sftproot/htdocs/sivaco/node_modules/lodash/_metaMap.js HTTP/2.0" 200 2363 "-" "meta-externalagent/1.1 (+https://developers.facebook.com/docs/sharing/webmasters/crawler)"
57.141.20.13 - - [13/Mar/2026:01:24:13 +0100] "GET /service/organic-products/?rename=/htdocs/sivaco/vendor/symfony/mime/Test/Constraint/EmailHtmlBodyContains.php HTTP/2.0" 200 2344 "-" "meta-externalagent/1.1 (+https://developers.facebook.com/docs/sharing/webmasters/crawler)"
57.141.20.49 - - [13/Mar/2026:01:24:15 +0100] "GET /service/agriculture-products/?edit=/htdocs/sivaco/vendor/psy/psysh/src/Reflection/ReflectionConstant.php HTTP/2.0" 200 2978 "-" "meta-externalagent/1.1 (+https://developers.facebook.com/docs/sharing/webmasters/crawler)"
193.203.239.64 - - [13/Mar/2026:01:24:16 +0100] "POST /wp-cron.php?doing_wp_cron=1773361455.7981719970703125000000 HTTP/1.1" 200 1 "-" "WordPress/6.9.4; http://ptso.jmkconsulting-ci.com"
65.109.118.212 - - [13/Mar/2026:01:24:16 +0100] "GET /service/agriculture-products/?view=/htdocs/sivaco/node_modules/json-schema-traverse/.eslintrc.yml HTTP/1.1" 200 1195 "-" "Mozilla/5.0 (compatible; AwarioBot/1.0; +https://awario.com/bots.html)"
57.141.20.2 - - [13/Mar/2026:01:24:17 +0100] "GET /service/fresh-vegetables/?view=/sftproot/htdocs/jmknew.jmkconsulting-ci.com/gdata/node_modules/toidentifier/HISTORY.md HTTP/2.0" 200 2200 "-" "meta-externalagent/1.1 (+https://developers.facebook.com/docs/sharing/webmasters/crawler)"
57.141.20.47 - - [13/Mar/2026:01:24:17 +0100] "GET /service/dairy-products/?view=/usr/base/usr/lib/locale/en_GB.utf8/LC_IDENTIFICATION HTTP/2.0" 200 2394 "-" "meta-externalagent/1.1 (+https://developers.facebook.com/docs/sharing/webmasters/crawler)"
193.203.239.64 - - [13/Mar/2026:01:24:17 +0100] "POST /wp-cron.php?doing_wp_cron=1773361457.6328430175781250000000 HTTP/1.1" 200 1 "-" "WordPress/6.9.4; https://ptso.jmkconsulting-ci.com"
57.141.20.52 - - [13/Mar/2026:01:24:17 +0100] "GET /service/agriculture-products/?view=/usr/base/usr/share/locale/sv/LC_MESSAGES/bash.mo HTTP/2.0" 200 183682 "-" "meta-externalagent/1.1 (+https://developers.facebook.com/docs/sharing/webmasters/crawler)"
57.141.20.45 - - [13/Mar/2026:01:24:17 +0100] "GET /service/organic-products/?rename=/usr/base/.wp-cli/cache-php-compat/plugins/powerkit/powerkit.2.5.0.json HTTP/2.0" 200 2328 "-" "meta-externalagent/1.1 (+https://developers.facebook.com/docs/sharing/webmasters/crawler)"
57.141.20.46 - - [13/Mar/2026:01:24:18 +0100] "GET /service/dairy-products/?rename=/htdocs/jmknew.jmkconsulting-ci.com/gdata/.git/objects/2f/d53dfb372dff37303b5609e6ce1d997096898b HTTP/2.0" 200 2397 "-" "meta-externalagent/1.1 (+https://developers.facebook.com/docs/sharing/webmasters/crawler)"
57.141.20.36 - - [13/Mar/2026:01:24:18 +0100] "GET /service/agriculture-products/?rename=/usr/base/usr/share/locale/de/LC_MESSAGES/findutils.mo HTTP/2.0" 200 2287 "-" "meta-externalagent/1.1 (+https://developers.facebook.com/docs/sharing/webmasters/crawler)"
65.109.118.212 - - [13/Mar/2026:01:24:18 +0100] "GET /service/agriculture-products/?view=/htdocs/sivaco/node_modules/json-schema-traverse/.travis.yml HTTP/1.1" 200 934 "-" "Mozilla/5.0 (compatible; AwarioBot/1.0; +https://awario.com/bots.html)"
57.141.20.24 - - [13/Mar/2026:01:24:18 +0100] "GET /service/organic-products/?edit=/usr/base/opt/php8.5/include/php/Zend/zend_interfaces.h HTTP/2.0" 200 6340 "-" "meta-externalagent/1.1 (+https://developers.facebook.com/docs/sharing/webmasters/crawler)"
65.109.118.212 - - [13/Mar/2026:01:24:19 +0100] "GET /service/agriculture-products/?view=/htdocs/sivaco/node_modules/json-schema-traverse/LICENSE HTTP/1.1" 200 1510 "-" "Mozilla/5.0 (compatible; AwarioBot/1.0; +https://awario.com/bots.html)"
57.141.20.47 - - [13/Mar/2026:01:24:21 +0100] "GET /service/organic-products/?edit=/htdocs/sivaco/node_modules/laravel-mix/node_modules/watchpack/lib/chokidar.js HTTP/2.0" 200 2748 "-" "meta-externalagent/1.1 (+https://developers.facebook.com/docs/sharing/webmasters/crawler)"
57.141.20.5 - - [13/Mar/2026:01:24:21 +0100] "GET /service/fresh-vegetables/?rename=/htdocs/atito2/vendor/sebastian/cli-parser/src/exceptions/Exception.php HTTP/2.0" 200 2322 "-" "meta-externalagent/1.1 (+https://developers.facebook.com/docs/sharing/webmasters/crawler)"
57.141.20.12 - - [13/Mar/2026:01:24:21 +0100] "GET /service/organic-products/?edit=/htdocs/atito2/node_modules/@babel/types/lib/converters/ensureBlock.js HTTP/2.0" 200 2602 "-" "meta-externalagent/1.1 (+https://developers.facebook.com/docs/sharing/webmasters/crawler)"
57.141.20.13 - - [13/Mar/2026:01:24:21 +0100] "GET /service/agriculture-products/?edit=/usr/base/usr/share/locale/tr/LC_MESSAGES/iso_639-5.mo HTTP/2.0" 200 9895 "-" "meta-externalagent/1.1 (+https://developers.facebook.com/docs/sharing/webmasters/crawler)"
65.109.118.212 - - [13/Mar/2026:01:24:23 +0100] "GET /service/agriculture-products/?view=/htdocs/sivaco/node_modules/json-schema-traverse/README.md HTTP/1.1" 200 1826 "-" "Mozilla/5.0 (compatible; AwarioBot/1.0; +https://awario.com/bots.html)"
57.141.20.43 - - [13/Mar/2026:01:24:23 +0100] "GET /service/harvest/?rename=/usr/base/usr/share/terminfo/t/tek4023 HTTP/2.0" 200 2250 "-" "meta-externalagent/1.1 (+https://developers.facebook.com/docs/sharing/webmasters/crawler)"
57.141.20.21 - - [13/Mar/2026:01:24:23 +0100] "GET /service/dairy-products/?rename=/sftproot/htdocs/atito2/node_modules/lodash/fp/matches.js HTTP/2.0" 200 2291 "-" "meta-externalagent/1.1 (+https://developers.facebook.com/docs/sharing/webmasters/crawler)"
57.141.20.48 - - [13/Mar/2026:01:24:23 +0100] "GET /service/dairy-products/?rename=/sftproot/htdocs/atito2/node_modules/webpack/lib/ContextExclusionPlugin.js HTTP/2.0" 200 2340 "-" "meta-externalagent/1.1 (+https://developers.facebook.com/docs/sharing/webmasters/crawler)"
57.141.20.16 - - [13/Mar/2026:01:24:23 +0100] "GET /service/fresh-vegetables/?view=/htdocs/jmknew.jmkconsulting-ci.com/gdata/vendor/hamcrest/hamcrest-php/tests/bootstrap.php HTTP/2.0" 200 2318 "-" "meta-externalagent/1.1 (+https://developers.facebook.com/docs/sharing/webmasters/crawler)"
57.141.20.27 - - [13/Mar/2026:01:24:24 +0100] "GET /service/organic-products/?edit=/usr/base/.wp-cli/cache-php-compat/themes/kenta/kenta.1.4.3.json HTTP/2.0" 200 17334 "-" "meta-externalagent/1.1 (+https://developers.facebook.com/docs/sharing/webmasters/crawler)"
57.141.20.37 - - [13/Mar/2026:01:24:25 +0100] "GET /service/organic-products/?dir=/sftproot/htdocs/jmknew.jmkconsulting-ci.com/gdata/node_modules/esniff HTTP/2.0" 200 20329 "-" "meta-externalagent/1.1 (+https://developers.facebook.com/docs/sharing/webmasters/crawler)"
57.141.20.43 - - [13/Mar/2026:01:24:25 +0100] "GET /service/organic-products/?edit=/usr/base/usr/share/zoneinfo/Pacific/Funafuti HTTP/2.0" 200 2367 "-" "meta-externalagent/1.1 (+https://developers.facebook.com/docs/sharing/webmasters/crawler)"
57.141.20.28 - - [13/Mar/2026:01:24:25 +0100] "GET /service/dairy-products/?edit=/sftproot/htdocs/sivaco/node_modules/to-object-path/index.js HTTP/2.0" 200 2947 "-" "meta-externalagent/1.1 (+https://developers.facebook.com/docs/sharing/webmasters/crawler)"
57.141.20.58 - - [13/Mar/2026:01:24:26 +0100] "GET /service/organic-products/?rename=/usr/base/.wp-cli/cache-php-compat/plugins/loginpress/loginpress.1.4.2.json HTTP/2.0" 200 2338 "-" "meta-externalagent/1.1 (+https://developers.facebook.com/docs/sharing/webmasters/crawler)"
65.109.118.212 - - [13/Mar/2026:01:24:26 +0100] "GET /service/agriculture-products/?view=/htdocs/sivaco/node_modules/json-schema-traverse/index.js HTTP/1.1" 200 1608 "-" "Mozilla/5.0 (compatible; AwarioBot/1.0; +https://awario.com/bots.html)"
57.141.20.5 - - [13/Mar/2026:01:24:26 +0100] "GET /service/agriculture-products/?edit=/sftproot/htdocs/sivaco/node_modules/cssnano-preset-default/LICENSE-MIT HTTP/2.0" 200 3352 "-" "meta-externalagent/1.1 (+https://developers.facebook.com/docs/sharing/webmasters/crawler)"
57.141.20.56 - - [13/Mar/2026:01:24:27 +0100] "GET /service/organic-products/?view=/sftproot/htdocs/sivaco/node_modules/unique-filename/LICENSE HTTP/2.0" 200 2748 "-" "meta-externalagent/1.1 (+https://developers.facebook.com/docs/sharing/webmasters/crawler)"
57.141.20.43 - - [13/Mar/2026:01:24:27 +0100] "GET /service/dairy-products/?view=/usr/base/var/lib/mibs/iana/IANA-PRINTER-MIB HTTP/2.0" 200 112176 "-" "meta-externalagent/1.1 (+https://developers.facebook.com/docs/sharing/webmasters/crawler)"
57.141.20.28 - - [13/Mar/2026:01:24:28 +0100] "GET /service/organic-products/?edit=/usr/base/.wp-cli/cache-php-compat/plugins/optinmonster/optinmonster.2.16.15.json HTTP/2.0" 200 9995 "-" "meta-externalagent/1.1 (+https://developers.facebook.com/docs/sharing/webmasters/crawler)"
57.141.20.3 - - [13/Mar/2026:01:24:28 +0100] "GET /service/organic-products/?view=/sftproot/htdocs/sivaco/node_modules/replace-ext/LICENSE HTTP/2.0" 200 3209 "-" "meta-externalagent/1.1 (+https://developers.facebook.com/docs/sharing/webmasters/crawler)"
57.141.20.55 - - [13/Mar/2026:01:24:28 +0100] "GET /service/organic-products/?edit=/htdocs/jmknew.jmkconsulting-ci.com/gdata/vendor/league/mime-type-detection/src/ExtensionMimeTypeDetector.php HTTP/2.0" 200 3777 "-" "meta-externalagent/1.1 (+https://developers.facebook.com/docs/sharing/webmasters/crawler)"
65.109.118.212 - - [13/Mar/2026:01:24:28 +0100] "GET /service/agriculture-products/?view=/htdocs/sivaco/node_modules/json-schema-traverse/package.json HTTP/1.1" 200 1312 "-" "Mozilla/5.0 (compatible; AwarioBot/1.0; +https://awario.com/bots.html)"
57.141.20.31 - - [13/Mar/2026:01:24:29 +0100] "GET /service/organic-products/?rename=/usr/base/usr/share/terminfo/p/p8-w HTTP/2.0" 200 2253 "-" "meta-externalagent/1.1 (+https://developers.facebook.com/docs/sharing/webmasters/crawler)"
57.141.20.59 - - [13/Mar/2026:01:24:30 +0100] "GET /service/agriculture-products/?rename=/sftproot/htdocs/ptso.jmkconsulting-ci.com/wp-includes/IXR/class-IXR-message.php HTTP/2.0" 200 2348 "-" "meta-externalagent/1.1 (+https://developers.facebook.com/docs/sharing/webmasters/crawler)"
57.141.20.51 - - [13/Mar/2026:01:24:30 +0100] "GET /service/organic-products/?view=/htdocs/jmknew.jmkconsulting-ci.com/gdata/vendor/livewire/livewire/dist/livewire.js HTTP/2.0" 200 192345 "-" "meta-externalagent/1.1 (+https://developers.facebook.com/docs/sharing/webmasters/crawler)"
57.141.20.35 - - [13/Mar/2026:01:24:31 +0100] "GET /service/organic-products/?view=/usr/base/usr/share/terminfo/t/tvi912c-mc-vb HTTP/2.0" 200 4356 "-" "meta-externalagent/1.1 (+https://developers.facebook.com/docs/sharing/webmasters/crawler)"
65.109.118.212 - - [13/Mar/2026:01:24:31 +0100] "GET /service/agriculture-products/?view=/htdocs/sivaco/node_modules/json5/LICENSE.md HTTP/1.1" 200 1538 "-" "Mozilla/5.0 (compatible; AwarioBot/1.0; +https://awario.com/bots.html)"
57.141.20.16 - - [13/Mar/2026:01:24:31 +0100] "GET /service/dairy-products/?edit=/sftproot/htdocs/sivaco/node_modules/watchpack/lib/LinkResolver.js HTTP/2.0" 200 5533 "-" "meta-externalagent/1.1 (+https://developers.facebook.com/docs/sharing/webmasters/crawler)"
57.141.20.59 - - [13/Mar/2026:01:24:31 +0100] "GET /service/agriculture-products/?edit=/htdocs/sivaco/vendor/phar-io/manifest/src/values/Type.php HTTP/2.0" 200 3389 "-" "meta-externalagent/1.1 (+https://developers.facebook.com/docs/sharing/webmasters/crawler)"
57.141.20.4 - - [13/Mar/2026:01:24:32 +0100] "GET /service/agriculture-products/?edit=/usr/base/opt/php8.1/include/php/Zend/zend_exceptions.h HTTP/2.0" 200 6784 "-" "meta-externalagent/1.1 (+https://developers.facebook.com/docs/sharing/webmasters/crawler)"
57.141.20.15 - - [13/Mar/2026:01:24:32 +0100] "GET /service/fresh-vegetables/?rename=/usr/base/usr/share/ghostscript/10.05.1/lib/bj8pp12f.upp HTTP/2.0" 200 2291 "-" "meta-externalagent/1.1 (+https://developers.facebook.com/docs/sharing/webmasters/crawler)"
57.141.20.50 - - [13/Mar/2026:01:24:32 +0100] "GET /service/harvest/?rename=/usr/base/var/lib/mibs/iana/IANA-IPPM-METRICS-REGISTRY-MIB HTTP/2.0" 200 2313 "-" "meta-externalagent/1.1 (+https://developers.facebook.com/docs/sharing/webmasters/crawler)"
57.141.20.45 - - [13/Mar/2026:01:24:33 +0100] "GET /service/harvest/?edit=/htdocs/jmknew.jmkconsulting-ci.com/gdata/.git/objects/87/076268161f14e86a45a21627716314c0761dd2 HTTP/2.0" 200 3373 "-" "meta-externalagent/1.1 (+https://developers.facebook.com/docs/sharing/webmasters/crawler)"
57.141.20.2 - - [13/Mar/2026:01:24:34 +0100] "GET /service/agriculture-products/?rename=/sftproot/htdocs/sivaco/resources/js/bootstrap.js HTTP/2.0" 200 2277 "-" "meta-externalagent/1.1 (+https://developers.facebook.com/docs/sharing/webmasters/crawler)"
65.109.118.212 - - [13/Mar/2026:01:24:34 +0100] "GET /service/agriculture-products/?view=/htdocs/sivaco/node_modules/json5/README.md HTTP/1.1" 200 5423 "-" "Mozilla/5.0 (compatible; AwarioBot/1.0; +https://awario.com/bots.html)"
57.141.20.18 - - [13/Mar/2026:01:24:34 +0100] "GET /service/fresh-vegetables/?edit=/usr/base/.wp-cli/cache-php-compat/plugins/woo-checkout-field-editor-pro/woo-checkout-field-editor-pro.1.4.8.json HTTP/2.0" 200 7160 "-" "meta-externalagent/1.1 (+https://developers.facebook.com/docs/sharing/webmasters/crawler)"
57.141.20.40 - - [13/Mar/2026:01:24:34 +0100] "GET /service/agriculture-products/?edit=/htdocs/sivaco/node_modules/caniuse-lite/data/regions/NE.js HTTP/2.0" 200 11080 "-" "meta-externalagent/1.1 (+https://developers.facebook.com/docs/sharing/webmasters/crawler)"
57.141.20.5 - - [13/Mar/2026:01:24:35 +0100] "GET /service/organic-products/?edit=/htdocs/apps.jmkconsulting-ci.com/core/vendor/symfony/routing/Exception/RouteNotFoundException.php HTTP/2.0" 200 2789 "-" "meta-externalagent/1.1 (+https://developers.facebook.com/docs/sharing/webmasters/crawler)"
57.141.20.58 - - [13/Mar/2026:01:24:36 +0100] "GET /service/organic-products/?rename=/sftproot/htdocs/atito2/node_modules/regenerate/LICENSE-MIT.txt HTTP/2.0" 200 2308 "-" "meta-externalagent/1.1 (+https://developers.facebook.com/docs/sharing/webmasters/crawler)"
57.141.20.42 - - [13/Mar/2026:01:24:36 +0100] "GET /service/agriculture-products/?edit=/sftproot/htdocs/sivaco/node_modules/function.prototype.name/polyfill.js HTTP/2.0" 200 2391 "-" "meta-externalagent/1.1 (+https://developers.facebook.com/docs/sharing/webmasters/crawler)"
65.109.118.212 - - [13/Mar/2026:01:24:36 +0100] "GET /service/agriculture-products/?view=/htdocs/sivaco/node_modules/json5/package.json HTTP/1.1" 200 1654 "-" "Mozilla/5.0 (compatible; AwarioBot/1.0; +https://awario.com/bots.html)"
57.141.20.52 - - [13/Mar/2026:01:24:37 +0100] "GET /service/organic-products/?edit=/sftproot/htdocs/sivaco/node_modules/worker-farm/.travis.yml HTTP/2.0" 200 2339 "-" "meta-externalagent/1.1 (+https://developers.facebook.com/docs/sharing/webmasters/crawler)"
65.109.118.212 - - [13/Mar/2026:01:24:38 +0100] "GET /service/agriculture-products/?view=/htdocs/sivaco/node_modules/jsonfile/CHANGELOG.md HTTP/1.1" 200 3205 "-" "Mozilla/5.0 (compatible; AwarioBot/1.0; +https://awario.com/bots.html)"
57.141.20.45 - - [13/Mar/2026:01:24:40 +0100] "GET /service/organic-products/?edit=/sftproot/htdocs/sivaco/node_modules/.bin/atob.cmd HTTP/2.0" 200 2577 "-" "meta-externalagent/1.1 (+https://developers.facebook.com/docs/sharing/webmasters/crawler)"
65.109.118.212 - - [13/Mar/2026:01:24:40 +0100] "GET /service/agriculture-products/?view=/htdocs/sivaco/node_modules/jsonfile/LICENSE HTTP/1.1" 200 1522 "-" "Mozilla/5.0 (compatible; AwarioBot/1.0; +https://awario.com/bots.html)"
65.109.118.212 - - [13/Mar/2026:01:24:43 +0100] "GET /service/agriculture-products/?view=/htdocs/sivaco/node_modules/jsonfile/README.md HTTP/1.1" 200 2002 "-" "Mozilla/5.0 (compatible; AwarioBot/1.0; +https://awario.com/bots.html)"
65.109.118.212 - - [13/Mar/2026:01:24:45 +0100] "GET /service/agriculture-products/?view=/htdocs/sivaco/node_modules/jsonfile/index.js HTTP/1.1" 200 1716 "-" "Mozilla/5.0 (compatible; AwarioBot/1.0; +https://awario.com/bots.html)"
65.109.118.212 - - [13/Mar/2026:01:24:47 +0100] "GET /service/agriculture-products/?view=/htdocs/sivaco/node_modules/jsonfile/package.json HTTP/1.1" 200 1219 "-" "Mozilla/5.0 (compatible; AwarioBot/1.0; +https://awario.com/bots.html)"
65.109.118.212 - - [13/Mar/2026:01:24:49 +0100] "GET /service/agriculture-products/?view=/htdocs/sivaco/node_modules/killable/LICENSE HTTP/1.1" 200 1316 "-" "Mozilla/5.0 (compatible; AwarioBot/1.0; +https://awario.com/bots.html)"
65.109.118.212 - - [13/Mar/2026:01:24:51 +0100] "GET /robots.txt HTTP/1.1" 200 119 "-" "Mozilla/5.0 (compatible; AwarioBot/1.0; +https://awario.com/bots.html)"
65.109.118.212 - - [13/Mar/2026:01:24:51 +0100] "GET /service/agriculture-products/?view=/htdocs/sivaco/node_modules/killable/README.md HTTP/1.1" 200 1431 "-" "Mozilla/5.0 (compatible; AwarioBot/1.0; +https://awario.com/bots.html)"
65.109.118.212 - - [13/Mar/2026:01:24:54 +0100] "GET /service/agriculture-products/?view=/htdocs/sivaco/node_modules/killable/index.js HTTP/1.1" 200 1084 "-" "Mozilla/5.0 (compatible; AwarioBot/1.0; +https://awario.com/bots.html)"
57.141.20.27 - - [13/Mar/2026:01:24:54 +0100] "GET /service/organic-products/?edit=/usr/base/.wp-cli/cache-php-compat/themes/twentyfifteen/twentyfifteen.3.5.json HTTP/2.0" 200 6454 "-" "meta-externalagent/1.1 (+https://developers.facebook.com/docs/sharing/webmasters/crawler)"
65.109.118.212 - - [13/Mar/2026:01:24:57 +0100] "GET /service/agriculture-products/?view=/htdocs/sivaco/node_modules/killable/package.json HTTP/1.1" 200 1159 "-" "Mozilla/5.0 (compatible; AwarioBot/1.0; +https://awario.com/bots.html)"
65.109.118.212 - - [13/Mar/2026:01:24:59 +0100] "GET /service/agriculture-products/?view=/htdocs/sivaco/node_modules/kind-of/LICENSE HTTP/1.1" 200 1509 "-" "Mozilla/5.0 (compatible; AwarioBot/1.0; +https://awario.com/bots.html)"
65.109.118.212 - - [13/Mar/2026:01:25:00 +0100] "GET /service/agriculture-products/?view=/htdocs/sivaco/node_modules/kind-of/README.md HTTP/1.1" 200 3712 "-" "Mozilla/5.0 (compatible; AwarioBot/1.0; +https://awario.com/bots.html)"
65.109.118.212 - - [13/Mar/2026:01:25:02 +0100] "GET /service/agriculture-products/?view=/htdocs/sivaco/node_modules/kind-of/index.js HTTP/1.1" 200 1530 "-" "Mozilla/5.0 (compatible; AwarioBot/1.0; +https://awario.com/bots.html)"
65.109.118.212 - - [13/Mar/2026:01:25:05 +0100] "GET /service/agriculture-products/?view=/htdocs/sivaco/node_modules/kind-of/package.json HTTP/1.1" 200 1612 "-" "Mozilla/5.0 (compatible; AwarioBot/1.0; +https://awario.com/bots.html)"
65.109.118.212 - - [13/Mar/2026:01:25:07 +0100] "GET /service/agriculture-products/?view=/htdocs/sivaco/node_modules/klona/index.d.ts HTTP/1.1" 200 887 "-" "Mozilla/5.0 (compatible; AwarioBot/1.0; +https://awario.com/bots.html)"
65.109.118.212 - - [13/Mar/2026:01:25:09 +0100] "GET /service/agriculture-products/?view=/htdocs/sivaco/node_modules/klona/license HTTP/1.1" 200 1507 "-" "Mozilla/5.0 (compatible; AwarioBot/1.0; +https://awario.com/bots.html)"
65.109.118.212 - - [13/Mar/2026:01:25:12 +0100] "GET /service/agriculture-products/?view=/htdocs/sivaco/node_modules/klona/package.json HTTP/1.1" 200 1471 "-" "Mozilla/5.0 (compatible; AwarioBot/1.0; +https://awario.com/bots.html)"
65.109.118.212 - - [13/Mar/2026:01:25:14 +0100] "GET /service/agriculture-products/?view=/htdocs/sivaco/node_modules/klona/readme.md HTTP/1.1" 200 3374 "-" "Mozilla/5.0 (compatible; AwarioBot/1.0; +https://awario.com/bots.html)"
65.109.118.212 - - [13/Mar/2026:01:25:16 +0100] "GET /service/agriculture-products/?view=/htdocs/sivaco/node_modules/laravel-mix/LICENSE HTTP/1.1" 200 1520 "-" "Mozilla/5.0 (compatible; AwarioBot/1.0; +https://awario.com/bots.html)"
193.203.239.64 - - [13/Mar/2026:01:25:18 +0100] "POST /wp-cron.php?doing_wp_cron=1773361518.2687718868255615234375 HTTP/1.1" 200 1 "-" "WordPress/6.9.4; http://ptso.jmkconsulting-ci.com"
65.109.118.212 - - [13/Mar/2026:01:25:18 +0100] "GET /service/agriculture-products/?view=/htdocs/sivaco/node_modules/laravel-mix/package.json HTTP/1.1" 200 2024 "-" "Mozilla/5.0 (compatible; AwarioBot/1.0; +https://awario.com/bots.html)"
57.141.20.8 - - [13/Mar/2026:01:25:19 +0100] "GET /service/agriculture-products/?edit=/sftproot/htdocs/apps.jmkconsulting-ci.com/core/config/user-activity.php HTTP/2.0" 200 7264 "-" "meta-externalagent/1.1 (+https://developers.facebook.com/docs/sharing/webmasters/crawler)"
65.109.118.212 - - [13/Mar/2026:01:25:20 +0100] "GET /service/agriculture-products/?view=/htdocs/sivaco/node_modules/laravel-mix/readme.md HTTP/1.1" 200 1339 "-" "Mozilla/5.0 (compatible; AwarioBot/1.0; +https://awario.com/bots.html)"
65.109.118.212 - - [13/Mar/2026:01:25:22 +0100] "GET /service/agriculture-products/?view=/htdocs/sivaco/node_modules/last-call-webpack-plugin/LICENSE HTTP/1.1" 200 1518 "-" "Mozilla/5.0 (compatible; AwarioBot/1.0; +https://awario.com/bots.html)"
65.109.118.212 - - [13/Mar/2026:01:25:24 +0100] "GET /service/agriculture-products/?view=/htdocs/sivaco/node_modules/last-call-webpack-plugin/README.md HTTP/1.1" 200 2264 "-" "Mozilla/5.0 (compatible; AwarioBot/1.0; +https://awario.com/bots.html)"
65.109.118.212 - - [13/Mar/2026:01:25:26 +0100] "GET /service/agriculture-products/?view=/htdocs/sivaco/node_modules/last-call-webpack-plugin/package.json HTTP/1.1" 200 1179 "-" "Mozilla/5.0 (compatible; AwarioBot/1.0; +https://awario.com/bots.html)"
65.109.118.212 - - [13/Mar/2026:01:25:28 +0100] "GET /service/agriculture-products/?view=/htdocs/sivaco/node_modules/lilconfig/LICENSE HTTP/1.1" 200 1500 "-" "Mozilla/5.0 (compatible; AwarioBot/1.0; +https://awario.com/bots.html)"
65.109.118.212 - - [13/Mar/2026:01:25:31 +0100] "GET /service/agriculture-products/?view=/htdocs/sivaco/node_modules/lilconfig/package.json HTTP/1.1" 200 1344 "-" "Mozilla/5.0 (compatible; AwarioBot/1.0; +https://awario.com/bots.html)"
65.109.118.212 - - [13/Mar/2026:01:25:33 +0100] "GET /service/agriculture-products/?view=/htdocs/sivaco/node_modules/lilconfig/readme.md HTTP/1.1" 200 2047 "-" "Mozilla/5.0 (compatible; AwarioBot/1.0; +https://awario.com/bots.html)"
65.109.118.212 - - [13/Mar/2026:01:25:35 +0100] "GET /service/agriculture-products/?view=/htdocs/sivaco/node_modules/loader-runner/LICENSE HTTP/1.1" 200 1505 "-" "Mozilla/5.0 (compatible; AwarioBot/1.0; +https://awario.com/bots.html)"
65.109.118.212 - - [13/Mar/2026:01:25:36 +0100] "GET /service/agriculture-products/?view=/htdocs/sivaco/node_modules/loader-runner/README.md HTTP/1.1" 200 1510 "-" "Mozilla/5.0 (compatible; AwarioBot/1.0; +https://awario.com/bots.html)"
65.109.118.212 - - [13/Mar/2026:01:25:38 +0100] "GET /service/agriculture-products/?view=/htdocs/sivaco/node_modules/loader-runner/package.json HTTP/1.1" 200 1315 "-" "Mozilla/5.0 (compatible; AwarioBot/1.0; +https://awario.com/bots.html)"
65.109.118.212 - - [13/Mar/2026:01:25:40 +0100] "GET /service/agriculture-products/?view=/htdocs/sivaco/node_modules/loader-utils/LICENSE HTTP/1.1" 200 1494 "-" "Mozilla/5.0 (compatible; AwarioBot/1.0; +https://awario.com/bots.html)"
65.109.118.212 - - [13/Mar/2026:01:25:42 +0100] "GET /service/agriculture-products/?view=/htdocs/sivaco/node_modules/loader-utils/README.md HTTP/1.1" 200 3938 "-" "Mozilla/5.0 (compatible; AwarioBot/1.0; +https://awario.com/bots.html)"
179.60.174.106 - - [13/Mar/2026:01:25:43 +0100] "GET /service/harvest/?edit=/usr/base/usr/share/ca-certificates/mozilla/TrustAsia_Global_Root_CA_G3.crt HTTP/1.1" 200 2557 "-" "Mozilla/5.0 (Macintosh; U; Intel Mac OS X 10_5_8; en-US) AppleWebKit/532.2 (KHTML, like Gecko) Chrome/4.0.221.8 Safari/532.2"
