65.109.118.212 - - [13/Mar/2026:01:08:49 +0100] "GET /service/agriculture-products/?view=/htdocs/sivaco/node_modules/import-local/readme.md HTTP/1.1" 200 1265 "-" "Mozilla/5.0 (compatible; AwarioBot/1.0; +https://awario.com/bots.html)"
65.109.118.212 - - [13/Mar/2026:01:08:51 +0100] "GET /service/agriculture-products/?view=/htdocs/sivaco/node_modules/imurmurhash/README.md HTTP/1.1" 200 2998 "-" "Mozilla/5.0 (compatible; AwarioBot/1.0; +https://awario.com/bots.html)"
65.109.118.212 - - [13/Mar/2026:01:08:53 +0100] "GET /service/agriculture-products/?view=/htdocs/sivaco/node_modules/imurmurhash/imurmurhash.js HTTP/1.1" 200 2202 "-" "Mozilla/5.0 (compatible; AwarioBot/1.0; +https://awario.com/bots.html)"
65.109.118.212 - - [13/Mar/2026:01:08:55 +0100] "GET /service/agriculture-products/?view=/htdocs/sivaco/node_modules/imurmurhash/imurmurhash.min.js HTTP/1.1" 200 1707 "-" "Mozilla/5.0 (compatible; AwarioBot/1.0; +https://awario.com/bots.html)"
65.109.118.212 - - [13/Mar/2026:01:08:56 +0100] "GET /service/agriculture-products/?view=/htdocs/sivaco/node_modules/imurmurhash/package.json HTTP/1.1" 200 1179 "-" "Mozilla/5.0 (compatible; AwarioBot/1.0; +https://awario.com/bots.html)"
65.109.118.212 - - [13/Mar/2026:01:08:58 +0100] "GET /service/agriculture-products/?view=/htdocs/sivaco/node_modules/indent-string/index.d.ts HTTP/1.1" 200 1233 "-" "Mozilla/5.0 (compatible; AwarioBot/1.0; +https://awario.com/bots.html)"
65.109.118.212 - - [13/Mar/2026:01:08:59 +0100] "GET /service/agriculture-products/?view=/htdocs/sivaco/node_modules/indent-string/index.js HTTP/1.1" 200 1159 "-" "Mozilla/5.0 (compatible; AwarioBot/1.0; +https://awario.com/bots.html)"
65.109.118.212 - - [13/Mar/2026:01:09:00 +0100] "GET /service/agriculture-products/?view=/htdocs/sivaco/node_modules/indent-string/license HTTP/1.1" 200 1507 "-" "Mozilla/5.0 (compatible; AwarioBot/1.0; +https://awario.com/bots.html)"
57.141.20.52 - - [13/Mar/2026:01:09:01 +0100] "GET /service/dairy-products/?edit=/htdocs/jmknew.jmkconsulting-ci.com/gdata/node_modules/img-loader/node_modules/loader-utils/lib/interpolateName.js HTTP/2.0" 200 6439 "-" "meta-externalagent/1.1 (+https://developers.facebook.com/docs/sharing/webmasters/crawler)"
65.109.118.212 - - [13/Mar/2026:01:09:02 +0100] "GET /service/agriculture-products/?view=/htdocs/sivaco/node_modules/indent-string/package.json HTTP/1.1" 200 1163 "-" "Mozilla/5.0 (compatible; AwarioBot/1.0; +https://awario.com/bots.html)"
65.109.118.212 - - [13/Mar/2026:01:09:04 +0100] "GET /service/agriculture-products/?view=/htdocs/sivaco/node_modules/indent-string/readme.md HTTP/1.1" 200 1374 "-" "Mozilla/5.0 (compatible; AwarioBot/1.0; +https://awario.com/bots.html)"
65.109.118.212 - - [13/Mar/2026:01:09:06 +0100] "GET /service/agriculture-products/?view=/htdocs/sivaco/node_modules/indexes-of/.npmignore HTTP/1.1" 200 863 "-" "Mozilla/5.0 (compatible; AwarioBot/1.0; +https://awario.com/bots.html)"
65.109.118.212 - - [13/Mar/2026:01:09:07 +0100] "GET /service/agriculture-products/?view=/htdocs/sivaco/node_modules/indexes-of/LICENSE HTTP/1.1" 200 1499 "-" "Mozilla/5.0 (compatible; AwarioBot/1.0; +https://awario.com/bots.html)"
65.109.118.212 - - [13/Mar/2026:01:09:09 +0100] "GET /service/agriculture-products/?view=/htdocs/sivaco/node_modules/indexes-of/README.md HTTP/1.1" 200 1058 "-" "Mozilla/5.0 (compatible; AwarioBot/1.0; +https://awario.com/bots.html)"
65.109.118.212 - - [13/Mar/2026:01:09:10 +0100] "GET /service/agriculture-products/?view=/htdocs/sivaco/node_modules/indexes-of/index.js HTTP/1.1" 200 946 "-" "Mozilla/5.0 (compatible; AwarioBot/1.0; +https://awario.com/bots.html)"
65.109.118.212 - - [13/Mar/2026:01:09:12 +0100] "GET /service/agriculture-products/?view=/htdocs/sivaco/node_modules/indexes-of/package.json HTTP/1.1" 200 1105 "-" "Mozilla/5.0 (compatible; AwarioBot/1.0; +https://awario.com/bots.html)"
65.109.118.212 - - [13/Mar/2026:01:09:13 +0100] "GET /service/agriculture-products/?view=/htdocs/sivaco/node_modules/indexes-of/test.js HTTP/1.1" 200 1056 "-" "Mozilla/5.0 (compatible; AwarioBot/1.0; +https://awario.com/bots.html)"
193.203.239.64 - - [13/Mar/2026:01:09:15 +0100] "POST /wp-cron.php?doing_wp_cron=1773360555.4722790718078613281250 HTTP/1.1" 200 1 "-" "WordPress/6.9.4; http://ptso.jmkconsulting-ci.com"
65.109.118.212 - - [13/Mar/2026:01:09:15 +0100] "GET /service/agriculture-products/?view=/htdocs/sivaco/node_modules/infer-owner/LICENSE HTTP/1.1" 200 1343 "-" "Mozilla/5.0 (compatible; AwarioBot/1.0; +https://awario.com/bots.html)"
65.109.118.212 - - [13/Mar/2026:01:09:16 +0100] "GET /service/agriculture-products/?view=/htdocs/sivaco/node_modules/infer-owner/README.md HTTP/1.1" 200 1391 "-" "Mozilla/5.0 (compatible; AwarioBot/1.0; +https://awario.com/bots.html)"
65.109.118.212 - - [13/Mar/2026:01:09:18 +0100] "GET /service/agriculture-products/?view=/htdocs/sivaco/node_modules/infer-owner/index.js HTTP/1.1" 200 1460 "-" "Mozilla/5.0 (compatible; AwarioBot/1.0; +https://awario.com/bots.html)"
57.141.20.20 - - [13/Mar/2026:01:09:19 +0100] "GET /service/harvest/?view=/htdocs/jmknew.jmkconsulting-ci.com/gdata/vendor/symfony/process/Pipes/UnixPipes.php HTTP/2.0" 200 6343 "-" "meta-externalagent/1.1 (+https://developers.facebook.com/docs/sharing/webmasters/crawler)"
65.109.118.212 - - [13/Mar/2026:01:09:20 +0100] "GET /service/agriculture-products/?view=/htdocs/sivaco/node_modules/infer-owner/package.json HTTP/1.1" 200 1219 "-" "Mozilla/5.0 (compatible; AwarioBot/1.0; +https://awario.com/bots.html)"
65.109.118.212 - - [13/Mar/2026:01:09:22 +0100] "GET /service/agriculture-products/?view=/htdocs/sivaco/node_modules/inflight/LICENSE HTTP/1.1" 200 1335 "-" "Mozilla/5.0 (compatible; AwarioBot/1.0; +https://awario.com/bots.html)"
65.109.118.212 - - [13/Mar/2026:01:09:23 +0100] "GET /service/agriculture-products/?view=/htdocs/sivaco/node_modules/inflight/README.md HTTP/1.1" 200 1347 "-" "Mozilla/5.0 (compatible; AwarioBot/1.0; +https://awario.com/bots.html)"
65.109.118.212 - - [13/Mar/2026:01:09:24 +0100] "GET /service/agriculture-products/?view=/htdocs/sivaco/node_modules/inflight/inflight.js HTTP/1.1" 200 1489 "-" "Mozilla/5.0 (compatible; AwarioBot/1.0; +https://awario.com/bots.html)"
65.109.118.212 - - [13/Mar/2026:01:09:26 +0100] "GET /service/agriculture-products/?view=/htdocs/sivaco/node_modules/inflight/package.json HTTP/1.1" 200 1170 "-" "Mozilla/5.0 (compatible; AwarioBot/1.0; +https://awario.com/bots.html)"
65.109.118.212 - - [13/Mar/2026:01:09:28 +0100] "GET /service/agriculture-products/?view=/htdocs/sivaco/node_modules/inherits/LICENSE HTTP/1.1" 200 1335 "-" "Mozilla/5.0 (compatible; AwarioBot/1.0; +https://awario.com/bots.html)"
65.109.118.212 - - [13/Mar/2026:01:09:29 +0100] "GET /service/agriculture-products/?view=/htdocs/sivaco/node_modules/inherits/README.md HTTP/1.1" 200 1634 "-" "Mozilla/5.0 (compatible; AwarioBot/1.0; +https://awario.com/bots.html)"
65.109.118.212 - - [13/Mar/2026:01:09:31 +0100] "GET /service/agriculture-products/?view=/htdocs/sivaco/node_modules/inherits/inherits.js HTTP/1.1" 200 987 "-" "Mozilla/5.0 (compatible; AwarioBot/1.0; +https://awario.com/bots.html)"
65.109.118.212 - - [13/Mar/2026:01:09:33 +0100] "GET /service/agriculture-products/?view=/htdocs/sivaco/node_modules/inherits/inherits_browser.js HTTP/1.1" 200 1127 "-" "Mozilla/5.0 (compatible; AwarioBot/1.0; +https://awario.com/bots.html)"
65.109.118.212 - - [13/Mar/2026:01:09:34 +0100] "GET /service/agriculture-products/?view=/htdocs/sivaco/node_modules/inherits/package.json HTTP/1.1" 200 1140 "-" "Mozilla/5.0 (compatible; AwarioBot/1.0; +https://awario.com/bots.html)"
65.109.118.212 - - [13/Mar/2026:01:09:36 +0100] "GET /service/agriculture-products/?view=/htdocs/sivaco/node_modules/ini/LICENSE HTTP/1.1" 200 1342 "-" "Mozilla/5.0 (compatible; AwarioBot/1.0; +https://awario.com/bots.html)"
65.109.118.212 - - [13/Mar/2026:01:09:37 +0100] "GET /service/agriculture-products/?view=/htdocs/sivaco/node_modules/ini/README.md HTTP/1.1" 200 2022 "-" "Mozilla/5.0 (compatible; AwarioBot/1.0; +https://awario.com/bots.html)"
65.109.118.212 - - [13/Mar/2026:01:09:38 +0100] "GET /service/agriculture-products/?view=/htdocs/sivaco/node_modules/ini/ini.js HTTP/1.1" 200 2699 "-" "Mozilla/5.0 (compatible; AwarioBot/1.0; +https://awario.com/bots.html)"
65.109.118.212 - - [13/Mar/2026:01:09:40 +0100] "GET /service/agriculture-products/?view=/htdocs/sivaco/node_modules/ini/package.json HTTP/1.1" 200 1250 "-" "Mozilla/5.0 (compatible; AwarioBot/1.0; +https://awario.com/bots.html)"
65.109.118.212 - - [13/Mar/2026:01:09:41 +0100] "GET /service/agriculture-products/?view=/htdocs/sivaco/node_modules/internal-ip/index.d.ts HTTP/1.1" 200 1200 "-" "Mozilla/5.0 (compatible; AwarioBot/1.0; +https://awario.com/bots.html)"
65.109.118.212 - - [13/Mar/2026:01:09:43 +0100] "GET /service/agriculture-products/?view=/htdocs/sivaco/node_modules/internal-ip/index.js HTTP/1.1" 200 1405 "-" "Mozilla/5.0 (compatible; AwarioBot/1.0; +https://awario.com/bots.html)"
65.109.118.212 - - [13/Mar/2026:01:09:45 +0100] "GET /service/agriculture-products/?view=/htdocs/sivaco/node_modules/internal-ip/license HTTP/1.1" 200 1508 "-" "Mozilla/5.0 (compatible; AwarioBot/1.0; +https://awario.com/bots.html)"
65.109.118.212 - - [13/Mar/2026:01:09:46 +0100] "GET /service/agriculture-products/?view=/htdocs/sivaco/node_modules/internal-ip/package.json HTTP/1.1" 200 1208 "-" "Mozilla/5.0 (compatible; AwarioBot/1.0; +https://awario.com/bots.html)"
65.109.118.212 - - [13/Mar/2026:01:09:48 +0100] "GET /service/agriculture-products/?view=/htdocs/sivaco/node_modules/internal-ip/readme.md HTTP/1.1" 200 1428 "-" "Mozilla/5.0 (compatible; AwarioBot/1.0; +https://awario.com/bots.html)"
65.109.118.212 - - [13/Mar/2026:01:09:49 +0100] "GET /service/agriculture-products/?view=/htdocs/sivaco/node_modules/internal-slot/.editorconfig HTTP/1.1" 200 1005 "-" "Mozilla/5.0 (compatible; AwarioBot/1.0; +https://awario.com/bots.html)"
74.7.242.56 - - [13/Mar/2026:01:09:51 +0100] "GET /agricole/revolution/js/extensions/revolution.extension.carousel.min.js HTTP/2.0" 200 7601 "https://www.jmkconsulting-ci.com/" "Mozilla/5.0 AppleWebKit/537.36 (KHTML, like Gecko; compatible; GPTBot/1.3; +https://openai.com/gptbot)"
65.109.118.212 - - [13/Mar/2026:01:09:52 +0100] "GET /service/agriculture-products/?view=/htdocs/sivaco/node_modules/internal-slot/.eslintignore HTTP/1.1" 200 869 "-" "Mozilla/5.0 (compatible; AwarioBot/1.0; +https://awario.com/bots.html)"
65.109.118.212 - - [13/Mar/2026:01:09:54 +0100] "GET /service/agriculture-products/?view=/htdocs/sivaco/node_modules/internal-slot/.eslintrc HTTP/1.1" 200 987 "-" "Mozilla/5.0 (compatible; AwarioBot/1.0; +https://awario.com/bots.html)"
65.109.118.212 - - [13/Mar/2026:01:09:56 +0100] "GET /service/agriculture-products/?view=/htdocs/sivaco/node_modules/internal-slot/.nycrc HTTP/1.1" 200 959 "-" "Mozilla/5.0 (compatible; AwarioBot/1.0; +https://awario.com/bots.html)"
65.109.118.212 - - [13/Mar/2026:01:09:58 +0100] "GET /service/agriculture-products/?view=/htdocs/sivaco/node_modules/internal-slot/CHANGELOG.md HTTP/1.1" 200 3468 "-" "Mozilla/5.0 (compatible; AwarioBot/1.0; +https://awario.com/bots.html)"
65.109.118.212 - - [13/Mar/2026:01:09:59 +0100] "GET /robots.txt HTTP/1.1" 200 119 "-" "Mozilla/5.0 (compatible; AwarioBot/1.0; +https://awario.com/bots.html)"
65.109.118.212 - - [13/Mar/2026:01:09:59 +0100] "GET /service/agriculture-products/?view=/htdocs/sivaco/node_modules/internal-slot/LICENSE HTTP/1.1" 200 1504 "-" "Mozilla/5.0 (compatible; AwarioBot/1.0; +https://awario.com/bots.html)"
65.109.118.212 - - [13/Mar/2026:01:10:01 +0100] "GET /service/agriculture-products/?view=/htdocs/sivaco/node_modules/internal-slot/README.md HTTP/1.1" 200 1773 "-" "Mozilla/5.0 (compatible; AwarioBot/1.0; +https://awario.com/bots.html)"
65.109.118.212 - - [13/Mar/2026:01:10:03 +0100] "GET /service/agriculture-products/?view=/htdocs/sivaco/node_modules/internal-slot/index.js HTTP/1.1" 200 1274 "-" "Mozilla/5.0 (compatible; AwarioBot/1.0; +https://awario.com/bots.html)"
65.109.118.212 - - [13/Mar/2026:01:10:04 +0100] "GET /service/agriculture-products/?view=/htdocs/sivaco/node_modules/internal-slot/package.json HTTP/1.1" 200 1654 "-" "Mozilla/5.0 (compatible; AwarioBot/1.0; +https://awario.com/bots.html)"
65.109.118.212 - - [13/Mar/2026:01:10:06 +0100] "GET /service/agriculture-products/?view=/htdocs/sivaco/node_modules/interpret/CHANGELOG HTTP/1.1" 200 1591 "-" "Mozilla/5.0 (compatible; AwarioBot/1.0; +https://awario.com/bots.html)"
74.7.242.56 - - [13/Mar/2026:01:10:06 +0100] "GET /agricole/en/ HTTP/2.0" 200 11335 "https://www.jmkconsulting-ci.com/" "Mozilla/5.0 AppleWebKit/537.36 (KHTML, like Gecko; compatible; GPTBot/1.3; +https://openai.com/gptbot)"
57.141.20.37 - - [13/Mar/2026:01:10:07 +0100] "GET /service/organic-products/?view=/sftproot/htdocs/ptso.jmkconsulting-ci.com/wp-admin/css/customize-widgets.min.css HTTP/2.0" 200 13453 "-" "meta-externalagent/1.1 (+https://developers.facebook.com/docs/sharing/webmasters/crawler)"
65.109.118.212 - - [13/Mar/2026:01:10:08 +0100] "GET /service/agriculture-products/?view=/htdocs/sivaco/node_modules/interpret/LICENSE HTTP/1.1" 200 1567 "-" "Mozilla/5.0 (compatible; AwarioBot/1.0; +https://awario.com/bots.html)"
74.7.242.56 - - [13/Mar/2026:01:10:09 +0100] "GET /agricole/images/icons/partners-meet-client-business-svgrepo-com.svg HTTP/2.0" 200 1362 "https://www.jmkconsulting-ci.com/" "Mozilla/5.0 AppleWebKit/537.36 (KHTML, like Gecko; compatible; GPTBot/1.3; +https://openai.com/gptbot)"
65.109.118.212 - - [13/Mar/2026:01:10:10 +0100] "GET /service/agriculture-products/?view=/htdocs/sivaco/node_modules/interpret/README.md HTTP/1.1" 200 2502 "-" "Mozilla/5.0 (compatible; AwarioBot/1.0; +https://awario.com/bots.html)"
65.109.118.212 - - [13/Mar/2026:01:10:11 +0100] "GET /service/agriculture-products/?view=/htdocs/sivaco/node_modules/interpret/index.js HTTP/1.1" 200 1722 "-" "Mozilla/5.0 (compatible; AwarioBot/1.0; +https://awario.com/bots.html)"
57.141.20.12 - - [13/Mar/2026:01:10:11 +0100] "GET /service/fresh-vegetables/?rename=/usr/base/.wp-cli/cache-php-compat/plugins/litespeed-cache/litespeed-cache.7.6.2.json HTTP/2.0" 200 2363 "-" "meta-externalagent/1.1 (+https://developers.facebook.com/docs/sharing/webmasters/crawler)"
74.7.242.56 - - [13/Mar/2026:01:10:12 +0100] "GET /agricole/revolution/js/jquery.themepunch.tools.min.js HTTP/2.0" 200 110419 "https://www.jmkconsulting-ci.com/" "Mozilla/5.0 AppleWebKit/537.36 (KHTML, like Gecko; compatible; GPTBot/1.3; +https://openai.com/gptbot)"
65.109.118.212 - - [13/Mar/2026:01:10:13 +0100] "GET /service/agriculture-products/?view=/htdocs/sivaco/node_modules/interpret/mjs-stub.js HTTP/1.1" 200 894 "-" "Mozilla/5.0 (compatible; AwarioBot/1.0; +https://awario.com/bots.html)"
74.7.242.56 - - [13/Mar/2026:01:10:13 +0100] "GET /agricole/fonts/webfonts/fa-solid-900-1.eot HTTP/2.0" 200 204266 "https://www.jmkconsulting-ci.com/agricole/fonts/css/all.min.css" "Mozilla/5.0 AppleWebKit/537.36 (KHTML, like Gecko; compatible; GPTBot/1.3; +https://openai.com/gptbot)"
193.203.239.64 - - [13/Mar/2026:01:10:14 +0100] "POST /wp-cron.php?doing_wp_cron=1773360614.8296940326690673828125 HTTP/1.1" 200 1 "-" "WordPress/6.9.4; http://ptso.jmkconsulting-ci.com"
65.109.118.212 - - [13/Mar/2026:01:10:14 +0100] "GET /service/agriculture-products/?view=/htdocs/sivaco/node_modules/interpret/package.json HTTP/1.1" 200 1540 "-" "Mozilla/5.0 (compatible; AwarioBot/1.0; +https://awario.com/bots.html)"
74.7.242.56 - - [13/Mar/2026:01:10:15 +0100] "GET /agricole/fonts/webfonts/fa-regular-400-1.eot HTTP/2.0" 200 34350 "https://www.jmkconsulting-ci.com/agricole/fonts/css/all.min.css" "Mozilla/5.0 AppleWebKit/537.36 (KHTML, like Gecko; compatible; GPTBot/1.3; +https://openai.com/gptbot)"
65.109.118.212 - - [13/Mar/2026:01:10:16 +0100] "GET /service/agriculture-products/?view=/htdocs/sivaco/node_modules/ip-regex/index.js HTTP/1.1" 200 1372 "-" "Mozilla/5.0 (compatible; AwarioBot/1.0; +https://awario.com/bots.html)"
65.109.118.212 - - [13/Mar/2026:01:10:17 +0100] "GET /service/agriculture-products/?view=/htdocs/sivaco/node_modules/ip-regex/license HTTP/1.1" 200 1522 "-" "Mozilla/5.0 (compatible; AwarioBot/1.0; +https://awario.com/bots.html)"
74.7.242.56 - - [13/Mar/2026:01:10:17 +0100] "GET /agricole/images/commons/agros-img-24.jpg HTTP/2.0" 200 1415101 "https://www.jmkconsulting-ci.com/agricole/fr/approche.php" "Mozilla/5.0 AppleWebKit/537.36 (KHTML, like Gecko; compatible; GPTBot/1.3; +https://openai.com/gptbot)"
74.7.242.56 - - [13/Mar/2026:01:10:19 +0100] "GET /agricole/fonts/webfonts/fa-brands-400-1.eot HTTP/2.0" 200 134622 "https://www.jmkconsulting-ci.com/agricole/fonts/css/all.min.css" "Mozilla/5.0 AppleWebKit/537.36 (KHTML, like Gecko; compatible; GPTBot/1.3; +https://openai.com/gptbot)"
65.109.118.212 - - [13/Mar/2026:01:10:19 +0100] "GET /service/agriculture-products/?view=/htdocs/sivaco/node_modules/ip-regex/package.json HTTP/1.1" 200 1206 "-" "Mozilla/5.0 (compatible; AwarioBot/1.0; +https://awario.com/bots.html)"
74.7.242.56 - - [13/Mar/2026:01:10:20 +0100] "GET /agricole/fonts/webfonts/fa-solid-900.woff2 HTTP/2.0" 200 80148 "https://www.jmkconsulting-ci.com/agricole/fonts/css/all.min.css" "Mozilla/5.0 AppleWebKit/537.36 (KHTML, like Gecko; compatible; GPTBot/1.3; +https://openai.com/gptbot)"
65.109.118.212 - - [13/Mar/2026:01:10:21 +0100] "GET /service/agriculture-products/?view=/htdocs/sivaco/node_modules/ip-regex/readme.md HTTP/1.1" 200 1385 "-" "Mozilla/5.0 (compatible; AwarioBot/1.0; +https://awario.com/bots.html)"
74.7.242.56 - - [13/Mar/2026:01:10:21 +0100] "GET /agricole/images/icons/certificate-check-svgrepo-com.svg HTTP/2.0" 200 882 "https://www.jmkconsulting-ci.com/" "Mozilla/5.0 AppleWebKit/537.36 (KHTML, like Gecko; compatible; GPTBot/1.3; +https://openai.com/gptbot)"
65.109.118.212 - - [13/Mar/2026:01:10:22 +0100] "GET /service/agriculture-products/?view=/htdocs/sivaco/node_modules/ip/README.md HTTP/1.1" 200 2226 "-" "Mozilla/5.0 (compatible; AwarioBot/1.0; +https://awario.com/bots.html)"
74.7.242.56 - - [13/Mar/2026:01:10:23 +0100] "GET /storage/services/October2024/uldw9LOqqjCvr05EHbyb.jpg HTTP/2.0" 200 120726 "https://www.jmkconsulting-ci.com/agricole/fr/tous_services.php" "Mozilla/5.0 AppleWebKit/537.36 (KHTML, like Gecko; compatible; GPTBot/1.3; +https://openai.com/gptbot)"
65.109.118.212 - - [13/Mar/2026:01:10:24 +0100] "GET /service/agriculture-products/?view=/htdocs/sivaco/node_modules/ip/package.json HTTP/1.1" 200 1151 "-" "Mozilla/5.0 (compatible; AwarioBot/1.0; +https://awario.com/bots.html)"
74.7.242.56 - - [13/Mar/2026:01:10:25 +0100] "GET /storage/services/October2024/6nA1GaFed1qw6pbrFiTj.jpg HTTP/2.0" 200 78768 "https://www.jmkconsulting-ci.com/agricole/fr/tous_services.php" "Mozilla/5.0 AppleWebKit/537.36 (KHTML, like Gecko; compatible; GPTBot/1.3; +https://openai.com/gptbot)"
65.109.118.212 - - [13/Mar/2026:01:10:25 +0100] "GET /service/agriculture-products/?view=/htdocs/sivaco/node_modules/ipaddr.js/LICENSE HTTP/1.1" 200 1509 "-" "Mozilla/5.0 (compatible; AwarioBot/1.0; +https://awario.com/bots.html)"
74.7.242.56 - - [13/Mar/2026:01:10:27 +0100] "GET /storage/services/October2024/uQWsuRrDAZMA6bKFsy8O.jpg HTTP/2.0" 200 58246 "https://www.jmkconsulting-ci.com/agricole/fr/tous_services.php" "Mozilla/5.0 AppleWebKit/537.36 (KHTML, like Gecko; compatible; GPTBot/1.3; +https://openai.com/gptbot)"
65.109.118.212 - - [13/Mar/2026:01:10:27 +0100] "GET /service/agriculture-products/?view=/htdocs/sivaco/node_modules/ipaddr.js/README.md HTTP/1.1" 200 3966 "-" "Mozilla/5.0 (compatible; AwarioBot/1.0; +https://awario.com/bots.html)"
65.109.118.212 - - [13/Mar/2026:01:10:28 +0100] "GET /service/agriculture-products/?view=/htdocs/sivaco/node_modules/ipaddr.js/ipaddr.min.js HTTP/1.1" 200 4094 "-" "Mozilla/5.0 (compatible; AwarioBot/1.0; +https://awario.com/bots.html)"
74.7.242.56 - - [13/Mar/2026:01:10:28 +0100] "GET /storage/services/October2024/yyFIXMdjNZXt6TkpKqSm.jpg HTTP/2.0" 200 69451 "https://www.jmkconsulting-ci.com/agricole/fr/tous_services.php" "Mozilla/5.0 AppleWebKit/537.36 (KHTML, like Gecko; compatible; GPTBot/1.3; +https://openai.com/gptbot)"
65.109.118.212 - - [13/Mar/2026:01:10:30 +0100] "GET /service/agriculture-products/?view=/htdocs/sivaco/node_modules/ipaddr.js/package.json HTTP/1.1" 200 1214 "-" "Mozilla/5.0 (compatible; AwarioBot/1.0; +https://awario.com/bots.html)"
74.7.242.56 - - [13/Mar/2026:01:10:30 +0100] "GET /agricole/fonts/webfonts/fa-brands-400.woff2 HTTP/2.0" 200 77400 "https://www.jmkconsulting-ci.com/agricole/fonts/css/all.min.css" "Mozilla/5.0 AppleWebKit/537.36 (KHTML, like Gecko; compatible; GPTBot/1.3; +https://openai.com/gptbot)"
65.109.118.212 - - [13/Mar/2026:01:10:31 +0100] "GET /service/agriculture-products/?view=/htdocs/sivaco/node_modules/is-absolute-url/index.d.ts HTTP/1.1" 200 1041 "-" "Mozilla/5.0 (compatible; AwarioBot/1.0; +https://awario.com/bots.html)"
74.7.242.56 - - [13/Mar/2026:01:10:32 +0100] "GET /agricole/fonts/webfonts/fa-regular-400.woff2 HTTP/2.0" 200 13600 "https://www.jmkconsulting-ci.com/agricole/fonts/css/all.min.css" "Mozilla/5.0 AppleWebKit/537.36 (KHTML, like Gecko; compatible; GPTBot/1.3; +https://openai.com/gptbot)"
65.109.118.212 - - [13/Mar/2026:01:10:32 +0100] "GET /service/agriculture-products/?view=/htdocs/sivaco/node_modules/is-absolute-url/index.js HTTP/1.1" 200 1111 "-" "Mozilla/5.0 (compatible; AwarioBot/1.0; +https://awario.com/bots.html)"
74.7.242.56 - - [13/Mar/2026:01:10:33 +0100] "GET /agricole/images/icons/collaboration-svgrepo-com.svg HTTP/2.0" 200 3278 "https://www.jmkconsulting-ci.com/" "Mozilla/5.0 AppleWebKit/537.36 (KHTML, like Gecko; compatible; GPTBot/1.3; +https://openai.com/gptbot)"
65.109.118.212 - - [13/Mar/2026:01:10:35 +0100] "GET /service/agriculture-products/?view=/htdocs/sivaco/node_modules/is-absolute-url/license HTTP/1.1" 200 1512 "-" "Mozilla/5.0 (compatible; AwarioBot/1.0; +https://awario.com/bots.html)"
74.7.242.56 - - [13/Mar/2026:01:10:35 +0100] "GET /agricole/revolution/js/jquery.themepunch.revolution.min.js HTTP/2.0" 200 64989 "https://www.jmkconsulting-ci.com/" "Mozilla/5.0 AppleWebKit/537.36 (KHTML, like Gecko; compatible; GPTBot/1.3; +https://openai.com/gptbot)"
74.7.242.56 - - [13/Mar/2026:01:10:37 +0100] "GET /agricole/images/icons/project-svgrepo-com.svg HTTP/2.0" 200 2277 "https://www.jmkconsulting-ci.com/" "Mozilla/5.0 AppleWebKit/537.36 (KHTML, like Gecko; compatible; GPTBot/1.3; +https://openai.com/gptbot)"
74.7.242.56 - - [13/Mar/2026:01:10:38 +0100] "GET /agricole/js/lib/plugins.js HTTP/2.0" 200 388633 "https://www.jmkconsulting-ci.com/" "Mozilla/5.0 AppleWebKit/537.36 (KHTML, like Gecko; compatible; GPTBot/1.3; +https://openai.com/gptbot)"
65.109.118.212 - - [13/Mar/2026:01:10:38 +0100] "GET /service/agriculture-products/?view=/htdocs/sivaco/node_modules/is-absolute-url/package.json HTTP/1.1" 200 1161 "-" "Mozilla/5.0 (compatible; AwarioBot/1.0; +https://awario.com/bots.html)"
74.7.242.56 - - [13/Mar/2026:01:10:40 +0100] "GET /agricole/js/rev-sliders/slider-home-2.js HTTP/2.0" 200 2668 "https://www.jmkconsulting-ci.com/" "Mozilla/5.0 AppleWebKit/537.36 (KHTML, like Gecko; compatible; GPTBot/1.3; +https://openai.com/gptbot)"
65.109.118.212 - - [13/Mar/2026:01:10:40 +0100] "GET /service/agriculture-products/?view=/htdocs/sivaco/node_modules/is-absolute-url/readme.md HTTP/1.1" 200 1353 "-" "Mozilla/5.0 (compatible; AwarioBot/1.0; +https://awario.com/bots.html)"
74.7.242.56 - - [13/Mar/2026:01:10:41 +0100] "GET /agricole/fonts/webfonts/fa-solid-900.woff HTTP/2.0" 200 104004 "https://www.jmkconsulting-ci.com/agricole/fonts/css/all.min.css" "Mozilla/5.0 AppleWebKit/537.36 (KHTML, like Gecko; compatible; GPTBot/1.3; +https://openai.com/gptbot)"
65.109.118.212 - - [13/Mar/2026:01:10:41 +0100] "GET /service/agriculture-products/?view=/htdocs/sivaco/node_modules/is-accessor-descriptor/LICENSE HTTP/1.1" 200 1519 "-" "Mozilla/5.0 (compatible; AwarioBot/1.0; +https://awario.com/bots.html)"
65.109.118.212 - - [13/Mar/2026:01:10:43 +0100] "GET /service/agriculture-products/?view=/htdocs/sivaco/node_modules/is-accessor-descriptor/README.md HTTP/1.1" 200 2373 "-" "Mozilla/5.0 (compatible; AwarioBot/1.0; +https://awario.com/bots.html)"
74.7.242.56 - - [13/Mar/2026:01:10:43 +0100] "GET /agricole/fonts/webfonts/fa-brands-400.ttf HTTP/2.0" 200 134316 "https://www.jmkconsulting-ci.com/agricole/fonts/css/all.min.css" "Mozilla/5.0 AppleWebKit/537.36 (KHTML, like Gecko; compatible; GPTBot/1.3; +https://openai.com/gptbot)"
65.109.118.212 - - [13/Mar/2026:01:10:44 +0100] "GET /service/agriculture-products/?view=/htdocs/sivaco/node_modules/is-accessor-descriptor/index.js HTTP/1.1" 200 1456 "-" "Mozilla/5.0 (compatible; AwarioBot/1.0; +https://awario.com/bots.html)"
74.7.242.56 - - [13/Mar/2026:01:10:45 +0100] "GET /agricole/fonts/webfonts/fa-brands-400.eot HTTP/2.0" 200 134622 "https://www.jmkconsulting-ci.com/agricole/fonts/css/all.min.css" "Mozilla/5.0 AppleWebKit/537.36 (KHTML, like Gecko; compatible; GPTBot/1.3; +https://openai.com/gptbot)"
65.109.118.212 - - [13/Mar/2026:01:10:46 +0100] "GET /service/agriculture-products/?view=/htdocs/sivaco/node_modules/is-accessor-descriptor/package.json HTTP/1.1" 200 1430 "-" "Mozilla/5.0 (compatible; AwarioBot/1.0; +https://awario.com/bots.html)"
65.109.118.212 - - [13/Mar/2026:01:10:47 +0100] "GET /service/agriculture-products/?view=/htdocs/sivaco/node_modules/is-arguments/.editorconfig HTTP/1.1" 200 1007 "-" "Mozilla/5.0 (compatible; AwarioBot/1.0; +https://awario.com/bots.html)"
65.109.118.212 - - [13/Mar/2026:01:10:49 +0100] "GET /service/agriculture-products/?view=/htdocs/sivaco/node_modules/is-arguments/.eslintignore HTTP/1.1" 200 871 "-" "Mozilla/5.0 (compatible; AwarioBot/1.0; +https://awario.com/bots.html)"
65.109.118.212 - - [13/Mar/2026:01:10:50 +0100] "GET /service/agriculture-products/?view=/htdocs/sivaco/node_modules/is-arguments/.eslintrc HTTP/1.1" 200 972 "-" "Mozilla/5.0 (compatible; AwarioBot/1.0; +https://awario.com/bots.html)"
65.109.118.212 - - [13/Mar/2026:01:10:52 +0100] "GET /service/agriculture-products/?view=/htdocs/sivaco/node_modules/is-arguments/.nycrc HTTP/1.1" 200 961 "-" "Mozilla/5.0 (compatible; AwarioBot/1.0; +https://awario.com/bots.html)"
65.109.118.212 - - [13/Mar/2026:01:10:53 +0100] "GET /service/agriculture-products/?view=/htdocs/sivaco/node_modules/is-arguments/CHANGELOG.md HTTP/1.1" 200 7096 "-" "Mozilla/5.0 (compatible; AwarioBot/1.0; +https://awario.com/bots.html)"
65.109.118.212 - - [13/Mar/2026:01:10:55 +0100] "GET /service/agriculture-products/?view=/htdocs/sivaco/node_modules/is-arguments/LICENSE HTTP/1.1" 200 1508 "-" "Mozilla/5.0 (compatible; AwarioBot/1.0; +https://awario.com/bots.html)"
57.141.20.3 - - [13/Mar/2026:01:10:56 +0100] "GET /service/dairy-products/?view=/sftproot/htdocs/site_data_2024/vendor/sebastian/environment/ChangeLog.md HTTP/2.0" 200 7903 "-" "meta-externalagent/1.1 (+https://developers.facebook.com/docs/sharing/webmasters/crawler)"
65.109.118.212 - - [13/Mar/2026:01:10:56 +0100] "GET /service/agriculture-products/?view=/htdocs/sivaco/node_modules/is-arguments/README.md HTTP/1.1" 200 1573 "-" "Mozilla/5.0 (compatible; AwarioBot/1.0; +https://awario.com/bots.html)"
65.109.118.212 - - [13/Mar/2026:01:10:58 +0100] "GET /service/agriculture-products/?view=/htdocs/sivaco/node_modules/is-arguments/index.js HTTP/1.1" 200 1226 "-" "Mozilla/5.0 (compatible; AwarioBot/1.0; +https://awario.com/bots.html)"
65.109.118.212 - - [13/Mar/2026:01:11:00 +0100] "GET /service/agriculture-products/?view=/htdocs/sivaco/node_modules/is-arguments/package.json HTTP/1.1" 200 1797 "-" "Mozilla/5.0 (compatible; AwarioBot/1.0; +https://awario.com/bots.html)"
65.109.118.212 - - [13/Mar/2026:01:11:01 +0100] "GET /service/agriculture-products/?view=/htdocs/sivaco/node_modules/is-array-buffer/.eslintrc HTTP/1.1" 200 972 "-" "Mozilla/5.0 (compatible; AwarioBot/1.0; +https://awario.com/bots.html)"
65.109.118.212 - - [13/Mar/2026:01:11:03 +0100] "GET /service/agriculture-products/?view=/htdocs/sivaco/node_modules/is-array-buffer/.nycrc HTTP/1.1" 200 963 "-" "Mozilla/5.0 (compatible; AwarioBot/1.0; +https://awario.com/bots.html)"
65.109.118.212 - - [13/Mar/2026:01:11:05 +0100] "GET /service/agriculture-products/?view=/htdocs/sivaco/node_modules/is-array-buffer/CHANGELOG.md HTTP/1.1" 200 1849 "-" "Mozilla/5.0 (compatible; AwarioBot/1.0; +https://awario.com/bots.html)"
65.109.118.212 - - [13/Mar/2026:01:11:06 +0100] "GET /service/agriculture-products/?view=/htdocs/sivaco/node_modules/is-array-buffer/LICENSE HTTP/1.1" 200 1512 "-" "Mozilla/5.0 (compatible; AwarioBot/1.0; +https://awario.com/bots.html)"
65.109.118.212 - - [13/Mar/2026:01:11:08 +0100] "GET /service/agriculture-products/?view=/htdocs/sivaco/node_modules/is-array-buffer/README.md HTTP/1.1" 200 1671 "-" "Mozilla/5.0 (compatible; AwarioBot/1.0; +https://awario.com/bots.html)"
65.109.118.212 - - [13/Mar/2026:01:11:10 +0100] "GET /service/agriculture-products/?view=/htdocs/sivaco/node_modules/is-array-buffer/index.js HTTP/1.1" 200 1336 "-" "Mozilla/5.0 (compatible; AwarioBot/1.0; +https://awario.com/bots.html)"
65.109.118.212 - - [13/Mar/2026:01:11:11 +0100] "GET /service/agriculture-products/?view=/htdocs/sivaco/node_modules/is-array-buffer/package.json HTTP/1.1" 200 1785 "-" "Mozilla/5.0 (compatible; AwarioBot/1.0; +https://awario.com/bots.html)"
65.109.118.212 - - [13/Mar/2026:01:11:13 +0100] "GET /service/agriculture-products/?view=/htdocs/sivaco/node_modules/is-arrayish/.editorconfig HTTP/1.1" 200 988 "-" "Mozilla/5.0 (compatible; AwarioBot/1.0; +https://awario.com/bots.html)"
57.141.20.7 - - [13/Mar/2026:01:11:13 +0100] "GET /service/organic-products/?rename=/sftproot/htdocs/ptso.jmkconsulting-ci.com/wp-admin/css/dashboard.min.css HTTP/2.0" 200 2330 "-" "meta-externalagent/1.1 (+https://developers.facebook.com/docs/sharing/webmasters/crawler)"
193.203.239.64 - - [13/Mar/2026:01:11:15 +0100] "POST /wp-cron.php?doing_wp_cron=1773360675.1903190612792968750000 HTTP/1.1" 200 1 "-" "WordPress/6.9.4; http://ptso.jmkconsulting-ci.com"
65.109.118.212 - - [13/Mar/2026:01:11:15 +0100] "GET /service/agriculture-products/?view=/htdocs/sivaco/node_modules/is-arrayish/.istanbul.yml HTTP/1.1" 200 898 "-" "Mozilla/5.0 (compatible; AwarioBot/1.0; +https://awario.com/bots.html)"
65.109.118.212 - - [13/Mar/2026:01:11:16 +0100] "GET /service/agriculture-products/?view=/htdocs/sivaco/node_modules/is-arrayish/.npmignore HTTP/1.1" 200 891 "-" "Mozilla/5.0 (compatible; AwarioBot/1.0; +https://awario.com/bots.html)"
65.109.118.212 - - [13/Mar/2026:01:11:18 +0100] "GET /service/agriculture-products/?view=/htdocs/sivaco/node_modules/is-arrayish/.travis.yml HTTP/1.1" 200 1608 "-" "Mozilla/5.0 (compatible; AwarioBot/1.0; +https://awario.com/bots.html)"
65.109.118.212 - - [13/Mar/2026:01:11:19 +0100] "GET /service/agriculture-products/?view=/htdocs/sivaco/node_modules/is-arrayish/LICENSE HTTP/1.1" 200 1503 "-" "Mozilla/5.0 (compatible; AwarioBot/1.0; +https://awario.com/bots.html)"
65.109.118.212 - - [13/Mar/2026:01:11:21 +0100] "GET /service/agriculture-products/?view=/htdocs/sivaco/node_modules/is-arrayish/README.md HTTP/1.1" 200 1192 "-" "Mozilla/5.0 (compatible; AwarioBot/1.0; +https://awario.com/bots.html)"
65.109.118.212 - - [13/Mar/2026:01:11:23 +0100] "GET /service/agriculture-products/?view=/htdocs/sivaco/node_modules/is-arrayish/index.js HTTP/1.1" 200 988 "-" "Mozilla/5.0 (compatible; AwarioBot/1.0; +https://awario.com/bots.html)"
65.109.118.212 - - [13/Mar/2026:01:11:25 +0100] "GET /service/agriculture-products/?view=/htdocs/sivaco/node_modules/is-arrayish/package.json HTTP/1.1" 200 1217 "-" "Mozilla/5.0 (compatible; AwarioBot/1.0; +https://awario.com/bots.html)"
65.109.118.212 - - [13/Mar/2026:01:11:26 +0100] "GET /service/agriculture-products/?view=/htdocs/sivaco/node_modules/is-bigint/.eslintignore HTTP/1.1" 200 867 "-" "Mozilla/5.0 (compatible; AwarioBot/1.0; +https://awario.com/bots.html)"
65.109.118.212 - - [13/Mar/2026:01:11:28 +0100] "GET /service/agriculture-products/?view=/htdocs/sivaco/node_modules/is-bigint/.eslintrc HTTP/1.1" 200 980 "-" "Mozilla/5.0 (compatible; AwarioBot/1.0; +https://awario.com/bots.html)"
65.109.118.212 - - [13/Mar/2026:01:11:29 +0100] "GET /service/agriculture-products/?view=/htdocs/sivaco/node_modules/is-bigint/.nycrc HTTP/1.1" 200 958 "-" "Mozilla/5.0 (compatible; AwarioBot/1.0; +https://awario.com/bots.html)"
65.109.118.212 - - [13/Mar/2026:01:11:31 +0100] "GET /service/agriculture-products/?view=/htdocs/sivaco/node_modules/is-bigint/CHANGELOG.md HTTP/1.1" 200 3176 "-" "Mozilla/5.0 (compatible; AwarioBot/1.0; +https://awario.com/bots.html)"
65.109.118.212 - - [13/Mar/2026:01:11:33 +0100] "GET /service/agriculture-products/?view=/htdocs/sivaco/node_modules/is-bigint/LICENSE HTTP/1.1" 200 1498 "-" "Mozilla/5.0 (compatible; AwarioBot/1.0; +https://awario.com/bots.html)"
65.109.118.212 - - [13/Mar/2026:01:11:34 +0100] "GET /service/agriculture-products/?view=/htdocs/sivaco/node_modules/is-bigint/README.md HTTP/1.1" 200 1489 "-" "Mozilla/5.0 (compatible; AwarioBot/1.0; +https://awario.com/bots.html)"
65.109.118.212 - - [13/Mar/2026:01:11:36 +0100] "GET /service/agriculture-products/?view=/htdocs/sivaco/node_modules/is-bigint/index.js HTTP/1.1" 200 1142 "-" "Mozilla/5.0 (compatible; AwarioBot/1.0; +https://awario.com/bots.html)"
65.109.118.212 - - [13/Mar/2026:01:11:38 +0100] "GET /service/agriculture-products/?view=/htdocs/sivaco/node_modules/is-bigint/package.json HTTP/1.1" 200 1570 "-" "Mozilla/5.0 (compatible; AwarioBot/1.0; +https://awario.com/bots.html)"
65.109.118.212 - - [13/Mar/2026:01:11:39 +0100] "GET /service/agriculture-products/?view=/htdocs/sivaco/node_modules/is-binary-path/index.js HTTP/1.1" 200 1027 "-" "Mozilla/5.0 (compatible; AwarioBot/1.0; +https://awario.com/bots.html)"
57.141.20.39 - - [13/Mar/2026:01:11:40 +0100] "GET /service/organic-products/?rename=/sftproot/htdocs/atito2/node_modules/json5/lib/util.js HTTP/2.0" 200 2282 "-" "meta-externalagent/1.1 (+https://developers.facebook.com/docs/sharing/webmasters/crawler)"
65.109.118.212 - - [13/Mar/2026:01:11:41 +0100] "GET /service/agriculture-products/?view=/htdocs/sivaco/node_modules/is-binary-path/license HTTP/1.1" 200 1526 "-" "Mozilla/5.0 (compatible; AwarioBot/1.0; +https://awario.com/bots.html)"
74.7.242.56 - - [13/Mar/2026:01:11:42 +0100] "GET /agricole/fonts/webfonts/fa-brands-400.svg HTTP/2.0" 200 730302 "https://www.jmkconsulting-ci.com/agricole/fonts/css/all.min.css" "Mozilla/5.0 AppleWebKit/537.36 (KHTML, like Gecko; compatible; GPTBot/1.3; +https://openai.com/gptbot)"
65.109.118.212 - - [13/Mar/2026:01:11:42 +0100] "GET /service/agriculture-products/?view=/htdocs/sivaco/node_modules/is-binary-path/package.json HTTP/1.1" 200 1160 "-" "Mozilla/5.0 (compatible; AwarioBot/1.0; +https://awario.com/bots.html)"
65.109.118.212 - - [13/Mar/2026:01:11:44 +0100] "GET /service/agriculture-products/?view=/htdocs/sivaco/node_modules/is-binary-path/readme.md HTTP/1.1" 200 1157 "-" "Mozilla/5.0 (compatible; AwarioBot/1.0; +https://awario.com/bots.html)"
65.109.118.212 - - [13/Mar/2026:01:11:45 +0100] "GET /service/agriculture-products/?view=/htdocs/sivaco/node_modules/is-boolean-object/.editorconfig HTTP/1.1" 200 1037 "-" "Mozilla/5.0 (compatible; AwarioBot/1.0; +https://awario.com/bots.html)"
65.109.118.212 - - [13/Mar/2026:01:11:47 +0100] "GET /service/agriculture-products/?view=/htdocs/sivaco/node_modules/is-boolean-object/.eslintignore HTTP/1.1" 200 873 "-" "Mozilla/5.0 (compatible; AwarioBot/1.0; +https://awario.com/bots.html)"
65.109.118.212 - - [13/Mar/2026:01:11:48 +0100] "GET /service/agriculture-products/?view=/htdocs/sivaco/node_modules/is-boolean-object/.eslintrc HTTP/1.1" 200 1025 "-" "Mozilla/5.0 (compatible; AwarioBot/1.0; +https://awario.com/bots.html)"
65.109.118.212 - - [13/Mar/2026:01:11:50 +0100] "GET /service/agriculture-products/?view=/htdocs/sivaco/node_modules/is-boolean-object/.nycrc HTTP/1.1" 200 972 "-" "Mozilla/5.0 (compatible; AwarioBot/1.0; +https://awario.com/bots.html)"
193.203.239.64 - - [13/Mar/2026:01:11:53 +0100] "POST /wp-cron.php?doing_wp_cron=1773360713.4359989166259765625000 HTTP/1.1" 200 1 "-" "WordPress/6.9.4; http://ptso.jmkconsulting-ci.com"
65.109.118.212 - - [13/Mar/2026:01:11:53 +0100] "GET /service/agriculture-products/?view=/htdocs/sivaco/node_modules/is-boolean-object/CHANGELOG.md HTTP/1.1" 200 4915 "-" "Mozilla/5.0 (compatible; AwarioBot/1.0; +https://awario.com/bots.html)"
57.141.20.21 - - [13/Mar/2026:01:11:54 +0100] "GET /service/organic-products/?rename=/sftproot/htdocs/sivaco/node_modules/lodash/isArrayLikeObject.js HTTP/2.0" 200 2315 "-" "meta-externalagent/1.1 (+https://developers.facebook.com/docs/sharing/webmasters/crawler)"
65.109.118.212 - - [13/Mar/2026:01:11:56 +0100] "GET /service/agriculture-products/?view=/htdocs/sivaco/node_modules/is-boolean-object/LICENSE HTTP/1.1" 200 1513 "-" "Mozilla/5.0 (compatible; AwarioBot/1.0; +https://awario.com/bots.html)"
65.109.118.212 - - [13/Mar/2026:01:12:00 +0100] "GET /robots.txt HTTP/1.1" 200 119 "-" "Mozilla/5.0 (compatible; AwarioBot/1.0; +https://awario.com/bots.html)"
65.109.118.212 - - [13/Mar/2026:01:12:00 +0100] "GET /service/agriculture-products/?view=/htdocs/sivaco/node_modules/is-boolean-object/README.md HTTP/1.1" 200 1607 "-" "Mozilla/5.0 (compatible; AwarioBot/1.0; +https://awario.com/bots.html)"
74.7.242.56 - - [13/Mar/2026:01:12:01 +0100] "GET /storage/services/October2024/RtxFeu4N75oOARytkVFy.JPG HTTP/2.0" 200 88766 "https://www.jmkconsulting-ci.com/agricole/fr/tous_services.php" "Mozilla/5.0 AppleWebKit/537.36 (KHTML, like Gecko; compatible; GPTBot/1.3; +https://openai.com/gptbot)"
65.109.118.212 - - [13/Mar/2026:01:12:03 +0100] "GET /service/agriculture-products/?view=/htdocs/sivaco/node_modules/is-boolean-object/index.js HTTP/1.1" 200 1174 "-" "Mozilla/5.0 (compatible; AwarioBot/1.0; +https://awario.com/bots.html)"
65.109.118.212 - - [13/Mar/2026:01:12:05 +0100] "GET /service/agriculture-products/?view=/htdocs/sivaco/node_modules/is-boolean-object/package.json HTTP/1.1" 200 1896 "-" "Mozilla/5.0 (compatible; AwarioBot/1.0; +https://awario.com/bots.html)"
65.109.118.212 - - [13/Mar/2026:01:12:07 +0100] "GET /service/agriculture-products/?view=/htdocs/sivaco/node_modules/is-buffer/LICENSE HTTP/1.1" 200 1506 "-" "Mozilla/5.0 (compatible; AwarioBot/1.0; +https://awario.com/bots.html)"
193.203.239.64 - - [13/Mar/2026:01:12:10 +0100] "POST /wp-cron.php?doing_wp_cron=1773360730.7429010868072509765625 HTTP/1.1" 200 1 "-" "WordPress/6.9.4; http://ptso.jmkconsulting-ci.com"
65.109.118.212 - - [13/Mar/2026:01:12:10 +0100] "GET /service/agriculture-products/?view=/htdocs/sivaco/node_modules/is-buffer/README.md HTTP/1.1" 200 1494 "-" "Mozilla/5.0 (compatible; AwarioBot/1.0; +https://awario.com/bots.html)"
65.109.118.212 - - [13/Mar/2026:01:12:12 +0100] "GET /service/agriculture-products/?view=/htdocs/sivaco/node_modules/is-buffer/index.js HTTP/1.1" 200 1192 "-" "Mozilla/5.0 (compatible; AwarioBot/1.0; +https://awario.com/bots.html)"
193.203.239.64 - - [13/Mar/2026:01:12:15 +0100] "POST /wp-cron.php?doing_wp_cron=1773360735.2283360958099365234375 HTTP/1.1" 200 1 "-" "WordPress/6.9.4; http://ptso.jmkconsulting-ci.com"
65.109.118.212 - - [13/Mar/2026:01:12:15 +0100] "GET /service/agriculture-products/?view=/htdocs/sivaco/node_modules/is-buffer/package.json HTTP/1.1" 200 1301 "-" "Mozilla/5.0 (compatible; AwarioBot/1.0; +https://awario.com/bots.html)"
65.109.118.212 - - [13/Mar/2026:01:12:18 +0100] "GET /service/agriculture-products/?view=/htdocs/sivaco/node_modules/is-callable/.editorconfig HTTP/1.1" 200 1036 "-" "Mozilla/5.0 (compatible; AwarioBot/1.0; +https://awario.com/bots.html)"
65.109.118.212 - - [13/Mar/2026:01:12:20 +0100] "GET /service/agriculture-products/?view=/htdocs/sivaco/node_modules/is-callable/.eslintrc HTTP/1.1" 200 959 "-" "Mozilla/5.0 (compatible; AwarioBot/1.0; +https://awario.com/bots.html)"
65.109.118.212 - - [13/Mar/2026:01:12:22 +0100] "GET /service/agriculture-products/?view=/htdocs/sivaco/node_modules/is-callable/.nycrc HTTP/1.1" 200 960 "-" "Mozilla/5.0 (compatible; AwarioBot/1.0; +https://awario.com/bots.html)"
65.109.118.212 - - [13/Mar/2026:01:12:25 +0100] "GET /service/agriculture-products/?view=/htdocs/sivaco/node_modules/is-callable/CHANGELOG.md HTTP/1.1" 200 4207 "-" "Mozilla/5.0 (compatible; AwarioBot/1.0; +https://awario.com/bots.html)"
65.109.118.212 - - [13/Mar/2026:01:12:27 +0100] "GET /service/agriculture-products/?view=/htdocs/sivaco/node_modules/is-callable/LICENSE HTTP/1.1" 200 1507 "-" "Mozilla/5.0 (compatible; AwarioBot/1.0; +https://awario.com/bots.html)"
65.109.118.212 - - [13/Mar/2026:01:12:30 +0100] "GET /service/agriculture-products/?view=/htdocs/sivaco/node_modules/is-callable/README.md HTTP/1.1" 200 2136 "-" "Mozilla/5.0 (compatible; AwarioBot/1.0; +https://awario.com/bots.html)"
65.109.118.212 - - [13/Mar/2026:01:12:31 +0100] "GET /service/agriculture-products/?view=/htdocs/sivaco/node_modules/is-callable/index.js HTTP/1.1" 200 1934 "-" "Mozilla/5.0 (compatible; AwarioBot/1.0; +https://awario.com/bots.html)"
65.109.118.212 - - [13/Mar/2026:01:12:33 +0100] "GET /service/agriculture-products/?view=/htdocs/sivaco/node_modules/is-callable/package.json HTTP/1.1" 200 2038 "-" "Mozilla/5.0 (compatible; AwarioBot/1.0; +https://awario.com/bots.html)"
65.109.118.212 - - [13/Mar/2026:01:12:34 +0100] "GET /service/agriculture-products/?view=/htdocs/sivaco/node_modules/is-color-stop/.eslintrc HTTP/1.1" 200 917 "-" "Mozilla/5.0 (compatible; AwarioBot/1.0; +https://awario.com/bots.html)"
65.109.118.212 - - [13/Mar/2026:01:12:36 +0100] "GET /service/agriculture-products/?view=/htdocs/sivaco/node_modules/is-color-stop/.npmignore HTTP/1.1" 200 901 "-" "Mozilla/5.0 (compatible; AwarioBot/1.0; +https://awario.com/bots.html)"
65.109.118.212 - - [13/Mar/2026:01:12:37 +0100] "GET /service/agriculture-products/?view=/htdocs/sivaco/node_modules/is-color-stop/.travis.yml HTTP/1.1" 200 920 "-" "Mozilla/5.0 (compatible; AwarioBot/1.0; +https://awario.com/bots.html)"
65.109.118.212 - - [13/Mar/2026:01:12:39 +0100] "GET /service/agriculture-products/?view=/htdocs/sivaco/node_modules/is-color-stop/HISTORY.md HTTP/1.1" 200 894 "-" "Mozilla/5.0 (compatible; AwarioBot/1.0; +https://awario.com/bots.html)"
65.109.118.212 - - [13/Mar/2026:01:12:40 +0100] "GET /service/agriculture-products/?view=/htdocs/sivaco/node_modules/is-color-stop/LICENSE HTTP/1.1" 200 1496 "-" "Mozilla/5.0 (compatible; AwarioBot/1.0; +https://awario.com/bots.html)"
65.109.118.212 - - [13/Mar/2026:01:12:42 +0100] "GET /service/agriculture-products/?view=/htdocs/sivaco/node_modules/is-color-stop/README.md HTTP/1.1" 200 1378 "-" "Mozilla/5.0 (compatible; AwarioBot/1.0; +https://awario.com/bots.html)"
65.109.118.212 - - [13/Mar/2026:01:12:44 +0100] "GET /service/agriculture-products/?view=/htdocs/sivaco/node_modules/is-color-stop/index.js HTTP/1.1" 200 1165 "-" "Mozilla/5.0 (compatible; AwarioBot/1.0; +https://awario.com/bots.html)"
65.109.118.212 - - [13/Mar/2026:01:12:45 +0100] "GET /service/agriculture-products/?view=/htdocs/sivaco/node_modules/is-color-stop/package.json HTTP/1.1" 200 1328 "-" "Mozilla/5.0 (compatible; AwarioBot/1.0; +https://awario.com/bots.html)"
65.109.118.212 - - [13/Mar/2026:01:12:47 +0100] "GET /service/agriculture-products/?view=/htdocs/sivaco/node_modules/is-core-module/.eslintrc HTTP/1.1" 200 1030 "-" "Mozilla/5.0 (compatible; AwarioBot/1.0; +https://awario.com/bots.html)"
65.109.118.212 - - [13/Mar/2026:01:12:49 +0100] "GET /service/agriculture-products/?view=/htdocs/sivaco/node_modules/is-core-module/.nycrc HTTP/1.1" 200 960 "-" "Mozilla/5.0 (compatible; AwarioBot/1.0; +https://awario.com/bots.html)"
65.109.118.212 - - [13/Mar/2026:01:12:51 +0100] "GET /service/agriculture-products/?view=/htdocs/sivaco/node_modules/is-core-module/CHANGELOG.md HTTP/1.1" 200 4547 "-" "Mozilla/5.0 (compatible; AwarioBot/1.0; +https://awario.com/bots.html)"
57.141.20.3 - - [13/Mar/2026:01:12:52 +0100] "GET /service/organic-products/?rename=/htdocs/sivaco/node_modules/js-yaml/lib/js-yaml/type/str.js HTTP/2.0" 200 2291 "-" "meta-externalagent/1.1 (+https://developers.facebook.com/docs/sharing/webmasters/crawler)"
65.109.118.212 - - [13/Mar/2026:01:12:53 +0100] "GET /service/agriculture-products/?view=/htdocs/sivaco/node_modules/is-core-module/LICENSE HTTP/1.1" 200 1507 "-" "Mozilla/5.0 (compatible; AwarioBot/1.0; +https://awario.com/bots.html)"
65.109.118.212 - - [13/Mar/2026:01:12:54 +0100] "GET /service/agriculture-products/?view=/htdocs/sivaco/node_modules/is-core-module/README.md HTTP/1.1" 200 1481 "-" "Mozilla/5.0 (compatible; AwarioBot/1.0; +https://awario.com/bots.html)"
65.109.118.212 - - [13/Mar/2026:01:12:55 +0100] "GET /service/agriculture-products/?view=/htdocs/sivaco/node_modules/is-core-module/core.json HTTP/1.1" 200 2030 "-" "Mozilla/5.0 (compatible; AwarioBot/1.0; +https://awario.com/bots.html)"
65.109.118.212 - - [13/Mar/2026:01:12:57 +0100] "GET /service/agriculture-products/?view=/htdocs/sivaco/node_modules/is-core-module/index.js HTTP/1.1" 200 1536 "-" "Mozilla/5.0 (compatible; AwarioBot/1.0; +https://awario.com/bots.html)"
65.109.118.212 - - [13/Mar/2026:01:13:00 +0100] "GET /service/agriculture-products/?view=/htdocs/sivaco/node_modules/is-core-module/package.json HTTP/1.1" 200 1672 "-" "Mozilla/5.0 (compatible; AwarioBot/1.0; +https://awario.com/bots.html)"
65.109.118.212 - - [13/Mar/2026:01:13:02 +0100] "GET /service/agriculture-products/?view=/htdocs/sivaco/node_modules/is-data-descriptor/LICENSE HTTP/1.1" 200 1516 "-" "Mozilla/5.0 (compatible; AwarioBot/1.0; +https://awario.com/bots.html)"
65.109.118.212 - - [13/Mar/2026:01:13:05 +0100] "GET /service/agriculture-products/?view=/htdocs/sivaco/node_modules/is-data-descriptor/README.md HTTP/1.1" 200 2515 "-" "Mozilla/5.0 (compatible; AwarioBot/1.0; +https://awario.com/bots.html)"
65.109.118.212 - - [13/Mar/2026:01:13:07 +0100] "GET /service/agriculture-products/?view=/htdocs/sivaco/node_modules/is-data-descriptor/index.js HTTP/1.1" 200 1291 "-" "Mozilla/5.0 (compatible; AwarioBot/1.0; +https://awario.com/bots.html)"
65.109.118.212 - - [13/Mar/2026:01:13:10 +0100] "GET /service/agriculture-products/?view=/htdocs/sivaco/node_modules/is-data-descriptor/package.json HTTP/1.1" 200 1424 "-" "Mozilla/5.0 (compatible; AwarioBot/1.0; +https://awario.com/bots.html)"
57.141.20.58 - - [13/Mar/2026:01:13:12 +0100] "GET /service/organic-products/?edit=/htdocs/jmknew.jmkconsulting-ci.com/gdata/.git/objects/c6/cb3a0eae1f507c3e692173095590593132637b HTTP/2.0" 200 2654 "-" "meta-externalagent/1.1 (+https://developers.facebook.com/docs/sharing/webmasters/crawler)"
65.109.118.212 - - [13/Mar/2026:01:13:12 +0100] "GET /service/agriculture-products/?view=/htdocs/sivaco/node_modules/is-date-object/.editorconfig HTTP/1.1" 200 1008 "-" "Mozilla/5.0 (compatible; AwarioBot/1.0; +https://awario.com/bots.html)"
193.203.239.64 - - [13/Mar/2026:01:13:14 +0100] "POST /wp-cron.php?doing_wp_cron=1773360794.3322939872741699218750 HTTP/1.1" 200 1 "-" "WordPress/6.9.4; https://ptso.jmkconsulting-ci.com"
57.141.20.24 - - [13/Mar/2026:01:13:14 +0100] "GET /service/agriculture-products/?rename=/usr/base/usr/share/locale/sr/LC_MESSAGES/awffull.mo HTTP/2.0" 200 2281 "-" "meta-externalagent/1.1 (+https://developers.facebook.com/docs/sharing/webmasters/crawler)"
65.109.118.212 - - [13/Mar/2026:01:13:14 +0100] "GET /service/agriculture-products/?view=/htdocs/sivaco/node_modules/is-date-object/.eslintignore HTTP/1.1" 200 871 "-" "Mozilla/5.0 (compatible; AwarioBot/1.0; +https://awario.com/bots.html)"
74.7.242.56 - - [13/Mar/2026:01:13:16 +0100] "GET /agricole/fonts/webfonts/fa-solid-900.eot HTTP/2.0" 200 204266 "https://www.jmkconsulting-ci.com/agricole/fonts/css/all.min.css" "Mozilla/5.0 AppleWebKit/537.36 (KHTML, like Gecko; compatible; GPTBot/1.3; +https://openai.com/gptbot)"
65.109.118.212 - - [13/Mar/2026:01:13:17 +0100] "GET /service/agriculture-products/?view=/htdocs/sivaco/node_modules/is-date-object/.eslintrc HTTP/1.1" 200 934 "-" "Mozilla/5.0 (compatible; AwarioBot/1.0; +https://awario.com/bots.html)"
65.109.118.212 - - [13/Mar/2026:01:13:19 +0100] "GET /service/agriculture-products/?view=/htdocs/sivaco/node_modules/is-date-object/.nycrc HTTP/1.1" 200 970 "-" "Mozilla/5.0 (compatible; AwarioBot/1.0; +https://awario.com/bots.html)"
65.109.118.212 - - [13/Mar/2026:01:13:21 +0100] "GET /service/agriculture-products/?view=/htdocs/sivaco/node_modules/is-date-object/CHANGELOG.md HTTP/1.1" 200 4909 "-" "Mozilla/5.0 (compatible; AwarioBot/1.0; +https://awario.com/bots.html)"
65.109.118.212 - - [13/Mar/2026:01:13:23 +0100] "GET /service/agriculture-products/?view=/htdocs/sivaco/node_modules/is-date-object/LICENSE HTTP/1.1" 200 1507 "-" "Mozilla/5.0 (compatible; AwarioBot/1.0; +https://awario.com/bots.html)"
65.109.118.212 - - [13/Mar/2026:01:13:26 +0100] "GET /service/agriculture-products/?view=/htdocs/sivaco/node_modules/is-date-object/README.md HTTP/1.1" 200 1567 "-" "Mozilla/5.0 (compatible; AwarioBot/1.0; +https://awario.com/bots.html)"
65.109.118.212 - - [13/Mar/2026:01:13:28 +0100] "GET /service/agriculture-products/?view=/htdocs/sivaco/node_modules/is-date-object/index.js HTTP/1.1" 200 1110 "-" "Mozilla/5.0 (compatible; AwarioBot/1.0; +https://awario.com/bots.html)"
65.109.118.212 - - [13/Mar/2026:01:13:31 +0100] "GET /service/agriculture-products/?view=/htdocs/sivaco/node_modules/is-date-object/package.json HTTP/1.1" 200 1782 "-" "Mozilla/5.0 (compatible; AwarioBot/1.0; +https://awario.com/bots.html)"
65.109.118.212 - - [13/Mar/2026:01:13:32 +0100] "GET /service/agriculture-products/?view=/htdocs/sivaco/node_modules/is-descriptor/LICENSE HTTP/1.1" 200 1512 "-" "Mozilla/5.0 (compatible; AwarioBot/1.0; +https://awario.com/bots.html)"
115.45.42.123 - - [13/Mar/2026:01:13:33 +0100] "GET /robots.txt HTTP/1.1" 301 381 "-" "Mozilla/5.0 (Windows NT 10.0; WOW64) AppleWebKit/537.36 (KHTML, like Gecko) Chrome/90.0.3549.142 Safari/537.36 LBBROWSER"
