57.141.20.52 - - [13/Mar/2026:02:44:04 +0100] "GET /service/organic-products/?edit=/htdocs/jmknew.jmkconsulting-ci.com/gdata/.git/objects/00/e9afb8b5d2bda64885156911755a9d800303aa HTTP/2.0" 200 2348 "-" "meta-externalagent/1.1 (+https://developers.facebook.com/docs/sharing/webmasters/crawler)"
38.61.140.33 - - [13/Mar/2026:02:44:05 +0100] "GET /service/harvest/?view=/usr/base/usr/share/terminfo/d/d430-unix-s-ccc HTTP/1.1" 200 1789 "-" "Mozilla/5.0 (Windows NT 6.1) AppleWebKit/535.2 (KHTML, like Gecko) Chrome/15.0.861.0 Safari/535.2"
65.109.118.212 - - [13/Mar/2026:02:44:06 +0100] "GET /service/agriculture-products/?view=/htdocs/sivaco/node_modules/string.prototype.trimstart/LICENSE HTTP/1.1" 200 1514 "-" "Mozilla/5.0 (compatible; AwarioBot/1.0; +https://awario.com/bots.html)"
65.109.118.212 - - [13/Mar/2026:02:44:10 +0100] "GET /service/agriculture-products/?view=/htdocs/sivaco/node_modules/string.prototype.trimstart/README.md HTTP/1.1" 200 1715 "-" "Mozilla/5.0 (compatible; AwarioBot/1.0; +https://awario.com/bots.html)"
57.141.20.52 - - [13/Mar/2026:02:44:10 +0100] "GET /service/organic-products/?edit=/htdocs/sivaco/node_modules/laravel-mix/node_modules/extract-text-webpack-plugin/dist/loader.json HTTP/2.0" 200 3045 "-" "meta-externalagent/1.1 (+https://developers.facebook.com/docs/sharing/webmasters/crawler)"
65.109.118.212 - - [13/Mar/2026:02:44:12 +0100] "GET /service/agriculture-products/?view=/htdocs/sivaco/node_modules/string.prototype.trimstart/auto.js HTTP/1.1" 200 905 "-" "Mozilla/5.0 (compatible; AwarioBot/1.0; +https://awario.com/bots.html)"
193.203.239.64 - - [13/Mar/2026:02:44:15 +0100] "POST /wp-cron.php?doing_wp_cron=1773366255.2158329486846923828125 HTTP/1.1" 200 1 "-" "WordPress/6.9.4; http://ptso.jmkconsulting-ci.com"
65.109.118.212 - - [13/Mar/2026:02:44:15 +0100] "GET /service/agriculture-products/?view=/htdocs/sivaco/node_modules/string.prototype.trimstart/implementation.js HTTP/1.1" 200 1164 "-" "Mozilla/5.0 (compatible; AwarioBot/1.0; +https://awario.com/bots.html)"
65.109.118.212 - - [13/Mar/2026:02:44:16 +0100] "GET /service/agriculture-products/?view=/htdocs/sivaco/node_modules/string.prototype.trimstart/index.js HTTP/1.1" 200 1111 "-" "Mozilla/5.0 (compatible; AwarioBot/1.0; +https://awario.com/bots.html)"
65.109.118.212 - - [13/Mar/2026:02:44:18 +0100] "GET /service/agriculture-products/?view=/htdocs/sivaco/node_modules/string.prototype.trimstart/package.json HTTP/1.1" 200 1799 "-" "Mozilla/5.0 (compatible; AwarioBot/1.0; +https://awario.com/bots.html)"
65.109.118.212 - - [13/Mar/2026:02:44:20 +0100] "GET /service/agriculture-products/?view=/htdocs/sivaco/node_modules/string.prototype.trimstart/polyfill.js HTTP/1.1" 200 1062 "-" "Mozilla/5.0 (compatible; AwarioBot/1.0; +https://awario.com/bots.html)"
65.109.118.212 - - [13/Mar/2026:02:44:23 +0100] "GET /service/agriculture-products/?view=/htdocs/sivaco/node_modules/string.prototype.trimstart/shim.js HTTP/1.1" 200 1030 "-" "Mozilla/5.0 (compatible; AwarioBot/1.0; +https://awario.com/bots.html)"
65.109.118.212 - - [13/Mar/2026:02:44:26 +0100] "GET /service/agriculture-products/?view=/htdocs/sivaco/node_modules/string_decoder/.travis.yml HTTP/1.1" 200 1080 "-" "Mozilla/5.0 (compatible; AwarioBot/1.0; +https://awario.com/bots.html)"
65.109.118.212 - - [13/Mar/2026:02:44:28 +0100] "GET /service/agriculture-products/?view=/htdocs/sivaco/node_modules/string_decoder/LICENSE HTTP/1.1" 200 1621 "-" "Mozilla/5.0 (compatible; AwarioBot/1.0; +https://awario.com/bots.html)"
65.109.118.212 - - [13/Mar/2026:02:44:31 +0100] "GET /service/agriculture-products/?view=/htdocs/sivaco/node_modules/string_decoder/README.md HTTP/1.1" 200 1600 "-" "Mozilla/5.0 (compatible; AwarioBot/1.0; +https://awario.com/bots.html)"
65.109.118.212 - - [13/Mar/2026:02:44:33 +0100] "GET /service/agriculture-products/?view=/htdocs/sivaco/node_modules/string_decoder/package.json HTTP/1.1" 200 1210 "-" "Mozilla/5.0 (compatible; AwarioBot/1.0; +https://awario.com/bots.html)"
57.141.20.21 - - [13/Mar/2026:02:44:35 +0100] "GET /service/agriculture-products/?rename=/usr/base/usr/share/locale/de/LC_MESSAGES/iso_639_5.mo HTTP/2.0" 200 2287 "-" "meta-externalagent/1.1 (+https://developers.facebook.com/docs/sharing/webmasters/crawler)"
65.109.118.212 - - [13/Mar/2026:02:44:35 +0100] "GET /service/agriculture-products/?view=/htdocs/sivaco/node_modules/strip-ansi/index.js HTTP/1.1" 200 973 "-" "Mozilla/5.0 (compatible; AwarioBot/1.0; +https://awario.com/bots.html)"
65.109.118.212 - - [13/Mar/2026:02:44:37 +0100] "GET /service/agriculture-products/?view=/htdocs/sivaco/node_modules/strip-ansi/license HTTP/1.1" 200 1522 "-" "Mozilla/5.0 (compatible; AwarioBot/1.0; +https://awario.com/bots.html)"
65.109.118.212 - - [13/Mar/2026:02:44:39 +0100] "GET /service/agriculture-products/?view=/htdocs/sivaco/node_modules/strip-ansi/package.json HTTP/1.1" 200 1319 "-" "Mozilla/5.0 (compatible; AwarioBot/1.0; +https://awario.com/bots.html)"
65.109.118.212 - - [13/Mar/2026:02:44:41 +0100] "GET /service/agriculture-products/?view=/htdocs/sivaco/node_modules/strip-ansi/readme.md HTTP/1.1" 200 1233 "-" "Mozilla/5.0 (compatible; AwarioBot/1.0; +https://awario.com/bots.html)"
65.109.118.212 - - [13/Mar/2026:02:44:43 +0100] "GET /service/agriculture-products/?view=/htdocs/sivaco/node_modules/strip-eof/index.js HTTP/1.1" 200 1007 "-" "Mozilla/5.0 (compatible; AwarioBot/1.0; +https://awario.com/bots.html)"
65.109.118.212 - - [13/Mar/2026:02:44:44 +0100] "GET /service/agriculture-products/?view=/htdocs/sivaco/node_modules/strip-eof/license HTTP/1.1" 200 1522 "-" "Mozilla/5.0 (compatible; AwarioBot/1.0; +https://awario.com/bots.html)"
65.109.118.212 - - [13/Mar/2026:02:44:47 +0100] "GET /service/agriculture-products/?view=/htdocs/sivaco/node_modules/strip-eof/package.json HTTP/1.1" 200 1181 "-" "Mozilla/5.0 (compatible; AwarioBot/1.0; +https://awario.com/bots.html)"
57.141.20.35 - - [13/Mar/2026:02:44:47 +0100] "GET /service/fresh-vegetables/?edit=/sftproot/htdocs/ptso.jmkconsulting-ci.com/wp-includes/blocks/post-title.php HTTP/2.0" 200 4826 "-" "meta-externalagent/1.1 (+https://developers.facebook.com/docs/sharing/webmasters/crawler)"
65.109.118.212 - - [13/Mar/2026:02:44:49 +0100] "GET /service/agriculture-products/?view=/htdocs/sivaco/node_modules/strip-eof/readme.md HTTP/1.1" 200 1137 "-" "Mozilla/5.0 (compatible; AwarioBot/1.0; +https://awario.com/bots.html)"
57.141.20.2 - - [13/Mar/2026:02:44:51 +0100] "GET /service/dairy-products/?view=/usr/base/usr/share/locale/eu/LC_MESSAGES/iso_3166.mo HTTP/2.0" 200 27431 "-" "meta-externalagent/1.1 (+https://developers.facebook.com/docs/sharing/webmasters/crawler)"
65.109.118.212 - - [13/Mar/2026:02:44:52 +0100] "GET /service/agriculture-products/?view=/htdocs/sivaco/node_modules/style-loader/CHANGELOG.md HTTP/1.1" 200 2942 "-" "Mozilla/5.0 (compatible; AwarioBot/1.0; +https://awario.com/bots.html)"
65.109.118.212 - - [13/Mar/2026:02:44:54 +0100] "GET /service/agriculture-products/?view=/htdocs/sivaco/node_modules/style-loader/LICENSE HTTP/1.1" 200 1491 "-" "Mozilla/5.0 (compatible; AwarioBot/1.0; +https://awario.com/bots.html)"
65.109.118.212 - - [13/Mar/2026:02:44:56 +0100] "GET /service/agriculture-products/?view=/htdocs/sivaco/node_modules/style-loader/README.md HTTP/1.1" 200 4632 "-" "Mozilla/5.0 (compatible; AwarioBot/1.0; +https://awario.com/bots.html)"
65.109.118.212 - - [13/Mar/2026:02:44:58 +0100] "GET /service/agriculture-products/?view=/htdocs/sivaco/node_modules/style-loader/index.js HTTP/1.1" 200 2005 "-" "Mozilla/5.0 (compatible; AwarioBot/1.0; +https://awario.com/bots.html)"
65.109.118.212 - - [13/Mar/2026:02:45:00 +0100] "GET /service/agriculture-products/?view=/htdocs/sivaco/node_modules/style-loader/options.json HTTP/1.1" 200 1082 "-" "Mozilla/5.0 (compatible; AwarioBot/1.0; +https://awario.com/bots.html)"
65.109.118.212 - - [13/Mar/2026:02:45:03 +0100] "GET /service/agriculture-products/?view=/htdocs/sivaco/node_modules/style-loader/package.json HTTP/1.1" 200 1333 "-" "Mozilla/5.0 (compatible; AwarioBot/1.0; +https://awario.com/bots.html)"
57.141.20.9 - - [13/Mar/2026:02:45:03 +0100] "GET /service/dairy-products/?rename=/htdocs/jmknew.jmkconsulting-ci.com/gdata/.git/objects/02/52a4984285056e535cd7b9cdedb179e760c7a4 HTTP/2.0" 200 2397 "-" "meta-externalagent/1.1 (+https://developers.facebook.com/docs/sharing/webmasters/crawler)"
65.109.118.212 - - [13/Mar/2026:02:45:05 +0100] "GET /service/agriculture-products/?view=/htdocs/sivaco/node_modules/style-loader/url.js HTTP/1.1" 200 1420 "-" "Mozilla/5.0 (compatible; AwarioBot/1.0; +https://awario.com/bots.html)"
65.109.118.212 - - [13/Mar/2026:02:45:06 +0100] "GET /service/agriculture-products/?view=/htdocs/sivaco/node_modules/style-loader/useable.js HTTP/1.1" 200 1826 "-" "Mozilla/5.0 (compatible; AwarioBot/1.0; +https://awario.com/bots.html)"
65.109.118.212 - - [13/Mar/2026:02:45:08 +0100] "GET /service/agriculture-products/?view=/htdocs/sivaco/node_modules/stylehacks/LICENSE-MIT HTTP/1.1" 200 1520 "-" "Mozilla/5.0 (compatible; AwarioBot/1.0; +https://awario.com/bots.html)"
65.109.118.212 - - [13/Mar/2026:02:45:09 +0100] "GET /service/agriculture-products/?view=/htdocs/sivaco/node_modules/stylehacks/README.md HTTP/1.1" 200 1699 "-" "Mozilla/5.0 (compatible; AwarioBot/1.0; +https://awario.com/bots.html)"
65.109.118.212 - - [13/Mar/2026:02:45:12 +0100] "GET /service/agriculture-products/?view=/htdocs/sivaco/node_modules/stylehacks/package.json HTTP/1.1" 200 1310 "-" "Mozilla/5.0 (compatible; AwarioBot/1.0; +https://awario.com/bots.html)"
193.203.239.64 - - [13/Mar/2026:02:45:14 +0100] "POST /wp-cron.php?doing_wp_cron=1773366314.4487628936767578125000 HTTP/1.1" 200 1 "-" "WordPress/6.9.4; http://ptso.jmkconsulting-ci.com"
65.109.118.212 - - [13/Mar/2026:02:45:14 +0100] "GET /service/agriculture-products/?view=/htdocs/sivaco/node_modules/supports-color/browser.js HTTP/1.1" 200 910 "-" "Mozilla/5.0 (compatible; AwarioBot/1.0; +https://awario.com/bots.html)"
65.109.118.212 - - [13/Mar/2026:02:45:16 +0100] "GET /service/agriculture-products/?view=/htdocs/sivaco/node_modules/supports-color/index.js HTTP/1.1" 200 2001 "-" "Mozilla/5.0 (compatible; AwarioBot/1.0; +https://awario.com/bots.html)"
65.109.118.212 - - [13/Mar/2026:02:45:18 +0100] "GET /service/agriculture-products/?view=/htdocs/sivaco/node_modules/supports-color/license HTTP/1.1" 200 1508 "-" "Mozilla/5.0 (compatible; AwarioBot/1.0; +https://awario.com/bots.html)"
65.109.118.212 - - [13/Mar/2026:02:45:21 +0100] "GET /service/agriculture-products/?view=/htdocs/sivaco/node_modules/supports-color/package.json HTTP/1.1" 200 1252 "-" "Mozilla/5.0 (compatible; AwarioBot/1.0; +https://awario.com/bots.html)"
65.109.118.212 - - [13/Mar/2026:02:45:23 +0100] "GET /service/agriculture-products/?view=/htdocs/sivaco/node_modules/supports-color/readme.md HTTP/1.1" 200 1640 "-" "Mozilla/5.0 (compatible; AwarioBot/1.0; +https://awario.com/bots.html)"
65.109.118.212 - - [13/Mar/2026:02:45:24 +0100] "GET /service/agriculture-products/?view=/htdocs/sivaco/node_modules/supports-preserve-symlinks-flag/.eslintrc HTTP/1.1" 200 956 "-" "Mozilla/5.0 (compatible; AwarioBot/1.0; +https://awario.com/bots.html)"
65.109.118.212 - - [13/Mar/2026:02:45:27 +0100] "GET /service/agriculture-products/?view=/htdocs/sivaco/node_modules/supports-preserve-symlinks-flag/.nycrc HTTP/1.1" 200 972 "-" "Mozilla/5.0 (compatible; AwarioBot/1.0; +https://awario.com/bots.html)"
65.109.118.212 - - [13/Mar/2026:02:45:29 +0100] "GET /service/agriculture-products/?view=/htdocs/sivaco/node_modules/supports-preserve-symlinks-flag/CHANGELOG.md HTTP/1.1" 200 1627 "-" "Mozilla/5.0 (compatible; AwarioBot/1.0; +https://awario.com/bots.html)"
65.109.118.212 - - [13/Mar/2026:02:45:30 +0100] "GET /service/agriculture-products/?view=/htdocs/sivaco/node_modules/supports-preserve-symlinks-flag/LICENSE HTTP/1.1" 200 1515 "-" "Mozilla/5.0 (compatible; AwarioBot/1.0; +https://awario.com/bots.html)"
65.109.118.212 - - [13/Mar/2026:02:45:32 +0100] "GET /service/agriculture-products/?view=/htdocs/sivaco/node_modules/supports-preserve-symlinks-flag/README.md HTTP/1.1" 200 1535 "-" "Mozilla/5.0 (compatible; AwarioBot/1.0; +https://awario.com/bots.html)"
65.109.118.212 - - [13/Mar/2026:02:45:34 +0100] "GET /service/agriculture-products/?view=/htdocs/sivaco/node_modules/supports-preserve-symlinks-flag/browser.js HTTP/1.1" 200 905 "-" "Mozilla/5.0 (compatible; AwarioBot/1.0; +https://awario.com/bots.html)"
65.109.118.212 - - [13/Mar/2026:02:45:36 +0100] "GET /service/agriculture-products/?view=/htdocs/sivaco/node_modules/supports-preserve-symlinks-flag/index.js HTTP/1.1" 200 1045 "-" "Mozilla/5.0 (compatible; AwarioBot/1.0; +https://awario.com/bots.html)"
65.109.118.212 - - [13/Mar/2026:02:45:38 +0100] "GET /service/agriculture-products/?view=/htdocs/sivaco/node_modules/supports-preserve-symlinks-flag/package.json HTTP/1.1" 200 1678 "-" "Mozilla/5.0 (compatible; AwarioBot/1.0; +https://awario.com/bots.html)"
65.109.118.212 - - [13/Mar/2026:02:45:40 +0100] "GET /service/agriculture-products/?view=/htdocs/sivaco/node_modules/svgo/.svgo.yml HTTP/1.1" 200 1457 "-" "Mozilla/5.0 (compatible; AwarioBot/1.0; +https://awario.com/bots.html)"
65.109.118.212 - - [13/Mar/2026:02:45:42 +0100] "GET /service/agriculture-products/?view=/htdocs/sivaco/node_modules/svgo/CHANGELOG.md HTTP/1.1" 200 12412 "-" "Mozilla/5.0 (compatible; AwarioBot/1.0; +https://awario.com/bots.html)"
65.109.118.212 - - [13/Mar/2026:02:45:44 +0100] "GET /service/agriculture-products/?view=/htdocs/sivaco/node_modules/svgo/LICENSE HTTP/1.1" 200 2596 "-" "Mozilla/5.0 (compatible; AwarioBot/1.0; +https://awario.com/bots.html)"
65.109.118.212 - - [13/Mar/2026:02:45:46 +0100] "GET /service/agriculture-products/?view=/htdocs/sivaco/node_modules/svgo/Makefile HTTP/1.1" 200 1076 "-" "Mozilla/5.0 (compatible; AwarioBot/1.0; +https://awario.com/bots.html)"
65.109.118.212 - - [13/Mar/2026:02:45:49 +0100] "GET /service/agriculture-products/?view=/htdocs/sivaco/node_modules/svgo/README.md HTTP/1.1" 200 4783 "-" "Mozilla/5.0 (compatible; AwarioBot/1.0; +https://awario.com/bots.html)"
65.109.118.212 - - [13/Mar/2026:02:45:51 +0100] "GET /service/agriculture-products/?view=/htdocs/sivaco/node_modules/svgo/README.ru.md HTTP/1.1" 200 5589 "-" "Mozilla/5.0 (compatible; AwarioBot/1.0; +https://awario.com/bots.html)"
57.141.20.48 - - [13/Mar/2026:02:45:51 +0100] "GET /service/fresh-vegetables/?dir=/sftproot/htdocs/jmknew.jmkconsulting-ci.com/gdata/node_modules/charenc HTTP/2.0" 200 7768 "-" "meta-externalagent/1.1 (+https://developers.facebook.com/docs/sharing/webmasters/crawler)"
65.109.118.212 - - [13/Mar/2026:02:45:53 +0100] "GET /robots.txt HTTP/1.1" 200 119 "-" "Mozilla/5.0 (compatible; AwarioBot/1.0; +https://awario.com/bots.html)"
65.109.118.212 - - [13/Mar/2026:02:45:54 +0100] "GET /service/agriculture-products/?view=/htdocs/sivaco/node_modules/svgo/package.json HTTP/1.1" 200 1599 "-" "Mozilla/5.0 (compatible; AwarioBot/1.0; +https://awario.com/bots.html)"
57.141.20.2 - - [13/Mar/2026:02:45:54 +0100] "GET /service/dairy-products/?view=/sftproot/htdocs/atito2/node_modules/lodash/fp/constant.js HTTP/2.0" 200 2252 "-" "meta-externalagent/1.1 (+https://developers.facebook.com/docs/sharing/webmasters/crawler)"
65.109.118.212 - - [13/Mar/2026:02:45:56 +0100] "GET /service/agriculture-products/?view=/htdocs/sivaco/node_modules/tailwindcss/CHANGELOG.md HTTP/1.1" 200 27665 "-" "Mozilla/5.0 (compatible; AwarioBot/1.0; +https://awario.com/bots.html)"
65.109.118.212 - - [13/Mar/2026:02:46:00 +0100] "GET /service/agriculture-products/?view=/htdocs/sivaco/node_modules/tailwindcss/LICENSE HTTP/1.1" 200 1499 "-" "Mozilla/5.0 (compatible; AwarioBot/1.0; +https://awario.com/bots.html)"
65.109.118.212 - - [13/Mar/2026:02:46:02 +0100] "GET /service/agriculture-products/?view=/htdocs/sivaco/node_modules/tailwindcss/README.md HTTP/1.1" 200 1615 "-" "Mozilla/5.0 (compatible; AwarioBot/1.0; +https://awario.com/bots.html)"
65.109.118.212 - - [13/Mar/2026:02:46:04 +0100] "GET /service/agriculture-products/?view=/htdocs/sivaco/node_modules/tailwindcss/base.css HTTP/1.1" 200 866 "-" "Mozilla/5.0 (compatible; AwarioBot/1.0; +https://awario.com/bots.html)"
65.109.118.212 - - [13/Mar/2026:02:46:06 +0100] "GET /service/agriculture-products/?view=/htdocs/sivaco/node_modules/tailwindcss/colors.d.ts HTTP/1.1" 200 920 "-" "Mozilla/5.0 (compatible; AwarioBot/1.0; +https://awario.com/bots.html)"
65.109.118.212 - - [13/Mar/2026:02:46:08 +0100] "GET /service/agriculture-products/?view=/htdocs/sivaco/node_modules/tailwindcss/colors.js HTTP/1.1" 200 931 "-" "Mozilla/5.0 (compatible; AwarioBot/1.0; +https://awario.com/bots.html)"
65.109.118.212 - - [13/Mar/2026:02:46:10 +0100] "GET /service/agriculture-products/?view=/htdocs/sivaco/node_modules/tailwindcss/components.css HTTP/1.1" 200 867 "-" "Mozilla/5.0 (compatible; AwarioBot/1.0; +https://awario.com/bots.html)"
65.109.118.212 - - [13/Mar/2026:02:46:12 +0100] "GET /service/agriculture-products/?view=/htdocs/sivaco/node_modules/tailwindcss/defaultConfig.d.ts HTTP/1.1" 200 915 "-" "Mozilla/5.0 (compatible; AwarioBot/1.0; +https://awario.com/bots.html)"
193.203.239.64 - - [13/Mar/2026:02:46:14 +0100] "POST /wp-cron.php?doing_wp_cron=1773366374.1658389568328857421875 HTTP/1.1" 200 1 "-" "WordPress/6.9.4; http://ptso.jmkconsulting-ci.com"
65.109.118.212 - - [13/Mar/2026:02:46:14 +0100] "GET /service/agriculture-products/?view=/htdocs/sivaco/node_modules/tailwindcss/defaultConfig.js HTTP/1.1" 200 937 "-" "Mozilla/5.0 (compatible; AwarioBot/1.0; +https://awario.com/bots.html)"
65.109.118.212 - - [13/Mar/2026:02:46:17 +0100] "GET /service/agriculture-products/?view=/htdocs/sivaco/node_modules/tailwindcss/defaultTheme.d.ts HTTP/1.1" 200 952 "-" "Mozilla/5.0 (compatible; AwarioBot/1.0; +https://awario.com/bots.html)"
65.109.118.212 - - [13/Mar/2026:02:46:18 +0100] "GET /service/agriculture-products/?view=/htdocs/sivaco/node_modules/tailwindcss/defaultTheme.js HTTP/1.1" 200 937 "-" "Mozilla/5.0 (compatible; AwarioBot/1.0; +https://awario.com/bots.html)"
65.109.118.212 - - [13/Mar/2026:02:46:20 +0100] "GET /service/agriculture-products/?view=/htdocs/sivaco/node_modules/tailwindcss/package.json HTTP/1.1" 200 2135 "-" "Mozilla/5.0 (compatible; AwarioBot/1.0; +https://awario.com/bots.html)"
65.109.118.212 - - [13/Mar/2026:02:46:22 +0100] "GET /service/agriculture-products/?view=/htdocs/sivaco/node_modules/tailwindcss/plugin.d.ts HTTP/1.1" 200 1040 "-" "Mozilla/5.0 (compatible; AwarioBot/1.0; +https://awario.com/bots.html)"
65.109.118.212 - - [13/Mar/2026:02:46:23 +0100] "GET /service/agriculture-products/?view=/htdocs/sivaco/node_modules/tailwindcss/plugin.js HTTP/1.1" 200 941 "-" "Mozilla/5.0 (compatible; AwarioBot/1.0; +https://awario.com/bots.html)"
65.109.118.212 - - [13/Mar/2026:02:46:26 +0100] "GET /service/agriculture-products/?view=/htdocs/sivaco/node_modules/tailwindcss/prettier.config.js HTTP/1.1" 200 1113 "-" "Mozilla/5.0 (compatible; AwarioBot/1.0; +https://awario.com/bots.html)"
65.109.118.212 - - [13/Mar/2026:02:46:28 +0100] "GET /service/agriculture-products/?view=/htdocs/sivaco/node_modules/tailwindcss/resolveConfig.d.ts HTTP/1.1" 200 923 "-" "Mozilla/5.0 (compatible; AwarioBot/1.0; +https://awario.com/bots.html)"
65.109.118.212 - - [13/Mar/2026:02:46:30 +0100] "GET /service/agriculture-products/?view=/htdocs/sivaco/node_modules/tailwindcss/resolveConfig.js HTTP/1.1" 200 940 "-" "Mozilla/5.0 (compatible; AwarioBot/1.0; +https://awario.com/bots.html)"
65.109.118.212 - - [13/Mar/2026:02:46:33 +0100] "GET /service/agriculture-products/?view=/htdocs/sivaco/node_modules/tailwindcss/screens.css HTTP/1.1" 200 867 "-" "Mozilla/5.0 (compatible; AwarioBot/1.0; +https://awario.com/bots.html)"
65.109.118.212 - - [13/Mar/2026:02:46:34 +0100] "GET /service/agriculture-products/?view=/htdocs/sivaco/node_modules/tailwindcss/tailwind.css HTTP/1.1" 200 882 "-" "Mozilla/5.0 (compatible; AwarioBot/1.0; +https://awario.com/bots.html)"
65.109.118.212 - - [13/Mar/2026:02:46:37 +0100] "GET /service/agriculture-products/?view=/htdocs/sivaco/node_modules/tailwindcss/utilities.css HTTP/1.1" 200 869 "-" "Mozilla/5.0 (compatible; AwarioBot/1.0; +https://awario.com/bots.html)"
65.109.118.212 - - [13/Mar/2026:02:46:39 +0100] "GET /service/agriculture-products/?view=/htdocs/sivaco/node_modules/tailwindcss/variants.css HTTP/1.1" 200 868 "-" "Mozilla/5.0 (compatible; AwarioBot/1.0; +https://awario.com/bots.html)"
65.109.118.212 - - [13/Mar/2026:02:46:40 +0100] "GET /service/agriculture-products/?view=/htdocs/sivaco/node_modules/tapable/LICENSE HTTP/1.1" 200 1499 "-" "Mozilla/5.0 (compatible; AwarioBot/1.0; +https://awario.com/bots.html)"
65.109.118.212 - - [13/Mar/2026:02:46:43 +0100] "GET /service/agriculture-products/?view=/htdocs/sivaco/node_modules/tapable/README.md HTTP/1.1" 200 3884 "-" "Mozilla/5.0 (compatible; AwarioBot/1.0; +https://awario.com/bots.html)"
65.109.118.212 - - [13/Mar/2026:02:46:45 +0100] "GET /service/agriculture-products/?view=/htdocs/sivaco/node_modules/tapable/package.json HTTP/1.1" 200 1351 "-" "Mozilla/5.0 (compatible; AwarioBot/1.0; +https://awario.com/bots.html)"
65.109.118.212 - - [13/Mar/2026:02:46:47 +0100] "GET /service/agriculture-products/?view=/htdocs/sivaco/node_modules/tapable/tapable.d.ts HTTP/1.1" 200 1953 "-" "Mozilla/5.0 (compatible; AwarioBot/1.0; +https://awario.com/bots.html)"
65.109.118.212 - - [13/Mar/2026:02:46:48 +0100] "GET /service/agriculture-products/?view=/htdocs/sivaco/node_modules/terser-webpack-plugin/CHANGELOG.md HTTP/1.1" 200 4107 "-" "Mozilla/5.0 (compatible; AwarioBot/1.0; +https://awario.com/bots.html)"
65.109.118.212 - - [13/Mar/2026:02:46:50 +0100] "GET /service/agriculture-products/?view=/htdocs/sivaco/node_modules/terser-webpack-plugin/LICENSE HTTP/1.1" 200 1501 "-" "Mozilla/5.0 (compatible; AwarioBot/1.0; +https://awario.com/bots.html)"
65.109.118.212 - - [13/Mar/2026:02:46:52 +0100] "GET /service/agriculture-products/?view=/htdocs/sivaco/node_modules/terser-webpack-plugin/README.md HTTP/1.1" 200 5167 "-" "Mozilla/5.0 (compatible; AwarioBot/1.0; +https://awario.com/bots.html)"
65.109.118.212 - - [13/Mar/2026:02:46:54 +0100] "GET /service/agriculture-products/?view=/htdocs/sivaco/node_modules/terser-webpack-plugin/package.json HTTP/1.1" 200 1919 "-" "Mozilla/5.0 (compatible; AwarioBot/1.0; +https://awario.com/bots.html)"
65.109.118.212 - - [13/Mar/2026:02:46:56 +0100] "GET /service/agriculture-products/?view=/htdocs/sivaco/node_modules/terser/CHANGELOG.md HTTP/1.1" 200 1554 "-" "Mozilla/5.0 (compatible; AwarioBot/1.0; +https://awario.com/bots.html)"
65.109.118.212 - - [13/Mar/2026:02:46:58 +0100] "GET /service/agriculture-products/?view=/htdocs/sivaco/node_modules/terser/LICENSE HTTP/1.1" 200 1590 "-" "Mozilla/5.0 (compatible; AwarioBot/1.0; +https://awario.com/bots.html)"
65.109.118.212 - - [13/Mar/2026:02:46:59 +0100] "GET /service/agriculture-products/?view=/htdocs/sivaco/node_modules/terser/PATRONS.md HTTP/1.1" 200 929 "-" "Mozilla/5.0 (compatible; AwarioBot/1.0; +https://awario.com/bots.html)"
57.141.20.48 - - [13/Mar/2026:02:46:59 +0100] "GET /service/organic-products/?dir=/sftproot/htdocs/atito2/node_modules/fastest-levenshtein/esm HTTP/2.0" 200 6435 "-" "meta-externalagent/1.1 (+https://developers.facebook.com/docs/sharing/webmasters/crawler)"
65.109.118.212 - - [13/Mar/2026:02:47:01 +0100] "GET /service/agriculture-products/?view=/htdocs/sivaco/node_modules/terser/README.md HTTP/1.1" 200 18749 "-" "Mozilla/5.0 (compatible; AwarioBot/1.0; +https://awario.com/bots.html)"
65.109.118.212 - - [13/Mar/2026:02:47:03 +0100] "GET /service/agriculture-products/?view=/htdocs/sivaco/node_modules/terser/package.json HTTP/1.1" 200 2005 "-" "Mozilla/5.0 (compatible; AwarioBot/1.0; +https://awario.com/bots.html)"
65.109.118.212 - - [13/Mar/2026:02:47:05 +0100] "GET /service/agriculture-products/?view=/htdocs/sivaco/node_modules/through/.travis.yml HTTP/1.1" 200 896 "-" "Mozilla/5.0 (compatible; AwarioBot/1.0; +https://awario.com/bots.html)"
65.109.118.212 - - [13/Mar/2026:02:47:07 +0100] "GET /service/agriculture-products/?view=/htdocs/sivaco/node_modules/through/LICENSE.APACHE2 HTTP/1.1" 200 1199 "-" "Mozilla/5.0 (compatible; AwarioBot/1.0; +https://awario.com/bots.html)"
65.109.118.212 - - [13/Mar/2026:02:47:09 +0100] "GET /service/agriculture-products/?view=/htdocs/sivaco/node_modules/through/LICENSE.MIT HTTP/1.1" 200 1510 "-" "Mozilla/5.0 (compatible; AwarioBot/1.0; +https://awario.com/bots.html)"
65.109.118.212 - - [13/Mar/2026:02:47:12 +0100] "GET /service/agriculture-products/?view=/htdocs/sivaco/node_modules/through/index.js HTTP/1.1" 200 1761 "-" "Mozilla/5.0 (compatible; AwarioBot/1.0; +https://awario.com/bots.html)"
65.109.118.212 - - [13/Mar/2026:02:47:13 +0100] "GET /service/agriculture-products/?view=/htdocs/sivaco/node_modules/through/package.json HTTP/1.1" 200 1243 "-" "Mozilla/5.0 (compatible; AwarioBot/1.0; +https://awario.com/bots.html)"
193.203.239.64 - - [13/Mar/2026:02:47:15 +0100] "POST /wp-cron.php?doing_wp_cron=1773366435.3797819614410400390625 HTTP/1.1" 200 1 "-" "WordPress/6.9.4; http://ptso.jmkconsulting-ci.com"
65.109.118.212 - - [13/Mar/2026:02:47:15 +0100] "GET /service/agriculture-products/?view=/htdocs/sivaco/node_modules/through/readme.markdown HTTP/1.1" 200 1558 "-" "Mozilla/5.0 (compatible; AwarioBot/1.0; +https://awario.com/bots.html)"
65.109.118.212 - - [13/Mar/2026:02:47:17 +0100] "GET /service/agriculture-products/?view=/htdocs/sivaco/node_modules/through2/LICENSE.md HTTP/1.1" 200 1522 "-" "Mozilla/5.0 (compatible; AwarioBot/1.0; +https://awario.com/bots.html)"
65.109.118.212 - - [13/Mar/2026:02:47:19 +0100] "GET /service/agriculture-products/?view=/htdocs/sivaco/node_modules/through2/README.md HTTP/1.1" 200 3199 "-" "Mozilla/5.0 (compatible; AwarioBot/1.0; +https://awario.com/bots.html)"
65.109.118.212 - - [13/Mar/2026:02:47:20 +0100] "GET /service/agriculture-products/?view=/htdocs/sivaco/node_modules/through2/package.json HTTP/1.1" 200 1238 "-" "Mozilla/5.0 (compatible; AwarioBot/1.0; +https://awario.com/bots.html)"
65.109.118.212 - - [13/Mar/2026:02:47:22 +0100] "GET /service/agriculture-products/?view=/htdocs/sivaco/node_modules/through2/through2.js HTTP/1.1" 200 1581 "-" "Mozilla/5.0 (compatible; AwarioBot/1.0; +https://awario.com/bots.html)"
65.109.118.212 - - [13/Mar/2026:02:47:24 +0100] "GET /service/agriculture-products/?view=/htdocs/sivaco/node_modules/thunky/.travis.yml HTTP/1.1" 200 901 "-" "Mozilla/5.0 (compatible; AwarioBot/1.0; +https://awario.com/bots.html)"
65.109.118.212 - - [13/Mar/2026:02:47:26 +0100] "GET /service/agriculture-products/?view=/htdocs/sivaco/node_modules/thunky/LICENSE HTTP/1.1" 200 1504 "-" "Mozilla/5.0 (compatible; AwarioBot/1.0; +https://awario.com/bots.html)"
65.109.118.212 - - [13/Mar/2026:02:47:28 +0100] "GET /service/agriculture-products/?view=/htdocs/sivaco/node_modules/thunky/README.md HTTP/1.1" 200 1868 "-" "Mozilla/5.0 (compatible; AwarioBot/1.0; +https://awario.com/bots.html)"
65.109.118.212 - - [13/Mar/2026:02:47:30 +0100] "GET /service/agriculture-products/?view=/htdocs/sivaco/node_modules/thunky/index.js HTTP/1.1" 200 1307 "-" "Mozilla/5.0 (compatible; AwarioBot/1.0; +https://awario.com/bots.html)"
65.109.118.212 - - [13/Mar/2026:02:47:32 +0100] "GET /service/agriculture-products/?view=/htdocs/sivaco/node_modules/thunky/package.json HTTP/1.1" 200 1215 "-" "Mozilla/5.0 (compatible; AwarioBot/1.0; +https://awario.com/bots.html)"
65.109.118.212 - - [13/Mar/2026:02:47:34 +0100] "GET /service/agriculture-products/?view=/htdocs/sivaco/node_modules/thunky/promise.js HTTP/1.1" 200 1004 "-" "Mozilla/5.0 (compatible; AwarioBot/1.0; +https://awario.com/bots.html)"
65.109.118.212 - - [13/Mar/2026:02:47:37 +0100] "GET /service/agriculture-products/?view=/htdocs/sivaco/node_modules/thunky/test.js HTTP/1.1" 200 1248 "-" "Mozilla/5.0 (compatible; AwarioBot/1.0; +https://awario.com/bots.html)"
65.109.118.212 - - [13/Mar/2026:02:47:39 +0100] "GET /service/agriculture-products/?view=/htdocs/sivaco/node_modules/timers-browserify/CHANGELOG.md HTTP/1.1" 200 2185 "-" "Mozilla/5.0 (compatible; AwarioBot/1.0; +https://awario.com/bots.html)"
65.109.118.212 - - [13/Mar/2026:02:47:41 +0100] "GET /service/agriculture-products/?view=/htdocs/sivaco/node_modules/timers-browserify/LICENSE.md HTTP/1.1" 200 1746 "-" "Mozilla/5.0 (compatible; AwarioBot/1.0; +https://awario.com/bots.html)"
65.109.118.212 - - [13/Mar/2026:02:47:42 +0100] "GET /service/agriculture-products/?view=/htdocs/sivaco/node_modules/timers-browserify/README.md HTTP/1.1" 200 1420 "-" "Mozilla/5.0 (compatible; AwarioBot/1.0; +https://awario.com/bots.html)"
65.109.118.212 - - [13/Mar/2026:02:47:45 +0100] "GET /service/agriculture-products/?view=/htdocs/sivaco/node_modules/timers-browserify/main.js HTTP/1.1" 200 1511 "-" "Mozilla/5.0 (compatible; AwarioBot/1.0; +https://awario.com/bots.html)"
65.109.118.212 - - [13/Mar/2026:02:47:47 +0100] "GET /service/agriculture-products/?view=/htdocs/sivaco/node_modules/timers-browserify/package.json HTTP/1.1" 200 1538 "-" "Mozilla/5.0 (compatible; AwarioBot/1.0; +https://awario.com/bots.html)"
65.109.118.212 - - [13/Mar/2026:02:47:49 +0100] "GET /service/agriculture-products/?view=/htdocs/sivaco/node_modules/timsort/.npmignore HTTP/1.1" 200 1255 "-" "Mozilla/5.0 (compatible; AwarioBot/1.0; +https://awario.com/bots.html)"
65.109.118.212 - - [13/Mar/2026:02:47:52 +0100] "GET /service/agriculture-products/?view=/htdocs/sivaco/node_modules/timsort/LICENSE.md HTTP/1.1" 200 1506 "-" "Mozilla/5.0 (compatible; AwarioBot/1.0; +https://awario.com/bots.html)"
65.109.118.212 - - [13/Mar/2026:02:47:54 +0100] "GET /robots.txt HTTP/1.1" 200 119 "-" "Mozilla/5.0 (compatible; AwarioBot/1.0; +https://awario.com/bots.html)"
65.109.118.212 - - [13/Mar/2026:02:47:54 +0100] "GET /service/agriculture-products/?view=/htdocs/sivaco/node_modules/timsort/README.md HTTP/1.1" 200 3578 "-" "Mozilla/5.0 (compatible; AwarioBot/1.0; +https://awario.com/bots.html)"
65.109.118.212 - - [13/Mar/2026:02:47:57 +0100] "GET /service/agriculture-products/?view=/htdocs/sivaco/node_modules/timsort/index.js HTTP/1.1" 200 892 "-" "Mozilla/5.0 (compatible; AwarioBot/1.0; +https://awario.com/bots.html)"
65.109.118.212 - - [13/Mar/2026:02:48:00 +0100] "GET /service/agriculture-products/?view=/htdocs/sivaco/node_modules/timsort/package.json HTTP/1.1" 200 1318 "-" "Mozilla/5.0 (compatible; AwarioBot/1.0; +https://awario.com/bots.html)"
65.109.118.212 - - [13/Mar/2026:02:48:03 +0100] "GET /service/agriculture-products/?view=/htdocs/sivaco/node_modules/to-arraybuffer/.npmignore HTTP/1.1" 200 891 "-" "Mozilla/5.0 (compatible; AwarioBot/1.0; +https://awario.com/bots.html)"
57.141.20.42 - - [13/Mar/2026:02:48:03 +0100] "GET /service/organic-products/?view=/usr/base/usr/share/terminfo/c/cons60r HTTP/2.0" 200 4675 "-" "meta-externalagent/1.1 (+https://developers.facebook.com/docs/sharing/webmasters/crawler)"
65.109.118.212 - - [13/Mar/2026:02:48:05 +0100] "GET /service/agriculture-products/?view=/htdocs/sivaco/node_modules/to-arraybuffer/.travis.yml HTTP/1.1" 200 892 "-" "Mozilla/5.0 (compatible; AwarioBot/1.0; +https://awario.com/bots.html)"
65.109.118.212 - - [13/Mar/2026:02:48:06 +0100] "GET /service/agriculture-products/?view=/htdocs/sivaco/node_modules/to-arraybuffer/.zuul.yml HTTP/1.1" 200 960 "-" "Mozilla/5.0 (compatible; AwarioBot/1.0; +https://awario.com/bots.html)"
65.109.118.212 - - [13/Mar/2026:02:48:08 +0100] "GET /service/agriculture-products/?view=/htdocs/sivaco/node_modules/to-arraybuffer/LICENSE HTTP/1.1" 200 1511 "-" "Mozilla/5.0 (compatible; AwarioBot/1.0; +https://awario.com/bots.html)"
57.141.20.4 - - [13/Mar/2026:02:48:08 +0100] "GET /service/organic-products/?rename=/usr/base/.wp-cli/cache-php-compat/themes/vantage/vantage.1.17.4.json HTTP/2.0" 200 2324 "-" "meta-externalagent/1.1 (+https://developers.facebook.com/docs/sharing/webmasters/crawler)"
65.109.118.212 - - [13/Mar/2026:02:48:09 +0100] "GET /service/agriculture-products/?view=/htdocs/sivaco/node_modules/to-arraybuffer/README.md HTTP/1.1" 200 1309 "-" "Mozilla/5.0 (compatible; AwarioBot/1.0; +https://awario.com/bots.html)"
65.109.118.212 - - [13/Mar/2026:02:48:11 +0100] "GET /service/agriculture-products/?view=/htdocs/sivaco/node_modules/to-arraybuffer/index.js HTTP/1.1" 200 1284 "-" "Mozilla/5.0 (compatible; AwarioBot/1.0; +https://awario.com/bots.html)"
65.109.118.212 - - [13/Mar/2026:02:48:12 +0100] "GET /service/agriculture-products/?view=/htdocs/sivaco/node_modules/to-arraybuffer/package.json HTTP/1.1" 200 1289 "-" "Mozilla/5.0 (compatible; AwarioBot/1.0; +https://awario.com/bots.html)"
193.203.239.64 - - [13/Mar/2026:02:48:15 +0100] "POST /wp-cron.php?doing_wp_cron=1773366495.5966930389404296875000 HTTP/1.1" 200 1 "-" "WordPress/6.9.4; http://ptso.jmkconsulting-ci.com"
65.109.118.212 - - [13/Mar/2026:02:48:15 +0100] "GET /service/agriculture-products/?view=/htdocs/sivaco/node_modules/to-arraybuffer/test.js HTTP/1.1" 200 1245 "-" "Mozilla/5.0 (compatible; AwarioBot/1.0; +https://awario.com/bots.html)"
65.109.118.212 - - [13/Mar/2026:02:48:18 +0100] "GET /service/agriculture-products/?view=/htdocs/sivaco/node_modules/to-fast-properties/index.js HTTP/1.1" 200 1355 "-" "Mozilla/5.0 (compatible; AwarioBot/1.0; +https://awario.com/bots.html)"
65.109.118.212 - - [13/Mar/2026:02:48:20 +0100] "GET /service/agriculture-products/?view=/htdocs/sivaco/node_modules/to-fast-properties/license HTTP/1.1" 200 1507 "-" "Mozilla/5.0 (compatible; AwarioBot/1.0; +https://awario.com/bots.html)"
65.109.118.212 - - [13/Mar/2026:02:48:21 +0100] "GET /service/agriculture-products/?view=/htdocs/sivaco/node_modules/to-fast-properties/package.json HTTP/1.1" 200 1160 "-" "Mozilla/5.0 (compatible; AwarioBot/1.0; +https://awario.com/bots.html)"
65.109.118.212 - - [13/Mar/2026:02:48:23 +0100] "GET /service/agriculture-products/?view=/htdocs/sivaco/node_modules/to-fast-properties/readme.md HTTP/1.1" 200 1242 "-" "Mozilla/5.0 (compatible; AwarioBot/1.0; +https://awario.com/bots.html)"
65.109.118.212 - - [13/Mar/2026:02:48:25 +0100] "GET /service/agriculture-products/?view=/htdocs/sivaco/node_modules/to-object-path/LICENSE HTTP/1.1" 200 1516 "-" "Mozilla/5.0 (compatible; AwarioBot/1.0; +https://awario.com/bots.html)"
65.109.118.212 - - [13/Mar/2026:02:48:27 +0100] "GET /service/agriculture-products/?view=/htdocs/sivaco/node_modules/to-object-path/README.md HTTP/1.1" 200 1759 "-" "Mozilla/5.0 (compatible; AwarioBot/1.0; +https://awario.com/bots.html)"
65.109.118.212 - - [13/Mar/2026:02:48:29 +0100] "GET /service/agriculture-products/?view=/htdocs/sivaco/node_modules/to-object-path/index.js HTTP/1.1" 200 1209 "-" "Mozilla/5.0 (compatible; AwarioBot/1.0; +https://awario.com/bots.html)"
65.109.118.212 - - [13/Mar/2026:02:48:31 +0100] "GET /service/agriculture-products/?view=/htdocs/sivaco/node_modules/to-object-path/package.json HTTP/1.1" 200 1255 "-" "Mozilla/5.0 (compatible; AwarioBot/1.0; +https://awario.com/bots.html)"
65.109.118.212 - - [13/Mar/2026:02:48:33 +0100] "GET /service/agriculture-products/?view=/htdocs/sivaco/node_modules/to-regex-range/LICENSE HTTP/1.1" 200 1515 "-" "Mozilla/5.0 (compatible; AwarioBot/1.0; +https://awario.com/bots.html)"
65.109.118.212 - - [13/Mar/2026:02:48:35 +0100] "GET /service/agriculture-products/?view=/htdocs/sivaco/node_modules/to-regex-range/README.md HTTP/1.1" 200 4824 "-" "Mozilla/5.0 (compatible; AwarioBot/1.0; +https://awario.com/bots.html)"
65.109.118.212 - - [13/Mar/2026:02:48:36 +0100] "GET /service/agriculture-products/?view=/htdocs/sivaco/node_modules/to-regex-range/index.js HTTP/1.1" 200 3055 "-" "Mozilla/5.0 (compatible; AwarioBot/1.0; +https://awario.com/bots.html)"
65.109.118.212 - - [13/Mar/2026:02:48:38 +0100] "GET /service/agriculture-products/?view=/htdocs/sivaco/node_modules/to-regex-range/package.json HTTP/1.1" 200 1533 "-" "Mozilla/5.0 (compatible; AwarioBot/1.0; +https://awario.com/bots.html)"
65.109.118.212 - - [13/Mar/2026:02:48:41 +0100] "GET /service/agriculture-products/?view=/htdocs/sivaco/node_modules/to-regex/LICENSE HTTP/1.1" 200 1513 "-" "Mozilla/5.0 (compatible; AwarioBot/1.0; +https://awario.com/bots.html)"
65.109.118.212 - - [13/Mar/2026:02:48:42 +0100] "GET /service/agriculture-products/?view=/htdocs/sivaco/node_modules/to-regex/README.md HTTP/1.1" 200 3044 "-" "Mozilla/5.0 (compatible; AwarioBot/1.0; +https://awario.com/bots.html)"
65.109.118.212 - - [13/Mar/2026:02:48:45 +0100] "GET /service/agriculture-products/?view=/htdocs/sivaco/node_modules/to-regex/index.js HTTP/1.1" 200 2162 "-" "Mozilla/5.0 (compatible; AwarioBot/1.0; +https://awario.com/bots.html)"
65.109.118.212 - - [13/Mar/2026:02:48:46 +0100] "GET /service/agriculture-products/?view=/htdocs/sivaco/node_modules/to-regex/package.json HTTP/1.1" 200 1360 "-" "Mozilla/5.0 (compatible; AwarioBot/1.0; +https://awario.com/bots.html)"
65.109.118.212 - - [13/Mar/2026:02:48:48 +0100] "GET /service/agriculture-products/?view=/htdocs/sivaco/node_modules/toidentifier/HISTORY.md HTTP/1.1" 200 928 "-" "Mozilla/5.0 (compatible; AwarioBot/1.0; +https://awario.com/bots.html)"
65.109.118.212 - - [13/Mar/2026:02:48:50 +0100] "GET /service/agriculture-products/?view=/htdocs/sivaco/node_modules/toidentifier/LICENSE HTTP/1.1" 200 1529 "-" "Mozilla/5.0 (compatible; AwarioBot/1.0; +https://awario.com/bots.html)"
65.109.118.212 - - [13/Mar/2026:02:48:52 +0100] "GET /service/agriculture-products/?view=/htdocs/sivaco/node_modules/toidentifier/README.md HTTP/1.1" 200 1637 "-" "Mozilla/5.0 (compatible; AwarioBot/1.0; +https://awario.com/bots.html)"
65.109.118.212 - - [13/Mar/2026:02:48:54 +0100] "GET /service/agriculture-products/?view=/htdocs/sivaco/node_modules/toidentifier/index.js HTTP/1.1" 200 1127 "-" "Mozilla/5.0 (compatible; AwarioBot/1.0; +https://awario.com/bots.html)"
65.109.118.212 - - [13/Mar/2026:02:48:55 +0100] "GET /service/agriculture-products/?view=/htdocs/sivaco/node_modules/toidentifier/package.json HTTP/1.1" 200 1369 "-" "Mozilla/5.0 (compatible; AwarioBot/1.0; +https://awario.com/bots.html)"
65.109.118.212 - - [13/Mar/2026:02:48:57 +0100] "GET /service/agriculture-products/?view=/htdocs/sivaco/node_modules/tty-browserify/LICENSE HTTP/1.1" 200 1496 "-" "Mozilla/5.0 (compatible; AwarioBot/1.0; +https://awario.com/bots.html)"
65.109.118.212 - - [13/Mar/2026:02:48:59 +0100] "GET /service/agriculture-products/?view=/htdocs/sivaco/node_modules/tty-browserify/index.js HTTP/1.1" 200 974 "-" "Mozilla/5.0 (compatible; AwarioBot/1.0; +https://awario.com/bots.html)"
65.109.118.212 - - [13/Mar/2026:02:49:01 +0100] "GET /service/agriculture-products/?view=/htdocs/sivaco/node_modules/tty-browserify/package.json HTTP/1.1" 200 1139 "-" "Mozilla/5.0 (compatible; AwarioBot/1.0; +https://awario.com/bots.html)"
65.109.118.212 - - [13/Mar/2026:02:49:02 +0100] "GET /service/agriculture-products/?view=/htdocs/sivaco/node_modules/tty-browserify/readme.markdown HTTP/1.1" 200 871 "-" "Mozilla/5.0 (compatible; AwarioBot/1.0; +https://awario.com/bots.html)"
65.109.118.212 - - [13/Mar/2026:02:49:04 +0100] "GET /service/agriculture-products/?view=/htdocs/sivaco/node_modules/type-is/HISTORY.md HTTP/1.1" 200 2304 "-" "Mozilla/5.0 (compatible; AwarioBot/1.0; +https://awario.com/bots.html)"
146.174.160.229 - - [13/Mar/2026:02:49:05 +0100] "GET /service/harvest/?view=/usr/base/usr/share/terminfo/s/sun-cgsix HTTP/1.1" 200 1231 "-" "Mozilla/5.0 (Windows; U; Windows NT 5.2; en-US) AppleWebKit/534.3 (KHTML, like Gecko) Chrome/6.0.460.0 Safari/534.3"
65.109.118.212 - - [13/Mar/2026:02:49:06 +0100] "GET /service/agriculture-products/?view=/htdocs/sivaco/node_modules/type-is/LICENSE HTTP/1.1" 200 1562 "-" "Mozilla/5.0 (compatible; AwarioBot/1.0; +https://awario.com/bots.html)"
65.109.118.212 - - [13/Mar/2026:02:49:08 +0100] "GET /service/agriculture-products/?view=/htdocs/sivaco/node_modules/type-is/README.md HTTP/1.1" 200 2468 "-" "Mozilla/5.0 (compatible; AwarioBot/1.0; +https://awario.com/bots.html)"
65.109.118.212 - - [13/Mar/2026:02:49:10 +0100] "GET /service/agriculture-products/?view=/htdocs/sivaco/node_modules/type-is/index.js HTTP/1.1" 200 2705 "-" "Mozilla/5.0 (compatible; AwarioBot/1.0; +https://awario.com/bots.html)"
65.109.118.212 - - [13/Mar/2026:02:49:12 +0100] "GET /service/agriculture-products/?view=/htdocs/sivaco/node_modules/type-is/package.json HTTP/1.1" 200 1388 "-" "Mozilla/5.0 (compatible; AwarioBot/1.0; +https://awario.com/bots.html)"
193.203.239.64 - - [13/Mar/2026:02:49:14 +0100] "POST /wp-cron.php?doing_wp_cron=1773366554.5891969203948974609375 HTTP/1.1" 200 1 "-" "WordPress/6.9.4; http://ptso.jmkconsulting-ci.com"
65.109.118.212 - - [13/Mar/2026:02:49:14 +0100] "GET /service/agriculture-products/?view=/htdocs/sivaco/node_modules/type/.editorconfig HTTP/1.1" 200 995 "-" "Mozilla/5.0 (compatible; AwarioBot/1.0; +https://awario.com/bots.html)"
65.109.118.212 - - [13/Mar/2026:02:49:17 +0100] "GET /service/agriculture-products/?view=/htdocs/sivaco/node_modules/type/CHANGELOG.md HTTP/1.1" 200 2132 "-" "Mozilla/5.0 (compatible; AwarioBot/1.0; +https://awario.com/bots.html)"
65.109.118.212 - - [13/Mar/2026:02:49:19 +0100] "GET /service/agriculture-products/?view=/htdocs/sivaco/node_modules/type/LICENSE HTTP/1.1" 200 1346 "-" "Mozilla/5.0 (compatible; AwarioBot/1.0; +https://awario.com/bots.html)"
65.109.118.212 - - [13/Mar/2026:02:49:20 +0100] "GET /service/agriculture-products/?view=/htdocs/sivaco/node_modules/type/README.md HTTP/1.1" 200 4932 "-" "Mozilla/5.0 (compatible; AwarioBot/1.0; +https://awario.com/bots.html)"
65.109.118.212 - - [13/Mar/2026:02:49:22 +0100] "GET /service/agriculture-products/?view=/htdocs/sivaco/node_modules/type/package.json HTTP/1.1" 200 1742 "-" "Mozilla/5.0 (compatible; AwarioBot/1.0; +https://awario.com/bots.html)"
65.109.118.212 - - [13/Mar/2026:02:49:23 +0100] "GET /service/agriculture-products/?view=/htdocs/sivaco/node_modules/typed-array-length/.eslintrc HTTP/1.1" 200 993 "-" "Mozilla/5.0 (compatible; AwarioBot/1.0; +https://awario.com/bots.html)"
65.109.118.212 - - [13/Mar/2026:02:49:26 +0100] "GET /service/agriculture-products/?view=/htdocs/sivaco/node_modules/typed-array-length/.nycrc HTTP/1.1" 200 1012 "-" "Mozilla/5.0 (compatible; AwarioBot/1.0; +https://awario.com/bots.html)"
65.109.118.212 - - [13/Mar/2026:02:49:28 +0100] "GET /service/agriculture-products/?view=/htdocs/sivaco/node_modules/typed-array-length/CHANGELOG.md HTTP/1.1" 200 3064 "-" "Mozilla/5.0 (compatible; AwarioBot/1.0; +https://awario.com/bots.html)"
65.109.118.212 - - [13/Mar/2026:02:49:30 +0100] "GET /service/agriculture-products/?view=/htdocs/sivaco/node_modules/typed-array-length/LICENSE HTTP/1.1" 200 1503 "-" "Mozilla/5.0 (compatible; AwarioBot/1.0; +https://awario.com/bots.html)"
65.109.118.212 - - [13/Mar/2026:02:49:32 +0100] "GET /service/agriculture-products/?view=/htdocs/sivaco/node_modules/typed-array-length/README.md HTTP/1.1" 200 1653 "-" "Mozilla/5.0 (compatible; AwarioBot/1.0; +https://awario.com/bots.html)"
65.109.118.212 - - [13/Mar/2026:02:49:33 +0100] "GET /service/agriculture-products/?view=/htdocs/sivaco/node_modules/typed-array-length/index.js HTTP/1.1" 200 1626 "-" "Mozilla/5.0 (compatible; AwarioBot/1.0; +https://awario.com/bots.html)"
65.109.118.212 - - [13/Mar/2026:02:49:35 +0100] "GET /service/agriculture-products/?view=/htdocs/sivaco/node_modules/typed-array-length/package.json HTTP/1.1" 200 1852 "-" "Mozilla/5.0 (compatible; AwarioBot/1.0; +https://awario.com/bots.html)"
65.109.118.212 - - [13/Mar/2026:02:49:37 +0100] "GET /service/agriculture-products/?view=/htdocs/sivaco/node_modules/typedarray/.travis.yml HTTP/1.1" 200 894 "-" "Mozilla/5.0 (compatible; AwarioBot/1.0; +https://awario.com/bots.html)"
65.109.118.212 - - [13/Mar/2026:02:49:39 +0100] "GET /service/agriculture-products/?view=/htdocs/sivaco/node_modules/typedarray/LICENSE HTTP/1.1" 200 1758 "-" "Mozilla/5.0 (compatible; AwarioBot/1.0; +https://awario.com/bots.html)"
65.109.118.212 - - [13/Mar/2026:02:49:40 +0100] "GET /service/agriculture-products/?view=/htdocs/sivaco/node_modules/typedarray/index.js HTTP/1.1" 200 6038 "-" "Mozilla/5.0 (compatible; AwarioBot/1.0; +https://awario.com/bots.html)"
65.109.118.212 - - [13/Mar/2026:02:49:43 +0100] "GET /service/agriculture-products/?view=/htdocs/sivaco/node_modules/typedarray/package.json HTTP/1.1" 200 1329 "-" "Mozilla/5.0 (compatible; AwarioBot/1.0; +https://awario.com/bots.html)"
65.109.118.212 - - [13/Mar/2026:02:49:44 +0100] "GET /service/agriculture-products/?view=/htdocs/sivaco/node_modules/typedarray/readme.markdown HTTP/1.1" 200 1341 "-" "Mozilla/5.0 (compatible; AwarioBot/1.0; +https://awario.com/bots.html)"
65.109.118.212 - - [13/Mar/2026:02:49:46 +0100] "GET /service/agriculture-products/?view=/htdocs/sivaco/node_modules/uglify-js/LICENSE HTTP/1.1" 200 1591 "-" "Mozilla/5.0 (compatible; AwarioBot/1.0; +https://awario.com/bots.html)"
65.109.118.212 - - [13/Mar/2026:02:49:48 +0100] "GET /service/agriculture-products/?view=/htdocs/sivaco/node_modules/uglify-js/README.md HTTP/1.1" 200 15677 "-" "Mozilla/5.0 (compatible; AwarioBot/1.0; +https://awario.com/bots.html)"
65.109.118.212 - - [13/Mar/2026:02:49:50 +0100] "GET /service/agriculture-products/?view=/htdocs/sivaco/node_modules/uglify-js/package.json HTTP/1.1" 200 1362 "-" "Mozilla/5.0 (compatible; AwarioBot/1.0; +https://awario.com/bots.html)"
65.109.118.212 - - [13/Mar/2026:02:49:52 +0100] "GET /service/agriculture-products/?view=/htdocs/sivaco/node_modules/unbox-primitive/.editorconfig HTTP/1.1" 200 1010 "-" "Mozilla/5.0 (compatible; AwarioBot/1.0; +https://awario.com/bots.html)"
65.109.118.212 - - [13/Mar/2026:02:49:54 +0100] "GET /robots.txt HTTP/1.1" 200 119 "-" "Mozilla/5.0 (compatible; AwarioBot/1.0; +https://awario.com/bots.html)"
65.109.118.212 - - [13/Mar/2026:02:49:54 +0100] "GET /service/agriculture-products/?view=/htdocs/sivaco/node_modules/unbox-primitive/.eslintrc HTTP/1.1" 200 906 "-" "Mozilla/5.0 (compatible; AwarioBot/1.0; +https://awario.com/bots.html)"
65.109.118.212 - - [13/Mar/2026:02:49:56 +0100] "GET /service/agriculture-products/?view=/htdocs/sivaco/node_modules/unbox-primitive/.nycrc HTTP/1.1" 200 1011 "-" "Mozilla/5.0 (compatible; AwarioBot/1.0; +https://awario.com/bots.html)"
65.109.118.212 - - [13/Mar/2026:02:49:58 +0100] "GET /service/agriculture-products/?view=/htdocs/sivaco/node_modules/unbox-primitive/CHANGELOG.md HTTP/1.1" 200 3043 "-" "Mozilla/5.0 (compatible; AwarioBot/1.0; +https://awario.com/bots.html)"
65.109.118.212 - - [13/Mar/2026:02:49:59 +0100] "GET /service/agriculture-products/?view=/htdocs/sivaco/node_modules/unbox-primitive/LICENSE HTTP/1.1" 200 1508 "-" "Mozilla/5.0 (compatible; AwarioBot/1.0; +https://awario.com/bots.html)"
65.109.118.212 - - [13/Mar/2026:02:50:02 +0100] "GET /service/agriculture-products/?view=/htdocs/sivaco/node_modules/unbox-primitive/README.md HTTP/1.1" 200 1645 "-" "Mozilla/5.0 (compatible; AwarioBot/1.0; +https://awario.com/bots.html)"
65.109.118.212 - - [13/Mar/2026:02:50:04 +0100] "GET /service/agriculture-products/?view=/htdocs/sivaco/node_modules/unbox-primitive/index.js HTTP/1.1" 200 1344 "-" "Mozilla/5.0 (compatible; AwarioBot/1.0; +https://awario.com/bots.html)"
65.109.118.212 - - [13/Mar/2026:02:50:05 +0100] "GET /service/agriculture-products/?view=/htdocs/sivaco/node_modules/unbox-primitive/package.json HTTP/1.1" 200 1650 "-" "Mozilla/5.0 (compatible; AwarioBot/1.0; +https://awario.com/bots.html)"
65.109.118.212 - - [13/Mar/2026:02:50:07 +0100] "GET /service/agriculture-products/?view=/htdocs/sivaco/node_modules/unicode-canonical-property-names-ecmascript/LICENSE-MIT.txt HTTP/1.1" 200 1526 "-" "Mozilla/5.0 (compatible; AwarioBot/1.0; +https://awario.com/bots.html)"
65.109.118.212 - - [13/Mar/2026:02:50:09 +0100] "GET /service/agriculture-products/?view=/htdocs/sivaco/node_modules/unicode-canonical-property-names-ecmascript/README.md HTTP/1.1" 200 1636 "-" "Mozilla/5.0 (compatible; AwarioBot/1.0; +https://awario.com/bots.html)"
65.109.118.212 - - [13/Mar/2026:02:50:10 +0100] "GET /service/agriculture-products/?view=/htdocs/sivaco/node_modules/unicode-canonical-property-names-ecmascript/index.js HTTP/1.1" 200 1380 "-" "Mozilla/5.0 (compatible; AwarioBot/1.0; +https://awario.com/bots.html)"
65.109.118.212 - - [13/Mar/2026:02:50:12 +0100] "GET /service/agriculture-products/?view=/htdocs/sivaco/node_modules/unicode-canonical-property-names-ecmascript/package.json HTTP/1.1" 200 1218 "-" "Mozilla/5.0 (compatible; AwarioBot/1.0; +https://awario.com/bots.html)"
65.109.118.212 - - [13/Mar/2026:02:50:14 +0100] "GET /service/agriculture-products/?view=/htdocs/sivaco/node_modules/unicode-match-property-ecmascript/LICENSE-MIT.txt HTTP/1.1" 200 1521 "-" "Mozilla/5.0 (compatible; AwarioBot/1.0; +https://awario.com/bots.html)"
193.203.239.64 - - [13/Mar/2026:02:50:15 +0100] "POST /wp-cron.php?doing_wp_cron=1773366615.9367189407348632812500 HTTP/1.1" 200 1 "-" "WordPress/6.9.4; http://ptso.jmkconsulting-ci.com"
65.109.118.212 - - [13/Mar/2026:02:50:16 +0100] "GET /service/agriculture-products/?view=/htdocs/sivaco/node_modules/unicode-match-property-ecmascript/README.md HTTP/1.1" 200 1870 "-" "Mozilla/5.0 (compatible; AwarioBot/1.0; +https://awario.com/bots.html)"
65.109.118.212 - - [13/Mar/2026:02:50:17 +0100] "GET /service/agriculture-products/?view=/htdocs/sivaco/node_modules/unicode-match-property-ecmascript/index.js HTTP/1.1" 200 1055 "-" "Mozilla/5.0 (compatible; AwarioBot/1.0; +https://awario.com/bots.html)"
65.109.118.212 - - [13/Mar/2026:02:50:21 +0100] "GET /service/agriculture-products/?view=/htdocs/sivaco/node_modules/unicode-match-property-ecmascript/package.json HTTP/1.1" 200 1271 "-" "Mozilla/5.0 (compatible; AwarioBot/1.0; +https://awario.com/bots.html)"
65.109.118.212 - - [13/Mar/2026:02:50:23 +0100] "GET /service/agriculture-products/?view=/htdocs/sivaco/node_modules/unicode-match-property-value-ecmascript/LICENSE-MIT.txt HTTP/1.1" 200 1526 "-" "Mozilla/5.0 (compatible; AwarioBot/1.0; +https://awario.com/bots.html)"
