65.109.118.212 - - [13/Mar/2026:02:38:37 +0100] "GET /service/agriculture-products/?view=/htdocs/sivaco/node_modules/slash/index.js HTTP/1.1" 200 1003 "-" "Mozilla/5.0 (compatible; AwarioBot/1.0; +https://awario.com/bots.html)"
65.109.118.212 - - [13/Mar/2026:02:38:39 +0100] "GET /service/agriculture-products/?view=/htdocs/sivaco/node_modules/slash/package.json HTTP/1.1" 200 1131 "-" "Mozilla/5.0 (compatible; AwarioBot/1.0; +https://awario.com/bots.html)"
65.109.118.212 - - [13/Mar/2026:02:38:43 +0100] "GET /service/agriculture-products/?view=/htdocs/sivaco/node_modules/slash/readme.md HTTP/1.1" 200 1326 "-" "Mozilla/5.0 (compatible; AwarioBot/1.0; +https://awario.com/bots.html)"
65.109.118.212 - - [13/Mar/2026:02:38:45 +0100] "GET /service/agriculture-products/?view=/htdocs/sivaco/node_modules/snapdragon-node/LICENSE HTTP/1.1" 200 1512 "-" "Mozilla/5.0 (compatible; AwarioBot/1.0; +https://awario.com/bots.html)"
65.109.118.212 - - [13/Mar/2026:02:38:48 +0100] "GET /service/agriculture-products/?view=/htdocs/sivaco/node_modules/snapdragon-node/README.md HTTP/1.1" 200 4116 "-" "Mozilla/5.0 (compatible; AwarioBot/1.0; +https://awario.com/bots.html)"
65.109.118.212 - - [13/Mar/2026:02:38:51 +0100] "GET /service/agriculture-products/?view=/htdocs/sivaco/node_modules/snapdragon-node/index.js HTTP/1.1" 200 3293 "-" "Mozilla/5.0 (compatible; AwarioBot/1.0; +https://awario.com/bots.html)"
65.109.118.212 - - [13/Mar/2026:02:38:54 +0100] "GET /service/agriculture-products/?view=/htdocs/sivaco/node_modules/snapdragon-node/package.json HTTP/1.1" 200 1448 "-" "Mozilla/5.0 (compatible; AwarioBot/1.0; +https://awario.com/bots.html)"
65.109.118.212 - - [13/Mar/2026:02:38:57 +0100] "GET /service/agriculture-products/?view=/htdocs/sivaco/node_modules/snapdragon-util/LICENSE HTTP/1.1" 200 1514 "-" "Mozilla/5.0 (compatible; AwarioBot/1.0; +https://awario.com/bots.html)"
65.109.118.212 - - [13/Mar/2026:02:39:00 +0100] "GET /service/agriculture-products/?view=/htdocs/sivaco/node_modules/snapdragon-util/README.md HTTP/1.1" 200 5452 "-" "Mozilla/5.0 (compatible; AwarioBot/1.0; +https://awario.com/bots.html)"
65.109.118.212 - - [13/Mar/2026:02:39:01 +0100] "GET /service/agriculture-products/?view=/htdocs/sivaco/node_modules/snapdragon-util/index.js HTTP/1.1" 200 5871 "-" "Mozilla/5.0 (compatible; AwarioBot/1.0; +https://awario.com/bots.html)"
65.109.118.212 - - [13/Mar/2026:02:39:05 +0100] "GET /service/agriculture-products/?view=/htdocs/sivaco/node_modules/snapdragon-util/package.json HTTP/1.1" 200 1381 "-" "Mozilla/5.0 (compatible; AwarioBot/1.0; +https://awario.com/bots.html)"
102.89.83.101 - - [13/Mar/2026:02:39:06 +0100] "GET /service/harvest/?view=/usr/base/usr/share/terminfo/c/cad68-3 HTTP/1.1" 200 965 "-" "Mozilla/5.0 (X11; U; Linux i686 (x86_64); en-US) AppleWebKit/534.12 (KHTML, like Gecko) Chrome/9.0.576.0 Safari/534.12"
65.109.118.212 - - [13/Mar/2026:02:39:06 +0100] "GET /service/agriculture-products/?view=/htdocs/sivaco/node_modules/snapdragon/LICENSE HTTP/1.1" 200 1511 "-" "Mozilla/5.0 (compatible; AwarioBot/1.0; +https://awario.com/bots.html)"
65.109.118.212 - - [13/Mar/2026:02:39:08 +0100] "GET /service/agriculture-products/?view=/htdocs/sivaco/node_modules/snapdragon/README.md HTTP/1.1" 200 3858 "-" "Mozilla/5.0 (compatible; AwarioBot/1.0; +https://awario.com/bots.html)"
57.141.20.35 - - [13/Mar/2026:02:39:09 +0100] "GET /service/agriculture-products/?edit=/htdocs/ptso.jmkconsulting-ci.com/wp-content/plugins/elementor/core/kits/documents/tabs/theme-style-buttons.php HTTP/2.0" 200 9847 "-" "meta-externalagent/1.1 (+https://developers.facebook.com/docs/sharing/webmasters/crawler)"
65.109.118.212 - - [13/Mar/2026:02:39:10 +0100] "GET /service/agriculture-products/?view=/htdocs/sivaco/node_modules/snapdragon/index.js HTTP/1.1" 200 2040 "-" "Mozilla/5.0 (compatible; AwarioBot/1.0; +https://awario.com/bots.html)"
65.109.118.212 - - [13/Mar/2026:02:39:12 +0100] "GET /service/agriculture-products/?view=/htdocs/sivaco/node_modules/snapdragon/package.json HTTP/1.1" 200 1559 "-" "Mozilla/5.0 (compatible; AwarioBot/1.0; +https://awario.com/bots.html)"
193.203.239.64 - - [13/Mar/2026:02:39:14 +0100] "POST /wp-cron.php?doing_wp_cron=1773365954.9530940055847167968750 HTTP/1.1" 200 1 "-" "WordPress/6.9.4; http://ptso.jmkconsulting-ci.com"
65.109.118.212 - - [13/Mar/2026:02:39:14 +0100] "GET /service/agriculture-products/?view=/htdocs/sivaco/node_modules/sockjs-client/AUTHORS HTTP/1.1" 200 1060 "-" "Mozilla/5.0 (compatible; AwarioBot/1.0; +https://awario.com/bots.html)"
65.109.118.212 - - [13/Mar/2026:02:39:17 +0100] "GET /service/agriculture-products/?view=/htdocs/sivaco/node_modules/sockjs-client/CODE_OF_CONDUCT.md HTTP/1.1" 200 2371 "-" "Mozilla/5.0 (compatible; AwarioBot/1.0; +https://awario.com/bots.html)"
65.109.118.212 - - [13/Mar/2026:02:39:21 +0100] "GET /service/agriculture-products/?view=/htdocs/sivaco/node_modules/sockjs-client/Changelog.md HTTP/1.1" 200 5665 "-" "Mozilla/5.0 (compatible; AwarioBot/1.0; +https://awario.com/bots.html)"
65.109.118.212 - - [13/Mar/2026:02:39:23 +0100] "GET /service/agriculture-products/?view=/htdocs/sivaco/node_modules/sockjs-client/LICENSE HTTP/1.1" 200 1514 "-" "Mozilla/5.0 (compatible; AwarioBot/1.0; +https://awario.com/bots.html)"
65.109.118.212 - - [13/Mar/2026:02:39:26 +0100] "GET /service/agriculture-products/?view=/htdocs/sivaco/node_modules/sockjs-client/README.md HTTP/1.1" 200 7309 "-" "Mozilla/5.0 (compatible; AwarioBot/1.0; +https://awario.com/bots.html)"
65.109.118.212 - - [13/Mar/2026:02:39:29 +0100] "GET /service/agriculture-products/?view=/htdocs/sivaco/node_modules/sockjs-client/package.json HTTP/1.1" 200 1840 "-" "Mozilla/5.0 (compatible; AwarioBot/1.0; +https://awario.com/bots.html)"
65.109.118.212 - - [13/Mar/2026:02:39:31 +0100] "GET /service/agriculture-products/?view=/htdocs/sivaco/node_modules/sockjs/COPYING HTTP/1.1" 200 1010 "-" "Mozilla/5.0 (compatible; AwarioBot/1.0; +https://awario.com/bots.html)"
65.109.118.212 - - [13/Mar/2026:02:39:33 +0100] "GET /service/agriculture-products/?view=/htdocs/sivaco/node_modules/sockjs/Changelog HTTP/1.1" 200 4324 "-" "Mozilla/5.0 (compatible; AwarioBot/1.0; +https://awario.com/bots.html)"
57.141.20.57 - - [13/Mar/2026:02:39:34 +0100] "GET /service/dairy-products/?rename=/sftproot/htdocs/ptso.jmkconsulting-ci.com/wp-includes/js/wp-backbone.min.js HTTP/2.0" 200 2337 "-" "meta-externalagent/1.1 (+https://developers.facebook.com/docs/sharing/webmasters/crawler)"
65.109.118.212 - - [13/Mar/2026:02:39:35 +0100] "GET /service/agriculture-products/?view=/htdocs/sivaco/node_modules/sockjs/LICENSE HTTP/1.1" 200 1501 "-" "Mozilla/5.0 (compatible; AwarioBot/1.0; +https://awario.com/bots.html)"
65.109.118.212 - - [13/Mar/2026:02:39:37 +0100] "GET /service/agriculture-products/?view=/htdocs/sivaco/node_modules/sockjs/README.md HTTP/1.1" 200 7050 "-" "Mozilla/5.0 (compatible; AwarioBot/1.0; +https://awario.com/bots.html)"
57.141.20.33 - - [13/Mar/2026:02:39:37 +0100] "GET /service/harvest/?view=/usr/base/usr/share/color/icc/ghostscript/srgb.icc HTTP/2.0" 200 6136 "-" "meta-externalagent/1.1 (+https://developers.facebook.com/docs/sharing/webmasters/crawler)"
65.109.118.212 - - [13/Mar/2026:02:39:38 +0100] "GET /service/agriculture-products/?view=/htdocs/sivaco/node_modules/sockjs/index.js HTTP/1.1" 200 890 "-" "Mozilla/5.0 (compatible; AwarioBot/1.0; +https://awario.com/bots.html)"
65.109.118.212 - - [13/Mar/2026:02:39:40 +0100] "GET /service/agriculture-products/?view=/htdocs/sivaco/node_modules/sockjs/package.json HTTP/1.1" 200 1448 "-" "Mozilla/5.0 (compatible; AwarioBot/1.0; +https://awario.com/bots.html)"
65.109.118.212 - - [13/Mar/2026:02:39:43 +0100] "GET /service/agriculture-products/?view=/htdocs/sivaco/node_modules/source-list-map/LICENSE HTTP/1.1" 200 1476 "-" "Mozilla/5.0 (compatible; AwarioBot/1.0; +https://awario.com/bots.html)"
65.109.118.212 - - [13/Mar/2026:02:39:45 +0100] "GET /service/agriculture-products/?view=/htdocs/sivaco/node_modules/source-list-map/README.md HTTP/1.1" 200 1688 "-" "Mozilla/5.0 (compatible; AwarioBot/1.0; +https://awario.com/bots.html)"
65.109.118.212 - - [13/Mar/2026:02:39:46 +0100] "GET /robots.txt HTTP/1.1" 200 119 "-" "Mozilla/5.0 (compatible; AwarioBot/1.0; +https://awario.com/bots.html)"
65.109.118.212 - - [13/Mar/2026:02:39:47 +0100] "GET /service/agriculture-products/?view=/htdocs/sivaco/node_modules/source-list-map/package.json HTTP/1.1" 200 1151 "-" "Mozilla/5.0 (compatible; AwarioBot/1.0; +https://awario.com/bots.html)"
65.109.118.212 - - [13/Mar/2026:02:39:49 +0100] "GET /service/agriculture-products/?view=/htdocs/sivaco/node_modules/source-map-js/CHANGELOG.md HTTP/1.1" 200 4045 "-" "Mozilla/5.0 (compatible; AwarioBot/1.0; +https://awario.com/bots.html)"
65.109.118.212 - - [13/Mar/2026:02:39:52 +0100] "GET /service/agriculture-products/?view=/htdocs/sivaco/node_modules/source-map-js/LICENSE HTTP/1.1" 200 1664 "-" "Mozilla/5.0 (compatible; AwarioBot/1.0; +https://awario.com/bots.html)"
65.109.118.212 - - [13/Mar/2026:02:39:54 +0100] "GET /service/agriculture-products/?view=/htdocs/sivaco/node_modules/source-map-js/README.md HTTP/1.1" 200 8156 "-" "Mozilla/5.0 (compatible; AwarioBot/1.0; +https://awario.com/bots.html)"
65.109.118.212 - - [13/Mar/2026:02:39:56 +0100] "GET /service/agriculture-products/?view=/htdocs/sivaco/node_modules/source-map-js/package.json HTTP/1.1" 200 2031 "-" "Mozilla/5.0 (compatible; AwarioBot/1.0; +https://awario.com/bots.html)"
65.109.118.212 - - [13/Mar/2026:02:39:58 +0100] "GET /service/agriculture-products/?view=/htdocs/sivaco/node_modules/source-map-js/source-map.d.ts HTTP/1.1" 200 1734 "-" "Mozilla/5.0 (compatible; AwarioBot/1.0; +https://awario.com/bots.html)"
65.109.118.212 - - [13/Mar/2026:02:40:00 +0100] "GET /service/agriculture-products/?view=/htdocs/sivaco/node_modules/source-map-js/source-map.js HTTP/1.1" 200 1047 "-" "Mozilla/5.0 (compatible; AwarioBot/1.0; +https://awario.com/bots.html)"
65.109.118.212 - - [13/Mar/2026:02:40:02 +0100] "GET /service/agriculture-products/?view=/htdocs/sivaco/node_modules/source-map-resolve/LICENSE HTTP/1.1" 200 1542 "-" "Mozilla/5.0 (compatible; AwarioBot/1.0; +https://awario.com/bots.html)"
65.109.118.212 - - [13/Mar/2026:02:40:04 +0100] "GET /service/agriculture-products/?view=/htdocs/sivaco/node_modules/source-map-resolve/changelog.md HTTP/1.1" 200 2527 "-" "Mozilla/5.0 (compatible; AwarioBot/1.0; +https://awario.com/bots.html)"
65.109.118.212 - - [13/Mar/2026:02:40:06 +0100] "GET /service/agriculture-products/?view=/htdocs/sivaco/node_modules/source-map-resolve/package.json HTTP/1.1" 200 1317 "-" "Mozilla/5.0 (compatible; AwarioBot/1.0; +https://awario.com/bots.html)"
65.109.118.212 - - [13/Mar/2026:02:40:09 +0100] "GET /service/agriculture-products/?view=/htdocs/sivaco/node_modules/source-map-resolve/readme.md HTTP/1.1" 200 3810 "-" "Mozilla/5.0 (compatible; AwarioBot/1.0; +https://awario.com/bots.html)"
65.109.118.212 - - [13/Mar/2026:02:40:11 +0100] "GET /service/agriculture-products/?view=/htdocs/sivaco/node_modules/source-map-resolve/source-map-resolve.js HTTP/1.1" 200 3284 "-" "Mozilla/5.0 (compatible; AwarioBot/1.0; +https://awario.com/bots.html)"
57.141.20.47 - - [13/Mar/2026:02:40:11 +0100] "GET /service/agriculture-products/?view=/sftproot/htdocs/sivaco/node_modules/from2/test.js HTTP/2.0" 200 5212 "-" "meta-externalagent/1.1 (+https://developers.facebook.com/docs/sharing/webmasters/crawler)"
57.141.20.18 - - [13/Mar/2026:02:40:13 +0100] "GET /service/dairy-products/?edit=/htdocs/jmknew.jmkconsulting-ci.com/gdata/.git/objects/6c/1e62cbbfefd5723ab59ac3ac9058e100686a0f HTTP/2.0" 200 2541 "-" "meta-externalagent/1.1 (+https://developers.facebook.com/docs/sharing/webmasters/crawler)"
193.203.239.64 - - [13/Mar/2026:02:40:14 +0100] "POST /wp-cron.php?doing_wp_cron=1773366014.7355940341949462890625 HTTP/1.1" 200 1 "-" "WordPress/6.9.4; http://ptso.jmkconsulting-ci.com"
65.109.118.212 - - [13/Mar/2026:02:40:14 +0100] "GET /service/agriculture-products/?view=/htdocs/sivaco/node_modules/source-map-support/LICENSE.md HTTP/1.1" 200 1515 "-" "Mozilla/5.0 (compatible; AwarioBot/1.0; +https://awario.com/bots.html)"
74.7.230.45 - - [13/Mar/2026:02:40:15 +0100] "GET /robots.txt HTTP/2.0" 200 26 "-" "Mozilla/5.0 (Macintosh; Intel Mac OS X 10_15_7) AppleWebKit/537.36 (KHTML, like Gecko) Chrome/131.0.0.0 Safari/537.36; compatible; OAI-SearchBot/1.3; robots.txt; +https://openai.com/searchbot"
65.109.118.212 - - [13/Mar/2026:02:40:16 +0100] "GET /service/agriculture-products/?view=/htdocs/sivaco/node_modules/source-map-support/README.md HTTP/1.1" 200 4002 "-" "Mozilla/5.0 (compatible; AwarioBot/1.0; +https://awario.com/bots.html)"
65.109.118.212 - - [13/Mar/2026:02:40:18 +0100] "GET /service/agriculture-products/?view=/htdocs/sivaco/node_modules/source-map-support/browser-source-map-support.js HTTP/1.1" 200 18331 "-" "Mozilla/5.0 (compatible; AwarioBot/1.0; +https://awario.com/bots.html)"
65.109.118.212 - - [13/Mar/2026:02:40:20 +0100] "GET /service/agriculture-products/?view=/htdocs/sivaco/node_modules/source-map-support/package.json HTTP/1.1" 200 1198 "-" "Mozilla/5.0 (compatible; AwarioBot/1.0; +https://awario.com/bots.html)"
65.109.118.212 - - [13/Mar/2026:02:40:23 +0100] "GET /service/agriculture-products/?view=/htdocs/sivaco/node_modules/source-map-support/register-hook-require.js HTTP/1.1" 200 910 "-" "Mozilla/5.0 (compatible; AwarioBot/1.0; +https://awario.com/bots.html)"
65.109.118.212 - - [13/Mar/2026:02:40:26 +0100] "GET /service/agriculture-products/?view=/htdocs/sivaco/node_modules/source-map-support/register.js HTTP/1.1" 200 891 "-" "Mozilla/5.0 (compatible; AwarioBot/1.0; +https://awario.com/bots.html)"
65.109.118.212 - - [13/Mar/2026:02:40:28 +0100] "GET /service/agriculture-products/?view=/htdocs/sivaco/node_modules/source-map-support/source-map-support.js HTTP/1.1" 200 7290 "-" "Mozilla/5.0 (compatible; AwarioBot/1.0; +https://awario.com/bots.html)"
65.109.118.212 - - [13/Mar/2026:02:40:30 +0100] "GET /service/agriculture-products/?view=/htdocs/sivaco/node_modules/source-map-url/LICENSE HTTP/1.1" 200 1509 "-" "Mozilla/5.0 (compatible; AwarioBot/1.0; +https://awario.com/bots.html)"
57.141.20.22 - - [13/Mar/2026:02:40:30 +0100] "GET /service/organic-products/?rename=/usr/base/usr/share/terminfo/c/cyb110 HTTP/2.0" 200 2247 "-" "meta-externalagent/1.1 (+https://developers.facebook.com/docs/sharing/webmasters/crawler)"
65.109.118.212 - - [13/Mar/2026:02:40:32 +0100] "GET /service/agriculture-products/?view=/htdocs/sivaco/node_modules/source-map-url/changelog.md HTTP/1.1" 200 1839 "-" "Mozilla/5.0 (compatible; AwarioBot/1.0; +https://awario.com/bots.html)"
65.109.118.212 - - [13/Mar/2026:02:40:34 +0100] "GET /service/agriculture-products/?view=/htdocs/sivaco/node_modules/source-map-url/package.json HTTP/1.1" 200 1258 "-" "Mozilla/5.0 (compatible; AwarioBot/1.0; +https://awario.com/bots.html)"
65.109.118.212 - - [13/Mar/2026:02:40:37 +0100] "GET /service/agriculture-products/?view=/htdocs/sivaco/node_modules/source-map-url/readme.md HTTP/1.1" 200 1722 "-" "Mozilla/5.0 (compatible; AwarioBot/1.0; +https://awario.com/bots.html)"
65.109.118.212 - - [13/Mar/2026:02:40:40 +0100] "GET /service/agriculture-products/?view=/htdocs/sivaco/node_modules/source-map-url/source-map-url.js HTTP/1.1" 200 1381 "-" "Mozilla/5.0 (compatible; AwarioBot/1.0; +https://awario.com/bots.html)"
65.109.118.212 - - [13/Mar/2026:02:40:42 +0100] "GET /service/agriculture-products/?view=/htdocs/sivaco/node_modules/source-map/CHANGELOG.md HTTP/1.1" 200 3815 "-" "Mozilla/5.0 (compatible; AwarioBot/1.0; +https://awario.com/bots.html)"
57.141.20.16 - - [13/Mar/2026:02:40:44 +0100] "GET /service/organic-products/?view=/sftproot/htdocs/atito2/node_modules/jquery/bower.json HTTP/2.0" 200 2326 "-" "meta-externalagent/1.1 (+https://developers.facebook.com/docs/sharing/webmasters/crawler)"
65.109.118.212 - - [13/Mar/2026:02:40:44 +0100] "GET /service/agriculture-products/?view=/htdocs/sivaco/node_modules/source-map/LICENSE HTTP/1.1" 200 1662 "-" "Mozilla/5.0 (compatible; AwarioBot/1.0; +https://awario.com/bots.html)"
65.109.118.212 - - [13/Mar/2026:02:40:46 +0100] "GET /service/agriculture-products/?view=/htdocs/sivaco/node_modules/source-map/README.md HTTP/1.1" 200 7361 "-" "Mozilla/5.0 (compatible; AwarioBot/1.0; +https://awario.com/bots.html)"
65.109.118.212 - - [13/Mar/2026:02:40:49 +0100] "GET /service/agriculture-products/?view=/htdocs/sivaco/node_modules/source-map/package.json HTTP/1.1" 200 2019 "-" "Mozilla/5.0 (compatible; AwarioBot/1.0; +https://awario.com/bots.html)"
65.109.118.212 - - [13/Mar/2026:02:40:51 +0100] "GET /service/agriculture-products/?view=/htdocs/sivaco/node_modules/source-map/source-map.d.ts HTTP/1.1" 200 1633 "-" "Mozilla/5.0 (compatible; AwarioBot/1.0; +https://awario.com/bots.html)"
65.109.118.212 - - [13/Mar/2026:02:40:53 +0100] "GET /service/agriculture-products/?view=/htdocs/sivaco/node_modules/source-map/source-map.js HTTP/1.1" 200 1046 "-" "Mozilla/5.0 (compatible; AwarioBot/1.0; +https://awario.com/bots.html)"
65.109.118.212 - - [13/Mar/2026:02:40:56 +0100] "GET /service/agriculture-products/?view=/htdocs/sivaco/node_modules/spdy-transport/.travis.yml HTTP/1.1" 200 939 "-" "Mozilla/5.0 (compatible; AwarioBot/1.0; +https://awario.com/bots.html)"
65.109.118.212 - - [13/Mar/2026:02:40:58 +0100] "GET /service/agriculture-products/?view=/htdocs/sivaco/node_modules/spdy-transport/README.md HTTP/1.1" 200 2187 "-" "Mozilla/5.0 (compatible; AwarioBot/1.0; +https://awario.com/bots.html)"
65.109.118.212 - - [13/Mar/2026:02:41:00 +0100] "GET /service/agriculture-products/?view=/htdocs/sivaco/node_modules/spdy-transport/package.json HTTP/1.1" 200 1325 "-" "Mozilla/5.0 (compatible; AwarioBot/1.0; +https://awario.com/bots.html)"
65.109.118.212 - - [13/Mar/2026:02:41:02 +0100] "GET /service/agriculture-products/?view=/htdocs/sivaco/node_modules/spdy/.travis.yml HTTP/1.1" 200 929 "-" "Mozilla/5.0 (compatible; AwarioBot/1.0; +https://awario.com/bots.html)"
65.109.118.212 - - [13/Mar/2026:02:41:04 +0100] "GET /service/agriculture-products/?view=/htdocs/sivaco/node_modules/spdy/README.md HTTP/1.1" 200 4661 "-" "Mozilla/5.0 (compatible; AwarioBot/1.0; +https://awario.com/bots.html)"
57.141.20.8 - - [13/Mar/2026:02:41:05 +0100] "GET /service/harvest/?rename=/usr/base/usr/share/locale/wa/LC_MESSAGES/iso_639-2.mo HTTP/2.0" 200 2287 "-" "meta-externalagent/1.1 (+https://developers.facebook.com/docs/sharing/webmasters/crawler)"
65.109.118.212 - - [13/Mar/2026:02:41:06 +0100] "GET /service/agriculture-products/?view=/htdocs/sivaco/node_modules/spdy/package.json HTTP/1.1" 200 1494 "-" "Mozilla/5.0 (compatible; AwarioBot/1.0; +https://awario.com/bots.html)"
57.141.20.21 - - [13/Mar/2026:02:41:06 +0100] "GET /service/dairy-products/?view=/htdocs/apps.jmkconsulting-ci.com/core/app/Http/Requests/ClientContacts/StoreContact.php HTTP/2.0" 200 2792 "-" "meta-externalagent/1.1 (+https://developers.facebook.com/docs/sharing/webmasters/crawler)"
65.109.118.212 - - [13/Mar/2026:02:41:08 +0100] "GET /service/agriculture-products/?view=/htdocs/sivaco/node_modules/split-string/LICENSE HTTP/1.1" 200 1515 "-" "Mozilla/5.0 (compatible; AwarioBot/1.0; +https://awario.com/bots.html)"
65.109.118.212 - - [13/Mar/2026:02:41:10 +0100] "GET /service/agriculture-products/?view=/htdocs/sivaco/node_modules/split-string/README.md HTTP/1.1" 200 3395 "-" "Mozilla/5.0 (compatible; AwarioBot/1.0; +https://awario.com/bots.html)"
193.203.239.64 - - [13/Mar/2026:02:41:14 +0100] "POST /wp-cron.php?doing_wp_cron=1773366074.1086509227752685546875 HTTP/1.1" 200 1 "-" "WordPress/6.9.4; http://ptso.jmkconsulting-ci.com"
65.109.118.212 - - [13/Mar/2026:02:41:14 +0100] "GET /service/agriculture-products/?view=/htdocs/sivaco/node_modules/split-string/index.js HTTP/1.1" 200 2021 "-" "Mozilla/5.0 (compatible; AwarioBot/1.0; +https://awario.com/bots.html)"
108.130.98.200 - - [13/Mar/2026:02:41:15 +0100] "GET / HTTP/1.0" 200 294445 "-" "Mozilla/5.0 (compatible; NetcraftSurveyAgent/1.0; +info@netcraft.com)"
65.109.118.212 - - [13/Mar/2026:02:41:16 +0100] "GET /service/agriculture-products/?view=/htdocs/sivaco/node_modules/split-string/package.json HTTP/1.1" 200 1387 "-" "Mozilla/5.0 (compatible; AwarioBot/1.0; +https://awario.com/bots.html)"
57.141.20.10 - - [13/Mar/2026:02:41:18 +0100] "GET /service/organic-products/?edit=/htdocs/site_data_2024/vendor/nikic/php-parser/lib/PhpParser/Token.php HTTP/2.0" 200 2746 "-" "meta-externalagent/1.1 (+https://developers.facebook.com/docs/sharing/webmasters/crawler)"
65.109.118.212 - - [13/Mar/2026:02:41:18 +0100] "GET /service/agriculture-products/?view=/htdocs/sivaco/node_modules/sprintf-js/.npmignore HTTP/1.1" 200 862 "-" "Mozilla/5.0 (compatible; AwarioBot/1.0; +https://awario.com/bots.html)"
65.109.118.212 - - [13/Mar/2026:02:41:20 +0100] "GET /service/agriculture-products/?view=/htdocs/sivaco/node_modules/sprintf-js/LICENSE HTTP/1.1" 200 1683 "-" "Mozilla/5.0 (compatible; AwarioBot/1.0; +https://awario.com/bots.html)"
65.109.118.212 - - [13/Mar/2026:02:41:23 +0100] "GET /service/agriculture-products/?view=/htdocs/sivaco/node_modules/sprintf-js/README.md HTTP/1.1" 200 2741 "-" "Mozilla/5.0 (compatible; AwarioBot/1.0; +https://awario.com/bots.html)"
65.109.118.212 - - [13/Mar/2026:02:41:25 +0100] "GET /service/agriculture-products/?view=/htdocs/sivaco/node_modules/sprintf-js/bower.json HTTP/1.1" 200 1091 "-" "Mozilla/5.0 (compatible; AwarioBot/1.0; +https://awario.com/bots.html)"
57.141.20.52 - - [13/Mar/2026:02:41:27 +0100] "GET /service/organic-products/?view=/usr/base/.wp-cli/cache-php-compat/plugins/google-listings-and-ads/google-listings-and-ads.2.8.3.json HTTP/2.0" 200 117434 "-" "meta-externalagent/1.1 (+https://developers.facebook.com/docs/sharing/webmasters/crawler)"
65.109.118.212 - - [13/Mar/2026:02:41:27 +0100] "GET /service/agriculture-products/?view=/htdocs/sivaco/node_modules/sprintf-js/gruntfile.js HTTP/1.1" 200 1189 "-" "Mozilla/5.0 (compatible; AwarioBot/1.0; +https://awario.com/bots.html)"
65.109.118.212 - - [13/Mar/2026:02:41:30 +0100] "GET /service/agriculture-products/?view=/htdocs/sivaco/node_modules/sprintf-js/package.json HTTP/1.1" 200 1141 "-" "Mozilla/5.0 (compatible; AwarioBot/1.0; +https://awario.com/bots.html)"
65.109.118.212 - - [13/Mar/2026:02:41:32 +0100] "GET /service/agriculture-products/?view=/htdocs/sivaco/node_modules/ssri/LICENSE.md HTTP/1.1" 200 1336 "-" "Mozilla/5.0 (compatible; AwarioBot/1.0; +https://awario.com/bots.html)"
65.109.118.212 - - [13/Mar/2026:02:41:34 +0100] "GET /service/agriculture-products/?view=/htdocs/sivaco/node_modules/ssri/README.md HTTP/1.1" 200 6910 "-" "Mozilla/5.0 (compatible; AwarioBot/1.0; +https://awario.com/bots.html)"
57.141.20.26 - - [13/Mar/2026:02:41:35 +0100] "GET /service/fresh-vegetables/?edit=/htdocs/jmknew.jmkconsulting-ci.com/gdata/node_modules/webpack/lib/util/source.js HTTP/2.0" 200 4126 "-" "meta-externalagent/1.1 (+https://developers.facebook.com/docs/sharing/webmasters/crawler)"
65.109.118.212 - - [13/Mar/2026:02:41:38 +0100] "GET /service/agriculture-products/?view=/htdocs/sivaco/node_modules/ssri/index.js HTTP/1.1" 200 4920 "-" "Mozilla/5.0 (compatible; AwarioBot/1.0; +https://awario.com/bots.html)"
65.109.118.212 - - [13/Mar/2026:02:41:40 +0100] "GET /service/agriculture-products/?view=/htdocs/sivaco/node_modules/ssri/package.json HTTP/1.1" 200 1533 "-" "Mozilla/5.0 (compatible; AwarioBot/1.0; +https://awario.com/bots.html)"
65.109.118.212 - - [13/Mar/2026:02:41:42 +0100] "GET /service/agriculture-products/?view=/htdocs/sivaco/node_modules/stable/README.md HTTP/1.1" 200 2232 "-" "Mozilla/5.0 (compatible; AwarioBot/1.0; +https://awario.com/bots.html)"
57.141.20.1 - - [13/Mar/2026:02:41:43 +0100] "GET /service/dairy-products/?edit=/usr/base/opt/php8.4/include/php/Zend/zend_mmap.h HTTP/2.0" 200 3724 "-" "meta-externalagent/1.1 (+https://developers.facebook.com/docs/sharing/webmasters/crawler)"
65.109.118.212 - - [13/Mar/2026:02:41:45 +0100] "GET /service/agriculture-products/?view=/htdocs/sivaco/node_modules/stable/index.d.ts HTTP/1.1" 200 990 "-" "Mozilla/5.0 (compatible; AwarioBot/1.0; +https://awario.com/bots.html)"
65.109.118.212 - - [13/Mar/2026:02:41:48 +0100] "GET /robots.txt HTTP/1.1" 200 119 "-" "Mozilla/5.0 (compatible; AwarioBot/1.0; +https://awario.com/bots.html)"
65.109.118.212 - - [13/Mar/2026:02:41:50 +0100] "GET /service/agriculture-products/?view=/htdocs/sivaco/node_modules/stable/package.json HTTP/1.1" 200 1474 "-" "Mozilla/5.0 (compatible; AwarioBot/1.0; +https://awario.com/bots.html)"
57.141.20.54 - - [13/Mar/2026:02:41:51 +0100] "GET /service/harvest/?edit=/htdocs/apps.jmkconsulting-ci.com/core/vendor/psr/http-client/src/ClientExceptionInterface.php HTTP/2.0" 200 2437 "-" "meta-externalagent/1.1 (+https://developers.facebook.com/docs/sharing/webmasters/crawler)"
65.109.118.212 - - [13/Mar/2026:02:41:51 +0100] "GET /service/agriculture-products/?view=/htdocs/sivaco/node_modules/stable/stable.js HTTP/1.1" 200 2073 "-" "Mozilla/5.0 (compatible; AwarioBot/1.0; +https://awario.com/bots.html)"
65.109.118.212 - - [13/Mar/2026:02:41:55 +0100] "GET /service/agriculture-products/?view=/htdocs/sivaco/node_modules/stable/stable.min.js HTTP/1.1" 200 1335 "-" "Mozilla/5.0 (compatible; AwarioBot/1.0; +https://awario.com/bots.html)"
65.109.118.212 - - [13/Mar/2026:02:41:57 +0100] "GET /service/agriculture-products/?view=/htdocs/sivaco/node_modules/stackframe/LICENSE HTTP/1.1" 200 1505 "-" "Mozilla/5.0 (compatible; AwarioBot/1.0; +https://awario.com/bots.html)"
57.141.20.35 - - [13/Mar/2026:02:41:58 +0100] "GET /service/fresh-vegetables/?rename=/sftproot/htdocs/jmknew.jmkconsulting-ci.com/gdata/node_modules/randomfill/.zuul.yml HTTP/2.0" 200 2344 "-" "meta-externalagent/1.1 (+https://developers.facebook.com/docs/sharing/webmasters/crawler)"
65.109.118.212 - - [13/Mar/2026:02:42:00 +0100] "GET /service/agriculture-products/?view=/htdocs/sivaco/node_modules/stackframe/README.md HTTP/1.1" 200 2073 "-" "Mozilla/5.0 (compatible; AwarioBot/1.0; +https://awario.com/bots.html)"
65.109.118.212 - - [13/Mar/2026:02:42:02 +0100] "GET /service/agriculture-products/?view=/htdocs/sivaco/node_modules/stackframe/package.json HTTP/1.1" 200 1574 "-" "Mozilla/5.0 (compatible; AwarioBot/1.0; +https://awario.com/bots.html)"
57.141.20.46 - - [13/Mar/2026:02:42:03 +0100] "GET /service/dairy-products/?edit=/sftproot/htdocs/atito2/node_modules/lodash/_listCacheDelete.js HTTP/2.0" 200 2998 "-" "meta-externalagent/1.1 (+https://developers.facebook.com/docs/sharing/webmasters/crawler)"
65.109.118.212 - - [13/Mar/2026:02:42:04 +0100] "GET /service/agriculture-products/?view=/htdocs/sivaco/node_modules/stackframe/stackframe.d.ts HTTP/1.1" 200 1380 "-" "Mozilla/5.0 (compatible; AwarioBot/1.0; +https://awario.com/bots.html)"
65.109.118.212 - - [13/Mar/2026:02:42:06 +0100] "GET /service/agriculture-products/?view=/htdocs/sivaco/node_modules/stackframe/stackframe.js HTTP/1.1" 200 2201 "-" "Mozilla/5.0 (compatible; AwarioBot/1.0; +https://awario.com/bots.html)"
65.109.118.212 - - [13/Mar/2026:02:42:08 +0100] "GET /service/agriculture-products/?view=/htdocs/sivaco/node_modules/static-extend/LICENSE HTTP/1.1" 200 1508 "-" "Mozilla/5.0 (compatible; AwarioBot/1.0; +https://awario.com/bots.html)"
57.141.20.3 - - [13/Mar/2026:02:42:09 +0100] "GET /service/organic-products/?view=/sftproot/htdocs/ptso.jmkconsulting-ci.com/wp-admin/css/about-rtl.min.css HTTP/2.0" 200 43332 "-" "meta-externalagent/1.1 (+https://developers.facebook.com/docs/sharing/webmasters/crawler)"
65.109.118.212 - - [13/Mar/2026:02:42:10 +0100] "GET /service/agriculture-products/?view=/htdocs/sivaco/node_modules/static-extend/index.js HTTP/1.1" 200 1737 "-" "Mozilla/5.0 (compatible; AwarioBot/1.0; +https://awario.com/bots.html)"
65.109.118.212 - - [13/Mar/2026:02:42:13 +0100] "GET /service/agriculture-products/?view=/htdocs/sivaco/node_modules/static-extend/package.json HTTP/1.1" 200 1409 "-" "Mozilla/5.0 (compatible; AwarioBot/1.0; +https://awario.com/bots.html)"
193.203.239.64 - - [13/Mar/2026:02:42:15 +0100] "POST /wp-cron.php?doing_wp_cron=1773366135.7745599746704101562500 HTTP/1.1" 200 1 "-" "WordPress/6.9.4; http://ptso.jmkconsulting-ci.com"
65.109.118.212 - - [13/Mar/2026:02:42:15 +0100] "GET /service/agriculture-products/?view=/htdocs/sivaco/node_modules/statuses/HISTORY.md HTTP/1.1" 200 1471 "-" "Mozilla/5.0 (compatible; AwarioBot/1.0; +https://awario.com/bots.html)"
57.141.20.16 - - [13/Mar/2026:02:42:15 +0100] "GET /service/organic-products/?edit=/htdocs/sivaco/node_modules/postcss-colormin/node_modules/postcss/lib/vendor.js HTTP/2.0" 200 5673 "-" "meta-externalagent/1.1 (+https://developers.facebook.com/docs/sharing/webmasters/crawler)"
65.109.118.212 - - [13/Mar/2026:02:42:18 +0100] "GET /service/agriculture-products/?view=/htdocs/sivaco/node_modules/statuses/LICENSE HTTP/1.1" 200 1562 "-" "Mozilla/5.0 (compatible; AwarioBot/1.0; +https://awario.com/bots.html)"
65.109.118.212 - - [13/Mar/2026:02:42:19 +0100] "GET /service/agriculture-products/?view=/htdocs/sivaco/node_modules/statuses/README.md HTTP/1.1" 200 2058 "-" "Mozilla/5.0 (compatible; AwarioBot/1.0; +https://awario.com/bots.html)"
57.141.20.6 - - [13/Mar/2026:02:42:21 +0100] "GET /service/agriculture-products/?edit=/htdocs/atito2/node_modules/express/node_modules/debug/node.js HTTP/2.0" 200 2270 "-" "meta-externalagent/1.1 (+https://developers.facebook.com/docs/sharing/webmasters/crawler)"
65.109.118.212 - - [13/Mar/2026:02:42:22 +0100] "GET /service/agriculture-products/?view=/htdocs/sivaco/node_modules/statuses/codes.json HTTP/1.1" 200 1671 "-" "Mozilla/5.0 (compatible; AwarioBot/1.0; +https://awario.com/bots.html)"
65.109.118.212 - - [13/Mar/2026:02:42:24 +0100] "GET /service/agriculture-products/?view=/htdocs/sivaco/node_modules/statuses/index.js HTTP/1.1" 200 1795 "-" "Mozilla/5.0 (compatible; AwarioBot/1.0; +https://awario.com/bots.html)"
65.109.118.212 - - [13/Mar/2026:02:42:26 +0100] "GET /service/agriculture-products/?view=/htdocs/sivaco/node_modules/statuses/package.json HTTP/1.1" 200 1486 "-" "Mozilla/5.0 (compatible; AwarioBot/1.0; +https://awario.com/bots.html)"
57.141.20.18 - - [13/Mar/2026:02:42:26 +0100] "GET /service/organic-products/?edit=/htdocs/apps.jmkconsulting-ci.com/core/vendor/google/apiclient-services/src/GoogleAnalyticsAdmin/GoogleAnalyticsAdminV1alphaGoogleSignalsSettings.php HTTP/2.0" 200 4099 "-" "meta-externalagent/1.1 (+https://developers.facebook.com/docs/sharing/webmasters/crawler)"
65.109.118.212 - - [13/Mar/2026:02:42:27 +0100] "GET /service/agriculture-products/?view=/htdocs/sivaco/node_modules/stream-browserify/.travis.yml HTTP/1.1" 200 1097 "-" "Mozilla/5.0 (compatible; AwarioBot/1.0; +https://awario.com/bots.html)"
65.109.118.212 - - [13/Mar/2026:02:42:28 +0100] "GET /service/agriculture-products/?view=/htdocs/sivaco/node_modules/stream-browserify/LICENSE HTTP/1.1" 200 1518 "-" "Mozilla/5.0 (compatible; AwarioBot/1.0; +https://awario.com/bots.html)"
65.109.118.212 - - [13/Mar/2026:02:42:30 +0100] "GET /service/agriculture-products/?view=/htdocs/sivaco/node_modules/stream-browserify/index.js HTTP/1.1" 200 2406 "-" "Mozilla/5.0 (compatible; AwarioBot/1.0; +https://awario.com/bots.html)"
57.141.20.18 - - [13/Mar/2026:02:42:30 +0100] "GET /service/fresh-vegetables/?edit=/htdocs/jmknew.jmkconsulting-ci.com/gdata/vendor/egulias/email-validator/src/EmailLexer.php HTTP/2.0" 200 9304 "-" "meta-externalagent/1.1 (+https://developers.facebook.com/docs/sharing/webmasters/crawler)"
65.109.118.212 - - [13/Mar/2026:02:42:33 +0100] "GET /service/agriculture-products/?view=/htdocs/sivaco/node_modules/stream-browserify/package.json HTTP/1.1" 200 1336 "-" "Mozilla/5.0 (compatible; AwarioBot/1.0; +https://awario.com/bots.html)"
57.141.20.56 - - [13/Mar/2026:02:42:35 +0100] "GET /service/dairy-products/?edit=/sftproot/htdocs/ptso.jmkconsulting-ci.com/wp-includes/blocks/more/editor-rtl.css HTTP/2.0" 200 2966 "-" "meta-externalagent/1.1 (+https://developers.facebook.com/docs/sharing/webmasters/crawler)"
65.109.118.212 - - [13/Mar/2026:02:42:35 +0100] "GET /service/agriculture-products/?view=/htdocs/sivaco/node_modules/stream-browserify/readme.markdown HTTP/1.1" 200 1113 "-" "Mozilla/5.0 (compatible; AwarioBot/1.0; +https://awario.com/bots.html)"
65.109.118.212 - - [13/Mar/2026:02:42:37 +0100] "GET /service/agriculture-products/?view=/htdocs/sivaco/node_modules/stream-each/.travis.yml HTTP/1.1" 200 902 "-" "Mozilla/5.0 (compatible; AwarioBot/1.0; +https://awario.com/bots.html)"
65.109.118.212 - - [13/Mar/2026:02:42:39 +0100] "GET /service/agriculture-products/?view=/htdocs/sivaco/node_modules/stream-each/LICENSE HTTP/1.1" 200 1506 "-" "Mozilla/5.0 (compatible; AwarioBot/1.0; +https://awario.com/bots.html)"
57.141.20.45 - - [13/Mar/2026:02:42:39 +0100] "GET /service/dairy-products/?rename=/usr/base/usr/lib/locale/wo_SN/LC_IDENTIFICATION HTTP/2.0" 200 2280 "-" "meta-externalagent/1.1 (+https://developers.facebook.com/docs/sharing/webmasters/crawler)"
65.109.118.212 - - [13/Mar/2026:02:42:40 +0100] "GET /service/agriculture-products/?view=/htdocs/sivaco/node_modules/stream-each/README.md HTTP/1.1" 200 1352 "-" "Mozilla/5.0 (compatible; AwarioBot/1.0; +https://awario.com/bots.html)"
65.109.118.212 - - [13/Mar/2026:02:42:43 +0100] "GET /service/agriculture-products/?view=/htdocs/sivaco/node_modules/stream-each/collaborators.md HTTP/1.1" 200 1028 "-" "Mozilla/5.0 (compatible; AwarioBot/1.0; +https://awario.com/bots.html)"
57.141.20.53 - - [13/Mar/2026:02:42:44 +0100] "GET /service/dairy-products/?view=/sftproot/htdocs/sivaco/node_modules/faye-websocket/LICENSE.md HTTP/2.0" 200 2600 "-" "meta-externalagent/1.1 (+https://developers.facebook.com/docs/sharing/webmasters/crawler)"
65.109.118.212 - - [13/Mar/2026:02:42:45 +0100] "GET /service/agriculture-products/?view=/htdocs/sivaco/node_modules/stream-each/index.js HTTP/1.1" 200 1228 "-" "Mozilla/5.0 (compatible; AwarioBot/1.0; +https://awario.com/bots.html)"
65.109.118.212 - - [13/Mar/2026:02:42:47 +0100] "GET /service/agriculture-products/?view=/htdocs/sivaco/node_modules/stream-each/package.json HTTP/1.1" 200 1165 "-" "Mozilla/5.0 (compatible; AwarioBot/1.0; +https://awario.com/bots.html)"
57.141.20.22 - - [13/Mar/2026:02:42:48 +0100] "GET /service/dairy-products/?edit=/sftproot/htdocs/sivaco/node_modules/neo-async/fast.js HTTP/2.0" 200 2281 "-" "meta-externalagent/1.1 (+https://developers.facebook.com/docs/sharing/webmasters/crawler)"
65.109.118.212 - - [13/Mar/2026:02:42:49 +0100] "GET /service/agriculture-products/?view=/htdocs/sivaco/node_modules/stream-each/test.js HTTP/1.1" 200 1497 "-" "Mozilla/5.0 (compatible; AwarioBot/1.0; +https://awario.com/bots.html)"
65.109.118.212 - - [13/Mar/2026:02:42:50 +0100] "GET /service/agriculture-products/?view=/htdocs/sivaco/node_modules/stream-http/.airtap.yml HTTP/1.1" 200 1102 "-" "Mozilla/5.0 (compatible; AwarioBot/1.0; +https://awario.com/bots.html)"
57.141.20.35 - - [13/Mar/2026:02:42:52 +0100] "GET /service/harvest/?view=/usr/base/usr/share/locale/it/LC_MESSAGES/Linux-PAM.mo HTTP/2.0" 200 12296 "-" "meta-externalagent/1.1 (+https://developers.facebook.com/docs/sharing/webmasters/crawler)"
65.109.118.212 - - [13/Mar/2026:02:42:52 +0100] "GET /service/agriculture-products/?view=/htdocs/sivaco/node_modules/stream-http/.travis.yml HTTP/1.1" 200 920 "-" "Mozilla/5.0 (compatible; AwarioBot/1.0; +https://awario.com/bots.html)"
65.109.118.212 - - [13/Mar/2026:02:42:54 +0100] "GET /service/agriculture-products/?view=/htdocs/sivaco/node_modules/stream-http/LICENSE HTTP/1.1" 200 1507 "-" "Mozilla/5.0 (compatible; AwarioBot/1.0; +https://awario.com/bots.html)"
57.141.20.30 - - [13/Mar/2026:02:42:55 +0100] "GET /service/agriculture-products/?dir=/sftproot/htdocs/jmknew.jmkconsulting-ci.com/gdata/node_modules/p-retry HTTP/2.0" 200 8891 "-" "meta-externalagent/1.1 (+https://developers.facebook.com/docs/sharing/webmasters/crawler)"
65.109.118.212 - - [13/Mar/2026:02:42:57 +0100] "GET /service/agriculture-products/?view=/htdocs/sivaco/node_modules/stream-http/README.md HTTP/1.1" 200 3992 "-" "Mozilla/5.0 (compatible; AwarioBot/1.0; +https://awario.com/bots.html)"
65.109.118.212 - - [13/Mar/2026:02:42:58 +0100] "GET /service/agriculture-products/?view=/htdocs/sivaco/node_modules/stream-http/ie8-polyfill.js HTTP/1.1" 200 2424 "-" "Mozilla/5.0 (compatible; AwarioBot/1.0; +https://awario.com/bots.html)"
57.141.20.23 - - [13/Mar/2026:02:42:59 +0100] "GET /service/agriculture-products/?view=/sftproot/htdocs/ptso.jmkconsulting-ci.com/wp-includes/customize/class-wp-customize-code-editor-control.php HTTP/2.0" 200 4703 "-" "meta-externalagent/1.1 (+https://developers.facebook.com/docs/sharing/webmasters/crawler)"
65.109.118.212 - - [13/Mar/2026:02:43:00 +0100] "GET /service/agriculture-products/?view=/htdocs/sivaco/node_modules/stream-http/index.js HTTP/1.1" 200 1792 "-" "Mozilla/5.0 (compatible; AwarioBot/1.0; +https://awario.com/bots.html)"
65.109.118.212 - - [13/Mar/2026:02:43:01 +0100] "GET /service/agriculture-products/?view=/htdocs/sivaco/node_modules/stream-http/package.json HTTP/1.1" 200 1449 "-" "Mozilla/5.0 (compatible; AwarioBot/1.0; +https://awario.com/bots.html)"
57.141.20.2 - - [13/Mar/2026:02:43:03 +0100] "GET /service/organic-products/?view=/usr/base/.wp-cli/cache-php-compat/plugins/wp-security-audit-log/wp-security-audit-log.5.5.3.json HTTP/2.0" 200 29878 "-" "meta-externalagent/1.1 (+https://developers.facebook.com/docs/sharing/webmasters/crawler)"
65.109.118.212 - - [13/Mar/2026:02:43:03 +0100] "GET /service/agriculture-products/?view=/htdocs/sivaco/node_modules/stream-shift/.travis.yml HTTP/1.1" 200 901 "-" "Mozilla/5.0 (compatible; AwarioBot/1.0; +https://awario.com/bots.html)"
65.109.118.212 - - [13/Mar/2026:02:43:05 +0100] "GET /service/agriculture-products/?view=/htdocs/sivaco/node_modules/stream-shift/LICENSE HTTP/1.1" 200 1504 "-" "Mozilla/5.0 (compatible; AwarioBot/1.0; +https://awario.com/bots.html)"
57.141.20.45 - - [13/Mar/2026:02:43:06 +0100] "GET /service/fresh-vegetables/?rename=/usr/base/opt/php8.2/include/php/Zend/zend_alloc.h HTTP/2.0" 200 2279 "-" "meta-externalagent/1.1 (+https://developers.facebook.com/docs/sharing/webmasters/crawler)"
65.109.118.212 - - [13/Mar/2026:02:43:09 +0100] "GET /service/agriculture-products/?view=/htdocs/sivaco/node_modules/stream-shift/README.md HTTP/1.1" 200 1127 "-" "Mozilla/5.0 (compatible; AwarioBot/1.0; +https://awario.com/bots.html)"
57.141.20.37 - - [13/Mar/2026:02:43:09 +0100] "GET /service/organic-products/?rename=/htdocs/jmknew.jmkconsulting-ci.com/gdata/vendor/symfony/console/Helper/DescriptorHelper.php HTTP/2.0" 200 2371 "-" "meta-externalagent/1.1 (+https://developers.facebook.com/docs/sharing/webmasters/crawler)"
65.109.118.212 - - [13/Mar/2026:02:43:10 +0100] "GET /service/agriculture-products/?view=/htdocs/sivaco/node_modules/stream-shift/index.js HTTP/1.1" 200 1085 "-" "Mozilla/5.0 (compatible; AwarioBot/1.0; +https://awario.com/bots.html)"
65.109.118.212 - - [13/Mar/2026:02:43:12 +0100] "GET /service/agriculture-products/?view=/htdocs/sivaco/node_modules/stream-shift/package.json HTTP/1.1" 200 1161 "-" "Mozilla/5.0 (compatible; AwarioBot/1.0; +https://awario.com/bots.html)"
57.141.20.20 - - [13/Mar/2026:02:43:12 +0100] "GET /service/agriculture-products/?edit=/htdocs/site_data_2024/vendor/laravel/sail/runtimes/8.2/php.ini HTTP/2.0" 200 2319 "-" "meta-externalagent/1.1 (+https://developers.facebook.com/docs/sharing/webmasters/crawler)"
193.203.239.64 - - [13/Mar/2026:02:43:15 +0100] "POST /wp-cron.php?doing_wp_cron=1773366194.9401259422302246093750 HTTP/1.1" 200 1 "-" "WordPress/6.9.4; http://ptso.jmkconsulting-ci.com"
65.109.118.212 - - [13/Mar/2026:02:43:15 +0100] "GET /service/agriculture-products/?view=/htdocs/sivaco/node_modules/stream-shift/test.js HTTP/1.1" 200 1086 "-" "Mozilla/5.0 (compatible; AwarioBot/1.0; +https://awario.com/bots.html)"
57.141.20.37 - - [13/Mar/2026:02:43:16 +0100] "GET /service/organic-products/?view=/htdocs/sivaco/vendor/ramsey/uuid/src/Type/Integer.php HTTP/2.0" 200 5950 "-" "meta-externalagent/1.1 (+https://developers.facebook.com/docs/sharing/webmasters/crawler)"
65.109.118.212 - - [13/Mar/2026:02:43:16 +0100] "GET /service/agriculture-products/?view=/htdocs/sivaco/node_modules/string-width/index.d.ts HTTP/1.1" 200 1248 "-" "Mozilla/5.0 (compatible; AwarioBot/1.0; +https://awario.com/bots.html)"
57.141.20.37 - - [13/Mar/2026:02:43:18 +0100] "GET /service/fresh-vegetables/?view=/usr/base/usr/share/locale/fr/LC_MESSAGES/python-apt.mo HTTP/2.0" 200 15180 "-" "meta-externalagent/1.1 (+https://developers.facebook.com/docs/sharing/webmasters/crawler)"
65.109.118.212 - - [13/Mar/2026:02:43:18 +0100] "GET /service/agriculture-products/?view=/htdocs/sivaco/node_modules/string-width/index.js HTTP/1.1" 200 1269 "-" "Mozilla/5.0 (compatible; AwarioBot/1.0; +https://awario.com/bots.html)"
57.141.20.16 - - [13/Mar/2026:02:43:21 +0100] "GET /service/harvest/?view=/usr/base/usr/share/locale/my/LC_MESSAGES/iso_3166.mo HTTP/2.0" 200 18354 "-" "meta-externalagent/1.1 (+https://developers.facebook.com/docs/sharing/webmasters/crawler)"
65.109.118.212 - - [13/Mar/2026:02:43:21 +0100] "GET /service/agriculture-products/?view=/htdocs/sivaco/node_modules/string-width/license HTTP/1.1" 200 1506 "-" "Mozilla/5.0 (compatible; AwarioBot/1.0; +https://awario.com/bots.html)"
65.109.118.212 - - [13/Mar/2026:02:43:23 +0100] "GET /service/agriculture-products/?view=/htdocs/sivaco/node_modules/string-width/package.json HTTP/1.1" 200 1325 "-" "Mozilla/5.0 (compatible; AwarioBot/1.0; +https://awario.com/bots.html)"
57.141.20.6 - - [13/Mar/2026:02:43:24 +0100] "GET /service/dairy-products/?rename=/htdocs/jmknew.jmkconsulting-ci.com/gdata/.git/objects/13/480d4ba29fda34d67123be2f59869eca36f8c8 HTTP/2.0" 200 2397 "-" "meta-externalagent/1.1 (+https://developers.facebook.com/docs/sharing/webmasters/crawler)"
65.109.118.212 - - [13/Mar/2026:02:43:25 +0100] "GET /service/agriculture-products/?view=/htdocs/sivaco/node_modules/string-width/readme.md HTTP/1.1" 200 1535 "-" "Mozilla/5.0 (compatible; AwarioBot/1.0; +https://awario.com/bots.html)"
57.141.20.18 - - [13/Mar/2026:02:43:27 +0100] "GET /service/organic-products/?view=/htdocs/jmknew.jmkconsulting-ci.com/gdata/node_modules/laravel-mix/src/components/Notifications.js HTTP/2.0" 200 3289 "-" "meta-externalagent/1.1 (+https://developers.facebook.com/docs/sharing/webmasters/crawler)"
65.109.118.212 - - [13/Mar/2026:02:43:28 +0100] "GET /service/agriculture-products/?view=/htdocs/sivaco/node_modules/string.prototype.trimend/.editorconfig HTTP/1.1" 200 1013 "-" "Mozilla/5.0 (compatible; AwarioBot/1.0; +https://awario.com/bots.html)"
57.141.20.31 - - [13/Mar/2026:02:43:29 +0100] "GET /service/harvest/?rename=/htdocs/jmknew.jmkconsulting-ci.com/gdata/.git/objects/52/111b34c6b6f8db9cb4c74377fe4da22e85da66 HTTP/2.0" 200 2397 "-" "meta-externalagent/1.1 (+https://developers.facebook.com/docs/sharing/webmasters/crawler)"
65.109.118.212 - - [13/Mar/2026:02:43:31 +0100] "GET /service/agriculture-products/?view=/htdocs/sivaco/node_modules/string.prototype.trimend/.eslintrc HTTP/1.1" 200 1050 "-" "Mozilla/5.0 (compatible; AwarioBot/1.0; +https://awario.com/bots.html)"
57.141.20.47 - - [13/Mar/2026:02:43:32 +0100] "GET /service/organic-products/?edit=/htdocs/ptso.jmkconsulting-ci.com/wp-content/plugins/wp-file-manager/lib/codemirror/mode/idl/idl.js HTTP/2.0" 200 26820 "-" "meta-externalagent/1.1 (+https://developers.facebook.com/docs/sharing/webmasters/crawler)"
65.109.118.212 - - [13/Mar/2026:02:43:33 +0100] "GET /service/agriculture-products/?view=/htdocs/sivaco/node_modules/string.prototype.trimend/.nycrc HTTP/1.1" 200 968 "-" "Mozilla/5.0 (compatible; AwarioBot/1.0; +https://awario.com/bots.html)"
65.109.118.212 - - [13/Mar/2026:02:43:35 +0100] "GET /service/agriculture-products/?view=/htdocs/sivaco/node_modules/string.prototype.trimend/CHANGELOG.md HTTP/1.1" 200 3771 "-" "Mozilla/5.0 (compatible; AwarioBot/1.0; +https://awario.com/bots.html)"
57.141.20.20 - - [13/Mar/2026:02:43:35 +0100] "GET /service/dairy-products/?edit=/sftproot/htdocs/sivaco/node_modules/component-emitter/History.md HTTP/2.0" 200 3746 "-" "meta-externalagent/1.1 (+https://developers.facebook.com/docs/sharing/webmasters/crawler)"
57.141.20.50 - - [13/Mar/2026:02:43:37 +0100] "GET /service/organic-products/?rename=/htdocs/ptso.jmkconsulting-ci.com/wp-content/plugins/woocommerce/src/Internal/Admin/Notes/PersonalizeStore.php HTTP/2.0" 200 2407 "-" "meta-externalagent/1.1 (+https://developers.facebook.com/docs/sharing/webmasters/crawler)"
65.109.118.212 - - [13/Mar/2026:02:43:38 +0100] "GET /service/agriculture-products/?view=/htdocs/sivaco/node_modules/string.prototype.trimend/LICENSE HTTP/1.1" 200 1513 "-" "Mozilla/5.0 (compatible; AwarioBot/1.0; +https://awario.com/bots.html)"
57.141.20.29 - - [13/Mar/2026:02:43:40 +0100] "GET /service/organic-products/?edit=/sftproot/htdocs/agricole/fonts/webfonts/fa-brands-400-1.eot HTTP/2.0" 200 188785 "-" "meta-externalagent/1.1 (+https://developers.facebook.com/docs/sharing/webmasters/crawler)"
65.109.118.212 - - [13/Mar/2026:02:43:41 +0100] "GET /service/agriculture-products/?view=/htdocs/sivaco/node_modules/string.prototype.trimend/README.md HTTP/1.1" 200 1718 "-" "Mozilla/5.0 (compatible; AwarioBot/1.0; +https://awario.com/bots.html)"
57.141.20.18 - - [13/Mar/2026:02:43:42 +0100] "GET /service/dairy-products/?edit=/sftproot/htdocs/sivaco/node_modules/ripemd160/package.json HTTP/2.0" 200 3373 "-" "meta-externalagent/1.1 (+https://developers.facebook.com/docs/sharing/webmasters/crawler)"
65.109.118.212 - - [13/Mar/2026:02:43:44 +0100] "GET /service/agriculture-products/?view=/htdocs/sivaco/node_modules/string.prototype.trimend/auto.js HTTP/1.1" 200 904 "-" "Mozilla/5.0 (compatible; AwarioBot/1.0; +https://awario.com/bots.html)"
57.141.20.39 - - [13/Mar/2026:02:43:44 +0100] "GET /service/organic-products/?view=/htdocs/jmknew.jmkconsulting-ci.com/gdata/node_modules/serve-index/node_modules/debug/.eslintrc HTTP/2.0" 200 2359 "-" "meta-externalagent/1.1 (+https://developers.facebook.com/docs/sharing/webmasters/crawler)"
65.109.118.212 - - [13/Mar/2026:02:43:46 +0100] "GET /service/agriculture-products/?view=/htdocs/sivaco/node_modules/string.prototype.trimend/implementation.js HTTP/1.1" 200 1162 "-" "Mozilla/5.0 (compatible; AwarioBot/1.0; +https://awario.com/bots.html)"
57.141.20.29 - - [13/Mar/2026:02:43:46 +0100] "GET /service/organic-products/?view=/usr/base/.wp-cli/cache-php-compat/themes/generatepress/generatepress.3.6.0.json HTTP/2.0" 200 6730 "-" "meta-externalagent/1.1 (+https://developers.facebook.com/docs/sharing/webmasters/crawler)"
65.109.118.212 - - [13/Mar/2026:02:43:48 +0100] "GET /service/agriculture-products/?view=/htdocs/sivaco/node_modules/string.prototype.trimend/index.js HTTP/1.1" 200 1110 "-" "Mozilla/5.0 (compatible; AwarioBot/1.0; +https://awario.com/bots.html)"
65.109.118.212 - - [13/Mar/2026:02:43:51 +0100] "GET /robots.txt HTTP/1.1" 200 119 "-" "Mozilla/5.0 (compatible; AwarioBot/1.0; +https://awario.com/bots.html)"
65.109.118.212 - - [13/Mar/2026:02:43:51 +0100] "GET /service/agriculture-products/?view=/htdocs/sivaco/node_modules/string.prototype.trimend/package.json HTTP/1.1" 200 1798 "-" "Mozilla/5.0 (compatible; AwarioBot/1.0; +https://awario.com/bots.html)"
65.109.118.212 - - [13/Mar/2026:02:43:53 +0100] "GET /service/agriculture-products/?view=/htdocs/sivaco/node_modules/string.prototype.trimend/polyfill.js HTTP/1.1" 200 1061 "-" "Mozilla/5.0 (compatible; AwarioBot/1.0; +https://awario.com/bots.html)"
65.109.118.212 - - [13/Mar/2026:02:43:56 +0100] "GET /service/agriculture-products/?view=/htdocs/sivaco/node_modules/string.prototype.trimend/shim.js HTTP/1.1" 200 1029 "-" "Mozilla/5.0 (compatible; AwarioBot/1.0; +https://awario.com/bots.html)"
57.141.20.34 - - [13/Mar/2026:02:43:56 +0100] "GET /service/fresh-vegetables/?view=/sftproot/htdocs/ptso.jmkconsulting-ci.com/wp-includes/blocks/list.php HTTP/2.0" 200 3433 "-" "meta-externalagent/1.1 (+https://developers.facebook.com/docs/sharing/webmasters/crawler)"
57.141.20.37 - - [13/Mar/2026:02:43:57 +0100] "GET /service/organic-products/?edit=/usr/base/usr/share/terminfo/t/tek4109 HTTP/2.0" 200 3406 "-" "meta-externalagent/1.1 (+https://developers.facebook.com/docs/sharing/webmasters/crawler)"
65.109.118.212 - - [13/Mar/2026:02:43:58 +0100] "GET /service/agriculture-products/?view=/htdocs/sivaco/node_modules/string.prototype.trimstart/.editorconfig HTTP/1.1" 200 1014 "-" "Mozilla/5.0 (compatible; AwarioBot/1.0; +https://awario.com/bots.html)"
57.141.20.21 - - [13/Mar/2026:02:43:59 +0100] "GET /service/organic-products/?view=/htdocs/apps.jmkconsulting-ci.com/core/vendor/symfony/mailer/Transport/FailoverTransport.php HTTP/2.0" 200 3082 "-" "meta-externalagent/1.1 (+https://developers.facebook.com/docs/sharing/webmasters/crawler)"
65.109.118.212 - - [13/Mar/2026:02:44:00 +0100] "GET /service/agriculture-products/?view=/htdocs/sivaco/node_modules/string.prototype.trimstart/.eslintrc HTTP/1.1" 200 1051 "-" "Mozilla/5.0 (compatible; AwarioBot/1.0; +https://awario.com/bots.html)"
65.109.118.212 - - [13/Mar/2026:02:44:01 +0100] "GET /service/agriculture-products/?view=/htdocs/sivaco/node_modules/string.prototype.trimstart/.nycrc HTTP/1.1" 200 969 "-" "Mozilla/5.0 (compatible; AwarioBot/1.0; +https://awario.com/bots.html)"
57.141.20.42 - - [13/Mar/2026:02:44:02 +0100] "GET /service/organic-products/?edit=/htdocs/site_data_2024/vendor/nikic/php-parser/lib/PhpParser/PrettyPrinterAbstract.php HTTP/2.0" 200 82802 "-" "meta-externalagent/1.1 (+https://developers.facebook.com/docs/sharing/webmasters/crawler)"
65.109.118.212 - - [13/Mar/2026:02:44:04 +0100] "GET /service/agriculture-products/?view=/htdocs/sivaco/node_modules/string.prototype.trimstart/CHANGELOG.md HTTP/1.1" 200 3776 "-" "Mozilla/5.0 (compatible; AwarioBot/1.0; +https://awario.com/bots.html)"
