65.109.118.212 - - [13/Mar/2026:01:39:18 +0100] "GET /service/agriculture-products/?view=/htdocs/sivaco/node_modules/lodash/concat.js HTTP/1.1" 200 1306 "-" "Mozilla/5.0 (compatible; AwarioBot/1.0; +https://awario.com/bots.html)"
65.109.118.212 - - [13/Mar/2026:01:39:20 +0100] "GET /service/agriculture-products/?view=/htdocs/sivaco/node_modules/lodash/cond.js HTTP/1.1" 200 1585 "-" "Mozilla/5.0 (compatible; AwarioBot/1.0; +https://awario.com/bots.html)"
65.109.118.212 - - [13/Mar/2026:01:39:22 +0100] "GET /service/agriculture-products/?view=/htdocs/sivaco/node_modules/lodash/conforms.js HTTP/1.1" 200 1357 "-" "Mozilla/5.0 (compatible; AwarioBot/1.0; +https://awario.com/bots.html)"
65.109.118.212 - - [13/Mar/2026:01:39:24 +0100] "GET /service/agriculture-products/?view=/htdocs/sivaco/node_modules/lodash/conformsTo.js HTTP/1.1" 200 1295 "-" "Mozilla/5.0 (compatible; AwarioBot/1.0; +https://awario.com/bots.html)"
65.109.118.212 - - [13/Mar/2026:01:39:26 +0100] "GET /service/agriculture-products/?view=/htdocs/sivaco/node_modules/lodash/constant.js HTTP/1.1" 200 1120 "-" "Mozilla/5.0 (compatible; AwarioBot/1.0; +https://awario.com/bots.html)"
65.109.118.212 - - [13/Mar/2026:01:39:28 +0100] "GET /service/agriculture-products/?view=/htdocs/sivaco/node_modules/lodash/core.js HTTP/1.1" 200 25885 "-" "Mozilla/5.0 (compatible; AwarioBot/1.0; +https://awario.com/bots.html)"
65.109.118.212 - - [13/Mar/2026:01:39:30 +0100] "GET /service/agriculture-products/?view=/htdocs/sivaco/node_modules/lodash/core.min.js HTTP/1.1" 200 5838 "-" "Mozilla/5.0 (compatible; AwarioBot/1.0; +https://awario.com/bots.html)"
65.109.118.212 - - [13/Mar/2026:01:39:32 +0100] "GET /service/agriculture-products/?view=/htdocs/sivaco/node_modules/lodash/countBy.js HTTP/1.1" 200 1490 "-" "Mozilla/5.0 (compatible; AwarioBot/1.0; +https://awario.com/bots.html)"
65.109.118.212 - - [13/Mar/2026:01:39:34 +0100] "GET /service/agriculture-products/?view=/htdocs/sivaco/node_modules/lodash/create.js HTTP/1.1" 200 1299 "-" "Mozilla/5.0 (compatible; AwarioBot/1.0; +https://awario.com/bots.html)"
65.109.118.212 - - [13/Mar/2026:01:39:36 +0100] "GET /service/agriculture-products/?view=/htdocs/sivaco/node_modules/lodash/curry.js HTTP/1.1" 200 1588 "-" "Mozilla/5.0 (compatible; AwarioBot/1.0; +https://awario.com/bots.html)"
74.7.242.56 - - [13/Mar/2026:01:39:37 +0100] "GET /agricole/revolution/js/extensions/revolution.extension.video.min.js HTTP/2.0" 200 26075 "https://www.jmkconsulting-ci.com/" "Mozilla/5.0 AppleWebKit/537.36 (KHTML, like Gecko; compatible; GPTBot/1.3; +https://openai.com/gptbot)"
65.109.118.212 - - [13/Mar/2026:01:39:38 +0100] "GET /service/agriculture-products/?view=/htdocs/sivaco/node_modules/lodash/curryRight.js HTTP/1.1" 200 1526 "-" "Mozilla/5.0 (compatible; AwarioBot/1.0; +https://awario.com/bots.html)"
65.109.118.212 - - [13/Mar/2026:01:39:40 +0100] "GET /service/agriculture-products/?view=/htdocs/sivaco/node_modules/lodash/date.js HTTP/1.1" 200 898 "-" "Mozilla/5.0 (compatible; AwarioBot/1.0; +https://awario.com/bots.html)"
65.109.118.212 - - [13/Mar/2026:01:39:42 +0100] "GET /service/agriculture-products/?view=/htdocs/sivaco/node_modules/lodash/debounce.js HTTP/1.1" 200 2957 "-" "Mozilla/5.0 (compatible; AwarioBot/1.0; +https://awario.com/bots.html)"
65.109.118.212 - - [13/Mar/2026:01:39:44 +0100] "GET /service/agriculture-products/?view=/htdocs/sivaco/node_modules/lodash/deburr.js HTTP/1.1" 200 1531 "-" "Mozilla/5.0 (compatible; AwarioBot/1.0; +https://awario.com/bots.html)"
65.109.118.212 - - [13/Mar/2026:01:39:47 +0100] "GET /service/agriculture-products/?view=/htdocs/sivaco/node_modules/lodash/defaultTo.js HTTP/1.1" 200 1149 "-" "Mozilla/5.0 (compatible; AwarioBot/1.0; +https://awario.com/bots.html)"
65.109.118.212 - - [13/Mar/2026:01:39:49 +0100] "GET /service/agriculture-products/?view=/htdocs/sivaco/node_modules/lodash/defaults.js HTTP/1.1" 200 1625 "-" "Mozilla/5.0 (compatible; AwarioBot/1.0; +https://awario.com/bots.html)"
65.109.118.212 - - [13/Mar/2026:01:39:51 +0100] "GET /service/agriculture-products/?view=/htdocs/sivaco/node_modules/lodash/defaultsDeep.js HTTP/1.1" 200 1259 "-" "Mozilla/5.0 (compatible; AwarioBot/1.0; +https://awario.com/bots.html)"
57.141.20.20 - - [13/Mar/2026:01:39:53 +0100] "GET /home-04/ HTTP/2.0" 200 209853 "-" "meta-externalagent/1.1 (+https://developers.facebook.com/docs/sharing/webmasters/crawler)"
65.109.118.212 - - [13/Mar/2026:01:39:53 +0100] "GET /service/agriculture-products/?view=/htdocs/sivaco/node_modules/lodash/defer.js HTTP/1.1" 200 1224 "-" "Mozilla/5.0 (compatible; AwarioBot/1.0; +https://awario.com/bots.html)"
65.109.118.212 - - [13/Mar/2026:01:39:55 +0100] "GET /service/agriculture-products/?view=/htdocs/sivaco/node_modules/lodash/delay.js HTTP/1.1" 200 1251 "-" "Mozilla/5.0 (compatible; AwarioBot/1.0; +https://awario.com/bots.html)"
65.109.118.212 - - [13/Mar/2026:01:39:57 +0100] "GET /service/agriculture-products/?view=/htdocs/sivaco/node_modules/lodash/difference.js HTTP/1.1" 200 1388 "-" "Mozilla/5.0 (compatible; AwarioBot/1.0; +https://awario.com/bots.html)"
65.109.118.212 - - [13/Mar/2026:01:40:00 +0100] "GET /service/agriculture-products/?view=/htdocs/sivaco/node_modules/lodash/differenceBy.js HTTP/1.1" 200 1544 "-" "Mozilla/5.0 (compatible; AwarioBot/1.0; +https://awario.com/bots.html)"
65.109.118.212 - - [13/Mar/2026:01:40:02 +0100] "GET /service/agriculture-products/?view=/htdocs/sivaco/node_modules/lodash/differenceWith.js HTTP/1.1" 200 1478 "-" "Mozilla/5.0 (compatible; AwarioBot/1.0; +https://awario.com/bots.html)"
65.109.118.212 - - [13/Mar/2026:01:40:05 +0100] "GET /service/agriculture-products/?view=/htdocs/sivaco/node_modules/lodash/divide.js HTTP/1.1" 200 1098 "-" "Mozilla/5.0 (compatible; AwarioBot/1.0; +https://awario.com/bots.html)"
65.109.118.212 - - [13/Mar/2026:01:40:07 +0100] "GET /service/agriculture-products/?view=/htdocs/sivaco/node_modules/lodash/drop.js HTTP/1.1" 200 1294 "-" "Mozilla/5.0 (compatible; AwarioBot/1.0; +https://awario.com/bots.html)"
65.109.118.212 - - [13/Mar/2026:01:40:09 +0100] "GET /service/agriculture-products/?view=/htdocs/sivaco/node_modules/lodash/dropRight.js HTTP/1.1" 200 1299 "-" "Mozilla/5.0 (compatible; AwarioBot/1.0; +https://awario.com/bots.html)"
65.109.118.212 - - [13/Mar/2026:01:40:12 +0100] "GET /service/agriculture-products/?view=/htdocs/sivaco/node_modules/lodash/dropRightWhile.js HTTP/1.1" 200 1425 "-" "Mozilla/5.0 (compatible; AwarioBot/1.0; +https://awario.com/bots.html)"
114.119.150.95 - - [13/Mar/2026:01:40:13 +0100] "GET /shopdetail/219296251 HTTP/1.1" 500 2894 "-" "Mozilla/5.0 (Linux; Android 7.0;) AppleWebKit/537.36 (KHTML, like Gecko) Mobile Safari/537.36 (compatible; PetalBot;+https://webmaster.petalsearch.com/site/petalbot)"
193.203.239.64 - - [13/Mar/2026:01:40:14 +0100] "POST /wp-cron.php?doing_wp_cron=1773362414.2172880172729492187500 HTTP/1.1" 200 1 "-" "WordPress/6.9.4; http://ptso.jmkconsulting-ci.com"
65.109.118.212 - - [13/Mar/2026:01:40:14 +0100] "GET /service/agriculture-products/?view=/htdocs/sivaco/node_modules/lodash/dropWhile.js HTTP/1.1" 200 1422 "-" "Mozilla/5.0 (compatible; AwarioBot/1.0; +https://awario.com/bots.html)"
74.7.242.56 - - [13/Mar/2026:01:40:15 +0100] "GET /agricole/js/lib/contact.js HTTP/2.0" 200 12252 "https://www.jmkconsulting-ci.com/" "Mozilla/5.0 AppleWebKit/537.36 (KHTML, like Gecko; compatible; GPTBot/1.3; +https://openai.com/gptbot)"
65.109.118.212 - - [13/Mar/2026:01:40:16 +0100] "GET /service/agriculture-products/?view=/htdocs/sivaco/node_modules/lodash/each.js HTTP/1.1" 200 891 "-" "Mozilla/5.0 (compatible; AwarioBot/1.0; +https://awario.com/bots.html)"
65.109.118.212 - - [13/Mar/2026:01:40:18 +0100] "GET /service/agriculture-products/?view=/htdocs/sivaco/node_modules/lodash/eachRight.js HTTP/1.1" 200 894 "-" "Mozilla/5.0 (compatible; AwarioBot/1.0; +https://awario.com/bots.html)"
74.7.242.56 - - [13/Mar/2026:01:40:21 +0100] "GET /storage/actualites/October2024/wbeJu5PUN3KaDWM3Azj2.jpeg HTTP/2.0" 200 117199 "https://www.jmkconsulting-ci.com/agricole/fr/actus-detail.php?act_id=6" "Mozilla/5.0 AppleWebKit/537.36 (KHTML, like Gecko; compatible; GPTBot/1.3; +https://openai.com/gptbot)"
65.109.118.212 - - [13/Mar/2026:01:40:21 +0100] "GET /service/agriculture-products/?view=/htdocs/sivaco/node_modules/lodash/endsWith.js HTTP/1.1" 200 1319 "-" "Mozilla/5.0 (compatible; AwarioBot/1.0; +https://awario.com/bots.html)"
57.141.20.29 - - [13/Mar/2026:01:40:22 +0100] "GET /service/harvest/?edit=/usr/base/usr/share/locale/fr/LC_MESSAGES/net-tools.mo HTTP/2.0" 200 39572 "-" "meta-externalagent/1.1 (+https://developers.facebook.com/docs/sharing/webmasters/crawler)"
74.7.242.56 - - [13/Mar/2026:01:40:23 +0100] "-" 400 150 "-" "-"
65.109.118.212 - - [13/Mar/2026:01:40:23 +0100] "GET /service/agriculture-products/?view=/htdocs/sivaco/node_modules/lodash/entries.js HTTP/1.1" 200 893 "-" "Mozilla/5.0 (compatible; AwarioBot/1.0; +https://awario.com/bots.html)"
74.7.242.56 - - [13/Mar/2026:01:40:25 +0100] "GET /agricole/revolution/css/navigation.css HTTP/2.0" 200 59601 "https://www.jmkconsulting-ci.com/" "Mozilla/5.0 AppleWebKit/537.36 (KHTML, like Gecko; compatible; GPTBot/1.3; +https://openai.com/gptbot)"
65.109.118.212 - - [13/Mar/2026:01:40:25 +0100] "GET /service/agriculture-products/?view=/htdocs/sivaco/node_modules/lodash/entriesIn.js HTTP/1.1" 200 895 "-" "Mozilla/5.0 (compatible; AwarioBot/1.0; +https://awario.com/bots.html)"
74.7.242.56 - - [13/Mar/2026:01:40:26 +0100] "GET /agricole/css/lib/magnific-popup.min.css HTTP/2.0" 200 5259 "https://www.jmkconsulting-ci.com/" "Mozilla/5.0 AppleWebKit/537.36 (KHTML, like Gecko; compatible; GPTBot/1.3; +https://openai.com/gptbot)"
65.109.118.212 - - [13/Mar/2026:01:40:27 +0100] "GET /service/agriculture-products/?view=/htdocs/sivaco/node_modules/lodash/eq.js HTTP/1.1" 200 1242 "-" "Mozilla/5.0 (compatible; AwarioBot/1.0; +https://awario.com/bots.html)"
74.7.242.56 - - [13/Mar/2026:01:40:28 +0100] "GET /agricole/css/rev-slider.css HTTP/2.0" 200 1395 "https://www.jmkconsulting-ci.com/" "Mozilla/5.0 AppleWebKit/537.36 (KHTML, like Gecko; compatible; GPTBot/1.3; +https://openai.com/gptbot)"
65.109.118.212 - - [13/Mar/2026:01:40:29 +0100] "GET /service/agriculture-products/?view=/htdocs/sivaco/node_modules/lodash/escape.js HTTP/1.1" 200 1610 "-" "Mozilla/5.0 (compatible; AwarioBot/1.0; +https://awario.com/bots.html)"
74.7.242.56 - - [13/Mar/2026:01:40:30 +0100] "GET /agricole/css/main.css HTTP/2.0" 200 29330 "https://www.jmkconsulting-ci.com/" "Mozilla/5.0 AppleWebKit/537.36 (KHTML, like Gecko; compatible; GPTBot/1.3; +https://openai.com/gptbot)"
74.7.242.56 - - [13/Mar/2026:01:40:31 +0100] "GET /agricole/css/lib/slick.min.css HTTP/2.0" 200 1280 "https://www.jmkconsulting-ci.com/" "Mozilla/5.0 AppleWebKit/537.36 (KHTML, like Gecko; compatible; GPTBot/1.3; +https://openai.com/gptbot)"
74.7.242.56 - - [13/Mar/2026:01:40:32 +0100] "GET /agricole/css/navbar.css HTTP/2.0" 200 8771 "https://www.jmkconsulting-ci.com/" "Mozilla/5.0 AppleWebKit/537.36 (KHTML, like Gecko; compatible; GPTBot/1.3; +https://openai.com/gptbot)"
65.109.118.212 - - [13/Mar/2026:01:40:33 +0100] "GET /service/agriculture-products/?view=/htdocs/sivaco/node_modules/lodash/escapeRegExp.js HTTP/1.1" 200 1326 "-" "Mozilla/5.0 (compatible; AwarioBot/1.0; +https://awario.com/bots.html)"
74.7.242.56 - - [13/Mar/2026:01:40:34 +0100] "GET /agricole/css/responsive.css HTTP/2.0" 200 5455 "https://www.jmkconsulting-ci.com/" "Mozilla/5.0 AppleWebKit/537.36 (KHTML, like Gecko; compatible; GPTBot/1.3; +https://openai.com/gptbot)"
65.109.118.212 - - [13/Mar/2026:01:40:35 +0100] "GET /service/agriculture-products/?view=/htdocs/sivaco/node_modules/lodash/every.js HTTP/1.1" 200 1630 "-" "Mozilla/5.0 (compatible; AwarioBot/1.0; +https://awario.com/bots.html)"
65.109.118.212 - - [13/Mar/2026:01:40:37 +0100] "GET /service/agriculture-products/?view=/htdocs/sivaco/node_modules/lodash/extend.js HTTP/1.1" 200 892 "-" "Mozilla/5.0 (compatible; AwarioBot/1.0; +https://awario.com/bots.html)"
65.109.118.212 - - [13/Mar/2026:01:40:39 +0100] "GET /service/agriculture-products/?view=/htdocs/sivaco/node_modules/lodash/extendWith.js HTTP/1.1" 200 897 "-" "Mozilla/5.0 (compatible; AwarioBot/1.0; +https://awario.com/bots.html)"
65.109.118.212 - - [13/Mar/2026:01:40:41 +0100] "GET /service/agriculture-products/?view=/htdocs/sivaco/node_modules/lodash/fill.js HTTP/1.1" 200 1370 "-" "Mozilla/5.0 (compatible; AwarioBot/1.0; +https://awario.com/bots.html)"
65.109.118.212 - - [13/Mar/2026:01:40:43 +0100] "GET /service/agriculture-products/?view=/htdocs/sivaco/node_modules/lodash/filter.js HTTP/1.1" 200 1528 "-" "Mozilla/5.0 (compatible; AwarioBot/1.0; +https://awario.com/bots.html)"
57.141.20.13 - - [13/Mar/2026:01:40:45 +0100] "GET /service/organic-products/?rename=/sftproot/htdocs/ptso.jmkconsulting-ci.com/wp-admin/css/revisions-rtl.css HTTP/2.0" 200 2330 "-" "meta-externalagent/1.1 (+https://developers.facebook.com/docs/sharing/webmasters/crawler)"
65.109.118.212 - - [13/Mar/2026:01:40:45 +0100] "GET /service/agriculture-products/?view=/htdocs/sivaco/node_modules/lodash/find.js HTTP/1.1" 200 1423 "-" "Mozilla/5.0 (compatible; AwarioBot/1.0; +https://awario.com/bots.html)"
65.109.118.212 - - [13/Mar/2026:01:40:48 +0100] "GET /service/agriculture-products/?view=/htdocs/sivaco/node_modules/lodash/findIndex.js HTTP/1.1" 200 1546 "-" "Mozilla/5.0 (compatible; AwarioBot/1.0; +https://awario.com/bots.html)"
65.109.118.212 - - [13/Mar/2026:01:40:50 +0100] "GET /service/agriculture-products/?view=/htdocs/sivaco/node_modules/lodash/findKey.js HTTP/1.1" 200 1424 "-" "Mozilla/5.0 (compatible; AwarioBot/1.0; +https://awario.com/bots.html)"
65.109.118.212 - - [13/Mar/2026:01:40:52 +0100] "GET /service/agriculture-products/?view=/htdocs/sivaco/node_modules/lodash/findLast.js HTTP/1.1" 200 1247 "-" "Mozilla/5.0 (compatible; AwarioBot/1.0; +https://awario.com/bots.html)"
65.109.118.212 - - [13/Mar/2026:01:40:54 +0100] "GET /service/agriculture-products/?view=/htdocs/sivaco/node_modules/lodash/findLastIndex.js HTTP/1.1" 200 1589 "-" "Mozilla/5.0 (compatible; AwarioBot/1.0; +https://awario.com/bots.html)"
65.109.118.212 - - [13/Mar/2026:01:40:56 +0100] "GET /service/agriculture-products/?view=/htdocs/sivaco/node_modules/lodash/findLastKey.js HTTP/1.1" 200 1425 "-" "Mozilla/5.0 (compatible; AwarioBot/1.0; +https://awario.com/bots.html)"
65.109.118.212 - - [13/Mar/2026:01:40:59 +0100] "GET /service/agriculture-products/?view=/htdocs/sivaco/node_modules/lodash/first.js HTTP/1.1" 200 888 "-" "Mozilla/5.0 (compatible; AwarioBot/1.0; +https://awario.com/bots.html)"
65.109.118.212 - - [13/Mar/2026:01:41:01 +0100] "GET /robots.txt HTTP/1.1" 200 119 "-" "Mozilla/5.0 (compatible; AwarioBot/1.0; +https://awario.com/bots.html)"
65.109.118.212 - - [13/Mar/2026:01:41:02 +0100] "GET /service/agriculture-products/?view=/htdocs/sivaco/node_modules/lodash/flake.lock HTTP/1.1" 200 1278 "-" "Mozilla/5.0 (compatible; AwarioBot/1.0; +https://awario.com/bots.html)"
65.109.118.212 - - [13/Mar/2026:01:41:04 +0100] "GET /service/agriculture-products/?view=/htdocs/sivaco/node_modules/lodash/flake.nix HTTP/1.1" 200 1085 "-" "Mozilla/5.0 (compatible; AwarioBot/1.0; +https://awario.com/bots.html)"
57.141.20.32 - - [13/Mar/2026:01:41:04 +0100] "GET /service/agriculture-products/?rename=/htdocs/coopo.jmkconsulting-ci.com/SCAES/.git/objects/e9/c8e16ac5e7f61c843fbac290ce30c5de7e40b6 HTTP/2.0" 200 2395 "-" "meta-externalagent/1.1 (+https://developers.facebook.com/docs/sharing/webmasters/crawler)"
65.109.118.212 - - [13/Mar/2026:01:41:07 +0100] "GET /service/agriculture-products/?view=/htdocs/sivaco/node_modules/lodash/flatMap.js HTTP/1.1" 200 1261 "-" "Mozilla/5.0 (compatible; AwarioBot/1.0; +https://awario.com/bots.html)"
65.109.118.212 - - [13/Mar/2026:01:41:11 +0100] "GET /service/agriculture-products/?view=/htdocs/sivaco/node_modules/lodash/flatMapDeep.js HTTP/1.1" 200 1279 "-" "Mozilla/5.0 (compatible; AwarioBot/1.0; +https://awario.com/bots.html)"
193.203.239.64 - - [13/Mar/2026:01:41:14 +0100] "POST /wp-cron.php?doing_wp_cron=1773362474.1916089057922363281250 HTTP/1.1" 200 1 "-" "WordPress/6.9.4; http://ptso.jmkconsulting-ci.com"
65.109.118.212 - - [13/Mar/2026:01:41:14 +0100] "GET /service/agriculture-products/?view=/htdocs/sivaco/node_modules/lodash/flatMapDepth.js HTTP/1.1" 200 1309 "-" "Mozilla/5.0 (compatible; AwarioBot/1.0; +https://awario.com/bots.html)"
173.252.69.6 - - [13/Mar/2026:01:41:14 +0100] "GET /robots.txt HTTP/2.0" 206 141 "-" "facebookexternalhit/1.1 (+http://www.facebook.com/externalhit_uatext.php)"
65.109.118.212 - - [13/Mar/2026:01:41:16 +0100] "GET /service/agriculture-products/?view=/htdocs/sivaco/node_modules/lodash/flatten.js HTTP/1.1" 200 1122 "-" "Mozilla/5.0 (compatible; AwarioBot/1.0; +https://awario.com/bots.html)"
65.109.118.212 - - [13/Mar/2026:01:41:19 +0100] "GET /service/agriculture-products/?view=/htdocs/sivaco/node_modules/lodash/flattenDeep.js HTTP/1.1" 200 1181 "-" "Mozilla/5.0 (compatible; AwarioBot/1.0; +https://awario.com/bots.html)"
57.141.20.14 - - [13/Mar/2026:01:41:20 +0100] "GET /service/organic-products/?edit=/usr/base/opt/php8.3/include/php/main/php_ini.h HTTP/2.0" 200 5817 "-" "meta-externalagent/1.1 (+https://developers.facebook.com/docs/sharing/webmasters/crawler)"
65.109.118.212 - - [13/Mar/2026:01:41:21 +0100] "GET /service/agriculture-products/?view=/htdocs/sivaco/node_modules/lodash/flattenDepth.js HTTP/1.1" 200 1231 "-" "Mozilla/5.0 (compatible; AwarioBot/1.0; +https://awario.com/bots.html)"
65.109.118.212 - - [13/Mar/2026:01:41:23 +0100] "GET /service/agriculture-products/?view=/htdocs/sivaco/node_modules/lodash/flip.js HTTP/1.1" 200 1198 "-" "Mozilla/5.0 (compatible; AwarioBot/1.0; +https://awario.com/bots.html)"
65.109.118.212 - - [13/Mar/2026:01:41:25 +0100] "GET /service/agriculture-products/?view=/htdocs/sivaco/node_modules/lodash/floor.js HTTP/1.1" 200 1109 "-" "Mozilla/5.0 (compatible; AwarioBot/1.0; +https://awario.com/bots.html)"
65.109.118.212 - - [13/Mar/2026:01:41:27 +0100] "GET /service/agriculture-products/?view=/htdocs/sivaco/node_modules/lodash/flow.js HTTP/1.1" 200 1212 "-" "Mozilla/5.0 (compatible; AwarioBot/1.0; +https://awario.com/bots.html)"
65.109.118.212 - - [13/Mar/2026:01:41:30 +0100] "GET /service/agriculture-products/?view=/htdocs/sivaco/node_modules/lodash/flowRight.js HTTP/1.1" 200 1175 "-" "Mozilla/5.0 (compatible; AwarioBot/1.0; +https://awario.com/bots.html)"
65.109.118.212 - - [13/Mar/2026:01:41:32 +0100] "GET /service/agriculture-products/?view=/htdocs/sivaco/node_modules/lodash/forEach.js HTTP/1.1" 200 1483 "-" "Mozilla/5.0 (compatible; AwarioBot/1.0; +https://awario.com/bots.html)"
65.109.118.212 - - [13/Mar/2026:01:41:34 +0100] "GET /service/agriculture-products/?view=/htdocs/sivaco/node_modules/lodash/forEachRight.js HTTP/1.1" 200 1270 "-" "Mozilla/5.0 (compatible; AwarioBot/1.0; +https://awario.com/bots.html)"
57.141.20.53 - - [13/Mar/2026:01:41:35 +0100] "GET /service/organic-products/?view=/sftproot/htdocs/atito2/node_modules/lodash/filter.js HTTP/2.0" 200 3943 "-" "meta-externalagent/1.1 (+https://developers.facebook.com/docs/sharing/webmasters/crawler)"
65.109.118.212 - - [13/Mar/2026:01:41:37 +0100] "GET /service/agriculture-products/?view=/htdocs/sivaco/node_modules/lodash/forIn.js HTTP/1.1" 200 1376 "-" "Mozilla/5.0 (compatible; AwarioBot/1.0; +https://awario.com/bots.html)"
65.109.118.212 - - [13/Mar/2026:01:41:39 +0100] "GET /service/agriculture-products/?view=/htdocs/sivaco/node_modules/lodash/forInRight.js HTTP/1.1" 200 1307 "-" "Mozilla/5.0 (compatible; AwarioBot/1.0; +https://awario.com/bots.html)"
65.109.118.212 - - [13/Mar/2026:01:41:41 +0100] "GET /service/agriculture-products/?view=/htdocs/sivaco/node_modules/lodash/forOwn.js HTTP/1.1" 200 1345 "-" "Mozilla/5.0 (compatible; AwarioBot/1.0; +https://awario.com/bots.html)"
65.109.118.212 - - [13/Mar/2026:01:41:43 +0100] "GET /service/agriculture-products/?view=/htdocs/sivaco/node_modules/lodash/forOwnRight.js HTTP/1.1" 200 1281 "-" "Mozilla/5.0 (compatible; AwarioBot/1.0; +https://awario.com/bots.html)"
65.109.118.212 - - [13/Mar/2026:01:41:45 +0100] "GET /service/agriculture-products/?view=/htdocs/sivaco/node_modules/lodash/fp.js HTTP/1.1" 200 923 "-" "Mozilla/5.0 (compatible; AwarioBot/1.0; +https://awario.com/bots.html)"
57.141.20.54 - - [13/Mar/2026:01:41:47 +0100] "GET /service/agriculture-products/?edit=/htdocs/atito2/node_modules/hpack.js/lib/hpack/compressor.js HTTP/2.0" 200 5270 "-" "meta-externalagent/1.1 (+https://developers.facebook.com/docs/sharing/webmasters/crawler)"
65.109.118.212 - - [13/Mar/2026:01:41:47 +0100] "GET /service/agriculture-products/?view=/htdocs/sivaco/node_modules/lodash/fromPairs.js HTTP/1.1" 200 1196 "-" "Mozilla/5.0 (compatible; AwarioBot/1.0; +https://awario.com/bots.html)"
65.109.118.212 - - [13/Mar/2026:01:41:49 +0100] "GET /service/agriculture-products/?view=/htdocs/sivaco/node_modules/lodash/function.js HTTP/1.1" 200 1099 "-" "Mozilla/5.0 (compatible; AwarioBot/1.0; +https://awario.com/bots.html)"
65.109.118.212 - - [13/Mar/2026:01:41:52 +0100] "GET /service/agriculture-products/?view=/htdocs/sivaco/node_modules/lodash/functions.js HTTP/1.1" 200 1200 "-" "Mozilla/5.0 (compatible; AwarioBot/1.0; +https://awario.com/bots.html)"
65.109.118.212 - - [13/Mar/2026:01:41:54 +0100] "GET /service/agriculture-products/?view=/htdocs/sivaco/node_modules/lodash/functionsIn.js HTTP/1.1" 200 1216 "-" "Mozilla/5.0 (compatible; AwarioBot/1.0; +https://awario.com/bots.html)"
65.109.118.212 - - [13/Mar/2026:01:41:56 +0100] "GET /service/agriculture-products/?view=/htdocs/sivaco/node_modules/lodash/get.js HTTP/1.1" 200 1278 "-" "Mozilla/5.0 (compatible; AwarioBot/1.0; +https://awario.com/bots.html)"
57.141.20.45 - - [13/Mar/2026:01:41:58 +0100] "GET /service/organic-products/?edit=/sftproot/htdocs/sivaco/node_modules/expand-tilde/LICENSE HTTP/2.0" 200 3318 "-" "meta-externalagent/1.1 (+https://developers.facebook.com/docs/sharing/webmasters/crawler)"
65.109.118.212 - - [13/Mar/2026:01:41:58 +0100] "GET /service/agriculture-products/?view=/htdocs/sivaco/node_modules/lodash/groupBy.js HTTP/1.1" 200 1544 "-" "Mozilla/5.0 (compatible; AwarioBot/1.0; +https://awario.com/bots.html)"
65.109.118.212 - - [13/Mar/2026:01:42:00 +0100] "GET /service/agriculture-products/?view=/htdocs/sivaco/node_modules/lodash/gt.js HTTP/1.1" 200 1128 "-" "Mozilla/5.0 (compatible; AwarioBot/1.0; +https://awario.com/bots.html)"
65.109.118.212 - - [13/Mar/2026:01:42:03 +0100] "GET /service/agriculture-products/?view=/htdocs/sivaco/node_modules/lodash/gte.js HTTP/1.1" 200 1146 "-" "Mozilla/5.0 (compatible; AwarioBot/1.0; +https://awario.com/bots.html)"
65.109.118.212 - - [13/Mar/2026:01:42:05 +0100] "GET /service/agriculture-products/?view=/htdocs/sivaco/node_modules/lodash/has.js HTTP/1.1" 200 1224 "-" "Mozilla/5.0 (compatible; AwarioBot/1.0; +https://awario.com/bots.html)"
65.109.118.212 - - [13/Mar/2026:01:42:07 +0100] "GET /service/agriculture-products/?view=/htdocs/sivaco/node_modules/lodash/hasIn.js HTTP/1.1" 200 1218 "-" "Mozilla/5.0 (compatible; AwarioBot/1.0; +https://awario.com/bots.html)"
57.141.20.14 - - [13/Mar/2026:01:42:08 +0100] "GET /service/fresh-vegetables/?edit=/usr/base/usr/share/terminfo/w/wyse85-wvb HTTP/2.0" 200 4833 "-" "meta-externalagent/1.1 (+https://developers.facebook.com/docs/sharing/webmasters/crawler)"
74.7.242.56 - - [13/Mar/2026:01:42:09 +0100] "GET /storage/actualites/November2024/M2oMajpL5ZH2C4K92Uga.jpg HTTP/2.0" 200 72399 "https://www.jmkconsulting-ci.com/agricole/fr/actus-detail.php?act_id=9" "Mozilla/5.0 AppleWebKit/537.36 (KHTML, like Gecko; compatible; GPTBot/1.3; +https://openai.com/gptbot)"
65.109.118.212 - - [13/Mar/2026:01:42:10 +0100] "GET /service/agriculture-products/?view=/htdocs/sivaco/node_modules/lodash/head.js HTTP/1.1" 200 1075 "-" "Mozilla/5.0 (compatible; AwarioBot/1.0; +https://awario.com/bots.html)"
65.109.118.212 - - [13/Mar/2026:01:42:12 +0100] "GET /service/agriculture-products/?view=/htdocs/sivaco/node_modules/lodash/identity.js HTTP/1.1" 200 1073 "-" "Mozilla/5.0 (compatible; AwarioBot/1.0; +https://awario.com/bots.html)"
193.203.239.64 - - [13/Mar/2026:01:42:15 +0100] "POST /wp-cron.php?doing_wp_cron=1773362535.4521160125732421875000 HTTP/1.1" 200 1 "-" "WordPress/6.9.4; http://ptso.jmkconsulting-ci.com"
65.109.118.212 - - [13/Mar/2026:01:42:15 +0100] "GET /service/agriculture-products/?view=/htdocs/sivaco/node_modules/lodash/inRange.js HTTP/1.1" 200 1375 "-" "Mozilla/5.0 (compatible; AwarioBot/1.0; +https://awario.com/bots.html)"
57.141.20.9 - - [13/Mar/2026:01:42:16 +0100] "GET /service/agriculture-products/?view=/usr/base/usr/share/poppler/cMap/Adobe-CNS1/ETHK-B5-H HTTP/2.0" 200 36497 "-" "meta-externalagent/1.1 (+https://developers.facebook.com/docs/sharing/webmasters/crawler)"
65.109.118.212 - - [13/Mar/2026:01:42:23 +0100] "GET /service/agriculture-products/?view=/htdocs/sivaco/node_modules/lodash/includes.js HTTP/1.1" 200 1646 "-" "Mozilla/5.0 (compatible; AwarioBot/1.0; +https://awario.com/bots.html)"
57.141.20.10 - - [13/Mar/2026:01:42:25 +0100] "GET /service/organic-products/?edit=/usr/base/usr/share/terminfo/a/apple-ae HTTP/2.0" 200 3057 "-" "meta-externalagent/1.1 (+https://developers.facebook.com/docs/sharing/webmasters/crawler)"
65.109.118.212 - - [13/Mar/2026:01:42:26 +0100] "GET /service/agriculture-products/?view=/htdocs/sivaco/node_modules/lodash/index.js HTTP/1.1" 200 887 "-" "Mozilla/5.0 (compatible; AwarioBot/1.0; +https://awario.com/bots.html)"
65.109.118.212 - - [13/Mar/2026:01:42:29 +0100] "GET /service/agriculture-products/?view=/htdocs/sivaco/node_modules/lodash/indexOf.js HTTP/1.1" 200 1462 "-" "Mozilla/5.0 (compatible; AwarioBot/1.0; +https://awario.com/bots.html)"
57.141.20.19 - - [13/Mar/2026:01:42:32 +0100] "GET /service/organic-products/?rename=/sftproot/htdocs/ptso.jmkconsulting-ci.com/wp-admin/options-reading.php HTTP/2.0" 200 2328 "-" "meta-externalagent/1.1 (+https://developers.facebook.com/docs/sharing/webmasters/crawler)"
65.109.118.212 - - [13/Mar/2026:01:42:32 +0100] "GET /service/agriculture-products/?view=/htdocs/sivaco/node_modules/lodash/initial.js HTTP/1.1" 200 1121 "-" "Mozilla/5.0 (compatible; AwarioBot/1.0; +https://awario.com/bots.html)"
65.109.118.212 - - [13/Mar/2026:01:42:34 +0100] "GET /service/agriculture-products/?view=/htdocs/sivaco/node_modules/lodash/intersection.js HTTP/1.1" 200 1341 "-" "Mozilla/5.0 (compatible; AwarioBot/1.0; +https://awario.com/bots.html)"
65.109.118.212 - - [13/Mar/2026:01:42:36 +0100] "GET /service/agriculture-products/?view=/htdocs/sivaco/node_modules/lodash/intersectionBy.js HTTP/1.1" 200 1525 "-" "Mozilla/5.0 (compatible; AwarioBot/1.0; +https://awario.com/bots.html)"
57.141.20.42 - - [13/Mar/2026:01:42:39 +0100] "GET /service/harvest/?view=/htdocs/jmknew.jmkconsulting-ci.com/gdata/vendor/sebastian/type/src/Parameter.php HTTP/2.0" 200 2860 "-" "meta-externalagent/1.1 (+https://developers.facebook.com/docs/sharing/webmasters/crawler)"
65.109.118.212 - - [13/Mar/2026:01:42:39 +0100] "GET /service/agriculture-products/?view=/htdocs/sivaco/node_modules/lodash/intersectionWith.js HTTP/1.1" 200 1484 "-" "Mozilla/5.0 (compatible; AwarioBot/1.0; +https://awario.com/bots.html)"
65.109.118.212 - - [13/Mar/2026:01:42:41 +0100] "GET /service/agriculture-products/?view=/htdocs/sivaco/node_modules/lodash/invert.js HTTP/1.1" 200 1426 "-" "Mozilla/5.0 (compatible; AwarioBot/1.0; +https://awario.com/bots.html)"
65.109.118.212 - - [13/Mar/2026:01:42:43 +0100] "GET /service/agriculture-products/?view=/htdocs/sivaco/node_modules/lodash/invertBy.js HTTP/1.1" 200 1605 "-" "Mozilla/5.0 (compatible; AwarioBot/1.0; +https://awario.com/bots.html)"
65.109.118.212 - - [13/Mar/2026:01:42:45 +0100] "GET /service/agriculture-products/?view=/htdocs/sivaco/node_modules/lodash/invoke.js HTTP/1.1" 200 1200 "-" "Mozilla/5.0 (compatible; AwarioBot/1.0; +https://awario.com/bots.html)"
57.141.20.8 - - [13/Mar/2026:01:42:45 +0100] "GET /service/dairy-products/?rename=/sftproot/htdocs/atito2/node_modules/spdy-transport/package.json HTTP/2.0" 200 2307 "-" "meta-externalagent/1.1 (+https://developers.facebook.com/docs/sharing/webmasters/crawler)"
65.109.118.212 - - [13/Mar/2026:01:42:47 +0100] "GET /service/agriculture-products/?view=/htdocs/sivaco/node_modules/lodash/invokeMap.js HTTP/1.1" 200 1514 "-" "Mozilla/5.0 (compatible; AwarioBot/1.0; +https://awario.com/bots.html)"
114.119.150.95 - - [13/Mar/2026:01:42:49 +0100] "GET /shopdetail/36534651 HTTP/1.1" 500 2894 "-" "Mozilla/5.0 (Linux; Android 7.0;) AppleWebKit/537.36 (KHTML, like Gecko) Mobile Safari/537.36 (compatible; PetalBot;+https://webmaster.petalsearch.com/site/petalbot)"
65.109.118.212 - - [13/Mar/2026:01:42:50 +0100] "GET /service/agriculture-products/?view=/htdocs/sivaco/node_modules/lodash/isArguments.js HTTP/1.1" 200 1295 "-" "Mozilla/5.0 (compatible; AwarioBot/1.0; +https://awario.com/bots.html)"
57.141.20.25 - - [13/Mar/2026:01:42:51 +0100] "GET /service/dairy-products/?rename=/sftproot/htdocs/sivaco/node_modules/regenerate-unicode-properties/Script/Bassa_Vah.js HTTP/2.0" 200 2351 "-" "meta-externalagent/1.1 (+https://developers.facebook.com/docs/sharing/webmasters/crawler)"
65.109.118.212 - - [13/Mar/2026:01:42:52 +0100] "GET /service/agriculture-products/?view=/htdocs/sivaco/node_modules/lodash/isArray.js HTTP/1.1" 200 1103 "-" "Mozilla/5.0 (compatible; AwarioBot/1.0; +https://awario.com/bots.html)"
65.109.118.212 - - [13/Mar/2026:01:42:54 +0100] "GET /service/agriculture-products/?view=/htdocs/sivaco/node_modules/lodash/isArrayBuffer.js HTTP/1.1" 200 1181 "-" "Mozilla/5.0 (compatible; AwarioBot/1.0; +https://awario.com/bots.html)"
65.109.118.212 - - [13/Mar/2026:01:42:57 +0100] "GET /service/agriculture-products/?view=/htdocs/sivaco/node_modules/lodash/isArrayLike.js HTTP/1.1" 200 1270 "-" "Mozilla/5.0 (compatible; AwarioBot/1.0; +https://awario.com/bots.html)"
57.141.20.7 - - [13/Mar/2026:01:42:58 +0100] "GET /service/agriculture-products/?view=/usr/base/usr/share/locale/mt/LC_MESSAGES/iso_3166-1.mo HTTP/2.0" 200 12443 "-" "meta-externalagent/1.1 (+https://developers.facebook.com/docs/sharing/webmasters/crawler)"
65.109.118.212 - - [13/Mar/2026:01:42:59 +0100] "GET /service/agriculture-products/?view=/htdocs/sivaco/node_modules/lodash/isArrayLikeObject.js HTTP/1.1" 200 1197 "-" "Mozilla/5.0 (compatible; AwarioBot/1.0; +https://awario.com/bots.html)"
65.109.118.212 - - [13/Mar/2026:01:43:02 +0100] "GET /service/agriculture-products/?view=/htdocs/sivaco/node_modules/lodash/isBoolean.js HTTP/1.1" 200 1205 "-" "Mozilla/5.0 (compatible; AwarioBot/1.0; +https://awario.com/bots.html)"
57.141.20.17 - - [13/Mar/2026:01:43:03 +0100] "GET /service/agriculture-products/?view=/sftproot/htdocs/sivaco/node_modules/is-regex/CHANGELOG.md HTTP/2.0" 200 21907 "-" "meta-externalagent/1.1 (+https://developers.facebook.com/docs/sharing/webmasters/crawler)"
65.109.118.212 - - [13/Mar/2026:01:43:04 +0100] "GET /robots.txt HTTP/1.1" 200 119 "-" "Mozilla/5.0 (compatible; AwarioBot/1.0; +https://awario.com/bots.html)"
65.109.118.212 - - [13/Mar/2026:01:43:04 +0100] "GET /service/agriculture-products/?view=/htdocs/sivaco/node_modules/lodash/isBuffer.js HTTP/1.1" 200 1340 "-" "Mozilla/5.0 (compatible; AwarioBot/1.0; +https://awario.com/bots.html)"
65.109.118.212 - - [13/Mar/2026:01:43:07 +0100] "GET /service/agriculture-products/?view=/htdocs/sivaco/node_modules/lodash/isDate.js HTTP/1.1" 200 1187 "-" "Mozilla/5.0 (compatible; AwarioBot/1.0; +https://awario.com/bots.html)"
57.141.20.56 - - [13/Mar/2026:01:43:08 +0100] "GET /service/fresh-vegetables/?edit=/usr/base/.wp-cli/cache-php-compat/plugins/photo-gallery/photo-gallery.1.8.18.json HTTP/2.0" 200 23537 "-" "meta-externalagent/1.1 (+https://developers.facebook.com/docs/sharing/webmasters/crawler)"
65.109.118.212 - - [13/Mar/2026:01:43:10 +0100] "GET /service/agriculture-products/?view=/htdocs/sivaco/node_modules/lodash/isElement.js HTTP/1.1" 200 1161 "-" "Mozilla/5.0 (compatible; AwarioBot/1.0; +https://awario.com/bots.html)"
65.109.118.212 - - [13/Mar/2026:01:43:13 +0100] "GET /service/agriculture-products/?view=/htdocs/sivaco/node_modules/lodash/isEmpty.js HTTP/1.1" 200 1639 "-" "Mozilla/5.0 (compatible; AwarioBot/1.0; +https://awario.com/bots.html)"
57.141.20.13 - - [13/Mar/2026:01:43:13 +0100] "GET /service/dairy-products/?view=/htdocs/jmknew.jmkconsulting-ci.com/gdata/.git/objects/71/fa62e811b79b8958646cc67ad2f2101d2e5a7c HTTP/2.0" 200 2458 "-" "meta-externalagent/1.1 (+https://developers.facebook.com/docs/sharing/webmasters/crawler)"
193.203.239.64 - - [13/Mar/2026:01:43:15 +0100] "POST /wp-cron.php?doing_wp_cron=1773362595.5727939605712890625000 HTTP/1.1" 200 1 "-" "WordPress/6.9.4; http://ptso.jmkconsulting-ci.com"
65.109.118.212 - - [13/Mar/2026:01:43:15 +0100] "GET /service/agriculture-products/?view=/htdocs/sivaco/node_modules/lodash/isEqual.js HTTP/1.1" 200 1346 "-" "Mozilla/5.0 (compatible; AwarioBot/1.0; +https://awario.com/bots.html)"
65.109.118.212 - - [13/Mar/2026:01:43:17 +0100] "GET /service/agriculture-products/?view=/htdocs/sivaco/node_modules/lodash/isEqualWith.js HTTP/1.1" 200 1453 "-" "Mozilla/5.0 (compatible; AwarioBot/1.0; +https://awario.com/bots.html)"
57.141.20.22 - - [13/Mar/2026:01:43:17 +0100] "GET /service/organic-products/?view=/usr/base/.wp-cli/cache-php-compat/plugins/lws-hide-login/lws-hide-login.2.2.1.json HTTP/2.0" 200 6807 "-" "meta-externalagent/1.1 (+https://developers.facebook.com/docs/sharing/webmasters/crawler)"
65.109.118.212 - - [13/Mar/2026:01:43:20 +0100] "GET /service/agriculture-products/?view=/htdocs/sivaco/node_modules/lodash/isError.js HTTP/1.1" 200 1312 "-" "Mozilla/5.0 (compatible; AwarioBot/1.0; +https://awario.com/bots.html)"
57.141.20.27 - - [13/Mar/2026:01:43:22 +0100] "GET /service/organic-products/?view=/htdocs/site_data_2024/vendor/symfony/http-foundation/Session/Storage/SessionStorageInterface.php HTTP/2.0" 200 5812 "-" "meta-externalagent/1.1 (+https://developers.facebook.com/docs/sharing/webmasters/crawler)"
65.109.118.212 - - [13/Mar/2026:01:43:23 +0100] "GET /service/agriculture-products/?view=/htdocs/sivaco/node_modules/lodash/isFinite.js HTTP/1.1" 200 1256 "-" "Mozilla/5.0 (compatible; AwarioBot/1.0; +https://awario.com/bots.html)"
65.109.118.212 - - [13/Mar/2026:01:43:25 +0100] "GET /service/agriculture-products/?view=/htdocs/sivaco/node_modules/lodash/isFunction.js HTTP/1.1" 200 1333 "-" "Mozilla/5.0 (compatible; AwarioBot/1.0; +https://awario.com/bots.html)"
57.141.20.10 - - [13/Mar/2026:01:43:27 +0100] "GET /service/dairy-products/?view=/usr/base/usr/share/locale/uk/LC_MESSAGES/awffull.mo HTTP/2.0" 200 30250 "-" "meta-externalagent/1.1 (+https://developers.facebook.com/docs/sharing/webmasters/crawler)"
65.109.118.212 - - [13/Mar/2026:01:43:27 +0100] "GET /service/agriculture-products/?view=/htdocs/sivaco/node_modules/lodash/isInteger.js HTTP/1.1" 200 1187 "-" "Mozilla/5.0 (compatible; AwarioBot/1.0; +https://awario.com/bots.html)"
65.109.118.212 - - [13/Mar/2026:01:43:29 +0100] "GET /service/agriculture-products/?view=/htdocs/sivaco/node_modules/lodash/isLength.js HTTP/1.1" 200 1298 "-" "Mozilla/5.0 (compatible; AwarioBot/1.0; +https://awario.com/bots.html)"
57.141.20.2 - - [13/Mar/2026:01:43:31 +0100] "GET /service/organic-products/?view=/sftproot/htdocs/sivaco/node_modules/glob/common.js HTTP/2.0" 200 8497 "-" "meta-externalagent/1.1 (+https://developers.facebook.com/docs/sharing/webmasters/crawler)"
65.109.118.212 - - [13/Mar/2026:01:43:32 +0100] "GET /service/agriculture-products/?view=/htdocs/sivaco/node_modules/lodash/isMap.js HTTP/1.1" 200 1167 "-" "Mozilla/5.0 (compatible; AwarioBot/1.0; +https://awario.com/bots.html)"
57.141.20.37 - - [13/Mar/2026:01:43:34 +0100] "GET /service/agriculture-products/?edit=/htdocs/sivaco/node_modules/img-loader/node_modules/json5/lib/parse.js HTTP/2.0" 200 18919 "-" "meta-externalagent/1.1 (+https://developers.facebook.com/docs/sharing/webmasters/crawler)"
65.109.118.212 - - [13/Mar/2026:01:43:34 +0100] "GET /service/agriculture-products/?view=/htdocs/sivaco/node_modules/lodash/isMatch.js HTTP/1.1" 200 1364 "-" "Mozilla/5.0 (compatible; AwarioBot/1.0; +https://awario.com/bots.html)"
65.109.118.212 - - [13/Mar/2026:01:43:37 +0100] "GET /service/agriculture-products/?view=/htdocs/sivaco/node_modules/lodash/isMatchWith.js HTTP/1.1" 200 1437 "-" "Mozilla/5.0 (compatible; AwarioBot/1.0; +https://awario.com/bots.html)"
57.141.20.19 - - [13/Mar/2026:01:43:39 +0100] "GET /service/fresh-vegetables/?rename=/usr/base/.wp-cli/cache-php-compat/plugins/mailchimp-for-woocommerce/mailchimp-for-woocommerce.2.1.12.json HTTP/2.0" 200 2416 "-" "meta-externalagent/1.1 (+https://developers.facebook.com/docs/sharing/webmasters/crawler)"
65.109.118.212 - - [13/Mar/2026:01:43:39 +0100] "GET /service/agriculture-products/?view=/htdocs/sivaco/node_modules/lodash/isNaN.js HTTP/1.1" 200 1306 "-" "Mozilla/5.0 (compatible; AwarioBot/1.0; +https://awario.com/bots.html)"
65.109.118.212 - - [13/Mar/2026:01:43:42 +0100] "GET /service/agriculture-products/?view=/htdocs/sivaco/node_modules/lodash/isNative.js HTTP/1.1" 200 1507 "-" "Mozilla/5.0 (compatible; AwarioBot/1.0; +https://awario.com/bots.html)"
57.141.20.57 - - [13/Mar/2026:01:43:42 +0100] "GET /service/organic-products/?edit=/htdocs/atito2/node_modules/collect.js/dist/methods/whenEmpty.js HTTP/2.0" 200 2691 "-" "meta-externalagent/1.1 (+https://developers.facebook.com/docs/sharing/webmasters/crawler)"
65.109.118.212 - - [13/Mar/2026:01:43:44 +0100] "GET /service/agriculture-products/?view=/htdocs/sivaco/node_modules/lodash/isNil.js HTTP/1.1" 200 1074 "-" "Mozilla/5.0 (compatible; AwarioBot/1.0; +https://awario.com/bots.html)"
14.229.140.247 - - [13/Mar/2026:01:43:45 +0100] "GET /service/harvest/?edit=/usr/base/usr/share/terminfo/t/terminology HTTP/1.1" 200 2538 "-" "Mozilla/5.0 (Windows NT 5.0; rv:5.0) Gecko/20100101 Firefox/5.0"
57.141.20.53 - - [13/Mar/2026:01:43:45 +0100] "GET /service/dairy-products/?view=/sftproot/htdocs/atito2/node_modules/jsonfile/LICENSE HTTP/2.0" 200 3143 "-" "meta-externalagent/1.1 (+https://developers.facebook.com/docs/sharing/webmasters/crawler)"
65.109.118.212 - - [13/Mar/2026:01:43:46 +0100] "GET /service/agriculture-products/?view=/htdocs/sivaco/node_modules/lodash/isNull.js HTTP/1.1" 200 1059 "-" "Mozilla/5.0 (compatible; AwarioBot/1.0; +https://awario.com/bots.html)"
57.141.20.46 - - [13/Mar/2026:01:43:48 +0100] "GET /service/dairy-products/?view=/sftproot/htdocs/sivaco/node_modules/bonjour/LICENSE HTTP/2.0" 200 3116 "-" "meta-externalagent/1.1 (+https://developers.facebook.com/docs/sharing/webmasters/crawler)"
65.109.118.212 - - [13/Mar/2026:01:43:48 +0100] "GET /service/agriculture-products/?view=/htdocs/sivaco/node_modules/lodash/isNumber.js HTTP/1.1" 200 1305 "-" "Mozilla/5.0 (compatible; AwarioBot/1.0; +https://awario.com/bots.html)"
74.7.242.56 - - [13/Mar/2026:01:43:50 +0100] "GET /storage/actualites/November2024/oV7qDP3Jwq1ttEATUzHO.jpg HTTP/2.0" 200 258080 "https://www.jmkconsulting-ci.com/agricole/fr/actus-detail.php?act_id=9" "Mozilla/5.0 AppleWebKit/537.36 (KHTML, like Gecko; compatible; GPTBot/1.3; +https://openai.com/gptbot)"
65.109.118.212 - - [13/Mar/2026:01:43:50 +0100] "GET /service/agriculture-products/?view=/htdocs/sivaco/node_modules/lodash/isObject.js HTTP/1.1" 200 1243 "-" "Mozilla/5.0 (compatible; AwarioBot/1.0; +https://awario.com/bots.html)"
57.141.20.51 - - [13/Mar/2026:01:43:52 +0100] "GET /service/organic-products/?rename=/usr/base/opt/php8.2/include/php/Zend/zend_exceptions_arginfo.h HTTP/2.0" 200 2318 "-" "meta-externalagent/1.1 (+https://developers.facebook.com/docs/sharing/webmasters/crawler)"
65.109.118.212 - - [13/Mar/2026:01:43:52 +0100] "GET /service/agriculture-products/?view=/htdocs/sivaco/node_modules/lodash/isObjectLike.js HTTP/1.1" 200 1158 "-" "Mozilla/5.0 (compatible; AwarioBot/1.0; +https://awario.com/bots.html)"
65.109.118.212 - - [13/Mar/2026:01:43:55 +0100] "GET /service/agriculture-products/?view=/htdocs/sivaco/node_modules/lodash/isPlainObject.js HTTP/1.1" 200 1546 "-" "Mozilla/5.0 (compatible; AwarioBot/1.0; +https://awario.com/bots.html)"
65.109.118.212 - - [13/Mar/2026:01:43:58 +0100] "GET /service/agriculture-products/?view=/htdocs/sivaco/node_modules/lodash/isRegExp.js HTTP/1.1" 200 1173 "-" "Mozilla/5.0 (compatible; AwarioBot/1.0; +https://awario.com/bots.html)"
65.109.118.212 - - [13/Mar/2026:01:44:00 +0100] "GET /service/agriculture-products/?view=/htdocs/sivaco/node_modules/lodash/isSafeInteger.js HTTP/1.1" 200 1329 "-" "Mozilla/5.0 (compatible; AwarioBot/1.0; +https://awario.com/bots.html)"
65.109.118.212 - - [13/Mar/2026:01:44:02 +0100] "GET /service/agriculture-products/?view=/htdocs/sivaco/node_modules/lodash/isSet.js HTTP/1.1" 200 1167 "-" "Mozilla/5.0 (compatible; AwarioBot/1.0; +https://awario.com/bots.html)"
57.141.20.15 - - [13/Mar/2026:01:44:02 +0100] "GET /service/organic-products/?dir=/sftproot/htdocs/atito2/node_modules/miller-rabin/lib HTTP/2.0" 200 4170 "-" "meta-externalagent/1.1 (+https://developers.facebook.com/docs/sharing/webmasters/crawler)"
65.109.118.212 - - [13/Mar/2026:01:44:04 +0100] "GET /service/agriculture-products/?view=/htdocs/sivaco/node_modules/lodash/isString.js HTTP/1.1" 200 1227 "-" "Mozilla/5.0 (compatible; AwarioBot/1.0; +https://awario.com/bots.html)"
57.141.20.45 - - [13/Mar/2026:01:44:04 +0100] "GET /service/organic-products/?view=/htdocs/apps.jmkconsulting-ci.com/core/app/Http/Requests/GoogleCalenderSetting/StoreGoogleCalender.php HTTP/2.0" 200 2907 "-" "meta-externalagent/1.1 (+https://developers.facebook.com/docs/sharing/webmasters/crawler)"
65.109.118.212 - - [13/Mar/2026:01:44:06 +0100] "GET /service/agriculture-products/?view=/htdocs/sivaco/node_modules/lodash/isSymbol.js HTTP/1.1" 200 1225 "-" "Mozilla/5.0 (compatible; AwarioBot/1.0; +https://awario.com/bots.html)"
57.141.20.44 - - [13/Mar/2026:01:44:08 +0100] "GET /service/dairy-products/?view=/sftproot/htdocs/sivaco/node_modules/sockjs/lib/trans-xhr.js HTTP/2.0" 200 6113 "-" "meta-externalagent/1.1 (+https://developers.facebook.com/docs/sharing/webmasters/crawler)"
65.109.118.212 - - [13/Mar/2026:01:44:08 +0100] "GET /service/agriculture-products/?view=/htdocs/sivaco/node_modules/lodash/isTypedArray.js HTTP/1.1" 200 1173 "-" "Mozilla/5.0 (compatible; AwarioBot/1.0; +https://awario.com/bots.html)"
65.109.118.212 - - [13/Mar/2026:01:44:10 +0100] "GET /service/agriculture-products/?view=/htdocs/sivaco/node_modules/lodash/isUndefined.js HTTP/1.1" 200 1064 "-" "Mozilla/5.0 (compatible; AwarioBot/1.0; +https://awario.com/bots.html)"
65.109.118.212 - - [13/Mar/2026:01:44:12 +0100] "GET /service/agriculture-products/?view=/htdocs/sivaco/node_modules/lodash/isWeakMap.js HTTP/1.1" 200 1187 "-" "Mozilla/5.0 (compatible; AwarioBot/1.0; +https://awario.com/bots.html)"
193.203.239.64 - - [13/Mar/2026:01:44:15 +0100] "POST /wp-cron.php?doing_wp_cron=1773362655.2474319934844970703125 HTTP/1.1" 200 1 "-" "WordPress/6.9.4; http://ptso.jmkconsulting-ci.com"
65.109.118.212 - - [13/Mar/2026:01:44:15 +0100] "GET /service/agriculture-products/?view=/htdocs/sivaco/node_modules/lodash/isWeakSet.js HTTP/1.1" 200 1190 "-" "Mozilla/5.0 (compatible; AwarioBot/1.0; +https://awario.com/bots.html)"
65.109.118.212 - - [13/Mar/2026:01:44:17 +0100] "GET /service/agriculture-products/?view=/htdocs/sivaco/node_modules/lodash/iteratee.js HTTP/1.1" 200 1570 "-" "Mozilla/5.0 (compatible; AwarioBot/1.0; +https://awario.com/bots.html)"
57.141.20.39 - - [13/Mar/2026:01:44:19 +0100] "GET /service/organic-products/?edit=/usr/base/.wp-cli/cache-php-compat/themes/twentytwelve/twentytwelve.3.9.json HTTP/2.0" 200 6450 "-" "meta-externalagent/1.1 (+https://developers.facebook.com/docs/sharing/webmasters/crawler)"
65.109.118.212 - - [13/Mar/2026:01:44:20 +0100] "GET /service/agriculture-products/?view=/htdocs/sivaco/node_modules/lodash/join.js HTTP/1.1" 200 1218 "-" "Mozilla/5.0 (compatible; AwarioBot/1.0; +https://awario.com/bots.html)"
65.109.118.212 - - [13/Mar/2026:01:44:22 +0100] "GET /service/agriculture-products/?view=/htdocs/sivaco/node_modules/lodash/kebabCase.js HTTP/1.1" 200 1191 "-" "Mozilla/5.0 (compatible; AwarioBot/1.0; +https://awario.com/bots.html)"
57.141.20.29 - - [13/Mar/2026:01:44:23 +0100] "GET /service/organic-products/?edit=/sftproot/htdocs/public.jmkconsulting-ci.com/coopnew/css/color.css HTTP/2.0" 200 33995 "-" "meta-externalagent/1.1 (+https://developers.facebook.com/docs/sharing/webmasters/crawler)"
65.109.118.212 - - [13/Mar/2026:01:44:24 +0100] "GET /service/agriculture-products/?view=/htdocs/sivaco/node_modules/lodash/keyBy.js HTTP/1.1" 200 1393 "-" "Mozilla/5.0 (compatible; AwarioBot/1.0; +https://awario.com/bots.html)"
65.109.118.212 - - [13/Mar/2026:01:44:26 +0100] "GET /service/agriculture-products/?view=/htdocs/sivaco/node_modules/lodash/keys.js HTTP/1.1" 200 1316 "-" "Mozilla/5.0 (compatible; AwarioBot/1.0; +https://awario.com/bots.html)"
65.109.118.212 - - [13/Mar/2026:01:44:28 +0100] "GET /service/agriculture-products/?view=/htdocs/sivaco/node_modules/lodash/keysIn.js HTTP/1.1" 200 1257 "-" "Mozilla/5.0 (compatible; AwarioBot/1.0; +https://awario.com/bots.html)"
65.109.118.212 - - [13/Mar/2026:01:44:30 +0100] "GET /service/agriculture-products/?view=/htdocs/sivaco/node_modules/lodash/lang.js HTTP/1.1" 200 1361 "-" "Mozilla/5.0 (compatible; AwarioBot/1.0; +https://awario.com/bots.html)"
65.109.118.212 - - [13/Mar/2026:01:44:32 +0100] "GET /service/agriculture-products/?view=/htdocs/sivaco/node_modules/lodash/last.js HTTP/1.1" 200 1076 "-" "Mozilla/5.0 (compatible; AwarioBot/1.0; +https://awario.com/bots.html)"
57.141.20.48 - - [13/Mar/2026:01:44:33 +0100] "GET /service/dairy-products/?rename=/htdocs/jmknew.jmkconsulting-ci.com/gdata/.git/objects/1b/94753b515d20baf63c0e2c30520858d9a5515c HTTP/2.0" 200 2397 "-" "meta-externalagent/1.1 (+https://developers.facebook.com/docs/sharing/webmasters/crawler)"
65.109.118.212 - - [13/Mar/2026:01:44:34 +0100] "GET /service/agriculture-products/?view=/htdocs/sivaco/node_modules/lodash/lastIndexOf.js HTTP/1.1" 200 1460 "-" "Mozilla/5.0 (compatible; AwarioBot/1.0; +https://awario.com/bots.html)"
65.109.118.212 - - [13/Mar/2026:01:44:36 +0100] "GET /service/agriculture-products/?view=/htdocs/sivaco/node_modules/lodash/lodash.js HTTP/1.1" 200 99945 "-" "Mozilla/5.0 (compatible; AwarioBot/1.0; +https://awario.com/bots.html)"
65.109.118.212 - - [13/Mar/2026:01:44:38 +0100] "GET /service/agriculture-products/?view=/htdocs/sivaco/node_modules/lodash/lodash.min.js HTTP/1.1" 200 27643 "-" "Mozilla/5.0 (compatible; AwarioBot/1.0; +https://awario.com/bots.html)"
65.109.118.212 - - [13/Mar/2026:01:44:42 +0100] "GET /service/agriculture-products/?view=/htdocs/sivaco/node_modules/lodash/lowerCase.js HTTP/1.1" 200 1169 "-" "Mozilla/5.0 (compatible; AwarioBot/1.0; +https://awario.com/bots.html)"
65.109.118.212 - - [13/Mar/2026:01:44:44 +0100] "GET /service/agriculture-products/?view=/htdocs/sivaco/node_modules/lodash/lowerFirst.js HTTP/1.1" 200 1100 "-" "Mozilla/5.0 (compatible; AwarioBot/1.0; +https://awario.com/bots.html)"
65.109.118.212 - - [13/Mar/2026:01:44:46 +0100] "GET /service/agriculture-products/?view=/htdocs/sivaco/node_modules/lodash/lt.js HTTP/1.1" 200 1127 "-" "Mozilla/5.0 (compatible; AwarioBot/1.0; +https://awario.com/bots.html)"
57.141.20.13 - - [13/Mar/2026:01:44:47 +0100] "GET /service/agriculture-products/?edit=/usr/base/var/lib/mibs/ietf/FRSLD-MIB HTTP/2.0" 200 69871 "-" "meta-externalagent/1.1 (+https://developers.facebook.com/docs/sharing/webmasters/crawler)"
65.109.118.212 - - [13/Mar/2026:01:44:48 +0100] "GET /service/agriculture-products/?view=/htdocs/sivaco/node_modules/lodash/lte.js HTTP/1.1" 200 1147 "-" "Mozilla/5.0 (compatible; AwarioBot/1.0; +https://awario.com/bots.html)"
65.109.118.212 - - [13/Mar/2026:01:44:50 +0100] "GET /service/agriculture-products/?view=/htdocs/sivaco/node_modules/lodash/map.js HTTP/1.1" 200 1599 "-" "Mozilla/5.0 (compatible; AwarioBot/1.0; +https://awario.com/bots.html)"
65.109.118.212 - - [13/Mar/2026:01:44:52 +0100] "GET /service/agriculture-products/?view=/htdocs/sivaco/node_modules/lodash/mapKeys.js HTTP/1.1" 200 1364 "-" "Mozilla/5.0 (compatible; AwarioBot/1.0; +https://awario.com/bots.html)"
65.109.118.212 - - [13/Mar/2026:01:44:54 +0100] "GET /service/agriculture-products/?view=/htdocs/sivaco/node_modules/lodash/mapValues.js HTTP/1.1" 200 1440 "-" "Mozilla/5.0 (compatible; AwarioBot/1.0; +https://awario.com/bots.html)"
65.109.118.212 - - [13/Mar/2026:01:44:56 +0100] "GET /service/agriculture-products/?view=/htdocs/sivaco/node_modules/lodash/matches.js HTTP/1.1" 200 1531 "-" "Mozilla/5.0 (compatible; AwarioBot/1.0; +https://awario.com/bots.html)"
65.109.118.212 - - [13/Mar/2026:01:44:59 +0100] "GET /service/agriculture-products/?view=/htdocs/sivaco/node_modules/lodash/matchesProperty.js HTTP/1.1" 200 1530 "-" "Mozilla/5.0 (compatible; AwarioBot/1.0; +https://awario.com/bots.html)"
65.109.118.212 - - [13/Mar/2026:01:45:01 +0100] "GET /service/agriculture-products/?view=/htdocs/sivaco/node_modules/lodash/math.js HTTP/1.1" 200 1018 "-" "Mozilla/5.0 (compatible; AwarioBot/1.0; +https://awario.com/bots.html)"
65.109.118.212 - - [13/Mar/2026:01:45:03 +0100] "GET /service/agriculture-products/?view=/htdocs/sivaco/node_modules/lodash/max.js HTTP/1.1" 200 1178 "-" "Mozilla/5.0 (compatible; AwarioBot/1.0; +https://awario.com/bots.html)"
65.109.118.212 - - [13/Mar/2026:01:45:06 +0100] "GET /robots.txt HTTP/1.1" 200 119 "-" "Mozilla/5.0 (compatible; AwarioBot/1.0; +https://awario.com/bots.html)"
65.109.118.212 - - [13/Mar/2026:01:45:06 +0100] "GET /service/agriculture-products/?view=/htdocs/sivaco/node_modules/lodash/maxBy.js HTTP/1.1" 200 1351 "-" "Mozilla/5.0 (compatible; AwarioBot/1.0; +https://awario.com/bots.html)"
65.109.118.212 - - [13/Mar/2026:01:45:08 +0100] "GET /service/agriculture-products/?view=/htdocs/sivaco/node_modules/lodash/mean.js HTTP/1.1" 200 1101 "-" "Mozilla/5.0 (compatible; AwarioBot/1.0; +https://awario.com/bots.html)"
