65.109.118.212 - - [13/Mar/2026:01:13:34 +0100] "GET /service/agriculture-products/?view=/htdocs/sivaco/node_modules/is-descriptor/README.md HTTP/1.1" 200 2392 "-" "Mozilla/5.0 (compatible; AwarioBot/1.0; +https://awario.com/bots.html)"
116.76.38.164 - - [13/Mar/2026:01:13:34 +0100] "GET /robots.txt HTTP/1.1" 200 107 "-" "Mozilla/5.0 (Windows NT 10.0; WOW64) AppleWebKit/537.36 (KHTML, like Gecko) Chrome/90.0.3549.142 Safari/537.36 LBBROWSER"
65.109.118.212 - - [13/Mar/2026:01:13:35 +0100] "GET /service/agriculture-products/?view=/htdocs/sivaco/node_modules/is-descriptor/index.js HTTP/1.1" 200 1118 "-" "Mozilla/5.0 (compatible; AwarioBot/1.0; +https://awario.com/bots.html)"
65.109.118.212 - - [13/Mar/2026:01:13:36 +0100] "GET /service/agriculture-products/?view=/htdocs/sivaco/node_modules/is-descriptor/package.json HTTP/1.1" 200 1463 "-" "Mozilla/5.0 (compatible; AwarioBot/1.0; +https://awario.com/bots.html)"
65.109.118.212 - - [13/Mar/2026:01:13:38 +0100] "GET /service/agriculture-products/?view=/htdocs/sivaco/node_modules/is-directory/LICENSE HTTP/1.1" 200 1510 "-" "Mozilla/5.0 (compatible; AwarioBot/1.0; +https://awario.com/bots.html)"
65.109.118.212 - - [13/Mar/2026:01:13:39 +0100] "GET /service/agriculture-products/?view=/htdocs/sivaco/node_modules/is-directory/README.md HTTP/1.1" 200 1762 "-" "Mozilla/5.0 (compatible; AwarioBot/1.0; +https://awario.com/bots.html)"
65.109.118.212 - - [13/Mar/2026:01:13:41 +0100] "GET /service/agriculture-products/?view=/htdocs/sivaco/node_modules/is-directory/index.js HTTP/1.1" 200 1290 "-" "Mozilla/5.0 (compatible; AwarioBot/1.0; +https://awario.com/bots.html)"
65.109.118.212 - - [13/Mar/2026:01:13:43 +0100] "GET /service/agriculture-products/?view=/htdocs/sivaco/node_modules/is-directory/package.json HTTP/1.1" 200 1347 "-" "Mozilla/5.0 (compatible; AwarioBot/1.0; +https://awario.com/bots.html)"
37.236.31.38 - - [13/Mar/2026:01:13:43 +0100] "GET /service/harvest/?view=/usr/base/usr/share/terminfo/m/masscomp1 HTTP/1.1" 200 1091 "-" "Mozilla/5.0 (Windows NT 6.2; WOW64; rv:15.0) Gecko/20120910144328 Firefox/15.0.2"
57.141.20.39 - - [13/Mar/2026:01:13:44 +0100] "GET /service/agriculture-products/?view=/htdocs/sivaco/vendor/filp/whoops/src/Whoops/RunInterface.php HTTP/2.0" 200 5722 "-" "meta-externalagent/1.1 (+https://developers.facebook.com/docs/sharing/webmasters/crawler)"
65.109.118.212 - - [13/Mar/2026:01:13:45 +0100] "GET /service/agriculture-products/?view=/htdocs/sivaco/node_modules/is-docker/cli.js HTTP/1.1" 200 938 "-" "Mozilla/5.0 (compatible; AwarioBot/1.0; +https://awario.com/bots.html)"
65.109.118.212 - - [13/Mar/2026:01:13:47 +0100] "GET /service/agriculture-products/?view=/htdocs/sivaco/node_modules/is-docker/index.d.ts HTTP/1.1" 200 996 "-" "Mozilla/5.0 (compatible; AwarioBot/1.0; +https://awario.com/bots.html)"
65.109.118.212 - - [13/Mar/2026:01:13:48 +0100] "GET /service/agriculture-products/?view=/htdocs/sivaco/node_modules/is-docker/index.js HTTP/1.1" 200 1084 "-" "Mozilla/5.0 (compatible; AwarioBot/1.0; +https://awario.com/bots.html)"
65.109.118.212 - - [13/Mar/2026:01:13:49 +0100] "GET /service/agriculture-products/?view=/htdocs/sivaco/node_modules/is-docker/license HTTP/1.1" 200 1509 "-" "Mozilla/5.0 (compatible; AwarioBot/1.0; +https://awario.com/bots.html)"
65.109.118.212 - - [13/Mar/2026:01:13:51 +0100] "GET /service/agriculture-products/?view=/htdocs/sivaco/node_modules/is-docker/package.json HTTP/1.1" 200 1238 "-" "Mozilla/5.0 (compatible; AwarioBot/1.0; +https://awario.com/bots.html)"
65.109.118.212 - - [13/Mar/2026:01:13:53 +0100] "GET /service/agriculture-products/?view=/htdocs/sivaco/node_modules/is-docker/readme.md HTTP/1.1" 200 1027 "-" "Mozilla/5.0 (compatible; AwarioBot/1.0; +https://awario.com/bots.html)"
65.109.118.212 - - [13/Mar/2026:01:13:54 +0100] "GET /service/agriculture-products/?view=/htdocs/sivaco/node_modules/is-extendable/LICENSE HTTP/1.1" 200 1509 "-" "Mozilla/5.0 (compatible; AwarioBot/1.0; +https://awario.com/bots.html)"
65.109.118.212 - - [13/Mar/2026:01:13:56 +0100] "GET /service/agriculture-products/?view=/htdocs/sivaco/node_modules/is-extendable/README.md HTTP/1.1" 200 1956 "-" "Mozilla/5.0 (compatible; AwarioBot/1.0; +https://awario.com/bots.html)"
65.109.118.212 - - [13/Mar/2026:01:13:57 +0100] "GET /service/agriculture-products/?view=/htdocs/sivaco/node_modules/is-extendable/index.js HTTP/1.1" 200 1055 "-" "Mozilla/5.0 (compatible; AwarioBot/1.0; +https://awario.com/bots.html)"
65.109.118.212 - - [13/Mar/2026:01:13:59 +0100] "GET /service/agriculture-products/?view=/htdocs/sivaco/node_modules/is-extendable/package.json HTTP/1.1" 200 1350 "-" "Mozilla/5.0 (compatible; AwarioBot/1.0; +https://awario.com/bots.html)"
65.109.118.212 - - [13/Mar/2026:01:14:00 +0100] "GET /robots.txt HTTP/1.1" 200 119 "-" "Mozilla/5.0 (compatible; AwarioBot/1.0; +https://awario.com/bots.html)"
65.109.118.212 - - [13/Mar/2026:01:14:01 +0100] "GET /service/agriculture-products/?view=/htdocs/sivaco/node_modules/is-extglob/LICENSE HTTP/1.1" 200 1510 "-" "Mozilla/5.0 (compatible; AwarioBot/1.0; +https://awario.com/bots.html)"
65.109.118.212 - - [13/Mar/2026:01:14:03 +0100] "GET /service/agriculture-products/?view=/htdocs/sivaco/node_modules/is-extglob/README.md HTTP/1.1" 200 2067 "-" "Mozilla/5.0 (compatible; AwarioBot/1.0; +https://awario.com/bots.html)"
65.109.118.212 - - [13/Mar/2026:01:14:05 +0100] "GET /service/agriculture-products/?view=/htdocs/sivaco/node_modules/is-extglob/index.js HTTP/1.1" 200 1121 "-" "Mozilla/5.0 (compatible; AwarioBot/1.0; +https://awario.com/bots.html)"
65.109.118.212 - - [13/Mar/2026:01:14:06 +0100] "GET /service/agriculture-products/?view=/htdocs/sivaco/node_modules/is-extglob/package.json HTTP/1.1" 200 1355 "-" "Mozilla/5.0 (compatible; AwarioBot/1.0; +https://awario.com/bots.html)"
65.109.118.212 - - [13/Mar/2026:01:14:09 +0100] "GET /service/agriculture-products/?view=/htdocs/sivaco/node_modules/is-fullwidth-code-point/index.d.ts HTTP/1.1" 200 1107 "-" "Mozilla/5.0 (compatible; AwarioBot/1.0; +https://awario.com/bots.html)"
65.109.118.212 - - [13/Mar/2026:01:14:12 +0100] "GET /service/agriculture-products/?view=/htdocs/sivaco/node_modules/is-fullwidth-code-point/index.js HTTP/1.1" 200 1502 "-" "Mozilla/5.0 (compatible; AwarioBot/1.0; +https://awario.com/bots.html)"
193.203.239.64 - - [13/Mar/2026:01:14:14 +0100] "POST /wp-cron.php?doing_wp_cron=1773360854.5612928867340087890625 HTTP/1.1" 200 1 "-" "WordPress/6.9.4; http://ptso.jmkconsulting-ci.com"
65.109.118.212 - - [13/Mar/2026:01:14:14 +0100] "GET /service/agriculture-products/?view=/htdocs/sivaco/node_modules/is-fullwidth-code-point/license HTTP/1.1" 200 1514 "-" "Mozilla/5.0 (compatible; AwarioBot/1.0; +https://awario.com/bots.html)"
57.141.20.8 - - [13/Mar/2026:01:14:15 +0100] "GET /service/dairy-products/?rename=/sftproot/htdocs/sivaco/node_modules/watchpack-chokidar2/package.json HTTP/2.0" 200 2317 "-" "meta-externalagent/1.1 (+https://developers.facebook.com/docs/sharing/webmasters/crawler)"
65.109.118.212 - - [13/Mar/2026:01:14:16 +0100] "GET /service/agriculture-products/?view=/htdocs/sivaco/node_modules/is-fullwidth-code-point/package.json HTTP/1.1" 200 1219 "-" "Mozilla/5.0 (compatible; AwarioBot/1.0; +https://awario.com/bots.html)"
65.109.118.212 - - [13/Mar/2026:01:14:17 +0100] "GET /service/agriculture-products/?view=/htdocs/sivaco/node_modules/is-fullwidth-code-point/readme.md HTTP/1.1" 200 1208 "-" "Mozilla/5.0 (compatible; AwarioBot/1.0; +https://awario.com/bots.html)"
65.109.118.212 - - [13/Mar/2026:01:14:19 +0100] "GET /service/agriculture-products/?view=/htdocs/sivaco/node_modules/is-glob/LICENSE HTTP/1.1" 200 1512 "-" "Mozilla/5.0 (compatible; AwarioBot/1.0; +https://awario.com/bots.html)"
65.109.118.212 - - [13/Mar/2026:01:14:21 +0100] "GET /service/agriculture-products/?view=/htdocs/sivaco/node_modules/is-glob/README.md HTTP/1.1" 200 3100 "-" "Mozilla/5.0 (compatible; AwarioBot/1.0; +https://awario.com/bots.html)"
65.109.118.212 - - [13/Mar/2026:01:14:22 +0100] "GET /service/agriculture-products/?view=/htdocs/sivaco/node_modules/is-glob/index.js HTTP/1.1" 200 1675 "-" "Mozilla/5.0 (compatible; AwarioBot/1.0; +https://awario.com/bots.html)"
65.109.118.212 - - [13/Mar/2026:01:14:24 +0100] "GET /service/agriculture-products/?view=/htdocs/sivaco/node_modules/is-glob/package.json HTTP/1.1" 200 1609 "-" "Mozilla/5.0 (compatible; AwarioBot/1.0; +https://awario.com/bots.html)"
65.109.118.212 - - [13/Mar/2026:01:14:26 +0100] "GET /service/agriculture-products/?view=/htdocs/sivaco/node_modules/is-negative-zero/.editorconfig HTTP/1.1" 200 947 "-" "Mozilla/5.0 (compatible; AwarioBot/1.0; +https://awario.com/bots.html)"
65.109.118.212 - - [13/Mar/2026:01:14:29 +0100] "GET /service/agriculture-products/?view=/htdocs/sivaco/node_modules/is-negative-zero/.eslintignore HTTP/1.1" 200 874 "-" "Mozilla/5.0 (compatible; AwarioBot/1.0; +https://awario.com/bots.html)"
65.109.118.212 - - [13/Mar/2026:01:14:30 +0100] "GET /service/agriculture-products/?view=/htdocs/sivaco/node_modules/is-negative-zero/.eslintrc HTTP/1.1" 200 932 "-" "Mozilla/5.0 (compatible; AwarioBot/1.0; +https://awario.com/bots.html)"
65.109.118.212 - - [13/Mar/2026:01:14:32 +0100] "GET /service/agriculture-products/?view=/htdocs/sivaco/node_modules/is-negative-zero/.nycrc HTTP/1.1" 200 965 "-" "Mozilla/5.0 (compatible; AwarioBot/1.0; +https://awario.com/bots.html)"
65.109.118.212 - - [13/Mar/2026:01:14:34 +0100] "GET /service/agriculture-products/?view=/htdocs/sivaco/node_modules/is-negative-zero/CHANGELOG.md HTTP/1.1" 200 5402 "-" "Mozilla/5.0 (compatible; AwarioBot/1.0; +https://awario.com/bots.html)"
65.109.118.212 - - [13/Mar/2026:01:14:36 +0100] "GET /service/agriculture-products/?view=/htdocs/sivaco/node_modules/is-negative-zero/LICENSE HTTP/1.1" 200 1515 "-" "Mozilla/5.0 (compatible; AwarioBot/1.0; +https://awario.com/bots.html)"
65.109.118.212 - - [13/Mar/2026:01:14:38 +0100] "GET /service/agriculture-products/?view=/htdocs/sivaco/node_modules/is-negative-zero/README.md HTTP/1.1" 200 1553 "-" "Mozilla/5.0 (compatible; AwarioBot/1.0; +https://awario.com/bots.html)"
65.109.118.212 - - [13/Mar/2026:01:14:40 +0100] "GET /service/agriculture-products/?view=/htdocs/sivaco/node_modules/is-negative-zero/index.js HTTP/1.1" 200 952 "-" "Mozilla/5.0 (compatible; AwarioBot/1.0; +https://awario.com/bots.html)"
65.109.118.212 - - [13/Mar/2026:01:14:42 +0100] "GET /service/agriculture-products/?view=/htdocs/sivaco/node_modules/is-negative-zero/package.json HTTP/1.1" 200 1736 "-" "Mozilla/5.0 (compatible; AwarioBot/1.0; +https://awario.com/bots.html)"
65.109.118.212 - - [13/Mar/2026:01:14:44 +0100] "GET /service/agriculture-products/?view=/htdocs/sivaco/node_modules/is-number-object/.editorconfig HTTP/1.1" 200 1015 "-" "Mozilla/5.0 (compatible; AwarioBot/1.0; +https://awario.com/bots.html)"
65.109.118.212 - - [13/Mar/2026:01:14:46 +0100] "GET /service/agriculture-products/?view=/htdocs/sivaco/node_modules/is-number-object/.eslintrc HTTP/1.1" 200 985 "-" "Mozilla/5.0 (compatible; AwarioBot/1.0; +https://awario.com/bots.html)"
65.109.118.212 - - [13/Mar/2026:01:14:48 +0100] "GET /service/agriculture-products/?view=/htdocs/sivaco/node_modules/is-number-object/.nycrc HTTP/1.1" 200 973 "-" "Mozilla/5.0 (compatible; AwarioBot/1.0; +https://awario.com/bots.html)"
65.109.118.212 - - [13/Mar/2026:01:14:50 +0100] "GET /service/agriculture-products/?view=/htdocs/sivaco/node_modules/is-number-object/CHANGELOG.md HTTP/1.1" 200 5139 "-" "Mozilla/5.0 (compatible; AwarioBot/1.0; +https://awario.com/bots.html)"
65.109.118.212 - - [13/Mar/2026:01:14:51 +0100] "GET /service/agriculture-products/?view=/htdocs/sivaco/node_modules/is-number-object/LICENSE HTTP/1.1" 200 1513 "-" "Mozilla/5.0 (compatible; AwarioBot/1.0; +https://awario.com/bots.html)"
65.109.118.212 - - [13/Mar/2026:01:14:53 +0100] "GET /service/agriculture-products/?view=/htdocs/sivaco/node_modules/is-number-object/README.md HTTP/1.1" 200 1597 "-" "Mozilla/5.0 (compatible; AwarioBot/1.0; +https://awario.com/bots.html)"
65.109.118.212 - - [13/Mar/2026:01:14:55 +0100] "GET /service/agriculture-products/?view=/htdocs/sivaco/node_modules/is-number-object/index.js HTTP/1.1" 200 1106 "-" "Mozilla/5.0 (compatible; AwarioBot/1.0; +https://awario.com/bots.html)"
65.109.118.212 - - [13/Mar/2026:01:14:57 +0100] "GET /service/agriculture-products/?view=/htdocs/sivaco/node_modules/is-number-object/package.json HTTP/1.1" 200 1916 "-" "Mozilla/5.0 (compatible; AwarioBot/1.0; +https://awario.com/bots.html)"
74.7.242.56 - - [13/Mar/2026:01:14:58 +0100] "GET /agricole/fonts/webfonts/fa-solid-900.ttf HTTP/2.0" 200 203980 "https://www.jmkconsulting-ci.com/agricole/fonts/css/all.min.css" "Mozilla/5.0 AppleWebKit/537.36 (KHTML, like Gecko; compatible; GPTBot/1.3; +https://openai.com/gptbot)"
65.109.118.212 - - [13/Mar/2026:01:14:59 +0100] "GET /service/agriculture-products/?view=/htdocs/sivaco/node_modules/is-number/LICENSE HTTP/1.1" 200 1510 "-" "Mozilla/5.0 (compatible; AwarioBot/1.0; +https://awario.com/bots.html)"
65.109.118.212 - - [13/Mar/2026:01:15:01 +0100] "GET /service/agriculture-products/?view=/htdocs/sivaco/node_modules/is-number/README.md HTTP/1.1" 200 2173 "-" "Mozilla/5.0 (compatible; AwarioBot/1.0; +https://awario.com/bots.html)"
65.109.118.212 - - [13/Mar/2026:01:15:03 +0100] "GET /service/agriculture-products/?view=/htdocs/sivaco/node_modules/is-number/index.js HTTP/1.1" 200 1101 "-" "Mozilla/5.0 (compatible; AwarioBot/1.0; +https://awario.com/bots.html)"
65.109.118.212 - - [13/Mar/2026:01:15:05 +0100] "GET /service/agriculture-products/?view=/htdocs/sivaco/node_modules/is-number/package.json HTTP/1.1" 200 1492 "-" "Mozilla/5.0 (compatible; AwarioBot/1.0; +https://awario.com/bots.html)"
65.109.118.212 - - [13/Mar/2026:01:15:07 +0100] "GET /service/agriculture-products/?view=/htdocs/sivaco/node_modules/is-obj/index.d.ts HTTP/1.1" 200 1055 "-" "Mozilla/5.0 (compatible; AwarioBot/1.0; +https://awario.com/bots.html)"
65.109.118.212 - - [13/Mar/2026:01:15:09 +0100] "GET /service/agriculture-products/?view=/htdocs/sivaco/node_modules/is-obj/index.js HTTP/1.1" 200 961 "-" "Mozilla/5.0 (compatible; AwarioBot/1.0; +https://awario.com/bots.html)"
74.7.242.56 - - [13/Mar/2026:01:15:29 +0100] "GET /agricole/fonts/webfonts/fa-solid-900.svg HTTP/2.0" 200 914125 "https://www.jmkconsulting-ci.com/agricole/fonts/css/all.min.css" "Mozilla/5.0 AppleWebKit/537.36 (KHTML, like Gecko; compatible; GPTBot/1.3; +https://openai.com/gptbot)"
74.7.242.56 - - [13/Mar/2026:01:15:32 +0100] "GET /agricole/fonts/webfonts/fa-regular-400.eot HTTP/2.0" 200 34350 "https://www.jmkconsulting-ci.com/agricole/fonts/css/all.min.css" "Mozilla/5.0 AppleWebKit/537.36 (KHTML, like Gecko; compatible; GPTBot/1.3; +https://openai.com/gptbot)"
74.7.242.56 - - [13/Mar/2026:01:15:35 +0100] "GET /agricole/fonts/webfonts/fa-regular-400.svg HTTP/2.0" 200 144715 "https://www.jmkconsulting-ci.com/agricole/fonts/css/all.min.css" "Mozilla/5.0 AppleWebKit/537.36 (KHTML, like Gecko; compatible; GPTBot/1.3; +https://openai.com/gptbot)"
74.7.242.56 - - [13/Mar/2026:01:15:38 +0100] "GET /agricole/fonts/webfonts/fa-brands-400.woff HTTP/2.0" 200 90672 "https://www.jmkconsulting-ci.com/agricole/fonts/css/all.min.css" "Mozilla/5.0 AppleWebKit/537.36 (KHTML, like Gecko; compatible; GPTBot/1.3; +https://openai.com/gptbot)"
193.203.239.64 - - [13/Mar/2026:01:15:40 +0100] "POST /wp-cron.php?doing_wp_cron=1773360940.6590900421142578125000 HTTP/1.1" 200 1 "-" "WordPress/6.9.4; http://ptso.jmkconsulting-ci.com"
65.109.118.212 - - [13/Mar/2026:01:15:40 +0100] "GET /service/agriculture-products/?view=/htdocs/sivaco/node_modules/is-obj/license HTTP/1.1" 200 1505 "-" "Mozilla/5.0 (compatible; AwarioBot/1.0; +https://awario.com/bots.html)"
74.7.242.56 - - [13/Mar/2026:01:15:40 +0100] "GET /agricole/fonts/webfonts/fa-regular-400.ttf HTTP/2.0" 200 34052 "https://www.jmkconsulting-ci.com/agricole/fonts/css/all.min.css" "Mozilla/5.0 AppleWebKit/537.36 (KHTML, like Gecko; compatible; GPTBot/1.3; +https://openai.com/gptbot)"
65.109.118.212 - - [13/Mar/2026:01:15:42 +0100] "GET /service/agriculture-products/?view=/htdocs/sivaco/node_modules/is-obj/package.json HTTP/1.1" 200 1153 "-" "Mozilla/5.0 (compatible; AwarioBot/1.0; +https://awario.com/bots.html)"
74.7.242.56 - - [13/Mar/2026:01:15:53 +0100] "GET /agricole/fonts/webfonts/fa-regular-400.woff HTTP/2.0" 200 16780 "https://www.jmkconsulting-ci.com/agricole/fonts/css/all.min.css" "Mozilla/5.0 AppleWebKit/537.36 (KHTML, like Gecko; compatible; GPTBot/1.3; +https://openai.com/gptbot)"
57.141.20.5 - - [13/Mar/2026:01:16:01 +0100] "GET /service/agriculture-products/?dir=/sftproot/htdocs/site_data_2024/vendor/ramsey/collection HTTP/2.0" 200 9066 "-" "meta-externalagent/1.1 (+https://developers.facebook.com/docs/sharing/webmasters/crawler)"
57.141.20.23 - - [13/Mar/2026:01:16:07 +0100] "GET /service/dairy-products/?view=/sftproot/htdocs/atito2/node_modules/neo-async/forEachOf.js HTTP/2.0" 200 2096 "-" "meta-externalagent/1.1 (+https://developers.facebook.com/docs/sharing/webmasters/crawler)"
65.109.118.212 - - [13/Mar/2026:01:16:13 +0100] "GET /robots.txt HTTP/1.1" 200 119 "-" "Mozilla/5.0 (compatible; AwarioBot/1.0; +https://awario.com/bots.html)"
193.203.239.64 - - [13/Mar/2026:01:16:14 +0100] "POST /wp-cron.php?doing_wp_cron=1773360974.2024259567260742187500 HTTP/1.1" 200 1 "-" "WordPress/6.9.4; http://ptso.jmkconsulting-ci.com"
65.109.118.212 - - [13/Mar/2026:01:16:14 +0100] "GET /service/agriculture-products/?view=/htdocs/sivaco/node_modules/is-obj/readme.md HTTP/1.1" 200 1208 "-" "Mozilla/5.0 (compatible; AwarioBot/1.0; +https://awario.com/bots.html)"
65.109.118.212 - - [13/Mar/2026:01:16:16 +0100] "GET /service/agriculture-products/?view=/htdocs/sivaco/node_modules/is-path-cwd/index.d.ts HTTP/1.1" 200 1044 "-" "Mozilla/5.0 (compatible; AwarioBot/1.0; +https://awario.com/bots.html)"
65.109.118.212 - - [13/Mar/2026:01:16:18 +0100] "GET /service/agriculture-products/?view=/htdocs/sivaco/node_modules/is-path-cwd/index.js HTTP/1.1" 200 1013 "-" "Mozilla/5.0 (compatible; AwarioBot/1.0; +https://awario.com/bots.html)"
65.109.118.212 - - [13/Mar/2026:01:16:20 +0100] "GET /service/agriculture-products/?view=/htdocs/sivaco/node_modules/is-path-cwd/license HTTP/1.1" 200 1509 "-" "Mozilla/5.0 (compatible; AwarioBot/1.0; +https://awario.com/bots.html)"
65.109.118.212 - - [13/Mar/2026:01:16:22 +0100] "GET /service/agriculture-products/?view=/htdocs/sivaco/node_modules/is-path-cwd/package.json HTTP/1.1" 200 1173 "-" "Mozilla/5.0 (compatible; AwarioBot/1.0; +https://awario.com/bots.html)"
65.109.118.212 - - [13/Mar/2026:01:16:24 +0100] "GET /service/agriculture-products/?view=/htdocs/sivaco/node_modules/is-path-cwd/readme.md HTTP/1.1" 200 1117 "-" "Mozilla/5.0 (compatible; AwarioBot/1.0; +https://awario.com/bots.html)"
74.7.242.56 - - [13/Mar/2026:01:16:29 +0100] "GET /storage/services/October2024/Ad5tqiQzvftleonOEsqH.JPG HTTP/2.0" 200 167296 "https://www.jmkconsulting-ci.com/agricole/fr/tous_services.php" "Mozilla/5.0 AppleWebKit/537.36 (KHTML, like Gecko; compatible; GPTBot/1.3; +https://openai.com/gptbot)"
74.7.242.56 - - [13/Mar/2026:01:16:34 +0100] "GET /agricole/images/commons/bannierre_service.jpeg HTTP/2.0" 200 3053751 "https://www.jmkconsulting-ci.com/agricole/fr/tous_services.php" "Mozilla/5.0 AppleWebKit/537.36 (KHTML, like Gecko; compatible; GPTBot/1.3; +https://openai.com/gptbot)"
74.7.242.56 - - [13/Mar/2026:01:16:35 +0100] "GET /agricole/fr/equipe.php HTTP/2.0" 200 3907 "https://www.jmkconsulting-ci.com/" "Mozilla/5.0 AppleWebKit/537.36 (KHTML, like Gecko; compatible; GPTBot/1.3; +https://openai.com/gptbot)"
74.7.242.56 - - [13/Mar/2026:01:16:37 +0100] "GET /agricole/fr/synergie_jmk.php HTTP/2.0" 200 4934 "https://www.jmkconsulting-ci.com/" "Mozilla/5.0 AppleWebKit/537.36 (KHTML, like Gecko; compatible; GPTBot/1.3; +https://openai.com/gptbot)"
74.7.242.56 - - [13/Mar/2026:01:16:38 +0100] "GET /agricole/js/modernizr-custom.js HTTP/2.0" 200 1522 "https://www.jmkconsulting-ci.com/" "Mozilla/5.0 AppleWebKit/537.36 (KHTML, like Gecko; compatible; GPTBot/1.3; +https://openai.com/gptbot)"
74.7.242.56 - - [13/Mar/2026:01:16:39 +0100] "GET /agricole/fr/actus.php HTTP/2.0" 200 5088 "https://www.jmkconsulting-ci.com/" "Mozilla/5.0 AppleWebKit/537.36 (KHTML, like Gecko; compatible; GPTBot/1.3; +https://openai.com/gptbot)"
74.7.242.56 - - [13/Mar/2026:01:16:40 +0100] "GET /agricole/js/main.js HTTP/2.0" 200 17420 "https://www.jmkconsulting-ci.com/" "Mozilla/5.0 AppleWebKit/537.36 (KHTML, like Gecko; compatible; GPTBot/1.3; +https://openai.com/gptbot)"
74.7.242.56 - - [13/Mar/2026:01:16:41 +0100] "GET /agricole/revolution/js/extensions/revolution.extension.layeranimation.min.js HTTP/2.0" 200 55805 "https://www.jmkconsulting-ci.com/" "Mozilla/5.0 AppleWebKit/537.36 (KHTML, like Gecko; compatible; GPTBot/1.3; +https://openai.com/gptbot)"
74.7.242.56 - - [13/Mar/2026:01:16:43 +0100] "GET /agricole/fr/presentation.php HTTP/2.0" 200 4581 "https://www.jmkconsulting-ci.com/" "Mozilla/5.0 AppleWebKit/537.36 (KHTML, like Gecko; compatible; GPTBot/1.3; +https://openai.com/gptbot)"
74.7.242.56 - - [13/Mar/2026:01:16:44 +0100] "GET /agricole/js/lib/nav.fixed.top.js HTTP/2.0" 200 1049 "https://www.jmkconsulting-ci.com/" "Mozilla/5.0 AppleWebKit/537.36 (KHTML, like Gecko; compatible; GPTBot/1.3; +https://openai.com/gptbot)"
74.7.242.56 - - [13/Mar/2026:01:16:45 +0100] "GET /agricole/fr/contacts.php HTTP/2.0" 200 4124 "https://www.jmkconsulting-ci.com/" "Mozilla/5.0 AppleWebKit/537.36 (KHTML, like Gecko; compatible; GPTBot/1.3; +https://openai.com/gptbot)"
74.7.242.56 - - [13/Mar/2026:01:16:46 +0100] "GET /agricole/revolution/js/extensions/revolution.extension.navigation.min.js HTTP/2.0" 200 26099 "https://www.jmkconsulting-ci.com/" "Mozilla/5.0 AppleWebKit/537.36 (KHTML, like Gecko; compatible; GPTBot/1.3; +https://openai.com/gptbot)"
74.7.242.56 - - [13/Mar/2026:01:16:47 +0100] "GET /agricole/revolution/js/extensions/revolution.extension.migration.min.js HTTP/2.0" 200 26099 "https://www.jmkconsulting-ci.com/" "Mozilla/5.0 AppleWebKit/537.36 (KHTML, like Gecko; compatible; GPTBot/1.3; +https://openai.com/gptbot)"
74.7.242.56 - - [13/Mar/2026:01:16:49 +0100] "GET /storage/equipes/December2024/AEM976ePpvx8Wc6u61fQ.jpg HTTP/2.0" 200 39097 "https://www.jmkconsulting-ci.com/agricole/fr/equipe.php" "Mozilla/5.0 AppleWebKit/537.36 (KHTML, like Gecko; compatible; GPTBot/1.3; +https://openai.com/gptbot)"
74.7.242.56 - - [13/Mar/2026:01:16:50 +0100] "GET /storage/equipes/December2024/6goIsrZz8U6sfg05jb91.jpg HTTP/2.0" 200 39097 "https://www.jmkconsulting-ci.com/agricole/fr/equipe.php" "Mozilla/5.0 AppleWebKit/537.36 (KHTML, like Gecko; compatible; GPTBot/1.3; +https://openai.com/gptbot)"
74.7.242.56 - - [13/Mar/2026:01:16:51 +0100] "GET /storage/equipes/December2024/rr4FqXM0ZdpdVE4ViJuw.jpg HTTP/2.0" 200 39097 "https://www.jmkconsulting-ci.com/agricole/fr/equipe.php" "Mozilla/5.0 AppleWebKit/537.36 (KHTML, like Gecko; compatible; GPTBot/1.3; +https://openai.com/gptbot)"
74.7.242.56 - - [13/Mar/2026:01:16:52 +0100] "GET /storage/equipes/December2024/ppEQjgvPDVjfE7PuL8eU.jpg HTTP/2.0" 200 39097 "https://www.jmkconsulting-ci.com/agricole/fr/equipe.php" "Mozilla/5.0 AppleWebKit/537.36 (KHTML, like Gecko; compatible; GPTBot/1.3; +https://openai.com/gptbot)"
65.109.118.212 - - [13/Mar/2026:01:17:04 +0100] "GET /service/agriculture-products/?view=/htdocs/sivaco/node_modules/is-path-in-cwd/index.d.ts HTTP/1.1" 200 1054 "-" "Mozilla/5.0 (compatible; AwarioBot/1.0; +https://awario.com/bots.html)"
193.203.239.64 - - [13/Mar/2026:01:17:16 +0100] "POST /wp-cron.php?doing_wp_cron=1773361036.0595569610595703125000 HTTP/1.1" 200 1 "-" "WordPress/6.9.4; https://ptso.jmkconsulting-ci.com"
57.141.20.22 - - [13/Mar/2026:01:17:16 +0100] "GET /service/organic-products/?rename=/usr/base/.wp-cli/cache-php-compat/plugins/loco-translate/loco-translate.2.6.6.json HTTP/2.0" 200 2358 "-" "meta-externalagent/1.1 (+https://developers.facebook.com/docs/sharing/webmasters/crawler)"
57.141.20.32 - - [13/Mar/2026:01:17:21 +0100] "GET /service/fresh-vegetables/?edit=/usr/base/.wp-cli/cache-php-compat/plugins/tiktok-for-business/tiktok-for-business.1.3.3.json HTTP/2.0" 200 9468 "-" "meta-externalagent/1.1 (+https://developers.facebook.com/docs/sharing/webmasters/crawler)"
57.141.20.51 - - [13/Mar/2026:01:17:42 +0100] "GET /service/organic-products/?rename=/htdocs/site_data_2024/vendor/nunomaduro/termwind/src/Exceptions/ColorNotFound.php HTTP/2.0" 200 2348 "-" "meta-externalagent/1.1 (+https://developers.facebook.com/docs/sharing/webmasters/crawler)"
65.109.118.212 - - [13/Mar/2026:01:17:46 +0100] "GET /service/agriculture-products/?view=/htdocs/sivaco/node_modules/is-path-in-cwd/index.js HTTP/1.1" 200 944 "-" "Mozilla/5.0 (compatible; AwarioBot/1.0; +https://awario.com/bots.html)"
57.141.20.36 - - [13/Mar/2026:01:18:00 +0100] "GET /service/organic-products/?edit=/sftproot/htdocs/apps.jmkconsulting-ci.com/core/config/mail.php HTTP/2.0" 200 6577 "-" "meta-externalagent/1.1 (+https://developers.facebook.com/docs/sharing/webmasters/crawler)"
65.109.118.212 - - [13/Mar/2026:01:18:08 +0100] "GET /service/agriculture-products/?view=/htdocs/sivaco/node_modules/is-path-in-cwd/license HTTP/1.1" 200 1510 "-" "Mozilla/5.0 (compatible; AwarioBot/1.0; +https://awario.com/bots.html)"
65.109.118.212 - - [13/Mar/2026:01:18:10 +0100] "GET /service/agriculture-products/?view=/htdocs/sivaco/node_modules/is-path-in-cwd/package.json HTTP/1.1" 200 1197 "-" "Mozilla/5.0 (compatible; AwarioBot/1.0; +https://awario.com/bots.html)"
193.203.239.64 - - [13/Mar/2026:01:18:15 +0100] "POST /wp-cron.php?doing_wp_cron=1773361095.3355250358581542968750 HTTP/1.1" 200 1 "-" "WordPress/6.9.4; https://ptso.jmkconsulting-ci.com"
57.141.20.8 - - [13/Mar/2026:01:18:15 +0100] "GET /service/organic-products/?rename=/sftproot/htdocs/ptso.jmkconsulting-ci.com/wp-admin/css/admin-menu.min.css HTTP/2.0" 200 2333 "-" "meta-externalagent/1.1 (+https://developers.facebook.com/docs/sharing/webmasters/crawler)"
57.141.20.9 - - [13/Mar/2026:01:18:28 +0100] "GET /service/fresh-vegetables/?view=/usr/base/.wp-cli/cache-php-compat/plugins/ajax-search-for-woocommerce/ajax-search-for-woocommerce.1.32.2.json HTTP/2.0" 200 16591 "-" "meta-externalagent/1.1 (+https://developers.facebook.com/docs/sharing/webmasters/crawler)"
57.141.20.35 - - [13/Mar/2026:01:18:38 +0100] "GET /service/dairy-products/?rename=/sftproot/htdocs/ptso.jmkconsulting-ci.com/wp-includes/blocks/comment-date/style-rtl.css HTTP/2.0" 200 2356 "-" "meta-externalagent/1.1 (+https://developers.facebook.com/docs/sharing/webmasters/crawler)"
65.109.118.212 - - [13/Mar/2026:01:18:43 +0100] "GET /robots.txt HTTP/1.1" 200 119 "-" "Mozilla/5.0 (compatible; AwarioBot/1.0; +https://awario.com/bots.html)"
65.109.118.212 - - [13/Mar/2026:01:18:43 +0100] "GET /service/agriculture-products/?view=/htdocs/sivaco/node_modules/is-path-in-cwd/readme.md HTTP/1.1" 200 1125 "-" "Mozilla/5.0 (compatible; AwarioBot/1.0; +https://awario.com/bots.html)"
74.7.242.56 - - [13/Mar/2026:01:18:46 +0100] "GET /storage/equipes/December2024/htITdGtPe88wesnzUcIB.jpg HTTP/2.0" 200 39097 "https://www.jmkconsulting-ci.com/agricole/fr/equipe.php" "Mozilla/5.0 AppleWebKit/537.36 (KHTML, like Gecko; compatible; GPTBot/1.3; +https://openai.com/gptbot)"
57.141.20.20 - - [13/Mar/2026:01:18:49 +0100] "GET /service/organic-products/?view=/usr/base/opt/php8.4/include/php/Zend/zend_gc.h HTTP/2.0" 200 6769 "-" "meta-externalagent/1.1 (+https://developers.facebook.com/docs/sharing/webmasters/crawler)"
57.141.20.15 - - [13/Mar/2026:01:18:59 +0100] "GET /service/dairy-products/?rename=/htdocs/atito2/node_modules/@babel/preset-env/lib/polyfills/regenerator.cjs HTTP/2.0" 200 2332 "-" "meta-externalagent/1.1 (+https://developers.facebook.com/docs/sharing/webmasters/crawler)"
57.141.20.32 - - [13/Mar/2026:01:19:06 +0100] "GET /service/fresh-vegetables/?view=/htdocs/jmknew.jmkconsulting-ci.com/gdata/vendor/symfony/console/Input/InputInterface.php HTTP/2.0" 200 6576 "-" "meta-externalagent/1.1 (+https://developers.facebook.com/docs/sharing/webmasters/crawler)"
193.203.239.64 - - [13/Mar/2026:01:19:15 +0100] "POST /wp-cron.php?doing_wp_cron=1773361155.0242140293121337890625 HTTP/1.1" 200 1 "-" "WordPress/6.9.4; https://ptso.jmkconsulting-ci.com"
57.141.20.52 - - [13/Mar/2026:01:19:15 +0100] "GET /service/organic-products/?rename=/sftproot/htdocs/sivaco/node_modules/is-number-object/CHANGELOG.md HTTP/2.0" 200 2311 "-" "meta-externalagent/1.1 (+https://developers.facebook.com/docs/sharing/webmasters/crawler)"
65.109.118.212 - - [13/Mar/2026:01:19:15 +0100] "GET /service/agriculture-products/?view=/htdocs/sivaco/node_modules/is-path-inside/index.d.ts HTTP/1.1" 200 1056 "-" "Mozilla/5.0 (compatible; AwarioBot/1.0; +https://awario.com/bots.html)"
65.109.118.212 - - [13/Mar/2026:01:19:18 +0100] "GET /service/agriculture-products/?view=/htdocs/sivaco/node_modules/is-path-inside/index.js HTTP/1.1" 200 1008 "-" "Mozilla/5.0 (compatible; AwarioBot/1.0; +https://awario.com/bots.html)"
74.7.242.56 - - [13/Mar/2026:01:19:19 +0100] "GET /storage/equipes/December2024/xRzrr2nfw7bcdyBziDBm.jpg HTTP/2.0" 200 39097 "https://www.jmkconsulting-ci.com/agricole/fr/equipe.php" "Mozilla/5.0 AppleWebKit/537.36 (KHTML, like Gecko; compatible; GPTBot/1.3; +https://openai.com/gptbot)"
57.141.20.16 - - [13/Mar/2026:01:19:21 +0100] "GET /service/organic-products/?edit=/sftproot/htdocs/ptso.jmkconsulting-ci.com/wp-admin/css/site-icon.min.css HTTP/2.0" 200 6188 "-" "meta-externalagent/1.1 (+https://developers.facebook.com/docs/sharing/webmasters/crawler)"
65.109.118.212 - - [13/Mar/2026:01:19:21 +0100] "GET /service/agriculture-products/?view=/htdocs/sivaco/node_modules/is-path-inside/license HTTP/1.1" 200 1510 "-" "Mozilla/5.0 (compatible; AwarioBot/1.0; +https://awario.com/bots.html)"
74.7.242.56 - - [13/Mar/2026:01:19:24 +0100] "GET /storage/equipes/December2024/JgbIVyZvKrMHmeN9Ns8p.jpg HTTP/2.0" 200 39097 "https://www.jmkconsulting-ci.com/agricole/fr/equipe.php" "Mozilla/5.0 AppleWebKit/537.36 (KHTML, like Gecko; compatible; GPTBot/1.3; +https://openai.com/gptbot)"
65.109.118.212 - - [13/Mar/2026:01:19:25 +0100] "GET /service/agriculture-products/?view=/htdocs/sivaco/node_modules/is-path-inside/package.json HTTP/1.1" 200 1185 "-" "Mozilla/5.0 (compatible; AwarioBot/1.0; +https://awario.com/bots.html)"
74.7.242.56 - - [13/Mar/2026:01:19:27 +0100] "GET /agricole/images/commons/agttransparence.jpg HTTP/2.0" 200 53852 "https://www.jmkconsulting-ci.com/agricole/fr/synergie_jmk.php" "Mozilla/5.0 AppleWebKit/537.36 (KHTML, like Gecko; compatible; GPTBot/1.3; +https://openai.com/gptbot)"
65.109.118.212 - - [13/Mar/2026:01:19:28 +0100] "GET /service/agriculture-products/?view=/htdocs/sivaco/node_modules/is-path-inside/readme.md HTTP/1.1" 200 1114 "-" "Mozilla/5.0 (compatible; AwarioBot/1.0; +https://awario.com/bots.html)"
74.7.242.56 - - [13/Mar/2026:01:19:29 +0100] "GET /agricole/images/commons/geniebio.jpg HTTP/2.0" 200 87376 "https://www.jmkconsulting-ci.com/agricole/fr/synergie_jmk.php" "Mozilla/5.0 AppleWebKit/537.36 (KHTML, like Gecko; compatible; GPTBot/1.3; +https://openai.com/gptbot)"
57.141.20.16 - - [13/Mar/2026:01:19:29 +0100] "GET /service/harvest/?view=/usr/base/usr/share/terminfo/x/xnuppc-80x30-m HTTP/2.0" 200 3901 "-" "meta-externalagent/1.1 (+https://developers.facebook.com/docs/sharing/webmasters/crawler)"
65.109.118.212 - - [13/Mar/2026:01:19:30 +0100] "GET /service/agriculture-products/?view=/htdocs/sivaco/node_modules/is-plain-object/LICENSE HTTP/1.1" 200 1515 "-" "Mozilla/5.0 (compatible; AwarioBot/1.0; +https://awario.com/bots.html)"
74.7.242.56 - - [13/Mar/2026:01:19:30 +0100] "GET /agricole/images/commons/synergie.jpg HTTP/2.0" 200 287482 "https://www.jmkconsulting-ci.com/agricole/fr/synergie_jmk.php" "Mozilla/5.0 AppleWebKit/537.36 (KHTML, like Gecko; compatible; GPTBot/1.3; +https://openai.com/gptbot)"
74.7.242.56 - - [13/Mar/2026:01:19:31 +0100] "GET /agricole/images/icons/icon_contact_jmk.png HTTP/2.0" 200 14804 "https://www.jmkconsulting-ci.com/agricole/fr/contacts.php" "Mozilla/5.0 AppleWebKit/537.36 (KHTML, like Gecko; compatible; GPTBot/1.3; +https://openai.com/gptbot)"
74.7.242.56 - - [13/Mar/2026:01:19:32 +0100] "GET /agricole/images/icons/icon_email_jmk.png HTTP/2.0" 200 12532 "https://www.jmkconsulting-ci.com/agricole/fr/contacts.php" "Mozilla/5.0 AppleWebKit/537.36 (KHTML, like Gecko; compatible; GPTBot/1.3; +https://openai.com/gptbot)"
65.109.118.212 - - [13/Mar/2026:01:19:33 +0100] "GET /service/agriculture-products/?view=/htdocs/sivaco/node_modules/is-plain-object/README.md HTTP/1.1" 200 2055 "-" "Mozilla/5.0 (compatible; AwarioBot/1.0; +https://awario.com/bots.html)"
74.7.242.56 - - [13/Mar/2026:01:19:33 +0100] "GET /agricole/images/commons/cercle_item_jmk.png HTTP/2.0" 200 208755 "https://www.jmkconsulting-ci.com/agricole/fr/presentation.php" "Mozilla/5.0 AppleWebKit/537.36 (KHTML, like Gecko; compatible; GPTBot/1.3; +https://openai.com/gptbot)"
57.141.20.17 - - [13/Mar/2026:01:19:35 +0100] "GET /service/organic-products/?rename=/htdocs/apps.jmkconsulting-ci.com/core/vendor/yajra/laravel-datatables-oracle/src/CollectionDataTable.php HTTP/2.0" 200 2400 "-" "meta-externalagent/1.1 (+https://developers.facebook.com/docs/sharing/webmasters/crawler)"
65.109.118.212 - - [13/Mar/2026:01:19:35 +0100] "GET /service/agriculture-products/?view=/htdocs/sivaco/node_modules/is-plain-object/index.d.ts HTTP/1.1" 200 914 "-" "Mozilla/5.0 (compatible; AwarioBot/1.0; +https://awario.com/bots.html)"
74.7.242.56 - - [13/Mar/2026:01:19:36 +0100] "GET /agricole/revolution/js/extensions/revolution.extension.actions.min.js HTTP/2.0" 200 8324 "https://www.jmkconsulting-ci.com/" "Mozilla/5.0 AppleWebKit/537.36 (KHTML, like Gecko; compatible; GPTBot/1.3; +https://openai.com/gptbot)"
104.210.140.128 - - [13/Mar/2026:01:19:36 +0100] "GET /robots.txt HTTP/2.0" 200 141 "-" "Mozilla/5.0 (Macintosh; Intel Mac OS X 10_15_7) AppleWebKit/537.36 (KHTML, like Gecko) Chrome/131.0.0.0 Safari/537.36; compatible; OAI-SearchBot/1.0; +https://openai.com/searchbot"
65.109.118.212 - - [13/Mar/2026:01:19:37 +0100] "GET /service/agriculture-products/?view=/htdocs/sivaco/node_modules/is-plain-object/index.js HTTP/1.1" 200 1260 "-" "Mozilla/5.0 (compatible; AwarioBot/1.0; +https://awario.com/bots.html)"
74.7.242.56 - - [13/Mar/2026:01:19:37 +0100] "GET /agricole/revolution/js/extensions/revolution.extension.parallax.min.js HTTP/2.0" 200 10927 "https://www.jmkconsulting-ci.com/" "Mozilla/5.0 AppleWebKit/537.36 (KHTML, like Gecko; compatible; GPTBot/1.3; +https://openai.com/gptbot)"
74.7.242.56 - - [13/Mar/2026:01:19:38 +0100] "GET /agricole/revolution/js/extensions/revolution.extension.kenburn.min.js HTTP/2.0" 200 3750 "https://www.jmkconsulting-ci.com/" "Mozilla/5.0 AppleWebKit/537.36 (KHTML, like Gecko; compatible; GPTBot/1.3; +https://openai.com/gptbot)"
74.7.242.56 - - [13/Mar/2026:01:19:40 +0100] "GET /agricole/revolution/js/extensions/revolution.extension.slideanims.min.js HTTP/2.0" 200 29066 "https://www.jmkconsulting-ci.com/" "Mozilla/5.0 AppleWebKit/537.36 (KHTML, like Gecko; compatible; GPTBot/1.3; +https://openai.com/gptbot)"
65.109.118.212 - - [13/Mar/2026:01:19:40 +0100] "GET /service/agriculture-products/?view=/htdocs/sivaco/node_modules/is-plain-object/package.json HTTP/1.1" 200 1605 "-" "Mozilla/5.0 (compatible; AwarioBot/1.0; +https://awario.com/bots.html)"
57.141.20.24 - - [13/Mar/2026:01:19:40 +0100] "GET /service/dairy-products/?rename=/htdocs/jmknew.jmkconsulting-ci.com/gdata/.git/objects/31/0aeca10155271b0d116b976d05d8b529b8d649 HTTP/2.0" 200 2397 "-" "meta-externalagent/1.1 (+https://developers.facebook.com/docs/sharing/webmasters/crawler)"
65.109.118.212 - - [13/Mar/2026:01:19:42 +0100] "GET /service/agriculture-products/?view=/htdocs/sivaco/node_modules/is-regex/.editorconfig HTTP/1.1" 200 1005 "-" "Mozilla/5.0 (compatible; AwarioBot/1.0; +https://awario.com/bots.html)"
49.1.3.82 - - [13/Mar/2026:01:19:43 +0100] "GET /service/fresh-vegetables/?view=/htdocs/sivaco/node_modules/bluebird/js/release/finally.js HTTP/1.1" 200 2098 "-" "Mozilla/5.0 (Windows; U; Windows NT 6.1; en-US) AppleWebKit/534.17 (KHTML, like Gecko) Chrome/11.0.654.0 Safari/534.17"
65.109.118.212 - - [13/Mar/2026:01:19:44 +0100] "GET /service/agriculture-products/?view=/htdocs/sivaco/node_modules/is-regex/.eslintignore HTTP/1.1" 200 868 "-" "Mozilla/5.0 (compatible; AwarioBot/1.0; +https://awario.com/bots.html)"
65.109.118.212 - - [13/Mar/2026:01:19:46 +0100] "GET /service/agriculture-products/?view=/htdocs/sivaco/node_modules/is-regex/.eslintrc HTTP/1.1" 200 1010 "-" "Mozilla/5.0 (compatible; AwarioBot/1.0; +https://awario.com/bots.html)"
57.141.20.10 - - [13/Mar/2026:01:19:47 +0100] "GET /service/fresh-vegetables/?dir=/usr/base/opt/php7.0/lib/php/Console HTTP/2.0" 200 4089 "-" "meta-externalagent/1.1 (+https://developers.facebook.com/docs/sharing/webmasters/crawler)"
65.109.118.212 - - [13/Mar/2026:01:19:48 +0100] "GET /service/agriculture-products/?view=/htdocs/sivaco/node_modules/is-regex/.nycrc HTTP/1.1" 200 968 "-" "Mozilla/5.0 (compatible; AwarioBot/1.0; +https://awario.com/bots.html)"
65.109.118.212 - - [13/Mar/2026:01:19:49 +0100] "GET /service/agriculture-products/?view=/htdocs/sivaco/node_modules/is-regex/CHANGELOG.md HTTP/1.1" 200 7369 "-" "Mozilla/5.0 (compatible; AwarioBot/1.0; +https://awario.com/bots.html)"
65.109.118.212 - - [13/Mar/2026:01:19:51 +0100] "GET /service/agriculture-products/?view=/htdocs/sivaco/node_modules/is-regex/LICENSE HTTP/1.1" 200 1508 "-" "Mozilla/5.0 (compatible; AwarioBot/1.0; +https://awario.com/bots.html)"
57.141.20.1 - - [13/Mar/2026:01:19:52 +0100] "GET /service/harvest/?edit=/usr/base/usr/share/locale/mr/LC_MESSAGES/iso_639-3.mo HTTP/2.0" 200 465294 "-" "meta-externalagent/1.1 (+https://developers.facebook.com/docs/sharing/webmasters/crawler)"
65.109.118.212 - - [13/Mar/2026:01:19:55 +0100] "GET /service/agriculture-products/?view=/htdocs/sivaco/node_modules/is-regex/README.md HTTP/1.1" 200 1555 "-" "Mozilla/5.0 (compatible; AwarioBot/1.0; +https://awario.com/bots.html)"
65.109.118.212 - - [13/Mar/2026:01:19:57 +0100] "GET /service/agriculture-products/?view=/htdocs/sivaco/node_modules/is-regex/index.js HTTP/1.1" 200 1421 "-" "Mozilla/5.0 (compatible; AwarioBot/1.0; +https://awario.com/bots.html)"
57.141.20.19 - - [13/Mar/2026:01:19:57 +0100] "GET /service/dairy-products/?rename=/htdocs/jmknew.jmkconsulting-ci.com/gdata/.git/objects/ed/dd2354699e6b47ffcd87c86384bd611419df1f HTTP/2.0" 200 2397 "-" "meta-externalagent/1.1 (+https://developers.facebook.com/docs/sharing/webmasters/crawler)"
65.109.118.212 - - [13/Mar/2026:01:19:59 +0100] "GET /service/agriculture-products/?view=/htdocs/sivaco/node_modules/is-regex/package.json HTTP/1.1" 200 1867 "-" "Mozilla/5.0 (compatible; AwarioBot/1.0; +https://awario.com/bots.html)"
65.109.118.212 - - [13/Mar/2026:01:20:01 +0100] "GET /service/agriculture-products/?view=/htdocs/sivaco/node_modules/is-resolvable/LICENSE HTTP/1.1" 200 1335 "-" "Mozilla/5.0 (compatible; AwarioBot/1.0; +https://awario.com/bots.html)"
57.141.20.50 - - [13/Mar/2026:01:20:01 +0100] "GET /service/organic-products/?view=/htdocs/atito2/node_modules/@popperjs/core/lib/utils/expandToHashMap.js HTTP/2.0" 200 2191 "-" "meta-externalagent/1.1 (+https://developers.facebook.com/docs/sharing/webmasters/crawler)"
74.7.242.56 - - [13/Mar/2026:01:20:03 +0100] "GET /agricole/fr/prod_fieldconnect.php HTTP/2.0" 200 4450 "https://www.jmkconsulting-ci.com/" "Mozilla/5.0 AppleWebKit/537.36 (KHTML, like Gecko; compatible; GPTBot/1.3; +https://openai.com/gptbot)"
65.109.118.212 - - [13/Mar/2026:01:20:04 +0100] "GET /service/agriculture-products/?view=/htdocs/sivaco/node_modules/is-resolvable/README.md HTTP/1.1" 200 1660 "-" "Mozilla/5.0 (compatible; AwarioBot/1.0; +https://awario.com/bots.html)"
65.109.118.212 - - [13/Mar/2026:01:20:05 +0100] "GET /service/agriculture-products/?view=/htdocs/sivaco/node_modules/is-resolvable/index.js HTTP/1.1" 200 1111 "-" "Mozilla/5.0 (compatible; AwarioBot/1.0; +https://awario.com/bots.html)"
57.141.20.27 - - [13/Mar/2026:01:20:07 +0100] "GET /service/agriculture-products/?rename=/usr/base/usr/share/locale/ro/LC_MESSAGES/findutils.mo HTTP/2.0" 200 2287 "-" "meta-externalagent/1.1 (+https://developers.facebook.com/docs/sharing/webmasters/crawler)"
65.109.118.212 - - [13/Mar/2026:01:20:07 +0100] "GET /service/agriculture-products/?view=/htdocs/sivaco/node_modules/is-resolvable/package.json HTTP/1.1" 200 1285 "-" "Mozilla/5.0 (compatible; AwarioBot/1.0; +https://awario.com/bots.html)"
65.109.118.212 - - [13/Mar/2026:01:20:09 +0100] "GET /service/agriculture-products/?view=/htdocs/sivaco/node_modules/is-shared-array-buffer/.eslintignore HTTP/1.1" 200 877 "-" "Mozilla/5.0 (compatible; AwarioBot/1.0; +https://awario.com/bots.html)"
57.141.20.14 - - [13/Mar/2026:01:20:10 +0100] "GET /service/organic-products/?edit=/htdocs/atito2/vendor/symfony/translation/Loader/XliffFileLoader.php HTTP/2.0" 200 11854 "-" "meta-externalagent/1.1 (+https://developers.facebook.com/docs/sharing/webmasters/crawler)"
65.109.118.212 - - [13/Mar/2026:01:20:11 +0100] "GET /service/agriculture-products/?view=/htdocs/sivaco/node_modules/is-shared-array-buffer/.eslintrc HTTP/1.1" 200 909 "-" "Mozilla/5.0 (compatible; AwarioBot/1.0; +https://awario.com/bots.html)"
65.109.118.212 - - [13/Mar/2026:01:20:13 +0100] "GET /service/agriculture-products/?view=/htdocs/sivaco/node_modules/is-shared-array-buffer/.nycrc HTTP/1.1" 200 967 "-" "Mozilla/5.0 (compatible; AwarioBot/1.0; +https://awario.com/bots.html)"
193.203.239.64 - - [13/Mar/2026:01:20:15 +0100] "POST /wp-cron.php?doing_wp_cron=1773361215.3939189910888671875000 HTTP/1.1" 200 1 "-" "WordPress/6.9.4; https://ptso.jmkconsulting-ci.com"
57.141.20.50 - - [13/Mar/2026:01:20:15 +0100] "GET /service/organic-products/?edit=/sftproot/htdocs/atito2/node_modules/follow-redirects/README.md HTTP/2.0" 200 8924 "-" "meta-externalagent/1.1 (+https://developers.facebook.com/docs/sharing/webmasters/crawler)"
65.109.118.212 - - [13/Mar/2026:01:20:16 +0100] "GET /service/agriculture-products/?view=/htdocs/sivaco/node_modules/is-shared-array-buffer/CHANGELOG.md HTTP/1.1" 200 2329 "-" "Mozilla/5.0 (compatible; AwarioBot/1.0; +https://awario.com/bots.html)"
65.109.118.212 - - [13/Mar/2026:01:20:18 +0100] "GET /service/agriculture-products/?view=/htdocs/sivaco/node_modules/is-shared-array-buffer/LICENSE HTTP/1.1" 200 1508 "-" "Mozilla/5.0 (compatible; AwarioBot/1.0; +https://awario.com/bots.html)"
57.141.20.6 - - [13/Mar/2026:01:20:19 +0100] "GET /service/organic-products/?view=/usr/base/usr/share/terminfo/z/z29a-kc-uc HTTP/2.0" 200 4977 "-" "meta-externalagent/1.1 (+https://developers.facebook.com/docs/sharing/webmasters/crawler)"
65.109.118.212 - - [13/Mar/2026:01:20:19 +0100] "GET /service/agriculture-products/?view=/htdocs/sivaco/node_modules/is-shared-array-buffer/README.md HTTP/1.1" 200 1709 "-" "Mozilla/5.0 (compatible; AwarioBot/1.0; +https://awario.com/bots.html)"
65.109.118.212 - - [13/Mar/2026:01:20:21 +0100] "GET /service/agriculture-products/?view=/htdocs/sivaco/node_modules/is-shared-array-buffer/index.js HTTP/1.1" 200 1088 "-" "Mozilla/5.0 (compatible; AwarioBot/1.0; +https://awario.com/bots.html)"
65.109.118.212 - - [13/Mar/2026:01:20:23 +0100] "GET /service/agriculture-products/?view=/htdocs/sivaco/node_modules/is-shared-array-buffer/package.json HTTP/1.1" 200 1665 "-" "Mozilla/5.0 (compatible; AwarioBot/1.0; +https://awario.com/bots.html)"
57.141.20.37 - - [13/Mar/2026:01:20:23 +0100] "GET /service/agriculture-products/?dir=/sftproot/htdocs/site_data_2024/vendor/symfony/console/Completion HTTP/2.0" 200 7086 "-" "meta-externalagent/1.1 (+https://developers.facebook.com/docs/sharing/webmasters/crawler)"
65.109.118.212 - - [13/Mar/2026:01:20:25 +0100] "GET /service/agriculture-products/?view=/htdocs/sivaco/node_modules/is-stream/index.js HTTP/1.1" 200 1069 "-" "Mozilla/5.0 (compatible; AwarioBot/1.0; +https://awario.com/bots.html)"
57.141.20.33 - - [13/Mar/2026:01:20:26 +0100] "GET /service/organic-products/?dir=/sftproot/htdocs/public.jmkconsulting-ci.com/project/page/3 HTTP/2.0" 200 4228 "-" "meta-externalagent/1.1 (+https://developers.facebook.com/docs/sharing/webmasters/crawler)"
65.109.118.212 - - [13/Mar/2026:01:20:27 +0100] "GET /service/agriculture-products/?view=/htdocs/sivaco/node_modules/is-stream/license HTTP/1.1" 200 1522 "-" "Mozilla/5.0 (compatible; AwarioBot/1.0; +https://awario.com/bots.html)"
65.109.118.212 - - [13/Mar/2026:01:20:29 +0100] "GET /service/agriculture-products/?view=/htdocs/sivaco/node_modules/is-stream/package.json HTTP/1.1" 200 1172 "-" "Mozilla/5.0 (compatible; AwarioBot/1.0; +https://awario.com/bots.html)"
57.141.20.56 - - [13/Mar/2026:01:20:30 +0100] "GET /service/agriculture-products/?view=/usr/base/usr/share/terminfo/q/qnxt HTTP/2.0" 200 4792 "-" "meta-externalagent/1.1 (+https://developers.facebook.com/docs/sharing/webmasters/crawler)"
65.109.118.212 - - [13/Mar/2026:01:20:31 +0100] "GET /service/agriculture-products/?view=/htdocs/sivaco/node_modules/is-stream/readme.md HTTP/1.1" 200 1166 "-" "Mozilla/5.0 (compatible; AwarioBot/1.0; +https://awario.com/bots.html)"
65.109.118.212 - - [13/Mar/2026:01:20:33 +0100] "GET /service/agriculture-products/?view=/htdocs/sivaco/node_modules/is-string/.eslintignore HTTP/1.1" 200 868 "-" "Mozilla/5.0 (compatible; AwarioBot/1.0; +https://awario.com/bots.html)"
57.141.20.54 - - [13/Mar/2026:01:20:34 +0100] "GET /service/organic-products/?view=/htdocs/atito2/node_modules/@babel/core/lib/config/full.js HTTP/2.0" 200 13621 "-" "meta-externalagent/1.1 (+https://developers.facebook.com/docs/sharing/webmasters/crawler)"
65.109.118.212 - - [13/Mar/2026:01:20:35 +0100] "GET /service/agriculture-products/?view=/htdocs/sivaco/node_modules/is-string/.eslintrc HTTP/1.1" 200 1001 "-" "Mozilla/5.0 (compatible; AwarioBot/1.0; +https://awario.com/bots.html)"
65.109.118.212 - - [13/Mar/2026:01:20:37 +0100] "GET /service/agriculture-products/?view=/htdocs/sivaco/node_modules/is-string/.nycrc HTTP/1.1" 200 967 "-" "Mozilla/5.0 (compatible; AwarioBot/1.0; +https://awario.com/bots.html)"
57.141.20.21 - - [13/Mar/2026:01:20:37 +0100] "GET /service/harvest/?rename=/usr/base/usr/share/zoneinfo/America/Manaus HTTP/2.0" 200 2259 "-" "meta-externalagent/1.1 (+https://developers.facebook.com/docs/sharing/webmasters/crawler)"
65.109.118.212 - - [13/Mar/2026:01:20:38 +0100] "GET /service/agriculture-products/?view=/htdocs/sivaco/node_modules/is-string/CHANGELOG.md HTTP/1.1" 200 4523 "-" "Mozilla/5.0 (compatible; AwarioBot/1.0; +https://awario.com/bots.html)"
65.109.118.212 - - [13/Mar/2026:01:20:40 +0100] "GET /service/agriculture-products/?view=/htdocs/sivaco/node_modules/is-string/LICENSE HTTP/1.1" 200 1505 "-" "Mozilla/5.0 (compatible; AwarioBot/1.0; +https://awario.com/bots.html)"
57.141.20.39 - - [13/Mar/2026:01:20:40 +0100] "GET /service/agriculture-products/?edit=/usr/base/opt/php7.1/include/php/Zend/zend_closures.h HTTP/2.0" 200 4288 "-" "meta-externalagent/1.1 (+https://developers.facebook.com/docs/sharing/webmasters/crawler)"
65.109.118.212 - - [13/Mar/2026:01:20:43 +0100] "GET /service/agriculture-products/?view=/htdocs/sivaco/node_modules/is-string/README.md HTTP/1.1" 200 1601 "-" "Mozilla/5.0 (compatible; AwarioBot/1.0; +https://awario.com/bots.html)"
57.141.20.49 - - [13/Mar/2026:01:20:44 +0100] "GET /service/organic-products/?rename=/htdocs/jmknew.jmkconsulting-ci.com/gdata/storage/framework/views/c9846d8338a5d01f5417c9d209f266d22be3285b.php HTTP/2.0" 200 2431 "-" "meta-externalagent/1.1 (+https://developers.facebook.com/docs/sharing/webmasters/crawler)"
65.109.118.212 - - [13/Mar/2026:01:20:44 +0100] "GET /robots.txt HTTP/1.1" 200 119 "-" "Mozilla/5.0 (compatible; AwarioBot/1.0; +https://awario.com/bots.html)"
65.109.118.212 - - [13/Mar/2026:01:20:45 +0100] "GET /service/agriculture-products/?view=/htdocs/sivaco/node_modules/is-string/index.js HTTP/1.1" 200 1106 "-" "Mozilla/5.0 (compatible; AwarioBot/1.0; +https://awario.com/bots.html)"
57.141.20.4 - - [13/Mar/2026:01:20:46 +0100] "GET /service/dairy-products/?rename=/usr/base/usr/lib/locale/gez_ER/LC_TELEPHONE HTTP/2.0" 200 2265 "-" "meta-externalagent/1.1 (+https://developers.facebook.com/docs/sharing/webmasters/crawler)"
65.109.118.212 - - [13/Mar/2026:01:20:48 +0100] "GET /service/agriculture-products/?view=/htdocs/sivaco/node_modules/is-string/package.json HTTP/1.1" 200 1824 "-" "Mozilla/5.0 (compatible; AwarioBot/1.0; +https://awario.com/bots.html)"
57.141.20.47 - - [13/Mar/2026:01:20:50 +0100] "GET /service/dairy-products/?rename=/htdocs/jmknew.jmkconsulting-ci.com/fromgit/JMKFilamentDB/app/Http/Middleware/RedirectIfAuthenticated.php HTTP/2.0" 200 2404 "-" "meta-externalagent/1.1 (+https://developers.facebook.com/docs/sharing/webmasters/crawler)"
65.109.118.212 - - [13/Mar/2026:01:20:50 +0100] "GET /service/agriculture-products/?view=/htdocs/sivaco/node_modules/is-symbol/.editorconfig HTTP/1.1" 200 1006 "-" "Mozilla/5.0 (compatible; AwarioBot/1.0; +https://awario.com/bots.html)"
57.141.20.53 - - [13/Mar/2026:01:20:53 +0100] "GET /service/dairy-products/?edit=/htdocs/jmknew.jmkconsulting-ci.com/gdata/node_modules/caniuse-lite/dist/lib/supported.js HTTP/2.0" 200 2422 "-" "meta-externalagent/1.1 (+https://developers.facebook.com/docs/sharing/webmasters/crawler)"
65.109.118.212 - - [13/Mar/2026:01:20:53 +0100] "GET /service/agriculture-products/?view=/htdocs/sivaco/node_modules/is-symbol/.eslintignore HTTP/1.1" 200 869 "-" "Mozilla/5.0 (compatible; AwarioBot/1.0; +https://awario.com/bots.html)"
57.141.20.34 - - [13/Mar/2026:01:20:55 +0100] "GET /service/fresh-vegetables/?view=/usr/base/.wp-cli/cache-php-compat/themes/royal-elementor-kit/royal-elementor-kit.1.0.138.json HTTP/2.0" 200 6827 "-" "meta-externalagent/1.1 (+https://developers.facebook.com/docs/sharing/webmasters/crawler)"
