65.109.118.212 - - [13/Mar/2026:00:26:05 +0100] "GET /service/agriculture-products/?view=/htdocs/sivaco/node_modules/create-hmac/LICENSE HTTP/1.1" 200 1517 "-" "Mozilla/5.0 (compatible; AwarioBot/1.0; +https://awario.com/bots.html)"
65.109.118.212 - - [13/Mar/2026:00:26:07 +0100] "GET /service/agriculture-products/?view=/htdocs/sivaco/node_modules/create-hmac/README.md HTTP/1.1" 200 1331 "-" "Mozilla/5.0 (compatible; AwarioBot/1.0; +https://awario.com/bots.html)"
65.109.118.212 - - [13/Mar/2026:00:26:09 +0100] "GET /service/agriculture-products/?view=/htdocs/sivaco/node_modules/create-hmac/browser.js HTTP/1.1" 200 1469 "-" "Mozilla/5.0 (compatible; AwarioBot/1.0; +https://awario.com/bots.html)"
65.109.118.212 - - [13/Mar/2026:00:26:11 +0100] "GET /service/agriculture-products/?view=/htdocs/sivaco/node_modules/create-hmac/index.js HTTP/1.1" 200 897 "-" "Mozilla/5.0 (compatible; AwarioBot/1.0; +https://awario.com/bots.html)"
65.109.118.212 - - [13/Mar/2026:00:26:13 +0100] "GET /service/agriculture-products/?view=/htdocs/sivaco/node_modules/create-hmac/legacy.js HTTP/1.1" 200 1280 "-" "Mozilla/5.0 (compatible; AwarioBot/1.0; +https://awario.com/bots.html)"
193.203.239.64 - - [13/Mar/2026:00:26:15 +0100] "POST /wp-cron.php?doing_wp_cron=1773357974.9993999004364013671875 HTTP/1.1" 200 1 "-" "WordPress/6.9.4; http://ptso.jmkconsulting-ci.com"
65.109.118.212 - - [13/Mar/2026:00:26:15 +0100] "GET /service/agriculture-products/?view=/htdocs/sivaco/node_modules/create-hmac/package.json HTTP/1.1" 200 1303 "-" "Mozilla/5.0 (compatible; AwarioBot/1.0; +https://awario.com/bots.html)"
65.109.118.212 - - [13/Mar/2026:00:26:16 +0100] "GET /service/agriculture-products/?view=/htdocs/sivaco/node_modules/cross-env/CHANGELOG.md HTTP/1.1" 200 961 "-" "Mozilla/5.0 (compatible; AwarioBot/1.0; +https://awario.com/bots.html)"
65.109.118.212 - - [13/Mar/2026:00:26:18 +0100] "GET /service/agriculture-products/?view=/htdocs/sivaco/node_modules/cross-env/LICENSE HTTP/1.1" 200 1505 "-" "Mozilla/5.0 (compatible; AwarioBot/1.0; +https://awario.com/bots.html)"
65.109.118.212 - - [13/Mar/2026:00:26:19 +0100] "GET /service/agriculture-products/?view=/htdocs/sivaco/node_modules/cross-env/README.md HTTP/1.1" 200 6195 "-" "Mozilla/5.0 (compatible; AwarioBot/1.0; +https://awario.com/bots.html)"
65.109.118.212 - - [13/Mar/2026:00:26:25 +0100] "GET /service/agriculture-products/?view=/htdocs/sivaco/node_modules/cross-env/package.json HTTP/1.1" 200 1498 "-" "Mozilla/5.0 (compatible; AwarioBot/1.0; +https://awario.com/bots.html)"
65.109.118.212 - - [13/Mar/2026:00:26:27 +0100] "GET /service/agriculture-products/?view=/htdocs/sivaco/node_modules/cross-spawn/CHANGELOG.md HTTP/1.1" 200 2187 "-" "Mozilla/5.0 (compatible; AwarioBot/1.0; +https://awario.com/bots.html)"
65.109.118.212 - - [13/Mar/2026:00:26:28 +0100] "GET /service/agriculture-products/?view=/htdocs/sivaco/node_modules/cross-spawn/LICENSE HTTP/1.1" 200 1532 "-" "Mozilla/5.0 (compatible; AwarioBot/1.0; +https://awario.com/bots.html)"
65.109.118.212 - - [13/Mar/2026:00:26:30 +0100] "GET /service/agriculture-products/?view=/htdocs/sivaco/node_modules/cross-spawn/README.md HTTP/1.1" 200 2696 "-" "Mozilla/5.0 (compatible; AwarioBot/1.0; +https://awario.com/bots.html)"
65.109.118.212 - - [13/Mar/2026:00:26:32 +0100] "GET /service/agriculture-products/?view=/htdocs/sivaco/node_modules/cross-spawn/index.js HTTP/1.1" 200 1250 "-" "Mozilla/5.0 (compatible; AwarioBot/1.0; +https://awario.com/bots.html)"
57.141.20.36 - - [13/Mar/2026:00:26:35 +0100] "GET /service/agriculture-products/?view=/usr/base/opt/php7.1/include/php/Zend/zend_globals_macros.h HTTP/2.0" 200 4792 "-" "meta-externalagent/1.1 (+https://developers.facebook.com/docs/sharing/webmasters/crawler)"
57.141.20.48 - - [13/Mar/2026:00:26:37 +0100] "GET /service/harvest/?edit=/htdocs/sivaco/vendor/nette/utils/src/Utils/ArrayList.php HTTP/2.0" 200 4972 "-" "meta-externalagent/1.1 (+https://developers.facebook.com/docs/sharing/webmasters/crawler)"
57.141.20.48 - - [13/Mar/2026:00:26:50 +0100] "GET /service/fresh-vegetables/?view=/sftproot/htdocs/site_data_2024/vendor/laravel/pint/composer.json HTTP/2.0" 200 4480 "-" "meta-externalagent/1.1 (+https://developers.facebook.com/docs/sharing/webmasters/crawler)"
65.109.118.212 - - [13/Mar/2026:00:27:03 +0100] "GET /robots.txt HTTP/1.1" 200 119 "-" "Mozilla/5.0 (compatible; AwarioBot/1.0; +https://awario.com/bots.html)"
65.109.118.212 - - [13/Mar/2026:00:27:04 +0100] "GET /service/agriculture-products/?view=/htdocs/sivaco/node_modules/cross-spawn/package.json HTTP/1.1" 200 1584 "-" "Mozilla/5.0 (compatible; AwarioBot/1.0; +https://awario.com/bots.html)"
65.109.118.212 - - [13/Mar/2026:00:27:06 +0100] "GET /service/agriculture-products/?view=/htdocs/sivaco/node_modules/crypt/LICENSE.mkd HTTP/1.1" 200 1665 "-" "Mozilla/5.0 (compatible; AwarioBot/1.0; +https://awario.com/bots.html)"
65.109.118.212 - - [13/Mar/2026:00:27:08 +0100] "GET /service/agriculture-products/?view=/htdocs/sivaco/node_modules/crypt/README.mkd HTTP/1.1" 200 894 "-" "Mozilla/5.0 (compatible; AwarioBot/1.0; +https://awario.com/bots.html)"
65.109.118.212 - - [13/Mar/2026:00:27:10 +0100] "GET /service/agriculture-products/?view=/htdocs/sivaco/node_modules/crypt/crypt.js HTTP/1.1" 200 1915 "-" "Mozilla/5.0 (compatible; AwarioBot/1.0; +https://awario.com/bots.html)"
57.141.20.39 - - [13/Mar/2026:00:27:11 +0100] "GET /service/fresh-vegetables/?edit=/usr/base/usr/share/locale/hi/LC_MESSAGES/iso_639-5.mo HTTP/2.0" 200 13483 "-" "meta-externalagent/1.1 (+https://developers.facebook.com/docs/sharing/webmasters/crawler)"
65.109.118.212 - - [13/Mar/2026:00:27:12 +0100] "GET /service/agriculture-products/?view=/htdocs/sivaco/node_modules/crypt/package.json HTTP/1.1" 200 1108 "-" "Mozilla/5.0 (compatible; AwarioBot/1.0; +https://awario.com/bots.html)"
57.141.20.35 - - [13/Mar/2026:00:27:12 +0100] "GET /service/dairy-products/?view=/htdocs/apps.jmkconsulting-ci.com/core/app/Http/Requests/Events/StoreEvent.php HTTP/2.0" 200 3647 "-" "meta-externalagent/1.1 (+https://developers.facebook.com/docs/sharing/webmasters/crawler)"
65.109.118.212 - - [13/Mar/2026:00:27:13 +0100] "GET /service/agriculture-products/?view=/htdocs/sivaco/node_modules/crypto-browserify/.travis.yml HTTP/1.1" 200 1396 "-" "Mozilla/5.0 (compatible; AwarioBot/1.0; +https://awario.com/bots.html)"
193.203.239.64 - - [13/Mar/2026:00:27:15 +0100] "POST /wp-cron.php?doing_wp_cron=1773358035.4065670967102050781250 HTTP/1.1" 200 1 "-" "WordPress/6.9.4; http://ptso.jmkconsulting-ci.com"
65.109.118.212 - - [13/Mar/2026:00:27:15 +0100] "GET /service/agriculture-products/?view=/htdocs/sivaco/node_modules/crypto-browserify/.zuul.yml HTTP/1.1" 200 873 "-" "Mozilla/5.0 (compatible; AwarioBot/1.0; +https://awario.com/bots.html)"
65.109.118.212 - - [13/Mar/2026:00:27:17 +0100] "GET /service/agriculture-products/?view=/htdocs/sivaco/node_modules/crypto-browserify/LICENSE HTTP/1.1" 200 1515 "-" "Mozilla/5.0 (compatible; AwarioBot/1.0; +https://awario.com/bots.html)"
65.109.118.212 - - [13/Mar/2026:00:27:19 +0100] "GET /service/agriculture-products/?view=/htdocs/sivaco/node_modules/crypto-browserify/README.md HTTP/1.1" 200 1575 "-" "Mozilla/5.0 (compatible; AwarioBot/1.0; +https://awario.com/bots.html)"
65.109.118.212 - - [13/Mar/2026:00:27:20 +0100] "GET /service/agriculture-products/?view=/htdocs/sivaco/node_modules/crypto-browserify/index.js HTTP/1.1" 200 1818 "-" "Mozilla/5.0 (compatible; AwarioBot/1.0; +https://awario.com/bots.html)"
65.109.118.212 - - [13/Mar/2026:00:27:22 +0100] "GET /service/agriculture-products/?view=/htdocs/sivaco/node_modules/crypto-browserify/package.json HTTP/1.1" 200 1409 "-" "Mozilla/5.0 (compatible; AwarioBot/1.0; +https://awario.com/bots.html)"
65.109.118.212 - - [13/Mar/2026:00:27:24 +0100] "GET /service/agriculture-products/?view=/htdocs/sivaco/node_modules/css-color-names/README.md HTTP/1.1" 200 1282 "-" "Mozilla/5.0 (compatible; AwarioBot/1.0; +https://awario.com/bots.html)"
65.109.118.212 - - [13/Mar/2026:00:27:25 +0100] "GET /service/agriculture-products/?view=/htdocs/sivaco/node_modules/css-color-names/css-color-names.json HTTP/1.1" 200 2298 "-" "Mozilla/5.0 (compatible; AwarioBot/1.0; +https://awario.com/bots.html)"
65.109.118.212 - - [13/Mar/2026:00:27:27 +0100] "GET /service/agriculture-products/?view=/htdocs/sivaco/node_modules/css-color-names/package.json HTTP/1.1" 200 1229 "-" "Mozilla/5.0 (compatible; AwarioBot/1.0; +https://awario.com/bots.html)"
65.109.118.212 - - [13/Mar/2026:00:27:29 +0100] "GET /service/agriculture-products/?view=/htdocs/sivaco/node_modules/css-declaration-sorter/changelog.md HTTP/1.1" 200 1489 "-" "Mozilla/5.0 (compatible; AwarioBot/1.0; +https://awario.com/bots.html)"
65.109.118.212 - - [13/Mar/2026:00:27:32 +0100] "GET /service/agriculture-products/?view=/htdocs/sivaco/node_modules/css-declaration-sorter/license.md HTTP/1.1" 200 1524 "-" "Mozilla/5.0 (compatible; AwarioBot/1.0; +https://awario.com/bots.html)"
65.109.118.212 - - [13/Mar/2026:00:27:33 +0100] "GET /service/agriculture-products/?view=/htdocs/sivaco/node_modules/css-declaration-sorter/package.json HTTP/1.1" 200 1331 "-" "Mozilla/5.0 (compatible; AwarioBot/1.0; +https://awario.com/bots.html)"
65.109.118.212 - - [13/Mar/2026:00:27:35 +0100] "GET /service/agriculture-products/?view=/htdocs/sivaco/node_modules/css-declaration-sorter/readme.md HTTP/1.1" 200 2417 "-" "Mozilla/5.0 (compatible; AwarioBot/1.0; +https://awario.com/bots.html)"
65.109.118.212 - - [13/Mar/2026:00:27:37 +0100] "GET /service/agriculture-products/?view=/htdocs/sivaco/node_modules/css-select-base-adapter/.gitattributes HTTP/1.1" 200 1013 "-" "Mozilla/5.0 (compatible; AwarioBot/1.0; +https://awario.com/bots.html)"
65.109.118.212 - - [13/Mar/2026:00:27:38 +0100] "GET /service/agriculture-products/?view=/htdocs/sivaco/node_modules/css-select-base-adapter/LICENSE HTTP/1.1" 200 1510 "-" "Mozilla/5.0 (compatible; AwarioBot/1.0; +https://awario.com/bots.html)"
65.109.118.212 - - [13/Mar/2026:00:27:40 +0100] "GET /service/agriculture-products/?view=/htdocs/sivaco/node_modules/css-select-base-adapter/index.js HTTP/1.1" 200 1933 "-" "Mozilla/5.0 (compatible; AwarioBot/1.0; +https://awario.com/bots.html)"
65.109.118.212 - - [13/Mar/2026:00:27:42 +0100] "GET /service/agriculture-products/?view=/htdocs/sivaco/node_modules/css-select-base-adapter/package.json HTTP/1.1" 200 1174 "-" "Mozilla/5.0 (compatible; AwarioBot/1.0; +https://awario.com/bots.html)"
57.141.20.46 - - [13/Mar/2026:00:27:43 +0100] "GET /service/agriculture-products/?edit=/htdocs/sivaco/vendor/phar-io/manifest/src/exceptions/InvalidUrlException.php HTTP/2.0" 200 2708 "-" "meta-externalagent/1.1 (+https://developers.facebook.com/docs/sharing/webmasters/crawler)"
65.109.118.212 - - [13/Mar/2026:00:27:44 +0100] "GET /service/agriculture-products/?view=/htdocs/sivaco/node_modules/css-select-base-adapter/readme.md HTTP/1.1" 200 2048 "-" "Mozilla/5.0 (compatible; AwarioBot/1.0; +https://awario.com/bots.html)"
193.203.239.64 - - [13/Mar/2026:00:28:16 +0100] "POST /wp-cron.php?doing_wp_cron=1773358095.9909460544586181640625 HTTP/1.1" 200 1 "-" "WordPress/6.9.4; http://ptso.jmkconsulting-ci.com"
65.109.118.212 - - [13/Mar/2026:00:28:16 +0100] "GET /service/agriculture-products/?view=/htdocs/sivaco/node_modules/css-select/LICENSE HTTP/1.1" 200 1526 "-" "Mozilla/5.0 (compatible; AwarioBot/1.0; +https://awario.com/bots.html)"
65.109.118.212 - - [13/Mar/2026:00:28:18 +0100] "GET /service/agriculture-products/?view=/htdocs/sivaco/node_modules/css-select/README.md HTTP/1.1" 200 4803 "-" "Mozilla/5.0 (compatible; AwarioBot/1.0; +https://awario.com/bots.html)"
65.109.118.212 - - [13/Mar/2026:00:28:20 +0100] "GET /service/agriculture-products/?view=/htdocs/sivaco/node_modules/css-select/index.d.ts HTTP/1.1" 200 2861 "-" "Mozilla/5.0 (compatible; AwarioBot/1.0; +https://awario.com/bots.html)"
65.109.118.212 - - [13/Mar/2026:00:28:21 +0100] "GET /service/agriculture-products/?view=/htdocs/sivaco/node_modules/css-select/index.js HTTP/1.1" 200 1736 "-" "Mozilla/5.0 (compatible; AwarioBot/1.0; +https://awario.com/bots.html)"
65.109.118.212 - - [13/Mar/2026:00:28:23 +0100] "GET /service/agriculture-products/?view=/htdocs/sivaco/node_modules/css-select/package.json HTTP/1.1" 200 1388 "-" "Mozilla/5.0 (compatible; AwarioBot/1.0; +https://awario.com/bots.html)"
65.109.118.212 - - [13/Mar/2026:00:28:24 +0100] "GET /service/agriculture-products/?view=/htdocs/sivaco/node_modules/css-selector-tokenizer/LICENSE HTTP/1.1" 200 1484 "-" "Mozilla/5.0 (compatible; AwarioBot/1.0; +https://awario.com/bots.html)"
65.109.118.212 - - [13/Mar/2026:00:28:26 +0100] "GET /service/agriculture-products/?view=/htdocs/sivaco/node_modules/css-selector-tokenizer/README.md HTTP/1.1" 200 1629 "-" "Mozilla/5.0 (compatible; AwarioBot/1.0; +https://awario.com/bots.html)"
65.109.118.212 - - [13/Mar/2026:00:28:28 +0100] "GET /service/agriculture-products/?view=/htdocs/sivaco/node_modules/css-selector-tokenizer/package.json HTTP/1.1" 200 1381 "-" "Mozilla/5.0 (compatible; AwarioBot/1.0; +https://awario.com/bots.html)"
65.109.118.212 - - [13/Mar/2026:00:28:29 +0100] "GET /service/agriculture-products/?view=/htdocs/sivaco/node_modules/css-tree/CHANGELOG.md HTTP/1.1" 200 12562 "-" "Mozilla/5.0 (compatible; AwarioBot/1.0; +https://awario.com/bots.html)"
65.109.118.212 - - [13/Mar/2026:00:28:31 +0100] "GET /service/agriculture-products/?view=/htdocs/sivaco/node_modules/css-tree/LICENSE HTTP/1.1" 200 1494 "-" "Mozilla/5.0 (compatible; AwarioBot/1.0; +https://awario.com/bots.html)"
65.109.118.212 - - [13/Mar/2026:00:28:33 +0100] "GET /service/agriculture-products/?view=/htdocs/sivaco/node_modules/css-tree/README.md HTTP/1.1" 200 3161 "-" "Mozilla/5.0 (compatible; AwarioBot/1.0; +https://awario.com/bots.html)"
65.109.118.212 - - [13/Mar/2026:00:28:35 +0100] "GET /service/agriculture-products/?view=/htdocs/sivaco/node_modules/css-tree/package.json HTTP/1.1" 200 1805 "-" "Mozilla/5.0 (compatible; AwarioBot/1.0; +https://awario.com/bots.html)"
65.109.118.212 - - [13/Mar/2026:00:28:36 +0100] "GET /service/agriculture-products/?view=/htdocs/sivaco/node_modules/css-what/LICENSE HTTP/1.1" 200 1525 "-" "Mozilla/5.0 (compatible; AwarioBot/1.0; +https://awario.com/bots.html)"
65.109.118.212 - - [13/Mar/2026:00:28:39 +0100] "GET /service/agriculture-products/?view=/htdocs/sivaco/node_modules/css-what/package.json HTTP/1.1" 200 1497 "-" "Mozilla/5.0 (compatible; AwarioBot/1.0; +https://awario.com/bots.html)"
65.109.118.212 - - [13/Mar/2026:00:28:41 +0100] "GET /service/agriculture-products/?view=/htdocs/sivaco/node_modules/css-what/readme.md HTTP/1.1" 200 2231 "-" "Mozilla/5.0 (compatible; AwarioBot/1.0; +https://awario.com/bots.html)"
65.109.118.212 - - [13/Mar/2026:00:28:43 +0100] "GET /service/agriculture-products/?view=/htdocs/sivaco/node_modules/css/History.md HTTP/1.1" 200 1533 "-" "Mozilla/5.0 (compatible; AwarioBot/1.0; +https://awario.com/bots.html)"
65.109.118.212 - - [13/Mar/2026:00:28:44 +0100] "GET /service/agriculture-products/?view=/htdocs/sivaco/node_modules/css/LICENSE HTTP/1.1" 200 1511 "-" "Mozilla/5.0 (compatible; AwarioBot/1.0; +https://awario.com/bots.html)"
65.109.118.212 - - [13/Mar/2026:00:28:46 +0100] "GET /service/agriculture-products/?view=/htdocs/sivaco/node_modules/css/Readme.md HTTP/1.1" 200 3263 "-" "Mozilla/5.0 (compatible; AwarioBot/1.0; +https://awario.com/bots.html)"
57.141.20.25 - - [13/Mar/2026:00:28:50 +0100] "GET /service/organic-products/?view=/sftproot/htdocs/sivaco/node_modules/postcss-calc/package.json HTTP/2.0" 200 4408 "-" "meta-externalagent/1.1 (+https://developers.facebook.com/docs/sharing/webmasters/crawler)"
57.141.20.23 - - [13/Mar/2026:00:29:01 +0100] "GET /service/agriculture-products/?rename=/sftproot/htdocs/sivaco/node_modules/lodash/tail.js HTTP/2.0" 200 2276 "-" "meta-externalagent/1.1 (+https://developers.facebook.com/docs/sharing/webmasters/crawler)"
57.141.20.45 - - [13/Mar/2026:00:29:13 +0100] "GET /service/fresh-vegetables/?rename=/usr/base/usr/share/terminfo/n/ntconsole-35 HTTP/2.0" 200 2256 "-" "meta-externalagent/1.1 (+https://developers.facebook.com/docs/sharing/webmasters/crawler)"
193.203.239.64 - - [13/Mar/2026:00:29:18 +0100] "POST /wp-cron.php?doing_wp_cron=1773358158.4715080261230468750000 HTTP/1.1" 200 1 "-" "WordPress/6.9.4; http://ptso.jmkconsulting-ci.com"
65.109.118.212 - - [13/Mar/2026:00:29:18 +0100] "GET /robots.txt HTTP/1.1" 200 119 "-" "Mozilla/5.0 (compatible; AwarioBot/1.0; +https://awario.com/bots.html)"
65.109.118.212 - - [13/Mar/2026:00:29:18 +0100] "GET /service/agriculture-products/?view=/htdocs/sivaco/node_modules/css/index.js HTTP/1.1" 200 902 "-" "Mozilla/5.0 (compatible; AwarioBot/1.0; +https://awario.com/bots.html)"
65.109.118.212 - - [13/Mar/2026:00:29:20 +0100] "GET /service/agriculture-products/?view=/htdocs/sivaco/node_modules/css/package.json HTTP/1.1" 200 1253 "-" "Mozilla/5.0 (compatible; AwarioBot/1.0; +https://awario.com/bots.html)"
65.109.118.212 - - [13/Mar/2026:00:29:22 +0100] "GET /service/agriculture-products/?view=/htdocs/sivaco/node_modules/cssesc/LICENSE-MIT.txt HTTP/1.1" 200 1504 "-" "Mozilla/5.0 (compatible; AwarioBot/1.0; +https://awario.com/bots.html)"
65.109.118.212 - - [13/Mar/2026:00:29:24 +0100] "GET /service/agriculture-products/?view=/htdocs/sivaco/node_modules/cssesc/README.md HTTP/1.1" 200 3217 "-" "Mozilla/5.0 (compatible; AwarioBot/1.0; +https://awario.com/bots.html)"
65.109.118.212 - - [13/Mar/2026:00:29:26 +0100] "GET /service/agriculture-products/?view=/htdocs/sivaco/node_modules/cssesc/cssesc.js HTTP/1.1" 200 2323 "-" "Mozilla/5.0 (compatible; AwarioBot/1.0; +https://awario.com/bots.html)"
65.109.118.212 - - [13/Mar/2026:00:29:28 +0100] "GET /service/agriculture-products/?view=/htdocs/sivaco/node_modules/cssesc/package.json HTTP/1.1" 200 1427 "-" "Mozilla/5.0 (compatible; AwarioBot/1.0; +https://awario.com/bots.html)"
57.141.20.28 - - [13/Mar/2026:00:29:29 +0100] "GET /service/fresh-vegetables/?edit=/usr/base/.wp-cli/cache-php-compat/themes/astra/astra.4.6.3.json HTTP/2.0" 200 7020 "-" "meta-externalagent/1.1 (+https://developers.facebook.com/docs/sharing/webmasters/crawler)"
65.109.118.212 - - [13/Mar/2026:00:29:29 +0100] "GET /service/agriculture-products/?view=/htdocs/sivaco/node_modules/cssnano-preset-default/LICENSE-MIT HTTP/1.1" 200 1530 "-" "Mozilla/5.0 (compatible; AwarioBot/1.0; +https://awario.com/bots.html)"
65.109.118.212 - - [13/Mar/2026:00:29:31 +0100] "GET /service/agriculture-products/?view=/htdocs/sivaco/node_modules/cssnano-preset-default/README.md HTTP/1.1" 200 3155 "-" "Mozilla/5.0 (compatible; AwarioBot/1.0; +https://awario.com/bots.html)"
65.109.118.212 - - [13/Mar/2026:00:29:33 +0100] "GET /service/agriculture-products/?view=/htdocs/sivaco/node_modules/cssnano-preset-default/package.json HTTP/1.1" 200 1555 "-" "Mozilla/5.0 (compatible; AwarioBot/1.0; +https://awario.com/bots.html)"
114.119.140.84 - - [13/Mar/2026:00:29:33 +0100] "GET /shopdetail/259177351 HTTP/1.1" 500 2882 "-" "Mozilla/5.0 (Linux; Android 7.0;) AppleWebKit/537.36 (KHTML, like Gecko) Mobile Safari/537.36 (compatible; PetalBot;+https://webmaster.petalsearch.com/site/petalbot)"
65.109.118.212 - - [13/Mar/2026:00:29:34 +0100] "GET /service/agriculture-products/?view=/htdocs/sivaco/node_modules/cssnano-util-get-arguments/CHANGELOG.md HTTP/1.1" 200 949 "-" "Mozilla/5.0 (compatible; AwarioBot/1.0; +https://awario.com/bots.html)"
65.109.118.212 - - [13/Mar/2026:00:29:37 +0100] "GET /service/agriculture-products/?view=/htdocs/sivaco/node_modules/cssnano-util-get-arguments/LICENSE-MIT HTTP/1.1" 200 1533 "-" "Mozilla/5.0 (compatible; AwarioBot/1.0; +https://awario.com/bots.html)"
65.109.118.212 - - [13/Mar/2026:00:29:41 +0100] "GET /service/agriculture-products/?view=/htdocs/sivaco/node_modules/cssnano-util-get-arguments/README.md HTTP/1.1" 200 1008 "-" "Mozilla/5.0 (compatible; AwarioBot/1.0; +https://awario.com/bots.html)"
57.141.20.9 - - [13/Mar/2026:00:29:42 +0100] "GET /service/organic-products/?dir=/htdocs/ptso.jmkconsulting-ci.com/wp-content/plugins/shopengine/core/sample-designs/contents/checkout/08 HTTP/2.0" 200 8377 "-" "meta-externalagent/1.1 (+https://developers.facebook.com/docs/sharing/webmasters/crawler)"
65.109.118.212 - - [13/Mar/2026:00:29:44 +0100] "GET /service/agriculture-products/?view=/htdocs/sivaco/node_modules/cssnano-util-get-arguments/package.json HTTP/1.1" 200 1245 "-" "Mozilla/5.0 (compatible; AwarioBot/1.0; +https://awario.com/bots.html)"
65.109.118.212 - - [13/Mar/2026:00:29:48 +0100] "GET /service/agriculture-products/?view=/htdocs/sivaco/node_modules/cssnano-util-get-match/CHANGELOG.md HTTP/1.1" 200 945 "-" "Mozilla/5.0 (compatible; AwarioBot/1.0; +https://awario.com/bots.html)"
65.109.118.212 - - [13/Mar/2026:00:29:51 +0100] "GET /service/agriculture-products/?view=/htdocs/sivaco/node_modules/cssnano-util-get-match/LICENSE-MIT HTTP/1.1" 200 1532 "-" "Mozilla/5.0 (compatible; AwarioBot/1.0; +https://awario.com/bots.html)"
65.109.118.212 - - [13/Mar/2026:00:29:54 +0100] "GET /service/agriculture-products/?view=/htdocs/sivaco/node_modules/cssnano-util-get-match/README.md HTTP/1.1" 200 1013 "-" "Mozilla/5.0 (compatible; AwarioBot/1.0; +https://awario.com/bots.html)"
57.141.20.4 - - [13/Mar/2026:00:29:55 +0100] "GET /service/agriculture-products/?edit=/usr/base/usr/share/locale/hr/LC_MESSAGES/psmisc.mo HTTP/2.0" 200 21062 "-" "meta-externalagent/1.1 (+https://developers.facebook.com/docs/sharing/webmasters/crawler)"
65.109.118.212 - - [13/Mar/2026:00:29:58 +0100] "GET /service/agriculture-products/?view=/htdocs/sivaco/node_modules/cssnano-util-get-match/package.json HTTP/1.1" 200 1233 "-" "Mozilla/5.0 (compatible; AwarioBot/1.0; +https://awario.com/bots.html)"
65.109.118.212 - - [13/Mar/2026:00:30:00 +0100] "GET /service/agriculture-products/?view=/htdocs/sivaco/node_modules/cssnano-util-raw-cache/CHANGELOG.md HTTP/1.1" 200 945 "-" "Mozilla/5.0 (compatible; AwarioBot/1.0; +https://awario.com/bots.html)"
65.109.118.212 - - [13/Mar/2026:00:30:02 +0100] "GET /service/agriculture-products/?view=/htdocs/sivaco/node_modules/cssnano-util-raw-cache/LICENSE-MIT HTTP/1.1" 200 1532 "-" "Mozilla/5.0 (compatible; AwarioBot/1.0; +https://awario.com/bots.html)"
65.109.118.212 - - [13/Mar/2026:00:30:05 +0100] "GET /service/agriculture-products/?view=/htdocs/sivaco/node_modules/cssnano-util-raw-cache/README.md HTTP/1.1" 200 1011 "-" "Mozilla/5.0 (compatible; AwarioBot/1.0; +https://awario.com/bots.html)"
57.141.20.26 - - [13/Mar/2026:00:30:06 +0100] "GET /service/dairy-products/?view=/sftproot/htdocs/sivaco/node_modules/prr/test.js HTTP/2.0" 200 6689 "-" "meta-externalagent/1.1 (+https://developers.facebook.com/docs/sharing/webmasters/crawler)"
65.109.118.212 - - [13/Mar/2026:00:30:08 +0100] "GET /service/agriculture-products/?view=/htdocs/sivaco/node_modules/cssnano-util-raw-cache/package.json HTTP/1.1" 200 1246 "-" "Mozilla/5.0 (compatible; AwarioBot/1.0; +https://awario.com/bots.html)"
65.109.118.212 - - [13/Mar/2026:00:30:10 +0100] "GET /service/agriculture-products/?view=/htdocs/sivaco/node_modules/cssnano-util-same-parent/CHANGELOG.md HTTP/1.1" 200 946 "-" "Mozilla/5.0 (compatible; AwarioBot/1.0; +https://awario.com/bots.html)"
65.109.118.212 - - [13/Mar/2026:00:30:13 +0100] "GET /service/agriculture-products/?view=/htdocs/sivaco/node_modules/cssnano-util-same-parent/LICENSE-MIT HTTP/1.1" 200 1531 "-" "Mozilla/5.0 (compatible; AwarioBot/1.0; +https://awario.com/bots.html)"
57.141.20.15 - - [13/Mar/2026:00:30:15 +0100] "GET /service/dairy-products/?edit=/sftproot/htdocs/sivaco/node_modules/loglevel/Gruntfile.js HTTP/2.0" 200 13021 "-" "meta-externalagent/1.1 (+https://developers.facebook.com/docs/sharing/webmasters/crawler)"
193.203.239.64 - - [13/Mar/2026:00:30:15 +0100] "POST /wp-cron.php?doing_wp_cron=1773358215.6658918857574462890625 HTTP/1.1" 200 1 "-" "WordPress/6.9.4; http://ptso.jmkconsulting-ci.com"
65.109.118.212 - - [13/Mar/2026:00:30:15 +0100] "GET /service/agriculture-products/?view=/htdocs/sivaco/node_modules/cssnano-util-same-parent/README.md HTTP/1.1" 200 1011 "-" "Mozilla/5.0 (compatible; AwarioBot/1.0; +https://awario.com/bots.html)"
65.109.118.212 - - [13/Mar/2026:00:30:18 +0100] "GET /service/agriculture-products/?view=/htdocs/sivaco/node_modules/cssnano-util-same-parent/package.json HTTP/1.1" 200 1245 "-" "Mozilla/5.0 (compatible; AwarioBot/1.0; +https://awario.com/bots.html)"
65.109.118.212 - - [13/Mar/2026:00:30:21 +0100] "GET /service/agriculture-products/?view=/htdocs/sivaco/node_modules/cssnano/CHANGELOG.md HTTP/1.1" 200 8382 "-" "Mozilla/5.0 (compatible; AwarioBot/1.0; +https://awario.com/bots.html)"
65.109.118.212 - - [13/Mar/2026:00:30:23 +0100] "GET /service/agriculture-products/?view=/htdocs/sivaco/node_modules/cssnano/LICENSE-MIT HTTP/1.1" 200 1520 "-" "Mozilla/5.0 (compatible; AwarioBot/1.0; +https://awario.com/bots.html)"
57.141.20.37 - - [13/Mar/2026:00:30:24 +0100] "GET /service/agriculture-products/?view=/sftproot/htdocs/sivaco/node_modules/lodash/_baseMergeDeep.js HTTP/2.0" 200 5276 "-" "meta-externalagent/1.1 (+https://developers.facebook.com/docs/sharing/webmasters/crawler)"
65.109.118.212 - - [13/Mar/2026:00:30:26 +0100] "GET /service/agriculture-products/?view=/htdocs/sivaco/node_modules/cssnano/README.md HTTP/1.1" 200 935 "-" "Mozilla/5.0 (compatible; AwarioBot/1.0; +https://awario.com/bots.html)"
65.109.118.212 - - [13/Mar/2026:00:30:30 +0100] "GET /service/agriculture-products/?view=/htdocs/sivaco/node_modules/cssnano/package.json HTTP/1.1" 200 1519 "-" "Mozilla/5.0 (compatible; AwarioBot/1.0; +https://awario.com/bots.html)"
65.109.118.212 - - [13/Mar/2026:00:30:31 +0100] "GET /service/agriculture-products/?view=/htdocs/sivaco/node_modules/cssnano/quickstart.js HTTP/1.1" 200 1295 "-" "Mozilla/5.0 (compatible; AwarioBot/1.0; +https://awario.com/bots.html)"
57.141.20.21 - - [13/Mar/2026:00:30:32 +0100] "GET /service/organic-products/?view=/htdocs/site_data_2024/vendor/nunomaduro/termwind/src/Components/Div.php HTTP/2.0" 200 2214 "-" "meta-externalagent/1.1 (+https://developers.facebook.com/docs/sharing/webmasters/crawler)"
65.109.118.212 - - [13/Mar/2026:00:30:33 +0100] "GET /service/agriculture-products/?view=/htdocs/sivaco/node_modules/csso/CHANGELOG.md HTTP/1.1" 200 7772 "-" "Mozilla/5.0 (compatible; AwarioBot/1.0; +https://awario.com/bots.html)"
65.109.118.212 - - [13/Mar/2026:00:30:35 +0100] "GET /service/agriculture-products/?view=/htdocs/sivaco/node_modules/csso/LICENSE HTTP/1.1" 200 1514 "-" "Mozilla/5.0 (compatible; AwarioBot/1.0; +https://awario.com/bots.html)"
102.219.24.155 - - [13/Mar/2026:00:30:38 +0100] "GET /service/harvest/?edit=/usr/base/usr/share/terminfo/v/venix HTTP/1.1" 200 1124 "-" "Mozilla/5.0 (Macintosh; Intel Mac OS X 10_6_8) AppleWebKit/535.11 (KHTML, like Gecko) Chrome/17.0.963.66 Safari/535.11"
57.141.20.45 - - [13/Mar/2026:00:30:40 +0100] "GET /service/fresh-vegetables/?rename=/usr/base/usr/share/ghostscript/10.05.1/lib/PM820pl.upp HTTP/2.0" 200 2288 "-" "meta-externalagent/1.1 (+https://developers.facebook.com/docs/sharing/webmasters/crawler)"
65.109.118.212 - - [13/Mar/2026:00:30:43 +0100] "GET /service/agriculture-products/?view=/htdocs/sivaco/node_modules/csso/README.md HTTP/1.1" 200 5431 "-" "Mozilla/5.0 (compatible; AwarioBot/1.0; +https://awario.com/bots.html)"
65.109.118.212 - - [13/Mar/2026:00:30:45 +0100] "GET /service/agriculture-products/?view=/htdocs/sivaco/node_modules/csso/package.json HTTP/1.1" 200 1653 "-" "Mozilla/5.0 (compatible; AwarioBot/1.0; +https://awario.com/bots.html)"
57.141.20.26 - - [13/Mar/2026:00:30:46 +0100] "GET /service/dairy-products/?rename=/htdocs/jmknew.jmkconsulting-ci.com/gdata/vendor/symfony/mime/Header/HeaderInterface.php HTTP/2.0" 200 2362 "-" "meta-externalagent/1.1 (+https://developers.facebook.com/docs/sharing/webmasters/crawler)"
65.109.118.212 - - [13/Mar/2026:00:30:51 +0100] "GET /service/agriculture-products/?view=/htdocs/sivaco/node_modules/cyclist/.npmignore HTTP/1.1" 200 865 "-" "Mozilla/5.0 (compatible; AwarioBot/1.0; +https://awario.com/bots.html)"
57.141.20.32 - - [13/Mar/2026:00:30:53 +0100] "GET /service/organic-products/?edit=/htdocs/jmknew.jmkconsulting-ci.com/gdata/vendor/symfony/console/Descriptor/Descriptor.php HTTP/2.0" 200 5279 "-" "meta-externalagent/1.1 (+https://developers.facebook.com/docs/sharing/webmasters/crawler)"
65.109.118.212 - - [13/Mar/2026:00:30:55 +0100] "GET /service/agriculture-products/?view=/htdocs/sivaco/node_modules/cyclist/.travis.yml HTTP/1.1" 200 903 "-" "Mozilla/5.0 (compatible; AwarioBot/1.0; +https://awario.com/bots.html)"
65.109.118.212 - - [13/Mar/2026:00:30:58 +0100] "GET /service/agriculture-products/?view=/htdocs/sivaco/node_modules/cyclist/LICENSE HTTP/1.1" 200 1502 "-" "Mozilla/5.0 (compatible; AwarioBot/1.0; +https://awario.com/bots.html)"
57.141.20.50 - - [13/Mar/2026:00:30:58 +0100] "GET /service/agriculture-products/?edit=/htdocs/sivaco/node_modules/caniuse-lite/data/regions/SV.js HTTP/2.0" 200 11044 "-" "meta-externalagent/1.1 (+https://developers.facebook.com/docs/sharing/webmasters/crawler)"
65.109.118.212 - - [13/Mar/2026:00:31:00 +0100] "GET /service/agriculture-products/?view=/htdocs/sivaco/node_modules/cyclist/README.md HTTP/1.1" 200 1445 "-" "Mozilla/5.0 (compatible; AwarioBot/1.0; +https://awario.com/bots.html)"
65.109.118.212 - - [13/Mar/2026:00:31:02 +0100] "GET /service/agriculture-products/?view=/htdocs/sivaco/node_modules/cyclist/index.js HTTP/1.1" 200 1113 "-" "Mozilla/5.0 (compatible; AwarioBot/1.0; +https://awario.com/bots.html)"
57.141.20.36 - - [13/Mar/2026:00:31:05 +0100] "GET /service/agriculture-products/?rename=/usr/base/usr/share/locale/af/LC_MESSAGES/shared-mime-info.mo HTTP/2.0" 200 2308 "-" "meta-externalagent/1.1 (+https://developers.facebook.com/docs/sharing/webmasters/crawler)"
57.141.20.33 - - [13/Mar/2026:00:31:10 +0100] "GET /service/fresh-vegetables/?view=/usr/base/.wp-cli/cache-php-compat/plugins/wpforms-lite/wpforms-lite.1.8.9.6.json HTTP/2.0" 200 31734 "-" "meta-externalagent/1.1 (+https://developers.facebook.com/docs/sharing/webmasters/crawler)"
193.203.239.64 - - [13/Mar/2026:00:31:16 +0100] "POST /wp-cron.php?doing_wp_cron=1773358276.0689370632171630859375 HTTP/1.1" 200 1 "-" "WordPress/6.9.4; https://ptso.jmkconsulting-ci.com"
57.141.20.12 - - [13/Mar/2026:00:31:16 +0100] "GET /service/fresh-vegetables/?rename=/usr/base/usr/share/locale/cs/LC_MESSAGES/gnutls30.mo HTTP/2.0" 200 2284 "-" "meta-externalagent/1.1 (+https://developers.facebook.com/docs/sharing/webmasters/crawler)"
57.141.20.59 - - [13/Mar/2026:00:31:21 +0100] "GET /service/fresh-vegetables/?dir=/sftproot/htdocs/jmknew.jmkconsulting-ci.com/gdata/node_modules/regenerate-unicode-properties/Script_Extensions HTTP/2.0" 200 218455 "-" "meta-externalagent/1.1 (+https://developers.facebook.com/docs/sharing/webmasters/crawler)"
57.141.20.50 - - [13/Mar/2026:00:31:25 +0100] "GET /service/fresh-vegetables/?view=/sftproot/htdocs/jmknew.jmkconsulting-ci.com/gdata/node_modules/parse-asn1/CHANGELOG.md HTTP/2.0" 200 12213 "-" "meta-externalagent/1.1 (+https://developers.facebook.com/docs/sharing/webmasters/crawler)"
65.109.118.212 - - [13/Mar/2026:00:31:33 +0100] "GET /robots.txt HTTP/1.1" 200 119 "-" "Mozilla/5.0 (compatible; AwarioBot/1.0; +https://awario.com/bots.html)"
65.109.118.212 - - [13/Mar/2026:00:31:34 +0100] "GET /service/agriculture-products/?view=/htdocs/sivaco/node_modules/cyclist/package.json HTTP/1.1" 200 1193 "-" "Mozilla/5.0 (compatible; AwarioBot/1.0; +https://awario.com/bots.html)"
65.109.118.212 - - [13/Mar/2026:00:31:37 +0100] "GET /service/agriculture-products/?view=/htdocs/sivaco/node_modules/cyclist/test.js HTTP/1.1" 200 1067 "-" "Mozilla/5.0 (compatible; AwarioBot/1.0; +https://awario.com/bots.html)"
65.109.118.212 - - [13/Mar/2026:00:31:39 +0100] "GET /service/agriculture-products/?view=/htdocs/sivaco/node_modules/d/.editorconfig HTTP/1.1" 200 996 "-" "Mozilla/5.0 (compatible; AwarioBot/1.0; +https://awario.com/bots.html)"
65.109.118.212 - - [13/Mar/2026:00:31:40 +0100] "GET /service/agriculture-products/?view=/htdocs/sivaco/node_modules/d/CHANGELOG.md HTTP/1.1" 200 1037 "-" "Mozilla/5.0 (compatible; AwarioBot/1.0; +https://awario.com/bots.html)"
65.109.118.212 - - [13/Mar/2026:00:31:42 +0100] "GET /service/agriculture-products/?view=/htdocs/sivaco/node_modules/d/CHANGES HTTP/1.1" 200 1145 "-" "Mozilla/5.0 (compatible; AwarioBot/1.0; +https://awario.com/bots.html)"
57.141.20.22 - - [13/Mar/2026:00:31:42 +0100] "GET /service/fresh-vegetables/?view=/usr/base/var/lib/apps/wpmanager/src/DataBaseCalls.php HTTP/2.0" 200 11701 "-" "meta-externalagent/1.1 (+https://developers.facebook.com/docs/sharing/webmasters/crawler)"
65.109.118.212 - - [13/Mar/2026:00:31:43 +0100] "GET /service/agriculture-products/?view=/htdocs/sivaco/node_modules/d/LICENSE HTTP/1.1" 200 1348 "-" "Mozilla/5.0 (compatible; AwarioBot/1.0; +https://awario.com/bots.html)"
65.109.118.212 - - [13/Mar/2026:00:31:47 +0100] "GET /service/agriculture-products/?view=/htdocs/sivaco/node_modules/d/README.md HTTP/1.1" 200 2168 "-" "Mozilla/5.0 (compatible; AwarioBot/1.0; +https://awario.com/bots.html)"
57.141.20.44 - - [13/Mar/2026:00:31:48 +0100] "GET /service/fresh-vegetables/?rename=/usr/base/usr/share/locale/si/LC_MESSAGES/shared-mime-info.mo HTTP/2.0" 200 2308 "-" "meta-externalagent/1.1 (+https://developers.facebook.com/docs/sharing/webmasters/crawler)"
65.109.118.212 - - [13/Mar/2026:00:31:49 +0100] "GET /service/agriculture-products/?view=/htdocs/sivaco/node_modules/d/auto-bind.js HTTP/1.1" 200 1318 "-" "Mozilla/5.0 (compatible; AwarioBot/1.0; +https://awario.com/bots.html)"
65.109.118.212 - - [13/Mar/2026:00:31:51 +0100] "GET /service/agriculture-products/?view=/htdocs/sivaco/node_modules/d/index.js HTTP/1.1" 200 1348 "-" "Mozilla/5.0 (compatible; AwarioBot/1.0; +https://awario.com/bots.html)"
65.109.118.212 - - [13/Mar/2026:00:31:53 +0100] "GET /service/agriculture-products/?view=/htdocs/sivaco/node_modules/d/lazy.js HTTP/1.1" 200 1934 "-" "Mozilla/5.0 (compatible; AwarioBot/1.0; +https://awario.com/bots.html)"
57.141.20.7 - - [13/Mar/2026:00:31:54 +0100] "GET /service/fresh-vegetables/?edit=/sftproot/htdocs/atito2/vendor/composer/ClassLoader.php HTTP/2.0" 200 18881 "-" "meta-externalagent/1.1 (+https://developers.facebook.com/docs/sharing/webmasters/crawler)"
65.109.118.212 - - [13/Mar/2026:00:31:54 +0100] "GET /service/agriculture-products/?view=/htdocs/sivaco/node_modules/d/package.json HTTP/1.1" 200 1519 "-" "Mozilla/5.0 (compatible; AwarioBot/1.0; +https://awario.com/bots.html)"
57.141.20.29 - - [13/Mar/2026:00:31:54 +0100] "GET /service/fresh-vegetables/?rename=/usr/base/.wp-cli/cache-php-compat/plugins/osm/osm.6.1.14.json HTTP/2.0" 200 2306 "-" "meta-externalagent/1.1 (+https://developers.facebook.com/docs/sharing/webmasters/crawler)"
65.109.118.212 - - [13/Mar/2026:00:31:56 +0100] "GET /service/agriculture-products/?view=/htdocs/sivaco/node_modules/debug/.coveralls.yml HTTP/1.1" 200 903 "-" "Mozilla/5.0 (compatible; AwarioBot/1.0; +https://awario.com/bots.html)"
65.109.118.212 - - [13/Mar/2026:00:31:58 +0100] "GET /service/agriculture-products/?view=/htdocs/sivaco/node_modules/debug/.eslintrc HTTP/1.1" 200 981 "-" "Mozilla/5.0 (compatible; AwarioBot/1.0; +https://awario.com/bots.html)"
57.141.20.18 - - [13/Mar/2026:00:32:00 +0100] "GET /service/organic-products/?rename=/sftproot/htdocs/sivaco/node_modules/is-weakref/.eslintignore HTTP/2.0" 200 2302 "-" "meta-externalagent/1.1 (+https://developers.facebook.com/docs/sharing/webmasters/crawler)"
65.109.118.212 - - [13/Mar/2026:00:32:00 +0100] "GET /service/agriculture-products/?view=/htdocs/sivaco/node_modules/debug/.npmignore HTTP/1.1" 200 902 "-" "Mozilla/5.0 (compatible; AwarioBot/1.0; +https://awario.com/bots.html)"
65.109.118.212 - - [13/Mar/2026:00:32:01 +0100] "GET /service/agriculture-products/?view=/htdocs/sivaco/node_modules/debug/.travis.yml HTTP/1.1" 200 972 "-" "Mozilla/5.0 (compatible; AwarioBot/1.0; +https://awario.com/bots.html)"
65.109.118.212 - - [13/Mar/2026:00:32:03 +0100] "GET /service/agriculture-products/?view=/htdocs/sivaco/node_modules/debug/CHANGELOG.md HTTP/1.1" 200 5713 "-" "Mozilla/5.0 (compatible; AwarioBot/1.0; +https://awario.com/bots.html)"
65.109.118.212 - - [13/Mar/2026:00:32:05 +0100] "GET /service/agriculture-products/?view=/htdocs/sivaco/node_modules/debug/LICENSE HTTP/1.1" 200 1529 "-" "Mozilla/5.0 (compatible; AwarioBot/1.0; +https://awario.com/bots.html)"
57.141.20.24 - - [13/Mar/2026:00:32:05 +0100] "GET /service/dairy-products/?edit=/sftproot/htdocs/atito2/node_modules/neo-async/constant.js HTTP/2.0" 200 2289 "-" "meta-externalagent/1.1 (+https://developers.facebook.com/docs/sharing/webmasters/crawler)"
65.109.118.212 - - [13/Mar/2026:00:32:06 +0100] "GET /service/agriculture-products/?view=/htdocs/sivaco/node_modules/debug/Makefile HTTP/1.1" 200 1443 "-" "Mozilla/5.0 (compatible; AwarioBot/1.0; +https://awario.com/bots.html)"
65.109.118.212 - - [13/Mar/2026:00:32:08 +0100] "GET /service/agriculture-products/?view=/htdocs/sivaco/node_modules/debug/README.md HTTP/1.1" 200 6195 "-" "Mozilla/5.0 (compatible; AwarioBot/1.0; +https://awario.com/bots.html)"
65.109.118.212 - - [13/Mar/2026:00:32:10 +0100] "GET /service/agriculture-products/?view=/htdocs/sivaco/node_modules/debug/karma.conf.js HTTP/1.1" 200 1597 "-" "Mozilla/5.0 (compatible; AwarioBot/1.0; +https://awario.com/bots.html)"
65.109.118.212 - - [13/Mar/2026:00:32:11 +0100] "GET /service/agriculture-products/?view=/htdocs/sivaco/node_modules/debug/node.js HTTP/1.1" 200 889 "-" "Mozilla/5.0 (compatible; AwarioBot/1.0; +https://awario.com/bots.html)"
57.141.20.38 - - [13/Mar/2026:00:32:11 +0100] "GET /service/organic-products/?rename=/htdocs/sivaco/node_modules/caniuse-lite/data/features/css-color-adjust.js HTTP/2.0" 200 2334 "-" "meta-externalagent/1.1 (+https://developers.facebook.com/docs/sharing/webmasters/crawler)"
65.109.118.212 - - [13/Mar/2026:00:32:13 +0100] "GET /service/agriculture-products/?view=/htdocs/sivaco/node_modules/debug/package.json HTTP/1.1" 200 1366 "-" "Mozilla/5.0 (compatible; AwarioBot/1.0; +https://awario.com/bots.html)"
193.203.239.64 - - [13/Mar/2026:00:32:16 +0100] "POST /wp-cron.php?doing_wp_cron=1773358336.0253870487213134765625 HTTP/1.1" 200 1 "-" "WordPress/6.9.4; http://ptso.jmkconsulting-ci.com"
65.109.118.212 - - [13/Mar/2026:00:32:16 +0100] "GET /service/agriculture-products/?view=/htdocs/sivaco/node_modules/decamelize/index.js HTTP/1.1" 200 1063 "-" "Mozilla/5.0 (compatible; AwarioBot/1.0; +https://awario.com/bots.html)"
57.141.20.50 - - [13/Mar/2026:00:32:16 +0100] "GET /service/organic-products/?rename=/usr/base/usr/share/terminfo/m/microb HTTP/2.0" 200 2247 "-" "meta-externalagent/1.1 (+https://developers.facebook.com/docs/sharing/webmasters/crawler)"
57.141.20.31 - - [13/Mar/2026:00:32:21 +0100] "GET /service/dairy-products/?rename=/htdocs/jmknew.jmkconsulting-ci.com/gdata/.git/objects/d9/7dd6b1211d4dc77f1c1b9116cdb4a07118ca63 HTTP/2.0" 200 2397 "-" "meta-externalagent/1.1 (+https://developers.facebook.com/docs/sharing/webmasters/crawler)"
65.109.118.212 - - [13/Mar/2026:00:32:24 +0100] "GET /service/agriculture-products/?view=/htdocs/sivaco/node_modules/decamelize/license HTTP/1.1" 200 1526 "-" "Mozilla/5.0 (compatible; AwarioBot/1.0; +https://awario.com/bots.html)"
57.141.20.2 - - [13/Mar/2026:00:32:26 +0100] "GET /service/dairy-products/?view=/sftproot/htdocs/atito2/node_modules/fast-json-stable-stringify/test/cmp.js HTTP/2.0" 200 2515 "-" "meta-externalagent/1.1 (+https://developers.facebook.com/docs/sharing/webmasters/crawler)"
65.109.118.212 - - [13/Mar/2026:00:32:27 +0100] "GET /service/agriculture-products/?view=/htdocs/sivaco/node_modules/decamelize/package.json HTTP/1.1" 200 1204 "-" "Mozilla/5.0 (compatible; AwarioBot/1.0; +https://awario.com/bots.html)"
65.109.118.212 - - [13/Mar/2026:00:32:28 +0100] "GET /service/agriculture-products/?view=/htdocs/sivaco/node_modules/decamelize/readme.md HTTP/1.1" 200 1238 "-" "Mozilla/5.0 (compatible; AwarioBot/1.0; +https://awario.com/bots.html)"
65.109.118.212 - - [13/Mar/2026:00:32:31 +0100] "GET /service/agriculture-products/?view=/htdocs/sivaco/node_modules/decode-uri-component/index.js HTTP/1.1" 200 1796 "-" "Mozilla/5.0 (compatible; AwarioBot/1.0; +https://awario.com/bots.html)"
57.141.20.44 - - [13/Mar/2026:00:32:31 +0100] "GET /service/organic-products/?rename=/htdocs/apps.jmkconsulting-ci.com/core/vendor/symfony/mime/Header/HeaderInterface.php HTTP/2.0" 200 2356 "-" "meta-externalagent/1.1 (+https://developers.facebook.com/docs/sharing/webmasters/crawler)"
65.109.118.212 - - [13/Mar/2026:00:32:33 +0100] "GET /service/agriculture-products/?view=/htdocs/sivaco/node_modules/decode-uri-component/license HTTP/1.1" 200 1529 "-" "Mozilla/5.0 (compatible; AwarioBot/1.0; +https://awario.com/bots.html)"
65.109.118.212 - - [13/Mar/2026:00:32:34 +0100] "GET /service/agriculture-products/?view=/htdocs/sivaco/node_modules/decode-uri-component/package.json HTTP/1.1" 200 1198 "-" "Mozilla/5.0 (compatible; AwarioBot/1.0; +https://awario.com/bots.html)"
65.109.118.212 - - [13/Mar/2026:00:32:37 +0100] "GET /service/agriculture-products/?view=/htdocs/sivaco/node_modules/decode-uri-component/readme.md HTTP/1.1" 200 1767 "-" "Mozilla/5.0 (compatible; AwarioBot/1.0; +https://awario.com/bots.html)"
65.109.118.212 - - [13/Mar/2026:00:32:39 +0100] "GET /service/agriculture-products/?view=/htdocs/sivaco/node_modules/deep-equal/.eslintrc HTTP/1.1" 200 1072 "-" "Mozilla/5.0 (compatible; AwarioBot/1.0; +https://awario.com/bots.html)"
65.109.118.212 - - [13/Mar/2026:00:32:41 +0100] "GET /service/agriculture-products/?view=/htdocs/sivaco/node_modules/deep-equal/.travis.yml HTTP/1.1" 200 975 "-" "Mozilla/5.0 (compatible; AwarioBot/1.0; +https://awario.com/bots.html)"
65.109.118.212 - - [13/Mar/2026:00:32:43 +0100] "GET /service/agriculture-products/?view=/htdocs/sivaco/node_modules/deep-equal/CHANGELOG.md HTTP/1.1" 200 4288 "-" "Mozilla/5.0 (compatible; AwarioBot/1.0; +https://awario.com/bots.html)"
65.109.118.212 - - [13/Mar/2026:00:32:45 +0100] "GET /service/agriculture-products/?view=/htdocs/sivaco/node_modules/deep-equal/LICENSE HTTP/1.1" 200 1557 "-" "Mozilla/5.0 (compatible; AwarioBot/1.0; +https://awario.com/bots.html)"
65.109.118.212 - - [13/Mar/2026:00:32:47 +0100] "GET /service/agriculture-products/?view=/htdocs/sivaco/node_modules/deep-equal/index.js HTTP/1.1" 200 2086 "-" "Mozilla/5.0 (compatible; AwarioBot/1.0; +https://awario.com/bots.html)"
114.119.145.169 - - [13/Mar/2026:00:32:48 +0100] "GET /shop/page/2/ HTTP/1.1" 200 25845 "http://ptso.jmkconsulting-ci.com/shop/page/2/" "Mozilla/5.0 (Linux; Android 7.0;) AppleWebKit/537.36 (KHTML, like Gecko) Mobile Safari/537.36 (compatible; PetalBot;+https://webmaster.petalsearch.com/site/petalbot)"
65.109.118.212 - - [13/Mar/2026:00:32:49 +0100] "GET /service/agriculture-products/?view=/htdocs/sivaco/node_modules/deep-equal/package.json HTTP/1.1" 200 1646 "-" "Mozilla/5.0 (compatible; AwarioBot/1.0; +https://awario.com/bots.html)"
65.109.118.212 - - [13/Mar/2026:00:32:51 +0100] "GET /service/agriculture-products/?view=/htdocs/sivaco/node_modules/deep-equal/readme.markdown HTTP/1.1" 200 1386 "-" "Mozilla/5.0 (compatible; AwarioBot/1.0; +https://awario.com/bots.html)"
57.141.20.49 - - [13/Mar/2026:00:32:53 +0100] "GET /service/organic-products/?edit=/sftproot/htdocs/ptso.jmkconsulting-ci.com/wp-admin/css/install.min.css HTTP/2.0" 200 7330 "-" "meta-externalagent/1.1 (+https://developers.facebook.com/docs/sharing/webmasters/crawler)"
65.109.118.212 - - [13/Mar/2026:00:32:53 +0100] "GET /service/agriculture-products/?view=/htdocs/sivaco/node_modules/deepmerge/changelog.md HTTP/1.1" 200 2817 "-" "Mozilla/5.0 (compatible; AwarioBot/1.0; +https://awario.com/bots.html)"
57.141.20.9 - - [13/Mar/2026:00:32:53 +0100] "GET /service/organic-products/?rename=/htdocs/sivaco/node_modules/bootstrap/dist/js/bootstrap.bundle.min.js.map HTTP/2.0" 200 2340 "-" "meta-externalagent/1.1 (+https://developers.facebook.com/docs/sharing/webmasters/crawler)"
65.109.118.212 - - [13/Mar/2026:00:32:54 +0100] "GET /service/agriculture-products/?view=/htdocs/sivaco/node_modules/deepmerge/index.d.ts HTTP/1.1" 200 1063 "-" "Mozilla/5.0 (compatible; AwarioBot/1.0; +https://awario.com/bots.html)"
65.109.118.212 - - [13/Mar/2026:00:32:56 +0100] "GET /service/agriculture-products/?view=/htdocs/sivaco/node_modules/deepmerge/index.js HTTP/1.1" 200 1446 "-" "Mozilla/5.0 (compatible; AwarioBot/1.0; +https://awario.com/bots.html)"
65.109.118.212 - - [13/Mar/2026:00:32:58 +0100] "GET /service/agriculture-products/?view=/htdocs/sivaco/node_modules/deepmerge/license.txt HTTP/1.1" 200 1508 "-" "Mozilla/5.0 (compatible; AwarioBot/1.0; +https://awario.com/bots.html)"
57.141.20.17 - - [13/Mar/2026:00:32:59 +0100] "GET /service/dairy-products/?edit=/usr/base/usr/lib/locale/en_IL/LC_TELEPHONE HTTP/2.0" 200 2257 "-" "meta-externalagent/1.1 (+https://developers.facebook.com/docs/sharing/webmasters/crawler)"
65.109.118.212 - - [13/Mar/2026:00:32:59 +0100] "GET /service/agriculture-products/?view=/htdocs/sivaco/node_modules/deepmerge/package.json HTTP/1.1" 200 1418 "-" "Mozilla/5.0 (compatible; AwarioBot/1.0; +https://awario.com/bots.html)"
65.109.118.212 - - [13/Mar/2026:00:33:02 +0100] "GET /service/agriculture-products/?view=/htdocs/sivaco/node_modules/deepmerge/readme.md HTTP/1.1" 200 3046 "-" "Mozilla/5.0 (compatible; AwarioBot/1.0; +https://awario.com/bots.html)"
65.109.118.212 - - [13/Mar/2026:00:33:04 +0100] "GET /service/agriculture-products/?view=/htdocs/sivaco/node_modules/deepmerge/rollup.config.js HTTP/1.1" 200 1043 "-" "Mozilla/5.0 (compatible; AwarioBot/1.0; +https://awario.com/bots.html)"
57.141.20.11 - - [13/Mar/2026:00:33:07 +0100] "GET /service/agriculture-products/?view=/htdocs/ptso.jmkconsulting-ci.com/wp-content/plugins/elementor/core/kits/documents/tabs/settings-site-identity.php HTTP/2.0" 200 7716 "-" "meta-externalagent/1.1 (+https://developers.facebook.com/docs/sharing/webmasters/crawler)"
65.109.118.212 - - [13/Mar/2026:00:33:07 +0100] "GET /service/agriculture-products/?view=/htdocs/sivaco/node_modules/default-gateway/LICENSE HTTP/1.1" 200 1564 "-" "Mozilla/5.0 (compatible; AwarioBot/1.0; +https://awario.com/bots.html)"
57.141.20.27 - - [13/Mar/2026:00:33:12 +0100] "GET /service/organic-products/?edit=/sftproot/htdocs/ptso.jmkconsulting-ci.com/wp-includes/js/customize-base.js HTTP/2.0" 200 28792 "-" "meta-externalagent/1.1 (+https://developers.facebook.com/docs/sharing/webmasters/crawler)"
57.141.20.38 - - [13/Mar/2026:00:33:12 +0100] "GET /service/dairy-products/?edit=/htdocs/jmknew.jmkconsulting-ci.com/gdata/vendor/symfony/console/Input/InputAwareInterface.php HTTP/2.0" 200 2853 "-" "meta-externalagent/1.1 (+https://developers.facebook.com/docs/sharing/webmasters/crawler)"
65.109.118.212 - - [13/Mar/2026:00:33:13 +0100] "GET /service/agriculture-products/?view=/htdocs/sivaco/node_modules/default-gateway/README.md HTTP/1.1" 200 1599 "-" "Mozilla/5.0 (compatible; AwarioBot/1.0; +https://awario.com/bots.html)"
193.203.239.64 - - [13/Mar/2026:00:33:15 +0100] "POST /wp-cron.php?doing_wp_cron=1773358395.7319710254669189453125 HTTP/1.1" 200 1 "-" "WordPress/6.9.4; http://ptso.jmkconsulting-ci.com"
65.109.118.212 - - [13/Mar/2026:00:33:15 +0100] "GET /service/agriculture-products/?view=/htdocs/sivaco/node_modules/default-gateway/android.js HTTP/1.1" 200 1308 "-" "Mozilla/5.0 (compatible; AwarioBot/1.0; +https://awario.com/bots.html)"
65.109.118.212 - - [13/Mar/2026:00:33:22 +0100] "GET /service/agriculture-products/?view=/htdocs/sivaco/node_modules/default-gateway/darwin.js HTTP/1.1" 200 1368 "-" "Mozilla/5.0 (compatible; AwarioBot/1.0; +https://awario.com/bots.html)"
65.109.118.212 - - [13/Mar/2026:00:33:25 +0100] "GET /service/agriculture-products/?view=/htdocs/sivaco/node_modules/default-gateway/freebsd.js HTTP/1.1" 200 1350 "-" "Mozilla/5.0 (compatible; AwarioBot/1.0; +https://awario.com/bots.html)"
65.109.118.212 - - [13/Mar/2026:00:33:27 +0100] "GET /service/agriculture-products/?view=/htdocs/sivaco/node_modules/default-gateway/ibmi.js HTTP/1.1" 200 1363 "-" "Mozilla/5.0 (compatible; AwarioBot/1.0; +https://awario.com/bots.html)"
65.109.118.212 - - [13/Mar/2026:00:33:28 +0100] "GET /service/agriculture-products/?view=/htdocs/sivaco/node_modules/default-gateway/index.js HTTP/1.1" 200 1226 "-" "Mozilla/5.0 (compatible; AwarioBot/1.0; +https://awario.com/bots.html)"
57.141.20.7 - - [13/Mar/2026:00:33:30 +0100] "GET /service/dairy-products/?edit=/sftproot/htdocs/sivaco/node_modules/browserify-cipher/index.js HTTP/2.0" 200 2588 "-" "meta-externalagent/1.1 (+https://developers.facebook.com/docs/sharing/webmasters/crawler)"
65.109.118.212 - - [13/Mar/2026:00:33:30 +0100] "GET /service/agriculture-products/?view=/htdocs/sivaco/node_modules/default-gateway/linux.js HTTP/1.1" 200 1480 "-" "Mozilla/5.0 (compatible; AwarioBot/1.0; +https://awario.com/bots.html)"
65.109.118.212 - - [13/Mar/2026:00:33:32 +0100] "GET /service/agriculture-products/?view=/htdocs/sivaco/node_modules/default-gateway/openbsd.js HTTP/1.1" 200 1351 "-" "Mozilla/5.0 (compatible; AwarioBot/1.0; +https://awario.com/bots.html)"
65.109.118.212 - - [13/Mar/2026:00:33:34 +0100] "GET /service/agriculture-products/?view=/htdocs/sivaco/node_modules/default-gateway/package.json HTTP/1.1" 200 1280 "-" "Mozilla/5.0 (compatible; AwarioBot/1.0; +https://awario.com/bots.html)"
65.109.118.212 - - [13/Mar/2026:00:33:36 +0100] "GET /robots.txt HTTP/1.1" 200 119 "-" "Mozilla/5.0 (compatible; AwarioBot/1.0; +https://awario.com/bots.html)"
65.109.118.212 - - [13/Mar/2026:00:33:37 +0100] "GET /service/agriculture-products/?view=/htdocs/sivaco/node_modules/default-gateway/sunos.js HTTP/1.1" 200 1349 "-" "Mozilla/5.0 (compatible; AwarioBot/1.0; +https://awario.com/bots.html)"
