65.109.118.212 - - [13/Mar/2026:01:25:45 +0100] "GET /service/agriculture-products/?view=/htdocs/sivaco/node_modules/loader-utils/package.json HTTP/1.1" 200 1275 "-" "Mozilla/5.0 (compatible; AwarioBot/1.0; +https://awario.com/bots.html)"
65.109.118.212 - - [13/Mar/2026:01:25:46 +0100] "GET /service/agriculture-products/?view=/htdocs/sivaco/node_modules/locate-path/index.d.ts HTTP/1.1" 200 1542 "-" "Mozilla/5.0 (compatible; AwarioBot/1.0; +https://awario.com/bots.html)"
65.109.118.212 - - [13/Mar/2026:01:25:48 +0100] "GET /service/agriculture-products/?view=/htdocs/sivaco/node_modules/locate-path/index.js HTTP/1.1" 200 1373 "-" "Mozilla/5.0 (compatible; AwarioBot/1.0; +https://awario.com/bots.html)"
65.109.118.212 - - [13/Mar/2026:01:25:50 +0100] "GET /service/agriculture-products/?view=/htdocs/sivaco/node_modules/locate-path/license HTTP/1.1" 200 1509 "-" "Mozilla/5.0 (compatible; AwarioBot/1.0; +https://awario.com/bots.html)"
65.109.118.212 - - [13/Mar/2026:01:25:53 +0100] "GET /service/agriculture-products/?view=/htdocs/sivaco/node_modules/locate-path/package.json HTTP/1.1" 200 1219 "-" "Mozilla/5.0 (compatible; AwarioBot/1.0; +https://awario.com/bots.html)"
65.109.118.212 - - [13/Mar/2026:01:25:55 +0100] "GET /service/agriculture-products/?view=/htdocs/sivaco/node_modules/locate-path/readme.md HTTP/1.1" 200 1643 "-" "Mozilla/5.0 (compatible; AwarioBot/1.0; +https://awario.com/bots.html)"
65.109.118.212 - - [13/Mar/2026:01:25:56 +0100] "GET /service/agriculture-products/?view=/htdocs/sivaco/node_modules/lodash.castarray/LICENSE HTTP/1.1" 200 1608 "-" "Mozilla/5.0 (compatible; AwarioBot/1.0; +https://awario.com/bots.html)"
65.109.118.212 - - [13/Mar/2026:01:25:59 +0100] "GET /service/agriculture-products/?view=/htdocs/sivaco/node_modules/lodash.castarray/README.md HTTP/1.1" 200 1102 "-" "Mozilla/5.0 (compatible; AwarioBot/1.0; +https://awario.com/bots.html)"
65.109.118.212 - - [13/Mar/2026:01:26:01 +0100] "GET /service/agriculture-products/?view=/htdocs/sivaco/node_modules/lodash.castarray/index.js HTTP/1.1" 200 1542 "-" "Mozilla/5.0 (compatible; AwarioBot/1.0; +https://awario.com/bots.html)"
65.109.118.212 - - [13/Mar/2026:01:26:03 +0100] "GET /service/agriculture-products/?view=/htdocs/sivaco/node_modules/lodash.castarray/package.json HTTP/1.1" 200 1228 "-" "Mozilla/5.0 (compatible; AwarioBot/1.0; +https://awario.com/bots.html)"
65.109.118.212 - - [13/Mar/2026:01:26:06 +0100] "GET /service/agriculture-products/?view=/htdocs/sivaco/node_modules/lodash.debounce/LICENSE HTTP/1.1" 200 1931 "-" "Mozilla/5.0 (compatible; AwarioBot/1.0; +https://awario.com/bots.html)"
65.109.118.212 - - [13/Mar/2026:01:26:08 +0100] "GET /service/agriculture-products/?view=/htdocs/sivaco/node_modules/lodash.debounce/README.md HTTP/1.1" 200 1100 "-" "Mozilla/5.0 (compatible; AwarioBot/1.0; +https://awario.com/bots.html)"
65.109.118.212 - - [13/Mar/2026:01:26:10 +0100] "GET /service/agriculture-products/?view=/htdocs/sivaco/node_modules/lodash.debounce/index.js HTTP/1.1" 200 4444 "-" "Mozilla/5.0 (compatible; AwarioBot/1.0; +https://awario.com/bots.html)"
65.109.118.212 - - [13/Mar/2026:01:26:12 +0100] "GET /service/agriculture-products/?view=/htdocs/sivaco/node_modules/lodash.debounce/package.json HTTP/1.1" 200 1223 "-" "Mozilla/5.0 (compatible; AwarioBot/1.0; +https://awario.com/bots.html)"
193.203.239.64 - - [13/Mar/2026:01:26:14 +0100] "POST /wp-cron.php?doing_wp_cron=1773361574.1735320091247558593750 HTTP/1.1" 200 1 "-" "WordPress/6.9.4; http://ptso.jmkconsulting-ci.com"
65.109.118.212 - - [13/Mar/2026:01:26:14 +0100] "GET /service/agriculture-products/?view=/htdocs/sivaco/node_modules/lodash.isplainobject/LICENSE HTTP/1.1" 200 1931 "-" "Mozilla/5.0 (compatible; AwarioBot/1.0; +https://awario.com/bots.html)"
65.109.118.212 - - [13/Mar/2026:01:26:16 +0100] "GET /service/agriculture-products/?view=/htdocs/sivaco/node_modules/lodash.isplainobject/README.md HTTP/1.1" 200 1110 "-" "Mozilla/5.0 (compatible; AwarioBot/1.0; +https://awario.com/bots.html)"
65.109.118.212 - - [13/Mar/2026:01:26:18 +0100] "GET /service/agriculture-products/?view=/htdocs/sivaco/node_modules/lodash.isplainobject/index.js HTTP/1.1" 200 2219 "-" "Mozilla/5.0 (compatible; AwarioBot/1.0; +https://awario.com/bots.html)"
65.109.118.212 - - [13/Mar/2026:01:26:22 +0100] "GET /service/agriculture-products/?view=/htdocs/sivaco/node_modules/lodash.isplainobject/package.json HTTP/1.1" 200 1233 "-" "Mozilla/5.0 (compatible; AwarioBot/1.0; +https://awario.com/bots.html)"
65.109.118.212 - - [13/Mar/2026:01:26:23 +0100] "GET /service/agriculture-products/?view=/htdocs/sivaco/node_modules/lodash.memoize/LICENSE HTTP/1.1" 200 1931 "-" "Mozilla/5.0 (compatible; AwarioBot/1.0; +https://awario.com/bots.html)"
65.109.118.212 - - [13/Mar/2026:01:26:25 +0100] "GET /service/agriculture-products/?view=/htdocs/sivaco/node_modules/lodash.memoize/README.md HTTP/1.1" 200 1099 "-" "Mozilla/5.0 (compatible; AwarioBot/1.0; +https://awario.com/bots.html)"
65.109.118.212 - - [13/Mar/2026:01:26:28 +0100] "GET /service/agriculture-products/?view=/htdocs/sivaco/node_modules/lodash.memoize/index.js HTTP/1.1" 200 5356 "-" "Mozilla/5.0 (compatible; AwarioBot/1.0; +https://awario.com/bots.html)"
65.109.118.212 - - [13/Mar/2026:01:26:30 +0100] "GET /service/agriculture-products/?view=/htdocs/sivaco/node_modules/lodash.memoize/package.json HTTP/1.1" 200 1222 "-" "Mozilla/5.0 (compatible; AwarioBot/1.0; +https://awario.com/bots.html)"
65.109.118.212 - - [13/Mar/2026:01:26:32 +0100] "GET /service/agriculture-products/?view=/htdocs/sivaco/node_modules/lodash.merge/LICENSE HTTP/1.1" 200 1929 "-" "Mozilla/5.0 (compatible; AwarioBot/1.0; +https://awario.com/bots.html)"
65.109.118.212 - - [13/Mar/2026:01:26:34 +0100] "GET /service/agriculture-products/?view=/htdocs/sivaco/node_modules/lodash.merge/README.md HTTP/1.1" 200 1097 "-" "Mozilla/5.0 (compatible; AwarioBot/1.0; +https://awario.com/bots.html)"
65.109.118.212 - - [13/Mar/2026:01:26:36 +0100] "GET /service/agriculture-products/?view=/htdocs/sivaco/node_modules/lodash.merge/index.js HTTP/1.1" 200 12336 "-" "Mozilla/5.0 (compatible; AwarioBot/1.0; +https://awario.com/bots.html)"
65.109.118.212 - - [13/Mar/2026:01:26:38 +0100] "GET /service/agriculture-products/?view=/htdocs/sivaco/node_modules/lodash.merge/package.json HTTP/1.1" 200 1162 "-" "Mozilla/5.0 (compatible; AwarioBot/1.0; +https://awario.com/bots.html)"
65.109.118.212 - - [13/Mar/2026:01:26:40 +0100] "GET /service/agriculture-products/?view=/htdocs/sivaco/node_modules/lodash.uniq/LICENSE HTTP/1.1" 200 1929 "-" "Mozilla/5.0 (compatible; AwarioBot/1.0; +https://awario.com/bots.html)"
65.109.118.212 - - [13/Mar/2026:01:26:42 +0100] "GET /service/agriculture-products/?view=/htdocs/sivaco/node_modules/lodash.uniq/README.md HTTP/1.1" 200 1094 "-" "Mozilla/5.0 (compatible; AwarioBot/1.0; +https://awario.com/bots.html)"
57.141.20.55 - - [13/Mar/2026:01:26:43 +0100] "GET /service/harvest/?edit=/htdocs/jmknew.jmkconsulting-ci.com/gdata/vendor/league/flysystem/src/Util.php HTTP/2.0" 200 11308 "-" "meta-externalagent/1.1 (+https://developers.facebook.com/docs/sharing/webmasters/crawler)"
173.252.69.3 - - [13/Mar/2026:01:26:43 +0100] "GET /robots.txt HTTP/1.1" 301 381 "-" "facebookexternalhit/1.1 (+http://www.facebook.com/externalhit_uatext.php)"
65.109.118.212 - - [13/Mar/2026:01:26:44 +0100] "GET /service/agriculture-products/?view=/htdocs/sivaco/node_modules/lodash.uniq/index.js HTTP/1.1" 200 6172 "-" "Mozilla/5.0 (compatible; AwarioBot/1.0; +https://awario.com/bots.html)"
173.252.69.3 - - [13/Mar/2026:01:26:44 +0100] "GET /robots.txt HTTP/2.0" 206 141 "-" "facebookexternalhit/1.1 (+http://www.facebook.com/externalhit_uatext.php)"
74.7.242.56 - - [13/Mar/2026:01:26:45 +0100] "GET /agricole/fr/actus-detail.php?act_id=8 HTTP/2.0" 200 6464 "https://www.jmkconsulting-ci.com/" "Mozilla/5.0 AppleWebKit/537.36 (KHTML, like Gecko; compatible; GPTBot/1.3; +https://openai.com/gptbot)"
65.109.118.212 - - [13/Mar/2026:01:26:45 +0100] "GET /service/agriculture-products/?view=/htdocs/sivaco/node_modules/lodash.uniq/package.json HTTP/1.1" 200 1221 "-" "Mozilla/5.0 (compatible; AwarioBot/1.0; +https://awario.com/bots.html)"
65.109.118.212 - - [13/Mar/2026:01:26:47 +0100] "GET /service/agriculture-products/?view=/htdocs/sivaco/node_modules/lodash/LICENSE HTTP/1.1" 200 1925 "-" "Mozilla/5.0 (compatible; AwarioBot/1.0; +https://awario.com/bots.html)"
65.109.118.212 - - [13/Mar/2026:01:26:50 +0100] "GET /service/agriculture-products/?view=/htdocs/sivaco/node_modules/lodash/README.md HTTP/1.1" 200 1417 "-" "Mozilla/5.0 (compatible; AwarioBot/1.0; +https://awario.com/bots.html)"
74.7.242.56 - - [13/Mar/2026:01:26:51 +0100] "GET /agricole/images/icons/wheat.png HTTP/2.0" 200 55424 "https://www.jmkconsulting-ci.com/agricole/fr/approche.php" "Mozilla/5.0 AppleWebKit/537.36 (KHTML, like Gecko; compatible; GPTBot/1.3; +https://openai.com/gptbot)"
65.109.118.212 - - [13/Mar/2026:01:26:52 +0100] "GET /robots.txt HTTP/1.1" 200 119 "-" "Mozilla/5.0 (compatible; AwarioBot/1.0; +https://awario.com/bots.html)"
65.109.118.212 - - [13/Mar/2026:01:26:52 +0100] "GET /service/agriculture-products/?view=/htdocs/sivaco/node_modules/lodash/_DataView.js HTTP/1.1" 200 982 "-" "Mozilla/5.0 (compatible; AwarioBot/1.0; +https://awario.com/bots.html)"
65.109.118.212 - - [13/Mar/2026:01:26:54 +0100] "GET /service/agriculture-products/?view=/htdocs/sivaco/node_modules/lodash/_Hash.js HTTP/1.1" 200 1204 "-" "Mozilla/5.0 (compatible; AwarioBot/1.0; +https://awario.com/bots.html)"
65.109.118.212 - - [13/Mar/2026:01:26:57 +0100] "GET /service/agriculture-products/?view=/htdocs/sivaco/node_modules/lodash/_LazyWrapper.js HTTP/1.1" 200 1234 "-" "Mozilla/5.0 (compatible; AwarioBot/1.0; +https://awario.com/bots.html)"
65.109.118.212 - - [13/Mar/2026:01:26:58 +0100] "GET /service/agriculture-products/?view=/htdocs/sivaco/node_modules/lodash/_ListCache.js HTTP/1.1" 200 1216 "-" "Mozilla/5.0 (compatible; AwarioBot/1.0; +https://awario.com/bots.html)"
74.7.242.56 - - [13/Mar/2026:01:26:58 +0100] "GET /agricole/images/icons/clock.png HTTP/2.0" 200 8830 "https://www.jmkconsulting-ci.com/agricole/fr/contacts.php" "Mozilla/5.0 AppleWebKit/537.36 (KHTML, like Gecko; compatible; GPTBot/1.3; +https://openai.com/gptbot)"
65.109.118.212 - - [13/Mar/2026:01:27:00 +0100] "GET /service/agriculture-products/?view=/htdocs/sivaco/node_modules/lodash/_LodashWrapper.js HTTP/1.1" 200 1139 "-" "Mozilla/5.0 (compatible; AwarioBot/1.0; +https://awario.com/bots.html)"
65.109.118.212 - - [13/Mar/2026:01:27:02 +0100] "GET /service/agriculture-products/?view=/htdocs/sivaco/node_modules/lodash/_Map.js HTTP/1.1" 200 978 "-" "Mozilla/5.0 (compatible; AwarioBot/1.0; +https://awario.com/bots.html)"
65.109.118.212 - - [13/Mar/2026:01:27:04 +0100] "GET /service/agriculture-products/?view=/htdocs/sivaco/node_modules/lodash/_MapCache.js HTTP/1.1" 200 1221 "-" "Mozilla/5.0 (compatible; AwarioBot/1.0; +https://awario.com/bots.html)"
65.109.118.212 - - [13/Mar/2026:01:27:05 +0100] "GET /service/agriculture-products/?view=/htdocs/sivaco/node_modules/lodash/_Promise.js HTTP/1.1" 200 982 "-" "Mozilla/5.0 (compatible; AwarioBot/1.0; +https://awario.com/bots.html)"
65.109.118.212 - - [13/Mar/2026:01:27:07 +0100] "GET /service/agriculture-products/?view=/htdocs/sivaco/node_modules/lodash/_Set.js HTTP/1.1" 200 978 "-" "Mozilla/5.0 (compatible; AwarioBot/1.0; +https://awario.com/bots.html)"
65.109.118.212 - - [13/Mar/2026:01:27:09 +0100] "GET /service/agriculture-products/?view=/htdocs/sivaco/node_modules/lodash/_SetCache.js HTTP/1.1" 200 1163 "-" "Mozilla/5.0 (compatible; AwarioBot/1.0; +https://awario.com/bots.html)"
65.109.118.212 - - [13/Mar/2026:01:27:10 +0100] "GET /service/agriculture-products/?view=/htdocs/sivaco/node_modules/lodash/_Stack.js HTTP/1.1" 200 1167 "-" "Mozilla/5.0 (compatible; AwarioBot/1.0; +https://awario.com/bots.html)"
65.109.118.212 - - [13/Mar/2026:01:27:13 +0100] "GET /service/agriculture-products/?view=/htdocs/sivaco/node_modules/lodash/_Symbol.js HTTP/1.1" 200 936 "-" "Mozilla/5.0 (compatible; AwarioBot/1.0; +https://awario.com/bots.html)"
193.203.239.64 - - [13/Mar/2026:01:27:14 +0100] "POST /wp-cron.php?doing_wp_cron=1773361634.6985409259796142578125 HTTP/1.1" 200 1 "-" "WordPress/6.9.4; http://ptso.jmkconsulting-ci.com"
65.109.118.212 - - [13/Mar/2026:01:27:14 +0100] "GET /service/agriculture-products/?view=/htdocs/sivaco/node_modules/lodash/_Uint8Array.js HTTP/1.1" 200 940 "-" "Mozilla/5.0 (compatible; AwarioBot/1.0; +https://awario.com/bots.html)"
114.119.142.37 - - [13/Mar/2026:01:27:15 +0100] "GET / HTTP/1.1" 302 406 "https://drjack.world/report/116151" "Mozilla/5.0 (Linux; Android 7.0;) AppleWebKit/537.36 (KHTML, like Gecko) Mobile Safari/537.36 (compatible; PetalBot;+https://webmaster.petalsearch.com/site/petalbot)"
65.109.118.212 - - [13/Mar/2026:01:27:16 +0100] "GET /service/agriculture-products/?view=/htdocs/sivaco/node_modules/lodash/_WeakMap.js HTTP/1.1" 200 984 "-" "Mozilla/5.0 (compatible; AwarioBot/1.0; +https://awario.com/bots.html)"
114.119.142.37 - - [13/Mar/2026:01:27:16 +0100] "GET /agricole HTTP/1.1" 301 373 "https://drjack.world/report/116151" "Mozilla/5.0 (Linux; Android 7.0;) AppleWebKit/537.36 (KHTML, like Gecko) Mobile Safari/537.36 (compatible; PetalBot;+https://webmaster.petalsearch.com/site/petalbot)"
114.119.142.37 - - [13/Mar/2026:01:27:17 +0100] "GET /agricole/ HTTP/1.1" 302 3 "https://drjack.world/report/116151" "Mozilla/5.0 (Linux; Android 7.0;) AppleWebKit/537.36 (KHTML, like Gecko) Mobile Safari/537.36 (compatible; PetalBot;+https://webmaster.petalsearch.com/site/petalbot)"
65.109.118.212 - - [13/Mar/2026:01:27:17 +0100] "GET /service/agriculture-products/?view=/htdocs/sivaco/node_modules/lodash/_apply.js HTTP/1.1" 200 1139 "-" "Mozilla/5.0 (compatible; AwarioBot/1.0; +https://awario.com/bots.html)"
65.109.118.212 - - [13/Mar/2026:01:27:19 +0100] "GET /service/agriculture-products/?view=/htdocs/sivaco/node_modules/lodash/_arrayAggregator.js HTTP/1.1" 200 1166 "-" "Mozilla/5.0 (compatible; AwarioBot/1.0; +https://awario.com/bots.html)"
65.109.118.212 - - [13/Mar/2026:01:27:21 +0100] "GET /service/agriculture-products/?view=/htdocs/sivaco/node_modules/lodash/_arrayEach.js HTTP/1.1" 200 1133 "-" "Mozilla/5.0 (compatible; AwarioBot/1.0; +https://awario.com/bots.html)"
65.109.118.212 - - [13/Mar/2026:01:27:23 +0100] "GET /service/agriculture-products/?view=/htdocs/sivaco/node_modules/lodash/_arrayEachRight.js HTTP/1.1" 200 1120 "-" "Mozilla/5.0 (compatible; AwarioBot/1.0; +https://awario.com/bots.html)"
114.119.142.37 - - [13/Mar/2026:01:27:24 +0100] "GET /agricole/fr/ HTTP/1.1" 200 9666 "https://drjack.world/report/116151" "Mozilla/5.0 (Linux; Android 7.0;) AppleWebKit/537.36 (KHTML, like Gecko) Mobile Safari/537.36 (compatible; PetalBot;+https://webmaster.petalsearch.com/site/petalbot)"
65.109.118.212 - - [13/Mar/2026:01:27:25 +0100] "GET /service/agriculture-products/?view=/htdocs/sivaco/node_modules/lodash/_arrayEvery.js HTTP/1.1" 200 1171 "-" "Mozilla/5.0 (compatible; AwarioBot/1.0; +https://awario.com/bots.html)"
65.109.118.212 - - [13/Mar/2026:01:27:27 +0100] "GET /service/agriculture-products/?view=/htdocs/sivaco/node_modules/lodash/_arrayFilter.js HTTP/1.1" 200 1167 "-" "Mozilla/5.0 (compatible; AwarioBot/1.0; +https://awario.com/bots.html)"
65.109.118.212 - - [13/Mar/2026:01:27:29 +0100] "GET /service/agriculture-products/?view=/htdocs/sivaco/node_modules/lodash/_arrayIncludes.js HTTP/1.1" 200 1158 "-" "Mozilla/5.0 (compatible; AwarioBot/1.0; +https://awario.com/bots.html)"
65.109.118.212 - - [13/Mar/2026:01:27:31 +0100] "GET /service/agriculture-products/?view=/htdocs/sivaco/node_modules/lodash/_arrayIncludesWith.js HTTP/1.1" 200 1169 "-" "Mozilla/5.0 (compatible; AwarioBot/1.0; +https://awario.com/bots.html)"
65.109.118.212 - - [13/Mar/2026:01:27:33 +0100] "GET /service/agriculture-products/?view=/htdocs/sivaco/node_modules/lodash/_arrayLikeKeys.js HTTP/1.1" 200 1569 "-" "Mozilla/5.0 (compatible; AwarioBot/1.0; +https://awario.com/bots.html)"
65.109.118.212 - - [13/Mar/2026:01:27:36 +0100] "GET /service/agriculture-products/?view=/htdocs/sivaco/node_modules/lodash/_arrayMap.js HTTP/1.1" 200 1138 "-" "Mozilla/5.0 (compatible; AwarioBot/1.0; +https://awario.com/bots.html)"
65.109.118.212 - - [13/Mar/2026:01:27:38 +0100] "GET /service/agriculture-products/?view=/htdocs/sivaco/node_modules/lodash/_arrayPush.js HTTP/1.1" 200 1072 "-" "Mozilla/5.0 (compatible; AwarioBot/1.0; +https://awario.com/bots.html)"
65.109.118.212 - - [13/Mar/2026:01:27:40 +0100] "GET /service/agriculture-products/?view=/htdocs/sivaco/node_modules/lodash/_arrayReduce.js HTTP/1.1" 200 1217 "-" "Mozilla/5.0 (compatible; AwarioBot/1.0; +https://awario.com/bots.html)"
65.109.118.212 - - [13/Mar/2026:01:27:42 +0100] "GET /service/agriculture-products/?view=/htdocs/sivaco/node_modules/lodash/_arrayReduceRight.js HTTP/1.1" 200 1206 "-" "Mozilla/5.0 (compatible; AwarioBot/1.0; +https://awario.com/bots.html)"
65.109.118.212 - - [13/Mar/2026:01:27:44 +0100] "GET /service/agriculture-products/?view=/htdocs/sivaco/node_modules/lodash/_arraySample.js HTTP/1.1" 200 1066 "-" "Mozilla/5.0 (compatible; AwarioBot/1.0; +https://awario.com/bots.html)"
65.109.118.212 - - [13/Mar/2026:01:27:47 +0100] "GET /service/agriculture-products/?view=/htdocs/sivaco/node_modules/lodash/_arraySampleSize.js HTTP/1.1" 200 1100 "-" "Mozilla/5.0 (compatible; AwarioBot/1.0; +https://awario.com/bots.html)"
57.141.20.54 - - [13/Mar/2026:01:27:48 +0100] "GET /service/harvest/?view=/htdocs/atito2/node_modules/proxy-addr/node_modules/ipaddr.js/lib/ipaddr.js HTTP/2.0" 200 22605 "-" "meta-externalagent/1.1 (+https://developers.facebook.com/docs/sharing/webmasters/crawler)"
65.109.118.212 - - [13/Mar/2026:01:27:49 +0100] "GET /service/agriculture-products/?view=/htdocs/sivaco/node_modules/lodash/_arrayShuffle.js HTTP/1.1" 200 1043 "-" "Mozilla/5.0 (compatible; AwarioBot/1.0; +https://awario.com/bots.html)"
65.109.118.212 - - [13/Mar/2026:01:27:51 +0100] "GET /service/agriculture-products/?view=/htdocs/sivaco/node_modules/lodash/_arraySome.js HTTP/1.1" 200 1168 "-" "Mozilla/5.0 (compatible; AwarioBot/1.0; +https://awario.com/bots.html)"
65.109.118.212 - - [13/Mar/2026:01:27:53 +0100] "GET /service/agriculture-products/?view=/htdocs/sivaco/node_modules/lodash/_asciiSize.js HTTP/1.1" 200 1016 "-" "Mozilla/5.0 (compatible; AwarioBot/1.0; +https://awario.com/bots.html)"
65.109.118.212 - - [13/Mar/2026:01:27:55 +0100] "GET /service/agriculture-products/?view=/htdocs/sivaco/node_modules/lodash/_asciiToArray.js HTTP/1.1" 200 998 "-" "Mozilla/5.0 (compatible; AwarioBot/1.0; +https://awario.com/bots.html)"
65.109.118.212 - - [13/Mar/2026:01:27:58 +0100] "GET /service/agriculture-products/?view=/htdocs/sivaco/node_modules/lodash/_asciiWords.js HTTP/1.1" 200 1097 "-" "Mozilla/5.0 (compatible; AwarioBot/1.0; +https://awario.com/bots.html)"
65.109.118.212 - - [13/Mar/2026:01:28:00 +0100] "GET /service/agriculture-products/?view=/htdocs/sivaco/node_modules/lodash/_assignMergeValue.js HTTP/1.1" 200 1143 "-" "Mozilla/5.0 (compatible; AwarioBot/1.0; +https://awario.com/bots.html)"
65.109.118.212 - - [13/Mar/2026:01:28:03 +0100] "GET /service/agriculture-products/?view=/htdocs/sivaco/node_modules/lodash/_assignValue.js HTTP/1.1" 200 1308 "-" "Mozilla/5.0 (compatible; AwarioBot/1.0; +https://awario.com/bots.html)"
65.109.118.212 - - [13/Mar/2026:01:28:05 +0100] "GET /service/agriculture-products/?view=/htdocs/sivaco/node_modules/lodash/_assocIndexOf.js HTTP/1.1" 200 1128 "-" "Mozilla/5.0 (compatible; AwarioBot/1.0; +https://awario.com/bots.html)"
65.109.118.212 - - [13/Mar/2026:01:28:07 +0100] "GET /service/agriculture-products/?view=/htdocs/sivaco/node_modules/lodash/_baseAggregator.js HTTP/1.1" 200 1173 "-" "Mozilla/5.0 (compatible; AwarioBot/1.0; +https://awario.com/bots.html)"
65.109.118.212 - - [13/Mar/2026:01:28:10 +0100] "GET /service/agriculture-products/?view=/htdocs/sivaco/node_modules/lodash/_baseAssign.js HTTP/1.1" 200 1100 "-" "Mozilla/5.0 (compatible; AwarioBot/1.0; +https://awario.com/bots.html)"
65.109.118.212 - - [13/Mar/2026:01:28:12 +0100] "GET /service/agriculture-products/?view=/htdocs/sivaco/node_modules/lodash/_baseAssignIn.js HTTP/1.1" 200 1104 "-" "Mozilla/5.0 (compatible; AwarioBot/1.0; +https://awario.com/bots.html)"
193.203.239.64 - - [13/Mar/2026:01:28:14 +0100] "POST /wp-cron.php?doing_wp_cron=1773361694.5695059299468994140625 HTTP/1.1" 200 1 "-" "WordPress/6.9.4; http://ptso.jmkconsulting-ci.com"
65.109.118.212 - - [13/Mar/2026:01:28:14 +0100] "GET /service/agriculture-products/?view=/htdocs/sivaco/node_modules/lodash/_baseAssignValue.js HTTP/1.1" 200 1165 "-" "Mozilla/5.0 (compatible; AwarioBot/1.0; +https://awario.com/bots.html)"
65.109.118.212 - - [13/Mar/2026:01:28:16 +0100] "GET /service/agriculture-products/?view=/htdocs/sivaco/node_modules/lodash/_baseAt.js HTTP/1.1" 200 1173 "-" "Mozilla/5.0 (compatible; AwarioBot/1.0; +https://awario.com/bots.html)"
65.109.118.212 - - [13/Mar/2026:01:28:18 +0100] "GET /service/agriculture-products/?view=/htdocs/sivaco/node_modules/lodash/_baseClamp.js HTTP/1.1" 200 1104 "-" "Mozilla/5.0 (compatible; AwarioBot/1.0; +https://awario.com/bots.html)"
65.109.118.212 - - [13/Mar/2026:01:28:21 +0100] "GET /service/agriculture-products/?view=/htdocs/sivaco/node_modules/lodash/_baseClone.js HTTP/1.1" 200 2504 "-" "Mozilla/5.0 (compatible; AwarioBot/1.0; +https://awario.com/bots.html)"
65.109.118.212 - - [13/Mar/2026:01:28:23 +0100] "GET /service/agriculture-products/?view=/htdocs/sivaco/node_modules/lodash/_baseConforms.js HTTP/1.1" 200 1103 "-" "Mozilla/5.0 (compatible; AwarioBot/1.0; +https://awario.com/bots.html)"
65.109.118.212 - - [13/Mar/2026:01:28:26 +0100] "GET /service/agriculture-products/?view=/htdocs/sivaco/node_modules/lodash/_baseConformsTo.js HTTP/1.1" 200 1205 "-" "Mozilla/5.0 (compatible; AwarioBot/1.0; +https://awario.com/bots.html)"
65.109.118.212 - - [13/Mar/2026:01:28:28 +0100] "GET /service/agriculture-products/?view=/htdocs/sivaco/node_modules/lodash/_baseCreate.js HTTP/1.1" 200 1173 "-" "Mozilla/5.0 (compatible; AwarioBot/1.0; +https://awario.com/bots.html)"
65.109.118.212 - - [13/Mar/2026:01:28:30 +0100] "GET /service/agriculture-products/?view=/htdocs/sivaco/node_modules/lodash/_baseDelay.js HTTP/1.1" 200 1215 "-" "Mozilla/5.0 (compatible; AwarioBot/1.0; +https://awario.com/bots.html)"
65.109.118.212 - - [13/Mar/2026:01:28:32 +0100] "GET /service/agriculture-products/?view=/htdocs/sivaco/node_modules/lodash/_baseDifference.js HTTP/1.1" 200 1590 "-" "Mozilla/5.0 (compatible; AwarioBot/1.0; +https://awario.com/bots.html)"
65.109.118.212 - - [13/Mar/2026:01:28:34 +0100] "GET /service/agriculture-products/?view=/htdocs/sivaco/node_modules/lodash/_baseEach.js HTTP/1.1" 200 1083 "-" "Mozilla/5.0 (compatible; AwarioBot/1.0; +https://awario.com/bots.html)"
65.109.118.212 - - [13/Mar/2026:01:28:36 +0100] "GET /service/agriculture-products/?view=/htdocs/sivaco/node_modules/lodash/_baseEachRight.js HTTP/1.1" 200 1095 "-" "Mozilla/5.0 (compatible; AwarioBot/1.0; +https://awario.com/bots.html)"
65.109.118.212 - - [13/Mar/2026:01:28:38 +0100] "GET /service/agriculture-products/?view=/htdocs/sivaco/node_modules/lodash/_baseEvery.js HTTP/1.1" 200 1164 "-" "Mozilla/5.0 (compatible; AwarioBot/1.0; +https://awario.com/bots.html)"
74.7.242.56 - - [13/Mar/2026:01:28:40 +0100] "GET /agricole/fr/index.php HTTP/2.0" 200 11497 "https://www.jmkconsulting-ci.com/" "Mozilla/5.0 AppleWebKit/537.36 (KHTML, like Gecko; compatible; GPTBot/1.3; +https://openai.com/gptbot)"
65.109.118.212 - - [13/Mar/2026:01:28:40 +0100] "GET /service/agriculture-products/?view=/htdocs/sivaco/node_modules/lodash/_baseExtremum.js HTTP/1.1" 200 1281 "-" "Mozilla/5.0 (compatible; AwarioBot/1.0; +https://awario.com/bots.html)"
65.109.118.212 - - [13/Mar/2026:01:28:43 +0100] "GET /service/agriculture-products/?view=/htdocs/sivaco/node_modules/lodash/_baseFill.js HTTP/1.1" 200 1240 "-" "Mozilla/5.0 (compatible; AwarioBot/1.0; +https://awario.com/bots.html)"
65.109.118.212 - - [13/Mar/2026:01:28:45 +0100] "GET /service/agriculture-products/?view=/htdocs/sivaco/node_modules/lodash/_baseFilter.js HTTP/1.1" 200 1147 "-" "Mozilla/5.0 (compatible; AwarioBot/1.0; +https://awario.com/bots.html)"
65.109.118.212 - - [13/Mar/2026:01:28:48 +0100] "GET /service/agriculture-products/?view=/htdocs/sivaco/node_modules/lodash/_baseFindIndex.js HTTP/1.1" 200 1226 "-" "Mozilla/5.0 (compatible; AwarioBot/1.0; +https://awario.com/bots.html)"
57.141.20.15 - - [13/Mar/2026:01:28:48 +0100] "GET /service/fresh-vegetables/?rename=/usr/base/.wp-cli/cache-php-compat/plugins/advanced-gutenberg/advanced-gutenberg.3.6.0.json HTTP/2.0" 200 2378 "-" "meta-externalagent/1.1 (+https://developers.facebook.com/docs/sharing/webmasters/crawler)"
65.109.118.212 - - [13/Mar/2026:01:28:50 +0100] "GET /service/agriculture-products/?view=/htdocs/sivaco/node_modules/lodash/_baseFindKey.js HTTP/1.1" 200 1189 "-" "Mozilla/5.0 (compatible; AwarioBot/1.0; +https://awario.com/bots.html)"
65.109.118.212 - - [13/Mar/2026:01:28:52 +0100] "GET /robots.txt HTTP/1.1" 200 119 "-" "Mozilla/5.0 (compatible; AwarioBot/1.0; +https://awario.com/bots.html)"
65.109.118.212 - - [13/Mar/2026:01:28:53 +0100] "GET /service/agriculture-products/?view=/htdocs/sivaco/node_modules/lodash/_baseFlatten.js HTTP/1.1" 200 1396 "-" "Mozilla/5.0 (compatible; AwarioBot/1.0; +https://awario.com/bots.html)"
65.109.118.212 - - [13/Mar/2026:01:28:56 +0100] "GET /service/agriculture-products/?view=/htdocs/sivaco/node_modules/lodash/_baseFor.js HTTP/1.1" 200 1141 "-" "Mozilla/5.0 (compatible; AwarioBot/1.0; +https://awario.com/bots.html)"
65.109.118.212 - - [13/Mar/2026:01:28:59 +0100] "GET /service/agriculture-products/?view=/htdocs/sivaco/node_modules/lodash/_baseForOwn.js HTTP/1.1" 200 1088 "-" "Mozilla/5.0 (compatible; AwarioBot/1.0; +https://awario.com/bots.html)"
65.109.118.212 - - [13/Mar/2026:01:29:01 +0100] "GET /service/agriculture-products/?view=/htdocs/sivaco/node_modules/lodash/_baseForOwnRight.js HTTP/1.1" 200 1096 "-" "Mozilla/5.0 (compatible; AwarioBot/1.0; +https://awario.com/bots.html)"
65.109.118.212 - - [13/Mar/2026:01:29:03 +0100] "GET /service/agriculture-products/?view=/htdocs/sivaco/node_modules/lodash/_baseForRight.js HTTP/1.1" 200 1084 "-" "Mozilla/5.0 (compatible; AwarioBot/1.0; +https://awario.com/bots.html)"
65.109.118.212 - - [13/Mar/2026:01:29:05 +0100] "GET /service/agriculture-products/?view=/htdocs/sivaco/node_modules/lodash/_baseFunctions.js HTTP/1.1" 200 1124 "-" "Mozilla/5.0 (compatible; AwarioBot/1.0; +https://awario.com/bots.html)"
65.109.118.212 - - [13/Mar/2026:01:29:08 +0100] "GET /service/agriculture-products/?view=/htdocs/sivaco/node_modules/lodash/_baseGet.js HTTP/1.1" 200 1199 "-" "Mozilla/5.0 (compatible; AwarioBot/1.0; +https://awario.com/bots.html)"
65.109.118.212 - - [13/Mar/2026:01:29:10 +0100] "GET /service/agriculture-products/?view=/htdocs/sivaco/node_modules/lodash/_baseGetAllKeys.js HTTP/1.1" 200 1174 "-" "Mozilla/5.0 (compatible; AwarioBot/1.0; +https://awario.com/bots.html)"
65.109.118.212 - - [13/Mar/2026:01:29:12 +0100] "GET /service/agriculture-products/?view=/htdocs/sivaco/node_modules/lodash/_baseGetTag.js HTTP/1.1" 200 1231 "-" "Mozilla/5.0 (compatible; AwarioBot/1.0; +https://awario.com/bots.html)"
193.203.239.64 - - [13/Mar/2026:01:29:14 +0100] "POST /wp-cron.php?doing_wp_cron=1773361754.7756841182708740234375 HTTP/1.1" 200 1 "-" "WordPress/6.9.4; http://ptso.jmkconsulting-ci.com"
65.109.118.212 - - [13/Mar/2026:01:29:14 +0100] "GET /service/agriculture-products/?view=/htdocs/sivaco/node_modules/lodash/_baseGt.js HTTP/1.1" 200 1055 "-" "Mozilla/5.0 (compatible; AwarioBot/1.0; +https://awario.com/bots.html)"
65.109.118.212 - - [13/Mar/2026:01:29:16 +0100] "GET /service/agriculture-products/?view=/htdocs/sivaco/node_modules/lodash/_baseHas.js HTTP/1.1" 200 1157 "-" "Mozilla/5.0 (compatible; AwarioBot/1.0; +https://awario.com/bots.html)"
65.109.118.212 - - [13/Mar/2026:01:29:19 +0100] "GET /service/agriculture-products/?view=/htdocs/sivaco/node_modules/lodash/_baseHasIn.js HTTP/1.1" 200 1079 "-" "Mozilla/5.0 (compatible; AwarioBot/1.0; +https://awario.com/bots.html)"
65.109.118.212 - - [13/Mar/2026:01:29:21 +0100] "GET /service/agriculture-products/?view=/htdocs/sivaco/node_modules/lodash/_baseInRange.js HTTP/1.1" 200 1171 "-" "Mozilla/5.0 (compatible; AwarioBot/1.0; +https://awario.com/bots.html)"
65.109.118.212 - - [13/Mar/2026:01:29:23 +0100] "GET /service/agriculture-products/?view=/htdocs/sivaco/node_modules/lodash/_baseIndexOf.js HTTP/1.1" 200 1153 "-" "Mozilla/5.0 (compatible; AwarioBot/1.0; +https://awario.com/bots.html)"
65.109.118.212 - - [13/Mar/2026:01:29:26 +0100] "GET /service/agriculture-products/?view=/htdocs/sivaco/node_modules/lodash/_baseIndexOfWith.js HTTP/1.1" 200 1167 "-" "Mozilla/5.0 (compatible; AwarioBot/1.0; +https://awario.com/bots.html)"
65.109.118.212 - - [13/Mar/2026:01:29:28 +0100] "GET /service/agriculture-products/?view=/htdocs/sivaco/node_modules/lodash/_baseIntersection.js HTTP/1.1" 200 1695 "-" "Mozilla/5.0 (compatible; AwarioBot/1.0; +https://awario.com/bots.html)"
65.109.118.212 - - [13/Mar/2026:01:29:30 +0100] "GET /service/agriculture-products/?view=/htdocs/sivaco/node_modules/lodash/_baseInverter.js HTTP/1.1" 200 1171 "-" "Mozilla/5.0 (compatible; AwarioBot/1.0; +https://awario.com/bots.html)"
65.109.118.212 - - [13/Mar/2026:01:29:32 +0100] "GET /service/agriculture-products/?view=/htdocs/sivaco/node_modules/lodash/_baseInvoke.js HTTP/1.1" 200 1225 "-" "Mozilla/5.0 (compatible; AwarioBot/1.0; +https://awario.com/bots.html)"
65.109.118.212 - - [13/Mar/2026:01:29:34 +0100] "GET /service/agriculture-products/?view=/htdocs/sivaco/node_modules/lodash/_baseIsArguments.js HTTP/1.1" 200 1126 "-" "Mozilla/5.0 (compatible; AwarioBot/1.0; +https://awario.com/bots.html)"
65.109.118.212 - - [13/Mar/2026:01:29:37 +0100] "GET /service/agriculture-products/?view=/htdocs/sivaco/node_modules/lodash/_baseIsArrayBuffer.js HTTP/1.1" 200 1130 "-" "Mozilla/5.0 (compatible; AwarioBot/1.0; +https://awario.com/bots.html)"
65.109.118.212 - - [13/Mar/2026:01:29:39 +0100] "GET /service/agriculture-products/?view=/htdocs/sivaco/node_modules/lodash/_baseIsDate.js HTTP/1.1" 200 1148 "-" "Mozilla/5.0 (compatible; AwarioBot/1.0; +https://awario.com/bots.html)"
65.109.118.212 - - [13/Mar/2026:01:29:42 +0100] "GET /service/agriculture-products/?view=/htdocs/sivaco/node_modules/lodash/_baseIsEqual.js HTTP/1.1" 200 1288 "-" "Mozilla/5.0 (compatible; AwarioBot/1.0; +https://awario.com/bots.html)"
65.109.118.212 - - [13/Mar/2026:01:29:44 +0100] "GET /service/agriculture-products/?view=/htdocs/sivaco/node_modules/lodash/_baseIsEqualDeep.js HTTP/1.1" 200 1860 "-" "Mozilla/5.0 (compatible; AwarioBot/1.0; +https://awario.com/bots.html)"
65.109.118.212 - - [13/Mar/2026:01:29:46 +0100] "GET /service/agriculture-products/?view=/htdocs/sivaco/node_modules/lodash/_baseIsMap.js HTTP/1.1" 200 1141 "-" "Mozilla/5.0 (compatible; AwarioBot/1.0; +https://awario.com/bots.html)"
65.109.118.212 - - [13/Mar/2026:01:29:48 +0100] "GET /service/agriculture-products/?view=/htdocs/sivaco/node_modules/lodash/_baseIsMatch.js HTTP/1.1" 200 1579 "-" "Mozilla/5.0 (compatible; AwarioBot/1.0; +https://awario.com/bots.html)"
65.109.118.212 - - [13/Mar/2026:01:29:50 +0100] "GET /service/agriculture-products/?view=/htdocs/sivaco/node_modules/lodash/_baseIsNaN.js HTTP/1.1" 200 1029 "-" "Mozilla/5.0 (compatible; AwarioBot/1.0; +https://awario.com/bots.html)"
65.109.118.212 - - [13/Mar/2026:01:29:53 +0100] "GET /service/agriculture-products/?view=/htdocs/sivaco/node_modules/lodash/_baseIsNative.js HTTP/1.1" 200 1541 "-" "Mozilla/5.0 (compatible; AwarioBot/1.0; +https://awario.com/bots.html)"
65.109.118.212 - - [13/Mar/2026:01:29:55 +0100] "GET /service/agriculture-products/?view=/htdocs/sivaco/node_modules/lodash/_baseIsRegExp.js HTTP/1.1" 200 1149 "-" "Mozilla/5.0 (compatible; AwarioBot/1.0; +https://awario.com/bots.html)"
65.109.118.212 - - [13/Mar/2026:01:29:57 +0100] "GET /service/agriculture-products/?view=/htdocs/sivaco/node_modules/lodash/_baseIsSet.js HTTP/1.1" 200 1139 "-" "Mozilla/5.0 (compatible; AwarioBot/1.0; +https://awario.com/bots.html)"
65.109.118.212 - - [13/Mar/2026:01:29:59 +0100] "GET /service/agriculture-products/?view=/htdocs/sivaco/node_modules/lodash/_baseIsTypedArray.js HTTP/1.1" 200 1564 "-" "Mozilla/5.0 (compatible; AwarioBot/1.0; +https://awario.com/bots.html)"
65.109.118.212 - - [13/Mar/2026:01:30:01 +0100] "GET /service/agriculture-products/?view=/htdocs/sivaco/node_modules/lodash/_baseIteratee.js HTTP/1.1" 200 1258 "-" "Mozilla/5.0 (compatible; AwarioBot/1.0; +https://awario.com/bots.html)"
65.109.118.212 - - [13/Mar/2026:01:30:04 +0100] "GET /service/agriculture-products/?view=/htdocs/sivaco/node_modules/lodash/_baseKeys.js HTTP/1.1" 200 1250 "-" "Mozilla/5.0 (compatible; AwarioBot/1.0; +https://awario.com/bots.html)"
65.109.118.212 - - [13/Mar/2026:01:30:07 +0100] "GET /service/agriculture-products/?view=/htdocs/sivaco/node_modules/lodash/_baseKeysIn.js HTTP/1.1" 200 1280 "-" "Mozilla/5.0 (compatible; AwarioBot/1.0; +https://awario.com/bots.html)"
65.109.118.212 - - [13/Mar/2026:01:30:09 +0100] "GET /service/agriculture-products/?view=/htdocs/sivaco/node_modules/lodash/_baseLodash.js HTTP/1.1" 200 963 "-" "Mozilla/5.0 (compatible; AwarioBot/1.0; +https://awario.com/bots.html)"
65.109.118.212 - - [13/Mar/2026:01:30:10 +0100] "GET /service/agriculture-products/?view=/htdocs/sivaco/node_modules/lodash/_baseLt.js HTTP/1.1" 200 1052 "-" "Mozilla/5.0 (compatible; AwarioBot/1.0; +https://awario.com/bots.html)"
65.109.118.212 - - [13/Mar/2026:01:30:13 +0100] "GET /service/agriculture-products/?view=/htdocs/sivaco/node_modules/lodash/_baseMap.js HTTP/1.1" 200 1184 "-" "Mozilla/5.0 (compatible; AwarioBot/1.0; +https://awario.com/bots.html)"
193.203.239.64 - - [13/Mar/2026:01:30:15 +0100] "POST /wp-cron.php?doing_wp_cron=1773361815.6669158935546875000000 HTTP/1.1" 200 1 "-" "WordPress/6.9.4; http://ptso.jmkconsulting-ci.com"
114.119.142.37 - - [13/Mar/2026:01:30:15 +0100] "GET /shopdetail/92847551 HTTP/1.1" 500 2882 "-" "Mozilla/5.0 (Linux; Android 7.0;) AppleWebKit/537.36 (KHTML, like Gecko) Mobile Safari/537.36 (compatible; PetalBot;+https://webmaster.petalsearch.com/site/petalbot)"
65.109.118.212 - - [13/Mar/2026:01:30:15 +0100] "GET /service/agriculture-products/?view=/htdocs/sivaco/node_modules/lodash/_baseMatches.js HTTP/1.1" 200 1186 "-" "Mozilla/5.0 (compatible; AwarioBot/1.0; +https://awario.com/bots.html)"
65.109.118.212 - - [13/Mar/2026:01:30:18 +0100] "GET /service/agriculture-products/?view=/htdocs/sivaco/node_modules/lodash/_baseMatchesProperty.js HTTP/1.1" 200 1334 "-" "Mozilla/5.0 (compatible; AwarioBot/1.0; +https://awario.com/bots.html)"
65.109.118.212 - - [13/Mar/2026:01:30:20 +0100] "GET /service/agriculture-products/?view=/htdocs/sivaco/node_modules/lodash/_baseMean.js HTTP/1.1" 200 1165 "-" "Mozilla/5.0 (compatible; AwarioBot/1.0; +https://awario.com/bots.html)"
65.109.118.212 - - [13/Mar/2026:01:30:22 +0100] "GET /service/agriculture-products/?view=/htdocs/sivaco/node_modules/lodash/_baseMerge.js HTTP/1.1" 200 1382 "-" "Mozilla/5.0 (compatible; AwarioBot/1.0; +https://awario.com/bots.html)"
65.109.118.212 - - [13/Mar/2026:01:30:24 +0100] "GET /service/agriculture-products/?view=/htdocs/sivaco/node_modules/lodash/_baseMergeDeep.js HTTP/1.1" 200 1785 "-" "Mozilla/5.0 (compatible; AwarioBot/1.0; +https://awario.com/bots.html)"
65.109.118.212 - - [13/Mar/2026:01:30:27 +0100] "GET /service/agriculture-products/?view=/htdocs/sivaco/node_modules/lodash/_baseNth.js HTTP/1.1" 200 1132 "-" "Mozilla/5.0 (compatible; AwarioBot/1.0; +https://awario.com/bots.html)"
65.109.118.212 - - [13/Mar/2026:01:30:28 +0100] "GET /service/agriculture-products/?view=/htdocs/sivaco/node_modules/lodash/_baseOrderBy.js HTTP/1.1" 200 1422 "-" "Mozilla/5.0 (compatible; AwarioBot/1.0; +https://awario.com/bots.html)"
65.109.118.212 - - [13/Mar/2026:01:30:30 +0100] "GET /service/agriculture-products/?view=/htdocs/sivaco/node_modules/lodash/_basePick.js HTTP/1.1" 200 1112 "-" "Mozilla/5.0 (compatible; AwarioBot/1.0; +https://awario.com/bots.html)"
65.109.118.212 - - [13/Mar/2026:01:30:32 +0100] "GET /service/agriculture-products/?view=/htdocs/sivaco/node_modules/lodash/_basePickBy.js HTTP/1.1" 200 1234 "-" "Mozilla/5.0 (compatible; AwarioBot/1.0; +https://awario.com/bots.html)"
65.109.118.212 - - [13/Mar/2026:01:30:34 +0100] "GET /service/agriculture-products/?view=/htdocs/sivaco/node_modules/lodash/_baseProperty.js HTTP/1.1" 200 1054 "-" "Mozilla/5.0 (compatible; AwarioBot/1.0; +https://awario.com/bots.html)"
65.109.118.212 - - [13/Mar/2026:01:30:37 +0100] "GET /service/agriculture-products/?view=/htdocs/sivaco/node_modules/lodash/_basePropertyDeep.js HTTP/1.1" 200 1073 "-" "Mozilla/5.0 (compatible; AwarioBot/1.0; +https://awario.com/bots.html)"
74.7.242.56 - - [13/Mar/2026:01:30:38 +0100] "GET /agricole/images/commons/image_fieldconnect.jpg HTTP/2.0" 200 51115 "https://www.jmkconsulting-ci.com/agricole/fr/prod_fieldconnect.php" "Mozilla/5.0 AppleWebKit/537.36 (KHTML, like Gecko; compatible; GPTBot/1.3; +https://openai.com/gptbot)"
65.109.118.212 - - [13/Mar/2026:01:30:39 +0100] "GET /service/agriculture-products/?view=/htdocs/sivaco/node_modules/lodash/_basePropertyOf.js HTTP/1.1" 200 1052 "-" "Mozilla/5.0 (compatible; AwarioBot/1.0; +https://awario.com/bots.html)"
65.109.118.212 - - [13/Mar/2026:01:30:41 +0100] "GET /service/agriculture-products/?view=/htdocs/sivaco/node_modules/lodash/_basePullAll.js HTTP/1.1" 200 1426 "-" "Mozilla/5.0 (compatible; AwarioBot/1.0; +https://awario.com/bots.html)"
65.109.118.212 - - [13/Mar/2026:01:30:43 +0100] "GET /service/agriculture-products/?view=/htdocs/sivaco/node_modules/lodash/_basePullAt.js HTTP/1.1" 200 1294 "-" "Mozilla/5.0 (compatible; AwarioBot/1.0; +https://awario.com/bots.html)"
65.109.118.212 - - [13/Mar/2026:01:30:45 +0100] "GET /service/agriculture-products/?view=/htdocs/sivaco/node_modules/lodash/_baseRandom.js HTTP/1.1" 200 1124 "-" "Mozilla/5.0 (compatible; AwarioBot/1.0; +https://awario.com/bots.html)"
74.7.242.56 - - [13/Mar/2026:01:30:48 +0100] "GET /agricole/js/lib/bootstrap.min.js.map HTTP/2.0" 404 2310 "https://www.jmkconsulting-ci.com/agricole/js/lib/bootstrap.min.js" "Mozilla/5.0 AppleWebKit/537.36 (KHTML, like Gecko; compatible; GPTBot/1.3; +https://openai.com/gptbot)"
65.109.118.212 - - [13/Mar/2026:01:30:48 +0100] "GET /service/agriculture-products/?view=/htdocs/sivaco/node_modules/lodash/_baseRange.js HTTP/1.1" 200 1291 "-" "Mozilla/5.0 (compatible; AwarioBot/1.0; +https://awario.com/bots.html)"
65.109.118.212 - - [13/Mar/2026:01:30:51 +0100] "GET /service/agriculture-products/?view=/htdocs/sivaco/node_modules/lodash/_baseReduce.js HTTP/1.1" 200 1225 "-" "Mozilla/5.0 (compatible; AwarioBot/1.0; +https://awario.com/bots.html)"
74.7.242.56 - - [13/Mar/2026:01:30:52 +0100] "GET /agricole/images/commons/jbklogo.png HTTP/2.0" 200 150274 "https://www.jmkconsulting-ci.com/agricole/fr/synergie_jmk.php" "Mozilla/5.0 AppleWebKit/537.36 (KHTML, like Gecko; compatible; GPTBot/1.3; +https://openai.com/gptbot)"
65.109.118.212 - - [13/Mar/2026:01:30:53 +0100] "GET /robots.txt HTTP/1.1" 200 119 "-" "Mozilla/5.0 (compatible; AwarioBot/1.0; +https://awario.com/bots.html)"
65.109.118.212 - - [13/Mar/2026:01:30:53 +0100] "GET /service/agriculture-products/?view=/htdocs/sivaco/node_modules/lodash/_baseRepeat.js HTTP/1.1" 200 1346 "-" "Mozilla/5.0 (compatible; AwarioBot/1.0; +https://awario.com/bots.html)"
57.141.20.52 - - [13/Mar/2026:01:30:54 +0100] "GET /service/fresh-vegetables/?rename=/usr/base/.wp-cli/cache-php-compat/plugins/email-notification-on-login/email-notification-on-login.1.6.1.json HTTP/2.0" 200 2423 "-" "meta-externalagent/1.1 (+https://developers.facebook.com/docs/sharing/webmasters/crawler)"
65.109.118.212 - - [13/Mar/2026:01:30:56 +0100] "GET /service/agriculture-products/?view=/htdocs/sivaco/node_modules/lodash/_baseRest.js HTTP/1.1" 200 1140 "-" "Mozilla/5.0 (compatible; AwarioBot/1.0; +https://awario.com/bots.html)"
74.7.242.56 - - [13/Mar/2026:01:30:56 +0100] "GET /agricole/revolution/js/extensions/'+h+' HTTP/2.0" 404 2299 "https://www.jmkconsulting-ci.com/agricole/revolution/js/extensions/revolution.extension.kenburn.min.js" "Mozilla/5.0 AppleWebKit/537.36 (KHTML, like Gecko; compatible; GPTBot/1.3; +https://openai.com/gptbot)"
65.109.118.212 - - [13/Mar/2026:01:30:58 +0100] "GET /service/agriculture-products/?view=/htdocs/sivaco/node_modules/lodash/_baseSample.js HTTP/1.1" 200 1046 "-" "Mozilla/5.0 (compatible; AwarioBot/1.0; +https://awario.com/bots.html)"
74.7.242.56 - - [13/Mar/2026:01:30:59 +0100] "GET /storage/actualites/October2024/euU5wf4QIY8mwANxmmIO.jpg HTTP/2.0" 200 209950 "https://www.jmkconsulting-ci.com/agricole/fr/actus-detail.php?act_id=6" "Mozilla/5.0 AppleWebKit/537.36 (KHTML, like Gecko; compatible; GPTBot/1.3; +https://openai.com/gptbot)"
65.109.118.212 - - [13/Mar/2026:01:31:01 +0100] "GET /service/agriculture-products/?view=/htdocs/sivaco/node_modules/lodash/_baseSampleSize.js HTTP/1.1" 200 1124 "-" "Mozilla/5.0 (compatible; AwarioBot/1.0; +https://awario.com/bots.html)"
65.109.118.212 - - [13/Mar/2026:01:31:03 +0100] "GET /service/agriculture-products/?view=/htdocs/sivaco/node_modules/lodash/_baseSet.js HTTP/1.1" 200 1434 "-" "Mozilla/5.0 (compatible; AwarioBot/1.0; +https://awario.com/bots.html)"
65.109.118.212 - - [13/Mar/2026:01:31:05 +0100] "GET /service/agriculture-products/?view=/htdocs/sivaco/node_modules/lodash/_baseSetData.js HTTP/1.1" 200 1092 "-" "Mozilla/5.0 (compatible; AwarioBot/1.0; +https://awario.com/bots.html)"
65.109.118.212 - - [13/Mar/2026:01:31:07 +0100] "GET /service/agriculture-products/?view=/htdocs/sivaco/node_modules/lodash/_baseSetToString.js HTTP/1.1" 200 1161 "-" "Mozilla/5.0 (compatible; AwarioBot/1.0; +https://awario.com/bots.html)"
65.109.118.212 - - [13/Mar/2026:01:31:10 +0100] "GET /service/agriculture-products/?view=/htdocs/sivaco/node_modules/lodash/_baseShuffle.js HTTP/1.1" 200 1048 "-" "Mozilla/5.0 (compatible; AwarioBot/1.0; +https://awario.com/bots.html)"
74.7.242.56 - - [13/Mar/2026:01:31:11 +0100] "GET /storage/actualites/October2024/iHMRCWFhBs8JGzLHOtCL.jpeg HTTP/2.0" 200 84684 "https://www.jmkconsulting-ci.com/agricole/fr/actus-detail.php?act_id=7" "Mozilla/5.0 AppleWebKit/537.36 (KHTML, like Gecko; compatible; GPTBot/1.3; +https://openai.com/gptbot)"
65.109.118.212 - - [13/Mar/2026:01:31:12 +0100] "GET /service/agriculture-products/?view=/htdocs/sivaco/node_modules/lodash/_baseSlice.js HTTP/1.1" 200 1208 "-" "Mozilla/5.0 (compatible; AwarioBot/1.0; +https://awario.com/bots.html)"
193.203.239.64 - - [13/Mar/2026:01:31:15 +0100] "POST /wp-cron.php?doing_wp_cron=1773361875.1543519496917724609375 HTTP/1.1" 200 1 "-" "WordPress/6.9.4; http://ptso.jmkconsulting-ci.com"
65.109.118.212 - - [13/Mar/2026:01:31:15 +0100] "GET /service/agriculture-products/?view=/htdocs/sivaco/node_modules/lodash/_baseSome.js HTTP/1.1" 200 1163 "-" "Mozilla/5.0 (compatible; AwarioBot/1.0; +https://awario.com/bots.html)"
65.109.118.212 - - [13/Mar/2026:01:31:17 +0100] "GET /service/agriculture-products/?view=/htdocs/sivaco/node_modules/lodash/_baseSortBy.js HTTP/1.1" 200 1128 "-" "Mozilla/5.0 (compatible; AwarioBot/1.0; +https://awario.com/bots.html)"
65.109.118.212 - - [13/Mar/2026:01:31:19 +0100] "GET /service/agriculture-products/?view=/htdocs/sivaco/node_modules/lodash/_baseSortedIndex.js HTTP/1.1" 200 1511 "-" "Mozilla/5.0 (compatible; AwarioBot/1.0; +https://awario.com/bots.html)"
65.109.118.212 - - [13/Mar/2026:01:31:21 +0100] "GET /service/agriculture-products/?view=/htdocs/sivaco/node_modules/lodash/_baseSortedIndexBy.js HTTP/1.1" 200 1746 "-" "Mozilla/5.0 (compatible; AwarioBot/1.0; +https://awario.com/bots.html)"
65.109.118.212 - - [13/Mar/2026:01:31:24 +0100] "GET /service/agriculture-products/?view=/htdocs/sivaco/node_modules/lodash/_baseSortedUniq.js HTTP/1.1" 200 1238 "-" "Mozilla/5.0 (compatible; AwarioBot/1.0; +https://awario.com/bots.html)"
65.109.118.212 - - [13/Mar/2026:01:31:26 +0100] "GET /service/agriculture-products/?view=/htdocs/sivaco/node_modules/lodash/_baseSum.js HTTP/1.1" 200 1154 "-" "Mozilla/5.0 (compatible; AwarioBot/1.0; +https://awario.com/bots.html)"
65.109.118.212 - - [13/Mar/2026:01:31:29 +0100] "GET /service/agriculture-products/?view=/htdocs/sivaco/node_modules/lodash/_baseTimes.js HTTP/1.1" 200 1124 "-" "Mozilla/5.0 (compatible; AwarioBot/1.0; +https://awario.com/bots.html)"
65.109.118.212 - - [13/Mar/2026:01:31:30 +0100] "GET /service/agriculture-products/?view=/htdocs/sivaco/node_modules/lodash/_baseToNumber.js HTTP/1.1" 200 1162 "-" "Mozilla/5.0 (compatible; AwarioBot/1.0; +https://awario.com/bots.html)"
65.109.118.212 - - [13/Mar/2026:01:31:32 +0100] "GET /service/agriculture-products/?view=/htdocs/sivaco/node_modules/lodash/_baseToPairs.js HTTP/1.1" 200 1139 "-" "Mozilla/5.0 (compatible; AwarioBot/1.0; +https://awario.com/bots.html)"
65.109.118.212 - - [13/Mar/2026:01:31:35 +0100] "GET /service/agriculture-products/?view=/htdocs/sivaco/node_modules/lodash/_baseToString.js HTTP/1.1" 200 1407 "-" "Mozilla/5.0 (compatible; AwarioBot/1.0; +https://awario.com/bots.html)"
65.109.118.212 - - [13/Mar/2026:01:31:37 +0100] "GET /service/agriculture-products/?view=/htdocs/sivaco/node_modules/lodash/_baseTrim.js HTTP/1.1" 200 1098 "-" "Mozilla/5.0 (compatible; AwarioBot/1.0; +https://awario.com/bots.html)"
65.109.118.212 - - [13/Mar/2026:01:31:39 +0100] "GET /service/agriculture-products/?view=/htdocs/sivaco/node_modules/lodash/_baseUnary.js HTTP/1.1" 200 1027 "-" "Mozilla/5.0 (compatible; AwarioBot/1.0; +https://awario.com/bots.html)"
65.109.118.212 - - [13/Mar/2026:01:31:41 +0100] "GET /service/agriculture-products/?view=/htdocs/sivaco/node_modules/lodash/_baseUniq.js HTTP/1.1" 200 1579 "-" "Mozilla/5.0 (compatible; AwarioBot/1.0; +https://awario.com/bots.html)"
157.100.110.229 - - [13/Mar/2026:01:31:42 +0100] "GET /service/harvest/?edit=/usr/base/usr/share/terminfo/a/altos-5 HTTP/1.1" 200 1334 "-" "Mozilla/5.0 (X11; NetBSD amd64; rv:16.0) Gecko/20121102 Firefox/16.0"
65.109.118.212 - - [13/Mar/2026:01:31:43 +0100] "GET /service/agriculture-products/?view=/htdocs/sivaco/node_modules/lodash/_baseUnset.js HTTP/1.1" 200 1151 "-" "Mozilla/5.0 (compatible; AwarioBot/1.0; +https://awario.com/bots.html)"
65.109.118.212 - - [13/Mar/2026:01:31:45 +0100] "GET /service/agriculture-products/?view=/htdocs/sivaco/node_modules/lodash/_baseUpdate.js HTTP/1.1" 200 1128 "-" "Mozilla/5.0 (compatible; AwarioBot/1.0; +https://awario.com/bots.html)"
65.109.118.212 - - [13/Mar/2026:01:31:47 +0100] "GET /service/agriculture-products/?view=/htdocs/sivaco/node_modules/lodash/_baseValues.js HTTP/1.1" 200 1130 "-" "Mozilla/5.0 (compatible; AwarioBot/1.0; +https://awario.com/bots.html)"
65.109.118.212 - - [13/Mar/2026:01:31:50 +0100] "GET /service/agriculture-products/?view=/htdocs/sivaco/node_modules/lodash/_baseWhile.js HTTP/1.1" 200 1295 "-" "Mozilla/5.0 (compatible; AwarioBot/1.0; +https://awario.com/bots.html)"
65.109.118.212 - - [13/Mar/2026:01:31:52 +0100] "GET /service/agriculture-products/?view=/htdocs/sivaco/node_modules/lodash/_baseWrapperValue.js HTTP/1.1" 200 1241 "-" "Mozilla/5.0 (compatible; AwarioBot/1.0; +https://awario.com/bots.html)"
65.109.118.212 - - [13/Mar/2026:01:31:54 +0100] "GET /service/agriculture-products/?view=/htdocs/sivaco/node_modules/lodash/_baseXor.js HTTP/1.1" 200 1314 "-" "Mozilla/5.0 (compatible; AwarioBot/1.0; +https://awario.com/bots.html)"
65.109.118.212 - - [13/Mar/2026:01:31:56 +0100] "GET /service/agriculture-products/?view=/htdocs/sivaco/node_modules/lodash/_baseZipObject.js HTTP/1.1" 200 1164 "-" "Mozilla/5.0 (compatible; AwarioBot/1.0; +https://awario.com/bots.html)"
65.109.118.212 - - [13/Mar/2026:01:31:59 +0100] "GET /service/agriculture-products/?view=/htdocs/sivaco/node_modules/lodash/_cacheHas.js HTTP/1.1" 200 1040 "-" "Mozilla/5.0 (compatible; AwarioBot/1.0; +https://awario.com/bots.html)"
65.109.118.212 - - [13/Mar/2026:01:32:01 +0100] "GET /service/agriculture-products/?view=/htdocs/sivaco/node_modules/lodash/_castArrayLikeObject.js HTTP/1.1" 200 1052 "-" "Mozilla/5.0 (compatible; AwarioBot/1.0; +https://awario.com/bots.html)"
65.109.118.212 - - [13/Mar/2026:01:32:03 +0100] "GET /service/agriculture-products/?view=/htdocs/sivaco/node_modules/lodash/_castFunction.js HTTP/1.1" 200 1035 "-" "Mozilla/5.0 (compatible; AwarioBot/1.0; +https://awario.com/bots.html)"
65.109.118.212 - - [13/Mar/2026:01:32:06 +0100] "GET /service/agriculture-products/?view=/htdocs/sivaco/node_modules/lodash/_castPath.js HTTP/1.1" 200 1131 "-" "Mozilla/5.0 (compatible; AwarioBot/1.0; +https://awario.com/bots.html)"
65.109.118.212 - - [13/Mar/2026:01:32:08 +0100] "GET /service/agriculture-products/?view=/htdocs/sivaco/node_modules/lodash/_castRest.js HTTP/1.1" 200 1049 "-" "Mozilla/5.0 (compatible; AwarioBot/1.0; +https://awario.com/bots.html)"
65.109.118.212 - - [13/Mar/2026:01:32:11 +0100] "GET /service/agriculture-products/?view=/htdocs/sivaco/node_modules/lodash/_castSlice.js HTTP/1.1" 200 1120 "-" "Mozilla/5.0 (compatible; AwarioBot/1.0; +https://awario.com/bots.html)"
65.109.118.212 - - [13/Mar/2026:01:32:13 +0100] "GET /service/agriculture-products/?view=/htdocs/sivaco/node_modules/lodash/_charsEndIndex.js HTTP/1.1" 200 1153 "-" "Mozilla/5.0 (compatible; AwarioBot/1.0; +https://awario.com/bots.html)"
193.203.239.64 - - [13/Mar/2026:01:32:15 +0100] "POST /wp-cron.php?doing_wp_cron=1773361935.6256370544433593750000 HTTP/1.1" 200 1 "-" "WordPress/6.9.4; http://ptso.jmkconsulting-ci.com"
65.109.118.212 - - [13/Mar/2026:01:32:15 +0100] "GET /service/agriculture-products/?view=/htdocs/sivaco/node_modules/lodash/_charsStartIndex.js HTTP/1.1" 200 1171 "-" "Mozilla/5.0 (compatible; AwarioBot/1.0; +https://awario.com/bots.html)"
