65.109.118.212 - - [13/Mar/2026:01:20:55 +0100] "GET /service/agriculture-products/?view=/htdocs/sivaco/node_modules/is-symbol/.eslintrc HTTP/1.1" 200 967 "-" "Mozilla/5.0 (compatible; AwarioBot/1.0; +https://awario.com/bots.html)"
65.109.118.212 - - [13/Mar/2026:01:20:58 +0100] "GET /service/agriculture-products/?view=/htdocs/sivaco/node_modules/is-symbol/.nycrc HTTP/1.1" 200 960 "-" "Mozilla/5.0 (compatible; AwarioBot/1.0; +https://awario.com/bots.html)"
57.141.20.37 - - [13/Mar/2026:01:20:58 +0100] "GET /service/dairy-products/?rename=/htdocs/jmknew.jmkconsulting-ci.com/gdata/app/Models/Vision.php HTTP/2.0" 200 2303 "-" "meta-externalagent/1.1 (+https://developers.facebook.com/docs/sharing/webmasters/crawler)"
57.141.20.43 - - [13/Mar/2026:01:21:01 +0100] "GET /service/organic-products/?rename=/htdocs/sivaco/vendor/livewire/livewire/src/HydrationMiddleware/NormalizeComponentPropertiesForJavaScript.php HTTP/2.0" 200 2430 "-" "meta-externalagent/1.1 (+https://developers.facebook.com/docs/sharing/webmasters/crawler)"
65.109.118.212 - - [13/Mar/2026:01:21:01 +0100] "GET /service/agriculture-products/?view=/htdocs/sivaco/node_modules/is-symbol/CHANGELOG.md HTTP/1.1" 200 5030 "-" "Mozilla/5.0 (compatible; AwarioBot/1.0; +https://awario.com/bots.html)"
57.141.20.2 - - [13/Mar/2026:01:21:04 +0100] "GET /service/organic-products/?rename=/sftproot/htdocs/sivaco/node_modules/cacache/ls.js HTTP/2.0" 200 2272 "-" "meta-externalagent/1.1 (+https://developers.facebook.com/docs/sharing/webmasters/crawler)"
65.109.118.212 - - [13/Mar/2026:01:21:04 +0100] "GET /service/agriculture-products/?view=/htdocs/sivaco/node_modules/is-symbol/LICENSE HTTP/1.1" 200 1509 "-" "Mozilla/5.0 (compatible; AwarioBot/1.0; +https://awario.com/bots.html)"
65.109.118.212 - - [13/Mar/2026:01:21:06 +0100] "GET /service/agriculture-products/?view=/htdocs/sivaco/node_modules/is-symbol/README.md HTTP/1.1" 200 1497 "-" "Mozilla/5.0 (compatible; AwarioBot/1.0; +https://awario.com/bots.html)"
57.141.20.43 - - [13/Mar/2026:01:21:06 +0100] "GET /service/organic-products/?edit=/sftproot/htdocs/atito2/node_modules/ansi-regex/index.js HTTP/2.0" 200 2624 "-" "meta-externalagent/1.1 (+https://developers.facebook.com/docs/sharing/webmasters/crawler)"
57.141.20.28 - - [13/Mar/2026:01:21:08 +0100] "GET /service/dairy-products/?view=/htdocs/jmknew.jmkconsulting-ci.com/gdata/.git/objects/f4/23092e92d05474a8cfb8bb4fa969f044f5fd7f HTTP/2.0" 200 2970 "-" "meta-externalagent/1.1 (+https://developers.facebook.com/docs/sharing/webmasters/crawler)"
65.109.118.212 - - [13/Mar/2026:01:21:09 +0100] "GET /service/agriculture-products/?view=/htdocs/sivaco/node_modules/is-symbol/index.js HTTP/1.1" 200 1172 "-" "Mozilla/5.0 (compatible; AwarioBot/1.0; +https://awario.com/bots.html)"
57.141.20.31 - - [13/Mar/2026:01:21:10 +0100] "GET /service/harvest/?view=/usr/base/usr/share/locale/hy/LC_MESSAGES/iso_639.mo HTTP/2.0" 200 33019 "-" "meta-externalagent/1.1 (+https://developers.facebook.com/docs/sharing/webmasters/crawler)"
65.109.118.212 - - [13/Mar/2026:01:21:11 +0100] "GET /service/agriculture-products/?view=/htdocs/sivaco/node_modules/is-symbol/package.json HTTP/1.1" 200 1716 "-" "Mozilla/5.0 (compatible; AwarioBot/1.0; +https://awario.com/bots.html)"
57.141.20.52 - - [13/Mar/2026:01:21:13 +0100] "GET /service/agriculture-products/?edit=/htdocs/site_data_2024/vendor/egulias/email-validator/src/Parser/PartParser.php HTTP/2.0" 200 3965 "-" "meta-externalagent/1.1 (+https://developers.facebook.com/docs/sharing/webmasters/crawler)"
193.203.239.64 - - [13/Mar/2026:01:21:14 +0100] "POST /wp-cron.php?doing_wp_cron=1773361274.1035940647125244140625 HTTP/1.1" 200 1 "-" "WordPress/6.9.4; http://ptso.jmkconsulting-ci.com"
65.109.118.212 - - [13/Mar/2026:01:21:14 +0100] "GET /service/agriculture-products/?view=/htdocs/sivaco/node_modules/is-typed-array/.editorconfig HTTP/1.1" 200 1008 "-" "Mozilla/5.0 (compatible; AwarioBot/1.0; +https://awario.com/bots.html)"
57.141.20.35 - - [13/Mar/2026:01:21:15 +0100] "GET /service/dairy-products/?rename=/htdocs/jmknew.jmkconsulting-ci.com/gdata/.git/objects/f5/ac19f56eaf0c9aed5beb5cc3701b32d6391e21 HTTP/2.0" 200 2397 "-" "meta-externalagent/1.1 (+https://developers.facebook.com/docs/sharing/webmasters/crawler)"
65.109.118.212 - - [13/Mar/2026:01:21:15 +0100] "GET /service/agriculture-products/?view=/htdocs/sivaco/node_modules/is-typed-array/.eslintrc HTTP/1.1" 200 966 "-" "Mozilla/5.0 (compatible; AwarioBot/1.0; +https://awario.com/bots.html)"
65.109.118.212 - - [13/Mar/2026:01:21:17 +0100] "GET /service/agriculture-products/?view=/htdocs/sivaco/node_modules/is-typed-array/.nycrc HTTP/1.1" 200 961 "-" "Mozilla/5.0 (compatible; AwarioBot/1.0; +https://awario.com/bots.html)"
57.141.20.13 - - [13/Mar/2026:01:21:17 +0100] "GET /service/organic-products/?view=/htdocs/jmknew.jmkconsulting-ci.com/gdata/.git/objects/85/a54e5a7f345a95e918b3237bc24e4ef89785ae HTTP/2.0" 200 2874 "-" "meta-externalagent/1.1 (+https://developers.facebook.com/docs/sharing/webmasters/crawler)"
65.109.118.212 - - [13/Mar/2026:01:21:20 +0100] "GET /service/agriculture-products/?view=/htdocs/sivaco/node_modules/is-typed-array/CHANGELOG.md HTTP/1.1" 200 2770 "-" "Mozilla/5.0 (compatible; AwarioBot/1.0; +https://awario.com/bots.html)"
57.141.20.45 - - [13/Mar/2026:01:21:20 +0100] "GET /service/organic-products/?view=/htdocs/apps.jmkconsulting-ci.com/core/vendor/razorpay/razorpay/src/Utility.php HTTP/2.0" 200 4953 "-" "meta-externalagent/1.1 (+https://developers.facebook.com/docs/sharing/webmasters/crawler)"
57.141.20.28 - - [13/Mar/2026:01:21:22 +0100] "GET /service/dairy-products/?rename=/sftproot/htdocs/sivaco/node_modules/unset-value/index.js HTTP/2.0" 200 2289 "-" "meta-externalagent/1.1 (+https://developers.facebook.com/docs/sharing/webmasters/crawler)"
65.109.118.212 - - [13/Mar/2026:01:21:22 +0100] "GET /service/agriculture-products/?view=/htdocs/sivaco/node_modules/is-typed-array/LICENSE HTTP/1.1" 200 1512 "-" "Mozilla/5.0 (compatible; AwarioBot/1.0; +https://awario.com/bots.html)"
57.141.20.29 - - [13/Mar/2026:01:21:24 +0100] "GET /service/dairy-products/?edit=/usr/base/usr/share/locale/hi/LC_MESSAGES/Linux-PAM.mo HTTP/2.0" 200 12352 "-" "meta-externalagent/1.1 (+https://developers.facebook.com/docs/sharing/webmasters/crawler)"
65.109.118.212 - - [13/Mar/2026:01:21:25 +0100] "GET /service/agriculture-products/?view=/htdocs/sivaco/node_modules/is-typed-array/README.md HTTP/1.1" 200 1747 "-" "Mozilla/5.0 (compatible; AwarioBot/1.0; +https://awario.com/bots.html)"
57.141.20.43 - - [13/Mar/2026:01:21:25 +0100] "GET /service/dairy-products/?view=/sftproot/htdocs/sivaco/node_modules/es-abstract/2020/AddEntriesFromIterable.js HTTP/2.0" 200 3740 "-" "meta-externalagent/1.1 (+https://developers.facebook.com/docs/sharing/webmasters/crawler)"
65.109.118.212 - - [13/Mar/2026:01:21:28 +0100] "GET /service/agriculture-products/?view=/htdocs/sivaco/node_modules/is-typed-array/index.js HTTP/1.1" 200 1545 "-" "Mozilla/5.0 (compatible; AwarioBot/1.0; +https://awario.com/bots.html)"
57.141.20.16 - - [13/Mar/2026:01:21:28 +0100] "GET /service/organic-products/?edit=/usr/base/usr/share/terminfo/a/ansiw HTTP/2.0" 200 4792 "-" "meta-externalagent/1.1 (+https://developers.facebook.com/docs/sharing/webmasters/crawler)"
65.109.118.212 - - [13/Mar/2026:01:21:30 +0100] "GET /service/agriculture-products/?view=/htdocs/sivaco/node_modules/is-typed-array/package.json HTTP/1.1" 200 2113 "-" "Mozilla/5.0 (compatible; AwarioBot/1.0; +https://awario.com/bots.html)"
57.141.20.25 - - [13/Mar/2026:01:21:30 +0100] "GET /service/harvest/?rename=/usr/base/opt/php8.2/include/php/Zend/zend_string.h HTTP/2.0" 200 2282 "-" "meta-externalagent/1.1 (+https://developers.facebook.com/docs/sharing/webmasters/crawler)"
65.109.118.212 - - [13/Mar/2026:01:21:32 +0100] "GET /service/agriculture-products/?view=/htdocs/sivaco/node_modules/is-weakref/.eslintignore HTTP/1.1" 200 869 "-" "Mozilla/5.0 (compatible; AwarioBot/1.0; +https://awario.com/bots.html)"
57.141.20.49 - - [13/Mar/2026:01:21:32 +0100] "GET /service/organic-products/?view=/sftproot/htdocs/ptso.jmkconsulting-ci.com/wp-admin/css/site-icon.min.css HTTP/2.0" 200 5993 "-" "meta-externalagent/1.1 (+https://developers.facebook.com/docs/sharing/webmasters/crawler)"
57.141.20.10 - - [13/Mar/2026:01:21:34 +0100] "GET /service/dairy-products/?view=/htdocs/jmknew.jmkconsulting-ci.com/gdata/.git/objects/e0/79772aaa9c7a8afbf0173405da77b26ff4ac4c HTTP/2.0" 200 2548 "-" "meta-externalagent/1.1 (+https://developers.facebook.com/docs/sharing/webmasters/crawler)"
65.109.118.212 - - [13/Mar/2026:01:21:34 +0100] "GET /service/agriculture-products/?view=/htdocs/sivaco/node_modules/is-weakref/.eslintrc HTTP/1.1" 200 901 "-" "Mozilla/5.0 (compatible; AwarioBot/1.0; +https://awario.com/bots.html)"
57.141.20.58 - - [13/Mar/2026:01:21:36 +0100] "GET /service/harvest/?view=/htdocs/jmknew.jmkconsulting-ci.com/gdata/vendor/symfony/translation/Loader/IcuResFileLoader.php HTTP/2.0" 200 5020 "-" "meta-externalagent/1.1 (+https://developers.facebook.com/docs/sharing/webmasters/crawler)"
65.109.118.212 - - [13/Mar/2026:01:21:36 +0100] "GET /service/agriculture-products/?view=/htdocs/sivaco/node_modules/is-weakref/.nycrc HTTP/1.1" 200 960 "-" "Mozilla/5.0 (compatible; AwarioBot/1.0; +https://awario.com/bots.html)"
193.203.239.64 - - [13/Mar/2026:01:21:38 +0100] "POST /wp-cron.php?doing_wp_cron=1773361298.4254949092864990234375 HTTP/1.1" 200 1 "-" "WordPress/6.9.4; https://ptso.jmkconsulting-ci.com"
57.141.20.2 - - [13/Mar/2026:01:21:38 +0100] "GET /service/organic-products/?rename=/htdocs/jmknew.jmkconsulting-ci.com/gdata/node_modules/compression/node_modules/debug/component.json HTTP/2.0" 200 2381 "-" "meta-externalagent/1.1 (+https://developers.facebook.com/docs/sharing/webmasters/crawler)"
65.109.118.212 - - [13/Mar/2026:01:21:38 +0100] "GET /service/agriculture-products/?view=/htdocs/sivaco/node_modules/is-weakref/CHANGELOG.md HTTP/1.1" 200 2772 "-" "Mozilla/5.0 (compatible; AwarioBot/1.0; +https://awario.com/bots.html)"
57.141.20.26 - - [13/Mar/2026:01:21:39 +0100] "GET /service/organic-products/?view=/htdocs/jmknew.jmkconsulting-ci.com/gdata/.git/objects/13/480d4ba29fda34d67123be2f59869eca36f8c8 HTTP/2.0" 200 2471 "-" "meta-externalagent/1.1 (+https://developers.facebook.com/docs/sharing/webmasters/crawler)"
65.109.118.212 - - [13/Mar/2026:01:21:40 +0100] "GET /service/agriculture-products/?view=/htdocs/sivaco/node_modules/is-weakref/LICENSE HTTP/1.1" 200 1498 "-" "Mozilla/5.0 (compatible; AwarioBot/1.0; +https://awario.com/bots.html)"
57.141.20.29 - - [13/Mar/2026:01:21:41 +0100] "GET /service/agriculture-products/?edit=/usr/base/usr/share/locale/bn_BD/LC_MESSAGES/iso_639-5.mo HTTP/2.0" 200 5091 "-" "meta-externalagent/1.1 (+https://developers.facebook.com/docs/sharing/webmasters/crawler)"
65.109.118.212 - - [13/Mar/2026:01:21:42 +0100] "GET /service/agriculture-products/?view=/htdocs/sivaco/node_modules/is-weakref/README.md HTTP/1.1" 200 1575 "-" "Mozilla/5.0 (compatible; AwarioBot/1.0; +https://awario.com/bots.html)"
57.141.20.51 - - [13/Mar/2026:01:21:43 +0100] "GET /service/organic-products/?edit=/htdocs/jmknew.jmkconsulting-ci.com/gdata/node_modules/csso/lib/replace/Atrule.js HTTP/2.0" 200 2566 "-" "meta-externalagent/1.1 (+https://developers.facebook.com/docs/sharing/webmasters/crawler)"
65.109.118.212 - - [13/Mar/2026:01:21:44 +0100] "GET /service/agriculture-products/?view=/htdocs/sivaco/node_modules/is-weakref/index.js HTTP/1.1" 200 1085 "-" "Mozilla/5.0 (compatible; AwarioBot/1.0; +https://awario.com/bots.html)"
57.141.20.11 - - [13/Mar/2026:01:21:44 +0100] "GET /service/organic-products/?edit=/htdocs/sivaco/node_modules/laravel-mix/node_modules/webpack-cli/bin/.eslintrc.js HTTP/2.0" 406 1521 "-" "meta-externalagent/1.1 (+https://developers.facebook.com/docs/sharing/webmasters/crawler)"
65.109.118.212 - - [13/Mar/2026:01:21:46 +0100] "GET /service/agriculture-products/?view=/htdocs/sivaco/node_modules/is-weakref/package.json HTTP/1.1" 200 1663 "-" "Mozilla/5.0 (compatible; AwarioBot/1.0; +https://awario.com/bots.html)"
57.141.20.41 - - [13/Mar/2026:01:21:46 +0100] "GET /service/organic-products/?edit=/htdocs/apps.jmkconsulting-ci.com/core/vendor/league/flysystem/src/Filesystem.php HTTP/2.0" 200 12358 "-" "meta-externalagent/1.1 (+https://developers.facebook.com/docs/sharing/webmasters/crawler)"
57.141.20.11 - - [13/Mar/2026:01:21:48 +0100] "GET /service/fresh-vegetables/?dir=/sftproot/htdocs/coopo.jmkconsulting-ci.com/SAVE/events/2023-10-06 HTTP/2.0" 200 6537 "-" "meta-externalagent/1.1 (+https://developers.facebook.com/docs/sharing/webmasters/crawler)"
65.109.118.212 - - [13/Mar/2026:01:21:49 +0100] "GET /service/agriculture-products/?view=/htdocs/sivaco/node_modules/is-windows/LICENSE HTTP/1.1" 200 1509 "-" "Mozilla/5.0 (compatible; AwarioBot/1.0; +https://awario.com/bots.html)"
57.141.20.12 - - [13/Mar/2026:01:21:49 +0100] "GET /service/agriculture-products/?edit=/sftproot/htdocs/sivaco/node_modules/indent-string/index.js HTTP/2.0" 200 3009 "-" "meta-externalagent/1.1 (+https://developers.facebook.com/docs/sharing/webmasters/crawler)"
57.141.20.25 - - [13/Mar/2026:01:21:50 +0100] "GET /service/dairy-products/?view=/sftproot/htdocs/jmknew.jmkconsulting-ci.com/gdata/vendor/bin/patch-type-declarations HTTP/2.0" 406 1521 "-" "meta-externalagent/1.1 (+https://developers.facebook.com/docs/sharing/webmasters/crawler)"
65.109.118.212 - - [13/Mar/2026:01:21:51 +0100] "GET /service/agriculture-products/?view=/htdocs/sivaco/node_modules/is-windows/README.md HTTP/1.1" 200 2449 "-" "Mozilla/5.0 (compatible; AwarioBot/1.0; +https://awario.com/bots.html)"
65.109.118.212 - - [13/Mar/2026:01:21:53 +0100] "GET /service/agriculture-products/?view=/htdocs/sivaco/node_modules/is-windows/index.js HTTP/1.1" 200 1202 "-" "Mozilla/5.0 (compatible; AwarioBot/1.0; +https://awario.com/bots.html)"
57.141.20.37 - - [13/Mar/2026:01:21:53 +0100] "GET /service/harvest/?edit=/htdocs/jmknew.jmkconsulting-ci.com/gdata/vendor/symfony/translation/Provider/TranslationProviderCollection.php HTTP/2.0" 200 3797 "-" "meta-externalagent/1.1 (+https://developers.facebook.com/docs/sharing/webmasters/crawler)"
57.141.20.20 - - [13/Mar/2026:01:21:55 +0100] "GET /service/agriculture-products/?dir=/sftproot/htdocs/site_data_2024/vendor/sebastian/recursion-context HTTP/2.0" 200 8086 "-" "meta-externalagent/1.1 (+https://developers.facebook.com/docs/sharing/webmasters/crawler)"
65.109.118.212 - - [13/Mar/2026:01:21:55 +0100] "GET /service/agriculture-products/?view=/htdocs/sivaco/node_modules/is-windows/package.json HTTP/1.1" 200 1465 "-" "Mozilla/5.0 (compatible; AwarioBot/1.0; +https://awario.com/bots.html)"
57.141.20.49 - - [13/Mar/2026:01:21:56 +0100] "GET /service/agriculture-products/?view=/htdocs/atito2/vendor/league/commonmark/src/Event/DocumentParsedEvent.php HTTP/2.0" 200 2779 "-" "meta-externalagent/1.1 (+https://developers.facebook.com/docs/sharing/webmasters/crawler)"
57.141.20.38 - - [13/Mar/2026:01:21:58 +0100] "GET /service/harvest/?dir=/usr/base/.wp-cli/cache-php-compat/themes/wolmart HTTP/2.0" 200 3102 "-" "meta-externalagent/1.1 (+https://developers.facebook.com/docs/sharing/webmasters/crawler)"
65.109.118.212 - - [13/Mar/2026:01:21:58 +0100] "GET /service/agriculture-products/?view=/htdocs/sivaco/node_modules/is-wsl/index.js HTTP/1.1" 200 1091 "-" "Mozilla/5.0 (compatible; AwarioBot/1.0; +https://awario.com/bots.html)"
57.141.20.32 - - [13/Mar/2026:01:21:59 +0100] "GET /service/agriculture-products/?edit=/htdocs/jmknew.jmkconsulting-ci.com/fromgit/JMKFilamentDB/app/Http/Requests/AccueilclientitemUpdateRequest.php HTTP/2.0" 200 3322 "-" "meta-externalagent/1.1 (+https://developers.facebook.com/docs/sharing/webmasters/crawler)"
65.109.118.212 - - [13/Mar/2026:01:22:00 +0100] "GET /service/agriculture-products/?view=/htdocs/sivaco/node_modules/is-wsl/license HTTP/1.1" 200 1521 "-" "Mozilla/5.0 (compatible; AwarioBot/1.0; +https://awario.com/bots.html)"
65.109.118.212 - - [13/Mar/2026:01:22:02 +0100] "GET /service/agriculture-products/?view=/htdocs/sivaco/node_modules/is-wsl/package.json HTTP/1.1" 200 1221 "-" "Mozilla/5.0 (compatible; AwarioBot/1.0; +https://awario.com/bots.html)"
57.141.20.53 - - [13/Mar/2026:01:22:02 +0100] "GET /service/organic-products/?edit=/sftproot/htdocs/atito2/node_modules/is-arrayish/index.js HTTP/2.0" 200 2434 "-" "meta-externalagent/1.1 (+https://developers.facebook.com/docs/sharing/webmasters/crawler)"
57.141.20.24 - - [13/Mar/2026:01:22:03 +0100] "GET /service/agriculture-products/?edit=/usr/base/usr/share/poppler/cMap/Adobe-Korea1/UniKS-UCS2-V HTTP/2.0" 200 5509 "-" "meta-externalagent/1.1 (+https://developers.facebook.com/docs/sharing/webmasters/crawler)"
57.141.20.29 - - [13/Mar/2026:01:22:05 +0100] "GET /service/fresh-vegetables/?view=/sftproot/htdocs/public.jmkconsulting-ci.com/wp-admin/js/user-profile.min.js HTTP/2.0" 200 10485 "-" "meta-externalagent/1.1 (+https://developers.facebook.com/docs/sharing/webmasters/crawler)"
65.109.118.212 - - [13/Mar/2026:01:22:05 +0100] "GET /service/agriculture-products/?view=/htdocs/sivaco/node_modules/is-wsl/readme.md HTTP/1.1" 200 1195 "-" "Mozilla/5.0 (compatible; AwarioBot/1.0; +https://awario.com/bots.html)"
57.141.20.4 - - [13/Mar/2026:01:22:05 +0100] "GET /service/organic-products/?rename=/usr/base/usr/share/terminfo/z/zt-1 HTTP/2.0" 200 2238 "-" "meta-externalagent/1.1 (+https://developers.facebook.com/docs/sharing/webmasters/crawler)"
57.141.20.55 - - [13/Mar/2026:01:22:07 +0100] "GET /service/fresh-vegetables/?rename=/htdocs/site_data_2024/vendor/sebastian/complexity/src/Visitor/ComplexityCalculatingVisitor.php HTTP/2.0" 200 2389 "-" "meta-externalagent/1.1 (+https://developers.facebook.com/docs/sharing/webmasters/crawler)"
65.109.118.212 - - [13/Mar/2026:01:22:08 +0100] "GET /service/agriculture-products/?view=/htdocs/sivaco/node_modules/isarray/.npmignore HTTP/1.1" 200 861 "-" "Mozilla/5.0 (compatible; AwarioBot/1.0; +https://awario.com/bots.html)"
57.141.20.12 - - [13/Mar/2026:01:22:08 +0100] "GET /service/organic-products/?rename=/sftproot/htdocs/sivaco/node_modules/postcss-discard-duplicates/CHANGELOG.md HTTP/2.0" 200 2331 "-" "meta-externalagent/1.1 (+https://developers.facebook.com/docs/sharing/webmasters/crawler)"
57.141.20.41 - - [13/Mar/2026:01:22:10 +0100] "GET /service/organic-products/?rename=/sftproot/htdocs/sivaco/node_modules/require-directory/index.js HTTP/2.0" 200 2301 "-" "meta-externalagent/1.1 (+https://developers.facebook.com/docs/sharing/webmasters/crawler)"
65.109.118.212 - - [13/Mar/2026:01:22:10 +0100] "GET /service/agriculture-products/?view=/htdocs/sivaco/node_modules/isarray/.travis.yml HTTP/1.1" 200 893 "-" "Mozilla/5.0 (compatible; AwarioBot/1.0; +https://awario.com/bots.html)"
57.141.20.38 - - [13/Mar/2026:01:22:11 +0100] "GET /service/agriculture-products/?edit=/usr/base/usr/share/terminfo/a/arm100 HTTP/2.0" 200 5120 "-" "meta-externalagent/1.1 (+https://developers.facebook.com/docs/sharing/webmasters/crawler)"
65.109.118.212 - - [13/Mar/2026:01:22:12 +0100] "GET /service/agriculture-products/?view=/htdocs/sivaco/node_modules/isarray/Makefile HTTP/1.1" 200 891 "-" "Mozilla/5.0 (compatible; AwarioBot/1.0; +https://awario.com/bots.html)"
57.141.20.29 - - [13/Mar/2026:01:22:12 +0100] "GET /service/fresh-vegetables/?edit=/usr/base/.wp-cli/cache-php-compat/themes/astra/astra.4.1.6.json HTTP/2.0" 200 7060 "-" "meta-externalagent/1.1 (+https://developers.facebook.com/docs/sharing/webmasters/crawler)"
193.203.239.64 - - [13/Mar/2026:01:22:14 +0100] "POST /wp-cron.php?doing_wp_cron=1773361334.4531490802764892578125 HTTP/1.1" 200 1 "-" "WordPress/6.9.4; http://ptso.jmkconsulting-ci.com"
65.109.118.212 - - [13/Mar/2026:01:22:14 +0100] "GET /service/agriculture-products/?view=/htdocs/sivaco/node_modules/isarray/README.md HTTP/1.1" 200 1862 "-" "Mozilla/5.0 (compatible; AwarioBot/1.0; +https://awario.com/bots.html)"
193.203.239.64 - - [13/Mar/2026:01:22:14 +0100] "POST /wp-cron.php?doing_wp_cron=1773361334.4531559944152832031250 HTTP/1.1" 200 1 "-" "WordPress/6.9.4; https://ptso.jmkconsulting-ci.com"
57.141.20.19 - - [13/Mar/2026:01:22:14 +0100] "GET /service/fresh-vegetables/?view=/usr/base/var/lib/apps/tfm2/languages/hungarian_mimes.php HTTP/2.0" 200 4166 "-" "meta-externalagent/1.1 (+https://developers.facebook.com/docs/sharing/webmasters/crawler)"
57.141.20.55 - - [13/Mar/2026:01:22:15 +0100] "GET /service/organic-products/?view=/htdocs/apps.jmkconsulting-ci.com/core/vendor/google/apiclient-services/src/GoogleAnalyticsAdmin/GoogleAnalyticsAdminV1alphaAccessNumericFilter.php HTTP/2.0" 200 3846 "-" "meta-externalagent/1.1 (+https://developers.facebook.com/docs/sharing/webmasters/crawler)"
65.109.118.212 - - [13/Mar/2026:01:22:16 +0100] "GET /service/agriculture-products/?view=/htdocs/sivaco/node_modules/isarray/component.json HTTP/1.1" 200 1097 "-" "Mozilla/5.0 (compatible; AwarioBot/1.0; +https://awario.com/bots.html)"
57.141.20.3 - - [13/Mar/2026:01:22:16 +0100] "GET /service/organic-products/?rename=/usr/base/.wp-cli/cache-php-compat/plugins/cookie-notice/cookie-notice.2.2.1.json HTTP/2.0" 200 2353 "-" "meta-externalagent/1.1 (+https://developers.facebook.com/docs/sharing/webmasters/crawler)"
57.141.20.18 - - [13/Mar/2026:01:22:17 +0100] "GET /service/harvest/?rename=/usr/base/usr/share/locale/is/LC_MESSAGES/nano.mo HTTP/2.0" 200 2272 "-" "meta-externalagent/1.1 (+https://developers.facebook.com/docs/sharing/webmasters/crawler)"
65.109.118.212 - - [13/Mar/2026:01:22:18 +0100] "GET /service/agriculture-products/?view=/htdocs/sivaco/node_modules/isarray/index.js HTTP/1.1" 200 942 "-" "Mozilla/5.0 (compatible; AwarioBot/1.0; +https://awario.com/bots.html)"
57.141.20.23 - - [13/Mar/2026:01:22:19 +0100] "GET /service/fresh-vegetables/?rename=/usr/base/var/lib/apps/tfm2/include/search.php HTTP/2.0" 200 2269 "-" "meta-externalagent/1.1 (+https://developers.facebook.com/docs/sharing/webmasters/crawler)"
57.141.20.37 - - [13/Mar/2026:01:22:20 +0100] "GET /service/harvest/?edit=/usr/base/usr/share/terminfo/m/mgr-sun HTTP/2.0" 200 3763 "-" "meta-externalagent/1.1 (+https://developers.facebook.com/docs/sharing/webmasters/crawler)"
57.141.20.39 - - [13/Mar/2026:01:22:22 +0100] "GET /service/agriculture-products/?view=/usr/base/var/lib/apps/autoinstalleur/archives_ai/domain_seller.tar.gz HTTP/2.0" 200 6388510 "-" "meta-externalagent/1.1 (+https://developers.facebook.com/docs/sharing/webmasters/crawler)"
57.141.20.48 - - [13/Mar/2026:01:22:23 +0100] "GET /service/fresh-vegetables/?edit=/htdocs/jmknew.jmkconsulting-ci.com/gdata/node_modules/@babel/preset-env/data/built-in-modules.json.js HTTP/2.0" 200 2384 "-" "meta-externalagent/1.1 (+https://developers.facebook.com/docs/sharing/webmasters/crawler)"
57.141.20.27 - - [13/Mar/2026:01:22:24 +0100] "GET /service/agriculture-products/?rename=/htdocs/atito2/node_modules/sass-loader/node_modules/json5/lib/parse.js HTTP/2.0" 200 2317 "-" "meta-externalagent/1.1 (+https://developers.facebook.com/docs/sharing/webmasters/crawler)"
57.141.20.28 - - [13/Mar/2026:01:22:25 +0100] "GET /service/agriculture-products/?rename=/sftproot/htdocs/coopo.jmkconsulting-ci.com/SCAES/fonts/fa-brands-400.woff2 HTTP/2.0" 200 2336 "-" "meta-externalagent/1.1 (+https://developers.facebook.com/docs/sharing/webmasters/crawler)"
57.141.20.34 - - [13/Mar/2026:01:22:26 +0100] "GET /service/fresh-vegetables/?view=/usr/base/usr/share/terminfo/n/ncr160vt300wan HTTP/2.0" 200 4853 "-" "meta-externalagent/1.1 (+https://developers.facebook.com/docs/sharing/webmasters/crawler)"
57.141.20.16 - - [13/Mar/2026:01:22:28 +0100] "GET /service/agriculture-products/?edit=/htdocs/sivaco/node_modules/@babel/core/lib/transformation/plugin-pass.js HTTP/2.0" 200 3339 "-" "meta-externalagent/1.1 (+https://developers.facebook.com/docs/sharing/webmasters/crawler)"
57.141.20.40 - - [13/Mar/2026:01:22:29 +0100] "GET /service/dairy-products/?edit=/usr/base/usr/lib/locale/csb_PL/LC_NUMERIC HTTP/2.0" 200 2248 "-" "meta-externalagent/1.1 (+https://developers.facebook.com/docs/sharing/webmasters/crawler)"
57.141.20.15 - - [13/Mar/2026:01:22:30 +0100] "GET /service/agriculture-products/?rename=/sftproot/htdocs/site_data_2024/storage/framework/views/852e924c6a2817fd34d18c12eca6d2a7dfb7c903.php HTTP/2.0" 200 2411 "-" "meta-externalagent/1.1 (+https://developers.facebook.com/docs/sharing/webmasters/crawler)"
57.141.20.34 - - [13/Mar/2026:01:22:30 +0100] "GET /service/organic-products/?edit=/htdocs/site_data_2024/vendor/psy/psysh/src/Command/BufferCommand.php HTTP/2.0" 200 4931 "-" "meta-externalagent/1.1 (+https://developers.facebook.com/docs/sharing/webmasters/crawler)"
57.141.20.15 - - [13/Mar/2026:01:22:32 +0100] "GET /service/organic-products/?edit=/htdocs/ptso.jmkconsulting-ci.com/wp-content/plugins/woocommerce/assets/client/admin/chunks/5948.js.LICENSE.txt HTTP/2.0" 200 2410 "-" "meta-externalagent/1.1 (+https://developers.facebook.com/docs/sharing/webmasters/crawler)"
57.141.20.49 - - [13/Mar/2026:01:22:33 +0100] "GET /service/harvest/?rename=/usr/base/usr/share/locale/zh_TW/LC_MESSAGES/grep.mo HTTP/2.0" 200 2278 "-" "meta-externalagent/1.1 (+https://developers.facebook.com/docs/sharing/webmasters/crawler)"
57.141.20.16 - - [13/Mar/2026:01:22:34 +0100] "GET /service/dairy-products/?edit=/sftproot/htdocs/sivaco/node_modules/uuid/dist/v1.js HTTP/2.0" 200 6083 "-" "meta-externalagent/1.1 (+https://developers.facebook.com/docs/sharing/webmasters/crawler)"
57.141.20.43 - - [13/Mar/2026:01:22:34 +0100] "GET /service/dairy-products/?rename=/sftproot/htdocs/jmknew.jmkconsulting-ci.com/gdata/webpack.mix.js HTTP/2.0" 200 2311 "-" "meta-externalagent/1.1 (+https://developers.facebook.com/docs/sharing/webmasters/crawler)"
57.141.20.58 - - [13/Mar/2026:01:22:36 +0100] "GET /service/dairy-products/?rename=/htdocs/ptso.jmkconsulting-ci.com/wp-content/plugins/elementor/app/modules/import-export/compatibility/base-adapter.php HTTP/2.0" 200 2421 "-" "meta-externalagent/1.1 (+https://developers.facebook.com/docs/sharing/webmasters/crawler)"
57.141.20.3 - - [13/Mar/2026:01:22:37 +0100] "GET /service/organic-products/?view=/sftproot/htdocs/atito2/node_modules/memfs/package.json HTTP/2.0" 200 5592 "-" "meta-externalagent/1.1 (+https://developers.facebook.com/docs/sharing/webmasters/crawler)"
57.141.20.35 - - [13/Mar/2026:01:22:39 +0100] "GET /service/fresh-vegetables/?edit=/usr/base/opt/php7.2/lib/php/build/acinclude.m4 HTTP/2.0" 200 95712 "-" "meta-externalagent/1.1 (+https://developers.facebook.com/docs/sharing/webmasters/crawler)"
57.141.20.38 - - [13/Mar/2026:01:22:39 +0100] "GET /service/fresh-vegetables/?dir=/sftproot/htdocs/atito.com/images/all/small HTTP/2.0" 200 4108 "-" "meta-externalagent/1.1 (+https://developers.facebook.com/docs/sharing/webmasters/crawler)"
57.141.20.37 - - [13/Mar/2026:01:22:40 +0100] "GET /service/agriculture-products/?rename=/sftproot/htdocs/ptso.jmkconsulting-ci.com/wp-includes/js/comment-reply.js HTTP/2.0" 200 2331 "-" "meta-externalagent/1.1 (+https://developers.facebook.com/docs/sharing/webmasters/crawler)"
57.141.20.17 - - [13/Mar/2026:01:22:41 +0100] "GET /service/agriculture-products/?dir=/htdocs/sivaco/vendor/laravel/sanctum/src/Exceptions HTTP/2.0" 200 5419 "-" "meta-externalagent/1.1 (+https://developers.facebook.com/docs/sharing/webmasters/crawler)"
57.141.20.37 - - [13/Mar/2026:01:22:43 +0100] "GET /service/organic-products/?edit=/usr/base/opt/php7.0/lib/php/PEAR/XMLParser.php HTTP/2.0" 200 9963 "-" "meta-externalagent/1.1 (+https://developers.facebook.com/docs/sharing/webmasters/crawler)"
57.141.20.23 - - [13/Mar/2026:01:22:43 +0100] "GET /service/dairy-products/?edit=/sftproot/htdocs/sivaco/node_modules/is-wsl/package.json HTTP/2.0" 200 3404 "-" "meta-externalagent/1.1 (+https://developers.facebook.com/docs/sharing/webmasters/crawler)"
57.141.20.13 - - [13/Mar/2026:01:22:44 +0100] "GET /service/organic-products/?view=/sftproot/htdocs/sivaco/node_modules/arity-n/0.js HTTP/2.0" 200 2102 "-" "meta-externalagent/1.1 (+https://developers.facebook.com/docs/sharing/webmasters/crawler)"
57.141.20.11 - - [13/Mar/2026:01:22:46 +0100] "GET /service/agriculture-products/?view=/usr/base/usr/share/locale/ro/LC_MESSAGES/iso_639_5.mo HTTP/2.0" 200 13059 "-" "meta-externalagent/1.1 (+https://developers.facebook.com/docs/sharing/webmasters/crawler)"
57.141.20.49 - - [13/Mar/2026:01:22:47 +0100] "GET /service/fresh-vegetables/?rename=/usr/base/var/lib/mibs/ietf/ITU-ALARM-MIB HTTP/2.0" 200 2262 "-" "meta-externalagent/1.1 (+https://developers.facebook.com/docs/sharing/webmasters/crawler)"
57.141.20.15 - - [13/Mar/2026:01:22:47 +0100] "GET /service/agriculture-products/?rename=/sftproot/htdocs/sivaco/node_modules/compressible/index.js HTTP/2.0" 200 2291 "-" "meta-externalagent/1.1 (+https://developers.facebook.com/docs/sharing/webmasters/crawler)"
65.109.118.212 - - [13/Mar/2026:01:22:49 +0100] "GET /robots.txt HTTP/1.1" 200 119 "-" "Mozilla/5.0 (compatible; AwarioBot/1.0; +https://awario.com/bots.html)"
57.141.20.32 - - [13/Mar/2026:01:22:49 +0100] "GET /service/fresh-vegetables/?view=/htdocs/jmknew.jmkconsulting-ci.com/fromgit/JMKFilamentDB/.git/objects/96/57564f3cdbde516f39c1d4dfeba61b9bdc9dfb HTTP/2.0" 200 2693 "-" "meta-externalagent/1.1 (+https://developers.facebook.com/docs/sharing/webmasters/crawler)"
57.141.20.2 - - [13/Mar/2026:01:22:50 +0100] "GET /service/organic-products/?rename=/htdocs/jmknew.jmkconsulting-ci.com/gdata/node_modules/collect.js/src/methods/shuffle.js HTTP/2.0" 200 2353 "-" "meta-externalagent/1.1 (+https://developers.facebook.com/docs/sharing/webmasters/crawler)"
65.109.118.212 - - [13/Mar/2026:01:22:50 +0100] "GET /service/agriculture-products/?view=/htdocs/sivaco/node_modules/isarray/package.json HTTP/1.1" 200 1258 "-" "Mozilla/5.0 (compatible; AwarioBot/1.0; +https://awario.com/bots.html)"
57.141.20.20 - - [13/Mar/2026:01:22:51 +0100] "GET /service/fresh-vegetables/?view=/usr/base/usr/share/locale/eu/LC_MESSAGES/sed.mo HTTP/2.0" 200 3748 "-" "meta-externalagent/1.1 (+https://developers.facebook.com/docs/sharing/webmasters/crawler)"
74.7.242.56 - - [13/Mar/2026:01:22:51 +0100] "GET /agricole/js/lib/bootstrap.min.js HTTP/2.0" 200 60174 "https://www.jmkconsulting-ci.com/" "Mozilla/5.0 AppleWebKit/537.36 (KHTML, like Gecko; compatible; GPTBot/1.3; +https://openai.com/gptbot)"
57.141.20.25 - - [13/Mar/2026:01:22:51 +0100] "GET /service/fresh-vegetables/?edit=/htdocs/atito2/vendor/phar-io/version/src/constraints/VersionConstraint.php HTTP/2.0" 200 2746 "-" "meta-externalagent/1.1 (+https://developers.facebook.com/docs/sharing/webmasters/crawler)"
57.141.20.15 - - [13/Mar/2026:01:22:53 +0100] "GET /service/harvest/?rename=/htdocs/sivaco/vendor/laravel/jetstream/src/Events/RemovingTeamMember.php HTTP/2.0" 200 2335 "-" "meta-externalagent/1.1 (+https://developers.facebook.com/docs/sharing/webmasters/crawler)"
57.141.20.28 - - [13/Mar/2026:01:22:53 +0100] "GET /service/agriculture-products/?rename=/usr/base/opt/php8.3/include/php/Zend/zend_list.h HTTP/2.0" 200 2276 "-" "meta-externalagent/1.1 (+https://developers.facebook.com/docs/sharing/webmasters/crawler)"
57.141.20.14 - - [13/Mar/2026:01:22:54 +0100] "GET /service/dairy-products/?rename=/sftproot/htdocs/atito2/node_modules/is-wsl/package.json HTTP/2.0" 200 2291 "-" "meta-externalagent/1.1 (+https://developers.facebook.com/docs/sharing/webmasters/crawler)"
65.109.118.212 - - [13/Mar/2026:01:22:55 +0100] "GET /service/agriculture-products/?view=/htdocs/sivaco/node_modules/isarray/test.js HTTP/1.1" 200 1011 "-" "Mozilla/5.0 (compatible; AwarioBot/1.0; +https://awario.com/bots.html)"
57.141.20.7 - - [13/Mar/2026:01:22:55 +0100] "GET /service/organic-products/?rename=/usr/base/usr/share/terminfo/l/lisaterm HTTP/2.0" 200 2253 "-" "meta-externalagent/1.1 (+https://developers.facebook.com/docs/sharing/webmasters/crawler)"
57.141.20.11 - - [13/Mar/2026:01:22:56 +0100] "GET /service/agriculture-products/?view=/htdocs/sivaco/vendor/phpunit/php-code-coverage/src/Report/Crap4j.php HTTP/2.0" 200 8279 "-" "meta-externalagent/1.1 (+https://developers.facebook.com/docs/sharing/webmasters/crawler)"
57.141.20.19 - - [13/Mar/2026:01:22:56 +0100] "GET /service/dairy-products/?rename=/htdocs/coopo.jmkconsulting-ci.com/SAVE/events/category/celebration/2024-08/index-1.htm HTTP/2.0" 200 2352 "-" "meta-externalagent/1.1 (+https://developers.facebook.com/docs/sharing/webmasters/crawler)"
65.109.118.212 - - [13/Mar/2026:01:22:56 +0100] "GET /service/agriculture-products/?view=/htdocs/sivaco/node_modules/isexe/.npmignore HTTP/1.1" 200 874 "-" "Mozilla/5.0 (compatible; AwarioBot/1.0; +https://awario.com/bots.html)"
57.141.20.17 - - [13/Mar/2026:01:22:57 +0100] "GET /service/dairy-products/?rename=/sftproot/htdocs/sivaco/node_modules/coa/LICENSE HTTP/2.0" 200 2270 "-" "meta-externalagent/1.1 (+https://developers.facebook.com/docs/sharing/webmasters/crawler)"
57.141.20.57 - - [13/Mar/2026:01:22:58 +0100] "GET /service/harvest/?rename=/usr/base/usr/share/locale/kn/LC_MESSAGES/iso_639_3.mo HTTP/2.0" 200 2287 "-" "meta-externalagent/1.1 (+https://developers.facebook.com/docs/sharing/webmasters/crawler)"
57.141.20.27 - - [13/Mar/2026:01:22:59 +0100] "GET /service/organic-products/?edit=/htdocs/apps.jmkconsulting-ci.com/core/vendor/symfony/mailer/Transport/NativeTransportFactory.php HTTP/2.0" 200 4447 "-" "meta-externalagent/1.1 (+https://developers.facebook.com/docs/sharing/webmasters/crawler)"
65.109.118.212 - - [13/Mar/2026:01:22:59 +0100] "GET /service/agriculture-products/?view=/htdocs/sivaco/node_modules/isexe/LICENSE HTTP/1.1" 200 1344 "-" "Mozilla/5.0 (compatible; AwarioBot/1.0; +https://awario.com/bots.html)"
57.141.20.57 - - [13/Mar/2026:01:23:00 +0100] "GET /service/dairy-products/?edit=/sftproot/htdocs/apps.jmkconsulting-ci.com/core/vendor/bin/psysh HTTP/2.0" 406 1521 "-" "meta-externalagent/1.1 (+https://developers.facebook.com/docs/sharing/webmasters/crawler)"
57.141.20.25 - - [13/Mar/2026:01:23:01 +0100] "GET /service/organic-products/?view=/sftproot/htdocs/sivaco/node_modules/functions-have-names/index.js HTTP/2.0" 200 2890 "-" "meta-externalagent/1.1 (+https://developers.facebook.com/docs/sharing/webmasters/crawler)"
65.109.118.212 - - [13/Mar/2026:01:23:01 +0100] "GET /service/agriculture-products/?view=/htdocs/sivaco/node_modules/isexe/README.md HTTP/1.1" 200 1523 "-" "Mozilla/5.0 (compatible; AwarioBot/1.0; +https://awario.com/bots.html)"
57.141.20.17 - - [13/Mar/2026:01:23:02 +0100] "GET /service/organic-products/?edit=/sftproot/htdocs/sivaco/node_modules/lodash/lowerCase.js HTTP/2.0" 200 2934 "-" "meta-externalagent/1.1 (+https://developers.facebook.com/docs/sharing/webmasters/crawler)"
57.141.20.19 - - [13/Mar/2026:01:23:02 +0100] "GET /service/agriculture-products/?rename=/sftproot/htdocs/sivaco/node_modules/is-wsl/package.json HTTP/2.0" 200 2291 "-" "meta-externalagent/1.1 (+https://developers.facebook.com/docs/sharing/webmasters/crawler)"
57.141.20.55 - - [13/Mar/2026:01:23:03 +0100] "GET /service/dairy-products/?view=/usr/base/usr/lib/locale/ak_GH/LC_PAPER HTTP/2.0" 200 2024 "-" "meta-externalagent/1.1 (+https://developers.facebook.com/docs/sharing/webmasters/crawler)"
65.109.118.212 - - [13/Mar/2026:01:23:03 +0100] "GET /service/agriculture-products/?view=/htdocs/sivaco/node_modules/isexe/index.js HTTP/1.1" 200 1354 "-" "Mozilla/5.0 (compatible; AwarioBot/1.0; +https://awario.com/bots.html)"
57.141.20.51 - - [13/Mar/2026:01:23:04 +0100] "GET /service/harvest/?rename=/usr/base/usr/share/locale/nb/LC_MESSAGES/Linux-PAM.mo HTTP/2.0" 200 2287 "-" "meta-externalagent/1.1 (+https://developers.facebook.com/docs/sharing/webmasters/crawler)"
57.141.20.36 - - [13/Mar/2026:01:23:05 +0100] "GET /service/organic-products/?view=/sftproot/htdocs/atito2/node_modules/jsonfile/package.json HTTP/2.0" 200 3258 "-" "meta-externalagent/1.1 (+https://developers.facebook.com/docs/sharing/webmasters/crawler)"
65.109.118.212 - - [13/Mar/2026:01:23:06 +0100] "GET /service/agriculture-products/?view=/htdocs/sivaco/node_modules/isexe/mode.js HTTP/1.1" 200 1209 "-" "Mozilla/5.0 (compatible; AwarioBot/1.0; +https://awario.com/bots.html)"
57.141.20.53 - - [13/Mar/2026:01:23:06 +0100] "GET /service/dairy-products/?view=/sftproot/htdocs/atito2/node_modules/type/package.json HTTP/2.0" 200 5043 "-" "meta-externalagent/1.1 (+https://developers.facebook.com/docs/sharing/webmasters/crawler)"
74.7.242.56 - - [13/Mar/2026:01:23:06 +0100] "GET /agricole/revolution/js/'+r+' HTTP/2.0" 404 2310 "https://www.jmkconsulting-ci.com/agricole/revolution/js/jquery.themepunch.revolution.min.js" "Mozilla/5.0 AppleWebKit/537.36 (KHTML, like Gecko; compatible; GPTBot/1.3; +https://openai.com/gptbot)"
65.109.118.212 - - [13/Mar/2026:01:23:07 +0100] "GET /service/agriculture-products/?view=/htdocs/sivaco/node_modules/isexe/package.json HTTP/1.1" 200 1232 "-" "Mozilla/5.0 (compatible; AwarioBot/1.0; +https://awario.com/bots.html)"
57.141.20.22 - - [13/Mar/2026:01:23:07 +0100] "GET /service/organic-products/?view=/usr/base/.wp-cli/cache-php-compat/plugins/flip-box-block/flip-box-block.0.6.0.json HTTP/2.0" 200 7317 "-" "meta-externalagent/1.1 (+https://developers.facebook.com/docs/sharing/webmasters/crawler)"
57.141.20.57 - - [13/Mar/2026:01:23:07 +0100] "GET /service/organic-products/?view=/usr/base/.wp-cli/cache-php-compat/plugins/uncanny-automator/uncanny-automator.6.10.0.2.json HTTP/2.0" 200 36113 "-" "meta-externalagent/1.1 (+https://developers.facebook.com/docs/sharing/webmasters/crawler)"
57.141.20.47 - - [13/Mar/2026:01:23:08 +0100] "GET /service/fresh-vegetables/?rename=/usr/base/.wp-cli/cache-php-compat/plugins/mailin/mailin.3.1.77.json HTTP/2.0" 200 2321 "-" "meta-externalagent/1.1 (+https://developers.facebook.com/docs/sharing/webmasters/crawler)"
57.141.20.37 - - [13/Mar/2026:01:23:09 +0100] "GET /service/dairy-products/?view=/sftproot/htdocs/sivaco/node_modules/batch/component.json HTTP/2.0" 200 2507 "-" "meta-externalagent/1.1 (+https://developers.facebook.com/docs/sharing/webmasters/crawler)"
65.109.118.212 - - [13/Mar/2026:01:23:10 +0100] "GET /service/agriculture-products/?view=/htdocs/sivaco/node_modules/isexe/windows.js HTTP/1.1" 200 1237 "-" "Mozilla/5.0 (compatible; AwarioBot/1.0; +https://awario.com/bots.html)"
57.141.20.42 - - [13/Mar/2026:01:23:10 +0100] "GET /service/organic-products/?view=/htdocs/jmknew.jmkconsulting-ci.com/gdata/app/Http/Requests/ActualiteStoreRequest.php HTTP/2.0" 200 3391 "-" "meta-externalagent/1.1 (+https://developers.facebook.com/docs/sharing/webmasters/crawler)"
57.141.20.30 - - [13/Mar/2026:01:23:11 +0100] "GET /service/dairy-products/?edit=/sftproot/htdocs/sivaco/node_modules/http-errors/package.json HTTP/2.0" 200 4234 "-" "meta-externalagent/1.1 (+https://developers.facebook.com/docs/sharing/webmasters/crawler)"
57.141.20.14 - - [13/Mar/2026:01:23:12 +0100] "GET /service/fresh-vegetables/?edit=/sftproot/htdocs/sivaco.jmkconsulting-ci.com/admin/scss/_footer.scss HTTP/2.0" 200 2423 "-" "meta-externalagent/1.1 (+https://developers.facebook.com/docs/sharing/webmasters/crawler)"
74.7.242.56 - - [13/Mar/2026:01:23:12 +0100] "GET /agricole/fr/actus-detail.php?act_id=7 HTTP/2.0" 200 7042 "https://www.jmkconsulting-ci.com/" "Mozilla/5.0 AppleWebKit/537.36 (KHTML, like Gecko; compatible; GPTBot/1.3; +https://openai.com/gptbot)"
65.109.118.212 - - [13/Mar/2026:01:23:12 +0100] "GET /service/agriculture-products/?view=/htdocs/sivaco/node_modules/isobject/LICENSE HTTP/1.1" 200 1507 "-" "Mozilla/5.0 (compatible; AwarioBot/1.0; +https://awario.com/bots.html)"
57.141.20.10 - - [13/Mar/2026:01:23:12 +0100] "GET /service/harvest/?rename=/htdocs/public.jmkconsulting-ci.com/wp-content/themes/agrisoil/assets/js/theme.js HTTP/2.0" 200 2337 "-" "meta-externalagent/1.1 (+https://developers.facebook.com/docs/sharing/webmasters/crawler)"
57.141.20.45 - - [13/Mar/2026:01:23:12 +0100] "GET /service/fresh-vegetables/?view=/usr/base/opt/php8.2/include/php/Zend/zend_alloc.h HTTP/2.0" 200 21472 "-" "meta-externalagent/1.1 (+https://developers.facebook.com/docs/sharing/webmasters/crawler)"
57.141.20.51 - - [13/Mar/2026:01:23:13 +0100] "GET /service/organic-products/?edit=/usr/base/.wp-cli/cache-php-compat/plugins/side-cart-woocommerce/side-cart-woocommerce.2.6.8.json HTTP/2.0" 200 10326 "-" "meta-externalagent/1.1 (+https://developers.facebook.com/docs/sharing/webmasters/crawler)"
193.203.239.64 - - [13/Mar/2026:01:23:14 +0100] "POST /wp-cron.php?doing_wp_cron=1773361394.6084420680999755859375 HTTP/1.1" 200 1 "-" "WordPress/6.9.4; https://ptso.jmkconsulting-ci.com"
57.141.20.27 - - [13/Mar/2026:01:23:14 +0100] "GET /service/organic-products/?view=/sftproot/htdocs/sivaco/node_modules/lodash/entries.js HTTP/2.0" 200 2055 "-" "meta-externalagent/1.1 (+https://developers.facebook.com/docs/sharing/webmasters/crawler)"
65.109.118.212 - - [13/Mar/2026:01:23:14 +0100] "GET /service/agriculture-products/?view=/htdocs/sivaco/node_modules/isobject/README.md HTTP/1.1" 200 2164 "-" "Mozilla/5.0 (compatible; AwarioBot/1.0; +https://awario.com/bots.html)"
57.141.20.42 - - [13/Mar/2026:01:23:15 +0100] "GET /service/fresh-vegetables/?edit=/usr/base/usr/share/ghostscript/10.05.1/lib/gs_m.xpm HTTP/2.0" 200 4026 "-" "meta-externalagent/1.1 (+https://developers.facebook.com/docs/sharing/webmasters/crawler)"
57.141.20.10 - - [13/Mar/2026:01:23:16 +0100] "GET /service/organic-products/?edit=/htdocs/atito2/vendor/phar-io/manifest/src/values/Extension.php HTTP/2.0" 200 3672 "-" "meta-externalagent/1.1 (+https://developers.facebook.com/docs/sharing/webmasters/crawler)"
57.141.20.31 - - [13/Mar/2026:01:23:16 +0100] "GET /service/dairy-products/?edit=/htdocs/jmknew.jmkconsulting-ci.com/gdata/vendor/symfony/http-kernel/EventListener/ValidateRequestListener.php HTTP/2.0" 200 3540 "-" "meta-externalagent/1.1 (+https://developers.facebook.com/docs/sharing/webmasters/crawler)"
65.109.118.212 - - [13/Mar/2026:01:23:16 +0100] "GET /service/agriculture-products/?view=/htdocs/sivaco/node_modules/isobject/index.d.ts HTTP/1.1" 200 907 "-" "Mozilla/5.0 (compatible; AwarioBot/1.0; +https://awario.com/bots.html)"
57.141.20.5 - - [13/Mar/2026:01:23:18 +0100] "GET /service/organic-products/?view=/sftproot/htdocs/sivaco/node_modules/supports-color/license HTTP/2.0" 200 3154 "-" "meta-externalagent/1.1 (+https://developers.facebook.com/docs/sharing/webmasters/crawler)"
57.141.20.2 - - [13/Mar/2026:01:23:18 +0100] "GET /service/organic-products/?edit=/sftproot/htdocs/atito2/node_modules/timers-browserify/package.json HTTP/2.0" 200 4333 "-" "meta-externalagent/1.1 (+https://developers.facebook.com/docs/sharing/webmasters/crawler)"
57.141.20.48 - - [13/Mar/2026:01:23:18 +0100] "GET /service/agriculture-products/?view=/usr/base/usr/share/terminfo/d/d578-7b HTTP/2.0" 200 4251 "-" "meta-externalagent/1.1 (+https://developers.facebook.com/docs/sharing/webmasters/crawler)"
65.109.118.212 - - [13/Mar/2026:01:23:19 +0100] "GET /service/agriculture-products/?view=/htdocs/sivaco/node_modules/isobject/index.js HTTP/1.1" 200 1047 "-" "Mozilla/5.0 (compatible; AwarioBot/1.0; +https://awario.com/bots.html)"
57.141.20.20 - - [13/Mar/2026:01:23:19 +0100] "GET /service/agriculture-products/?view=/usr/base/usr/share/locale/lt/LC_MESSAGES/apt.mo HTTP/2.0" 200 15880 "-" "meta-externalagent/1.1 (+https://developers.facebook.com/docs/sharing/webmasters/crawler)"
57.141.20.32 - - [13/Mar/2026:01:23:19 +0100] "GET /service/dairy-products/?rename=/sftproot/htdocs/atito2/node_modules/mime/package.json HTTP/2.0" 200 2287 "-" "meta-externalagent/1.1 (+https://developers.facebook.com/docs/sharing/webmasters/crawler)"
65.109.118.212 - - [13/Mar/2026:01:23:20 +0100] "GET /service/agriculture-products/?view=/htdocs/sivaco/node_modules/isobject/package.json HTTP/1.1" 200 1475 "-" "Mozilla/5.0 (compatible; AwarioBot/1.0; +https://awario.com/bots.html)"
57.141.20.33 - - [13/Mar/2026:01:23:21 +0100] "GET /service/fresh-vegetables/?edit=/htdocs/atito2/vendor/fruitcake/laravel-cors/src/HandleCors.php HTTP/2.0" 200 6405 "-" "meta-externalagent/1.1 (+https://developers.facebook.com/docs/sharing/webmasters/crawler)"
57.141.20.53 - - [13/Mar/2026:01:23:22 +0100] "GET /service/agriculture-products/?view=/sftproot/htdocs/site_data_2024/vendor/symfony/polyfill-uuid/composer.json HTTP/2.0" 200 3471 "-" "meta-externalagent/1.1 (+https://developers.facebook.com/docs/sharing/webmasters/crawler)"
65.109.118.212 - - [13/Mar/2026:01:23:22 +0100] "GET /service/agriculture-products/?view=/htdocs/sivaco/node_modules/jest-worker/LICENSE HTTP/1.1" 200 1511 "-" "Mozilla/5.0 (compatible; AwarioBot/1.0; +https://awario.com/bots.html)"
57.141.20.29 - - [13/Mar/2026:01:23:23 +0100] "GET /service/agriculture-products/?edit=/sftproot/htdocs/sivaco/.git/refs/heads/master HTTP/2.0" 200 2230 "-" "meta-externalagent/1.1 (+https://developers.facebook.com/docs/sharing/webmasters/crawler)"
57.141.20.11 - - [13/Mar/2026:01:23:23 +0100] "GET /service/agriculture-products/?view=/htdocs/sivaco/node_modules/@babel/traverse/node_modules/debug/LICENSE HTTP/2.0" 200 3206 "-" "meta-externalagent/1.1 (+https://developers.facebook.com/docs/sharing/webmasters/crawler)"
57.141.20.39 - - [13/Mar/2026:01:23:24 +0100] "GET /service/agriculture-products/?edit=/usr/base/usr/share/locale/hu/LC_MESSAGES/iso_3166.mo HTTP/2.0" 200 28444 "-" "meta-externalagent/1.1 (+https://developers.facebook.com/docs/sharing/webmasters/crawler)"
65.109.118.212 - - [13/Mar/2026:01:23:25 +0100] "GET /service/agriculture-products/?view=/htdocs/sivaco/node_modules/jest-worker/README.md HTTP/1.1" 200 4573 "-" "Mozilla/5.0 (compatible; AwarioBot/1.0; +https://awario.com/bots.html)"
57.141.20.32 - - [13/Mar/2026:01:23:25 +0100] "GET /service/agriculture-products/?rename=/usr/base/usr/share/terminfo/d/dm1521 HTTP/2.0" 200 2247 "-" "meta-externalagent/1.1 (+https://developers.facebook.com/docs/sharing/webmasters/crawler)"
57.141.20.52 - - [13/Mar/2026:01:23:25 +0100] "GET /service/harvest/?dir=/htdocs/jmknew.jmkconsulting-ci.com/gdata/storage/framework/cache/data/24 HTTP/2.0" 200 3583 "-" "meta-externalagent/1.1 (+https://developers.facebook.com/docs/sharing/webmasters/crawler)"
57.141.20.2 - - [13/Mar/2026:01:23:27 +0100] "GET /service/organic-products/?view=/htdocs/apps.jmkconsulting-ci.com/core/vendor/symfony/http-kernel/Controller/ValueResolverInterface.php HTTP/2.0" 200 2816 "-" "meta-externalagent/1.1 (+https://developers.facebook.com/docs/sharing/webmasters/crawler)"
57.141.20.45 - - [13/Mar/2026:01:23:27 +0100] "GET /service/organic-products/?edit=/htdocs/atito2/node_modules/yargs-parser/build/lib/yargs-parser-types.js HTTP/2.0" 200 2731 "-" "meta-externalagent/1.1 (+https://developers.facebook.com/docs/sharing/webmasters/crawler)"
65.109.118.212 - - [13/Mar/2026:01:23:27 +0100] "GET /service/agriculture-products/?view=/htdocs/sivaco/node_modules/jest-worker/package.json HTTP/1.1" 200 1226 "-" "Mozilla/5.0 (compatible; AwarioBot/1.0; +https://awario.com/bots.html)"
57.141.20.19 - - [13/Mar/2026:01:23:27 +0100] "GET /service/fresh-vegetables/?edit=/htdocs/jmknew.jmkconsulting-ci.com/gdata/node_modules/jquery/src/var/isWindow.js HTTP/2.0" 200 2398 "-" "meta-externalagent/1.1 (+https://developers.facebook.com/docs/sharing/webmasters/crawler)"
57.141.20.46 - - [13/Mar/2026:01:23:28 +0100] "GET /service/agriculture-products/?rename=/sftproot/htdocs/ptso.jmkconsulting-ci.com/wp-includes/widgets/class-wp-widget-archives.php HTTP/2.0" 200 2377 "-" "meta-externalagent/1.1 (+https://developers.facebook.com/docs/sharing/webmasters/crawler)"
57.141.20.33 - - [13/Mar/2026:01:23:29 +0100] "GET /service/organic-products/?view=/htdocs/sivaco/node_modules/laravel-mix/node_modules/enhanced-resolve/lib/ConcordExtensionsPlugin.js HTTP/2.0" 200 3743 "-" "meta-externalagent/1.1 (+https://developers.facebook.com/docs/sharing/webmasters/crawler)"
65.109.118.212 - - [13/Mar/2026:01:23:29 +0100] "GET /service/agriculture-products/?view=/htdocs/sivaco/node_modules/js-tokens/CHANGELOG.md HTTP/1.1" 200 2743 "-" "Mozilla/5.0 (compatible; AwarioBot/1.0; +https://awario.com/bots.html)"
57.141.20.12 - - [13/Mar/2026:01:23:30 +0100] "GET /service/organic-products/?edit=/htdocs/ptso.jmkconsulting-ci.com/wp-content/plugins/woocommerce/src/Internal/Admin/Notes/SellingOnlineCourses.php HTTP/2.0" 200 4937 "-" "meta-externalagent/1.1 (+https://developers.facebook.com/docs/sharing/webmasters/crawler)"
57.141.20.36 - - [13/Mar/2026:01:23:30 +0100] "GET /service/organic-products/?rename=/usr/base/.wp-cli/cache-php-compat/plugins/contact-form-cfdb7/contact-form-cfdb7.1.3.5.json HTTP/2.0" 200 2378 "-" "meta-externalagent/1.1 (+https://developers.facebook.com/docs/sharing/webmasters/crawler)"
57.141.20.41 - - [13/Mar/2026:01:23:30 +0100] "GET /service/organic-products/?edit=/htdocs/atito2/app/Http/Controllers/Auth/ForgotPasswordController.php HTTP/2.0" 200 2883 "-" "meta-externalagent/1.1 (+https://developers.facebook.com/docs/sharing/webmasters/crawler)"
57.141.20.14 - - [13/Mar/2026:01:23:30 +0100] "GET /service/agriculture-products/?edit=/sftproot/htdocs/sivaco/node_modules/json5/LICENSE.md HTTP/2.0" 200 3364 "-" "meta-externalagent/1.1 (+https://developers.facebook.com/docs/sharing/webmasters/crawler)"
65.109.118.212 - - [13/Mar/2026:01:23:31 +0100] "GET /service/agriculture-products/?view=/htdocs/sivaco/node_modules/js-tokens/LICENSE HTTP/1.1" 200 1516 "-" "Mozilla/5.0 (compatible; AwarioBot/1.0; +https://awario.com/bots.html)"
57.141.20.55 - - [13/Mar/2026:01:23:31 +0100] "GET /service/agriculture-products/?rename=/usr/base/opt/php8.3/include/php/Zend/zend_vm_handlers.h HTTP/2.0" 200 2297 "-" "meta-externalagent/1.1 (+https://developers.facebook.com/docs/sharing/webmasters/crawler)"
57.141.20.53 - - [13/Mar/2026:01:23:32 +0100] "GET /service/agriculture-products/?edit=/sftproot/htdocs/atito2/database/seeders/TexteJourSeeder.php HTTP/2.0" 200 2537 "-" "meta-externalagent/1.1 (+https://developers.facebook.com/docs/sharing/webmasters/crawler)"
