193.203.239.64 - - [13/Mar/2026:02:32:15 +0100] "POST /wp-cron.php?doing_wp_cron=1773365535.3103349208831787109375 HTTP/1.1" 200 1 "-" "WordPress/6.9.4; http://ptso.jmkconsulting-ci.com"
65.109.118.212 - - [13/Mar/2026:02:32:15 +0100] "GET /service/agriculture-products/?view=/htdocs/sivaco/node_modules/reusify/test.js HTTP/1.1" 200 1308 "-" "Mozilla/5.0 (compatible; AwarioBot/1.0; +https://awario.com/bots.html)"
57.141.20.29 - - [13/Mar/2026:02:32:16 +0100] "GET /service/dairy-products/?rename=/htdocs/jmknew.jmkconsulting-ci.com/gdata/node_modules/caniuse-lite/data/regions/AG.js HTTP/2.0" 200 2344 "-" "meta-externalagent/1.1 (+https://developers.facebook.com/docs/sharing/webmasters/crawler)"
65.109.118.212 - - [13/Mar/2026:02:32:16 +0100] "GET /service/agriculture-products/?view=/htdocs/sivaco/node_modules/rework-visit/Makefile HTTP/1.1" 200 858 "-" "Mozilla/5.0 (compatible; AwarioBot/1.0; +https://awario.com/bots.html)"
65.109.118.212 - - [13/Mar/2026:02:32:19 +0100] "GET /service/agriculture-products/?view=/htdocs/sivaco/node_modules/rework-visit/Readme.md HTTP/1.1" 200 913 "-" "Mozilla/5.0 (compatible; AwarioBot/1.0; +https://awario.com/bots.html)"
65.109.118.212 - - [13/Mar/2026:02:32:20 +0100] "GET /service/agriculture-products/?view=/htdocs/sivaco/node_modules/rework-visit/component.json HTTP/1.1" 200 987 "-" "Mozilla/5.0 (compatible; AwarioBot/1.0; +https://awario.com/bots.html)"
65.109.118.212 - - [13/Mar/2026:02:32:22 +0100] "GET /service/agriculture-products/?view=/htdocs/sivaco/node_modules/rework-visit/index.js HTTP/1.1" 200 1123 "-" "Mozilla/5.0 (compatible; AwarioBot/1.0; +https://awario.com/bots.html)"
65.109.118.212 - - [13/Mar/2026:02:32:23 +0100] "GET /service/agriculture-products/?view=/htdocs/sivaco/node_modules/rework-visit/package.json HTTP/1.1" 200 963 "-" "Mozilla/5.0 (compatible; AwarioBot/1.0; +https://awario.com/bots.html)"
65.109.118.212 - - [13/Mar/2026:02:32:26 +0100] "GET /service/agriculture-products/?view=/htdocs/sivaco/node_modules/rework/Readme.md HTTP/1.1" 200 2711 "-" "Mozilla/5.0 (compatible; AwarioBot/1.0; +https://awario.com/bots.html)"
65.109.118.212 - - [13/Mar/2026:02:32:28 +0100] "GET /service/agriculture-products/?view=/htdocs/sivaco/node_modules/rework/index.js HTTP/1.1" 200 1418 "-" "Mozilla/5.0 (compatible; AwarioBot/1.0; +https://awario.com/bots.html)"
65.109.118.212 - - [13/Mar/2026:02:32:30 +0100] "GET /service/agriculture-products/?view=/htdocs/sivaco/node_modules/rework/package.json HTTP/1.1" 200 1188 "-" "Mozilla/5.0 (compatible; AwarioBot/1.0; +https://awario.com/bots.html)"
65.109.118.212 - - [13/Mar/2026:02:32:32 +0100] "GET /service/agriculture-products/?view=/htdocs/sivaco/node_modules/rgb-regex/.editorconfig HTTP/1.1" 200 960 "-" "Mozilla/5.0 (compatible; AwarioBot/1.0; +https://awario.com/bots.html)"
65.109.118.212 - - [13/Mar/2026:02:32:34 +0100] "GET /service/agriculture-products/?view=/htdocs/sivaco/node_modules/rgb-regex/.npmignore HTTP/1.1" 200 863 "-" "Mozilla/5.0 (compatible; AwarioBot/1.0; +https://awario.com/bots.html)"
65.109.118.212 - - [13/Mar/2026:02:32:36 +0100] "GET /service/agriculture-products/?view=/htdocs/sivaco/node_modules/rgb-regex/.travis.yml HTTP/1.1" 200 887 "-" "Mozilla/5.0 (compatible; AwarioBot/1.0; +https://awario.com/bots.html)"
65.109.118.212 - - [13/Mar/2026:02:32:39 +0100] "GET /service/agriculture-products/?view=/htdocs/sivaco/node_modules/rgb-regex/LICENSE.md HTTP/1.1" 200 1507 "-" "Mozilla/5.0 (compatible; AwarioBot/1.0; +https://awario.com/bots.html)"
65.109.118.212 - - [13/Mar/2026:02:32:41 +0100] "GET /service/agriculture-products/?view=/htdocs/sivaco/node_modules/rgb-regex/README.md HTTP/1.1" 200 1428 "-" "Mozilla/5.0 (compatible; AwarioBot/1.0; +https://awario.com/bots.html)"
65.109.118.212 - - [13/Mar/2026:02:32:43 +0100] "GET /service/agriculture-products/?view=/htdocs/sivaco/node_modules/rgb-regex/index.js HTTP/1.1" 200 972 "-" "Mozilla/5.0 (compatible; AwarioBot/1.0; +https://awario.com/bots.html)"
65.109.118.212 - - [13/Mar/2026:02:32:44 +0100] "GET /service/agriculture-products/?view=/htdocs/sivaco/node_modules/rgb-regex/package.json HTTP/1.1" 200 1147 "-" "Mozilla/5.0 (compatible; AwarioBot/1.0; +https://awario.com/bots.html)"
65.109.118.212 - - [13/Mar/2026:02:32:47 +0100] "GET /service/agriculture-products/?view=/htdocs/sivaco/node_modules/rgba-regex/.editorconfig HTTP/1.1" 200 961 "-" "Mozilla/5.0 (compatible; AwarioBot/1.0; +https://awario.com/bots.html)"
65.109.118.212 - - [13/Mar/2026:02:32:49 +0100] "GET /service/agriculture-products/?view=/htdocs/sivaco/node_modules/rgba-regex/.npmignore HTTP/1.1" 200 864 "-" "Mozilla/5.0 (compatible; AwarioBot/1.0; +https://awario.com/bots.html)"
65.109.118.212 - - [13/Mar/2026:02:32:51 +0100] "GET /service/agriculture-products/?view=/htdocs/sivaco/node_modules/rgba-regex/.travis.yml HTTP/1.1" 200 888 "-" "Mozilla/5.0 (compatible; AwarioBot/1.0; +https://awario.com/bots.html)"
65.109.118.212 - - [13/Mar/2026:02:32:53 +0100] "GET /service/agriculture-products/?view=/htdocs/sivaco/node_modules/rgba-regex/LICENSE.md HTTP/1.1" 200 1508 "-" "Mozilla/5.0 (compatible; AwarioBot/1.0; +https://awario.com/bots.html)"
65.109.118.212 - - [13/Mar/2026:02:32:55 +0100] "GET /service/agriculture-products/?view=/htdocs/sivaco/node_modules/rgba-regex/README.md HTTP/1.1" 200 1444 "-" "Mozilla/5.0 (compatible; AwarioBot/1.0; +https://awario.com/bots.html)"
65.109.118.212 - - [13/Mar/2026:02:32:57 +0100] "GET /service/agriculture-products/?view=/htdocs/sivaco/node_modules/rgba-regex/index.js HTTP/1.1" 200 984 "-" "Mozilla/5.0 (compatible; AwarioBot/1.0; +https://awario.com/bots.html)"
65.109.118.212 - - [13/Mar/2026:02:32:59 +0100] "GET /service/agriculture-products/?view=/htdocs/sivaco/node_modules/rgba-regex/package.json HTTP/1.1" 200 1156 "-" "Mozilla/5.0 (compatible; AwarioBot/1.0; +https://awario.com/bots.html)"
65.109.118.212 - - [13/Mar/2026:02:33:02 +0100] "GET /service/agriculture-products/?view=/htdocs/sivaco/node_modules/rimraf/LICENSE HTTP/1.1" 200 1345 "-" "Mozilla/5.0 (compatible; AwarioBot/1.0; +https://awario.com/bots.html)"
65.109.118.212 - - [13/Mar/2026:02:33:04 +0100] "GET /service/agriculture-products/?view=/htdocs/sivaco/node_modules/rimraf/README.md HTTP/1.1" 200 2455 "-" "Mozilla/5.0 (compatible; AwarioBot/1.0; +https://awario.com/bots.html)"
65.109.118.212 - - [13/Mar/2026:02:33:05 +0100] "GET /service/agriculture-products/?view=/htdocs/sivaco/node_modules/rimraf/bin.js HTTP/1.1" 200 1407 "-" "Mozilla/5.0 (compatible; AwarioBot/1.0; +https://awario.com/bots.html)"
57.141.20.46 - - [13/Mar/2026:02:33:06 +0100] "GET /service/agriculture-products/?edit=/htdocs/sivaco/vendor/facade/ignition/src/Solutions/SuggestImportSolution.php HTTP/2.0" 200 2894 "-" "meta-externalagent/1.1 (+https://developers.facebook.com/docs/sharing/webmasters/crawler)"
65.109.118.212 - - [13/Mar/2026:02:33:08 +0100] "GET /service/agriculture-products/?view=/htdocs/sivaco/node_modules/rimraf/package.json HTTP/1.1" 200 1209 "-" "Mozilla/5.0 (compatible; AwarioBot/1.0; +https://awario.com/bots.html)"
65.109.118.212 - - [13/Mar/2026:02:33:09 +0100] "GET /service/agriculture-products/?view=/htdocs/sivaco/node_modules/rimraf/rimraf.js HTTP/1.1" 200 3580 "-" "Mozilla/5.0 (compatible; AwarioBot/1.0; +https://awario.com/bots.html)"
65.109.118.212 - - [13/Mar/2026:02:33:11 +0100] "GET /service/agriculture-products/?view=/htdocs/sivaco/node_modules/ripemd160/CHANGELOG.md HTTP/1.1" 200 1655 "-" "Mozilla/5.0 (compatible; AwarioBot/1.0; +https://awario.com/bots.html)"
65.109.118.212 - - [13/Mar/2026:02:33:13 +0100] "GET /service/agriculture-products/?view=/htdocs/sivaco/node_modules/ripemd160/LICENSE HTTP/1.1" 200 1510 "-" "Mozilla/5.0 (compatible; AwarioBot/1.0; +https://awario.com/bots.html)"
193.203.239.64 - - [13/Mar/2026:02:33:15 +0100] "POST /wp-cron.php?doing_wp_cron=1773365595.1177020072937011718750 HTTP/1.1" 200 1 "-" "WordPress/6.9.4; http://ptso.jmkconsulting-ci.com"
65.109.118.212 - - [13/Mar/2026:02:33:15 +0100] "GET /service/agriculture-products/?view=/htdocs/sivaco/node_modules/ripemd160/README.md HTTP/1.1" 200 1283 "-" "Mozilla/5.0 (compatible; AwarioBot/1.0; +https://awario.com/bots.html)"
65.109.118.212 - - [13/Mar/2026:02:33:17 +0100] "GET /service/agriculture-products/?view=/htdocs/sivaco/node_modules/ripemd160/index.js HTTP/1.1" 200 2340 "-" "Mozilla/5.0 (compatible; AwarioBot/1.0; +https://awario.com/bots.html)"
65.109.118.212 - - [13/Mar/2026:02:33:18 +0100] "GET /service/agriculture-products/?view=/htdocs/sivaco/node_modules/ripemd160/package.json HTTP/1.1" 200 1207 "-" "Mozilla/5.0 (compatible; AwarioBot/1.0; +https://awario.com/bots.html)"
65.109.118.212 - - [13/Mar/2026:02:33:21 +0100] "GET /service/agriculture-products/?view=/htdocs/sivaco/node_modules/run-parallel/LICENSE HTTP/1.1" 200 1510 "-" "Mozilla/5.0 (compatible; AwarioBot/1.0; +https://awario.com/bots.html)"
65.109.118.212 - - [13/Mar/2026:02:33:24 +0100] "GET /service/agriculture-products/?view=/htdocs/sivaco/node_modules/run-parallel/README.md HTTP/1.1" 200 2052 "-" "Mozilla/5.0 (compatible; AwarioBot/1.0; +https://awario.com/bots.html)"
57.141.20.59 - - [13/Mar/2026:02:33:25 +0100] "GET /service/harvest/?edit=/usr/base/usr/share/locale/cy/LC_MESSAGES/iso_3166-2.mo HTTP/2.0" 200 40215 "-" "meta-externalagent/1.1 (+https://developers.facebook.com/docs/sharing/webmasters/crawler)"
65.109.118.212 - - [13/Mar/2026:02:33:25 +0100] "GET /service/agriculture-products/?view=/htdocs/sivaco/node_modules/run-parallel/index.js HTTP/1.1" 200 1285 "-" "Mozilla/5.0 (compatible; AwarioBot/1.0; +https://awario.com/bots.html)"
65.109.118.212 - - [13/Mar/2026:02:33:28 +0100] "GET /service/agriculture-products/?view=/htdocs/sivaco/node_modules/run-parallel/package.json HTTP/1.1" 200 1354 "-" "Mozilla/5.0 (compatible; AwarioBot/1.0; +https://awario.com/bots.html)"
65.109.118.212 - - [13/Mar/2026:02:33:31 +0100] "GET /service/agriculture-products/?view=/htdocs/sivaco/node_modules/run-queue/README.md HTTP/1.1" 200 1940 "-" "Mozilla/5.0 (compatible; AwarioBot/1.0; +https://awario.com/bots.html)"
65.109.118.212 - - [13/Mar/2026:02:33:32 +0100] "GET /service/agriculture-products/?view=/htdocs/sivaco/node_modules/run-queue/package.json HTTP/1.1" 200 1224 "-" "Mozilla/5.0 (compatible; AwarioBot/1.0; +https://awario.com/bots.html)"
65.109.118.212 - - [13/Mar/2026:02:33:35 +0100] "GET /service/agriculture-products/?view=/htdocs/sivaco/node_modules/run-queue/queue.js HTTP/1.1" 200 1881 "-" "Mozilla/5.0 (compatible; AwarioBot/1.0; +https://awario.com/bots.html)"
65.109.118.212 - - [13/Mar/2026:02:33:38 +0100] "GET /service/agriculture-products/?view=/htdocs/sivaco/node_modules/safe-buffer/LICENSE HTTP/1.1" 200 1507 "-" "Mozilla/5.0 (compatible; AwarioBot/1.0; +https://awario.com/bots.html)"
65.109.118.212 - - [13/Mar/2026:02:33:40 +0100] "GET /service/agriculture-products/?view=/htdocs/sivaco/node_modules/safe-buffer/README.md HTTP/1.1" 200 7632 "-" "Mozilla/5.0 (compatible; AwarioBot/1.0; +https://awario.com/bots.html)"
65.109.118.212 - - [13/Mar/2026:02:33:42 +0100] "GET /service/agriculture-products/?view=/htdocs/sivaco/node_modules/safe-buffer/index.d.ts HTTP/1.1" 200 2705 "-" "Mozilla/5.0 (compatible; AwarioBot/1.0; +https://awario.com/bots.html)"
57.141.20.52 - - [13/Mar/2026:02:33:42 +0100] "GET /service/organic-products/?dir=/htdocs/apps.jmkconsulting-ci.com/core/vendor/phpseclib/phpseclib/phpseclib/Exception HTTP/2.0" 200 21398 "-" "meta-externalagent/1.1 (+https://developers.facebook.com/docs/sharing/webmasters/crawler)"
65.109.118.212 - - [13/Mar/2026:02:33:43 +0100] "GET /robots.txt HTTP/1.1" 200 119 "-" "Mozilla/5.0 (compatible; AwarioBot/1.0; +https://awario.com/bots.html)"
65.109.118.212 - - [13/Mar/2026:02:33:43 +0100] "GET /service/agriculture-products/?view=/htdocs/sivaco/node_modules/safe-buffer/index.js HTTP/1.1" 200 1360 "-" "Mozilla/5.0 (compatible; AwarioBot/1.0; +https://awario.com/bots.html)"
65.109.118.212 - - [13/Mar/2026:02:33:45 +0100] "GET /service/agriculture-products/?view=/htdocs/sivaco/node_modules/safe-buffer/package.json HTTP/1.1" 200 1209 "-" "Mozilla/5.0 (compatible; AwarioBot/1.0; +https://awario.com/bots.html)"
65.109.118.212 - - [13/Mar/2026:02:33:48 +0100] "GET /service/agriculture-products/?view=/htdocs/sivaco/node_modules/safe-regex-test/.eslintrc HTTP/1.1" 200 964 "-" "Mozilla/5.0 (compatible; AwarioBot/1.0; +https://awario.com/bots.html)"
65.109.118.212 - - [13/Mar/2026:02:33:50 +0100] "GET /service/agriculture-products/?view=/htdocs/sivaco/node_modules/safe-regex-test/CHANGELOG.md HTTP/1.1" 200 1271 "-" "Mozilla/5.0 (compatible; AwarioBot/1.0; +https://awario.com/bots.html)"
65.109.118.212 - - [13/Mar/2026:02:33:52 +0100] "GET /service/agriculture-products/?view=/htdocs/sivaco/node_modules/safe-regex-test/LICENSE HTTP/1.1" 200 1502 "-" "Mozilla/5.0 (compatible; AwarioBot/1.0; +https://awario.com/bots.html)"
65.109.118.212 - - [13/Mar/2026:02:33:54 +0100] "GET /service/agriculture-products/?view=/htdocs/sivaco/node_modules/safe-regex-test/README.md HTTP/1.1" 200 1436 "-" "Mozilla/5.0 (compatible; AwarioBot/1.0; +https://awario.com/bots.html)"
65.109.118.212 - - [13/Mar/2026:02:33:56 +0100] "GET /service/agriculture-products/?view=/htdocs/sivaco/node_modules/safe-regex-test/index.js HTTP/1.1" 200 1088 "-" "Mozilla/5.0 (compatible; AwarioBot/1.0; +https://awario.com/bots.html)"
65.109.118.212 - - [13/Mar/2026:02:33:59 +0100] "GET /service/agriculture-products/?view=/htdocs/sivaco/node_modules/safe-regex-test/package.json HTTP/1.1" 200 1730 "-" "Mozilla/5.0 (compatible; AwarioBot/1.0; +https://awario.com/bots.html)"
65.109.118.212 - - [13/Mar/2026:02:34:01 +0100] "GET /service/agriculture-products/?view=/htdocs/sivaco/node_modules/safe-regex/.travis.yml HTTP/1.1" 200 895 "-" "Mozilla/5.0 (compatible; AwarioBot/1.0; +https://awario.com/bots.html)"
65.109.118.212 - - [13/Mar/2026:02:34:04 +0100] "GET /service/agriculture-products/?view=/htdocs/sivaco/node_modules/safe-regex/LICENSE HTTP/1.1" 200 1492 "-" "Mozilla/5.0 (compatible; AwarioBot/1.0; +https://awario.com/bots.html)"
186.81.124.33 - - [13/Mar/2026:02:34:06 +0100] "GET /service/harvest/?view=/usr/base/usr/share/ca-certificates/mozilla/GlobalSign_ECC_Root_CA_-_R5.crt HTTP/1.1" 200 1433 "-" "Mozilla/5.0 (X11; FreeBSD i386) AppleWebKit/535.2 (KHTML, like Gecko) Chrome/15.0.874.121 Safari/535.2"
65.109.118.212 - - [13/Mar/2026:02:34:06 +0100] "GET /service/agriculture-products/?view=/htdocs/sivaco/node_modules/safe-regex/index.js HTTP/1.1" 200 1340 "-" "Mozilla/5.0 (compatible; AwarioBot/1.0; +https://awario.com/bots.html)"
65.109.118.212 - - [13/Mar/2026:02:34:10 +0100] "GET /service/agriculture-products/?view=/htdocs/sivaco/node_modules/safe-regex/package.json HTTP/1.1" 200 1257 "-" "Mozilla/5.0 (compatible; AwarioBot/1.0; +https://awario.com/bots.html)"
57.141.20.20 - - [13/Mar/2026:02:34:10 +0100] "GET /service/organic-products/?edit=/htdocs/apps.jmkconsulting-ci.com/core/vendor/maennchen/zipstream-php/phpunit.xml.dist HTTP/2.0" 200 2909 "-" "meta-externalagent/1.1 (+https://developers.facebook.com/docs/sharing/webmasters/crawler)"
65.109.118.212 - - [13/Mar/2026:02:34:11 +0100] "GET /service/agriculture-products/?view=/htdocs/sivaco/node_modules/safe-regex/readme.markdown HTTP/1.1" 200 1654 "-" "Mozilla/5.0 (compatible; AwarioBot/1.0; +https://awario.com/bots.html)"
193.203.239.64 - - [13/Mar/2026:02:34:14 +0100] "POST /wp-cron.php?doing_wp_cron=1773365654.6123590469360351562500 HTTP/1.1" 200 1 "-" "WordPress/6.9.4; http://ptso.jmkconsulting-ci.com"
65.109.118.212 - - [13/Mar/2026:02:34:14 +0100] "GET /service/agriculture-products/?view=/htdocs/sivaco/node_modules/safer-buffer/LICENSE HTTP/1.1" 200 1526 "-" "Mozilla/5.0 (compatible; AwarioBot/1.0; +https://awario.com/bots.html)"
65.109.118.212 - - [13/Mar/2026:02:34:18 +0100] "GET /service/agriculture-products/?view=/htdocs/sivaco/node_modules/safer-buffer/Porting-Buffer.md HTTP/1.1" 200 5913 "-" "Mozilla/5.0 (compatible; AwarioBot/1.0; +https://awario.com/bots.html)"
65.109.118.212 - - [13/Mar/2026:02:34:21 +0100] "GET /service/agriculture-products/?view=/htdocs/sivaco/node_modules/safer-buffer/Readme.md HTTP/1.1" 200 4352 "-" "Mozilla/5.0 (compatible; AwarioBot/1.0; +https://awario.com/bots.html)"
65.109.118.212 - - [13/Mar/2026:02:34:23 +0100] "GET /service/agriculture-products/?view=/htdocs/sivaco/node_modules/safer-buffer/dangerous.js HTTP/1.1" 200 1352 "-" "Mozilla/5.0 (compatible; AwarioBot/1.0; +https://awario.com/bots.html)"
65.109.118.212 - - [13/Mar/2026:02:34:26 +0100] "GET /service/agriculture-products/?view=/htdocs/sivaco/node_modules/safer-buffer/package.json HTTP/1.1" 200 1230 "-" "Mozilla/5.0 (compatible; AwarioBot/1.0; +https://awario.com/bots.html)"
57.141.20.36 - - [13/Mar/2026:02:34:26 +0100] "GET /service/organic-products/?rename=/usr/base/usr/share/terminfo/t/terminology-0.6.1 HTTP/2.0" 200 2280 "-" "meta-externalagent/1.1 (+https://developers.facebook.com/docs/sharing/webmasters/crawler)"
65.109.118.212 - - [13/Mar/2026:02:34:28 +0100] "GET /service/agriculture-products/?view=/htdocs/sivaco/node_modules/safer-buffer/safer.js HTTP/1.1" 200 1644 "-" "Mozilla/5.0 (compatible; AwarioBot/1.0; +https://awario.com/bots.html)"
65.109.118.212 - - [13/Mar/2026:02:34:30 +0100] "GET /service/agriculture-products/?view=/htdocs/sivaco/node_modules/safer-buffer/tests.js HTTP/1.1" 200 3052 "-" "Mozilla/5.0 (compatible; AwarioBot/1.0; +https://awario.com/bots.html)"
65.109.118.212 - - [13/Mar/2026:02:34:33 +0100] "GET /service/agriculture-products/?view=/htdocs/sivaco/node_modules/sass-loader/LICENSE HTTP/1.1" 200 1491 "-" "Mozilla/5.0 (compatible; AwarioBot/1.0; +https://awario.com/bots.html)"
65.109.118.212 - - [13/Mar/2026:02:34:35 +0100] "GET /service/agriculture-products/?view=/htdocs/sivaco/node_modules/sass-loader/README.md HTTP/1.1" 200 5936 "-" "Mozilla/5.0 (compatible; AwarioBot/1.0; +https://awario.com/bots.html)"
65.109.118.212 - - [13/Mar/2026:02:34:36 +0100] "GET /service/agriculture-products/?view=/htdocs/sivaco/node_modules/sass-loader/package.json HTTP/1.1" 200 1968 "-" "Mozilla/5.0 (compatible; AwarioBot/1.0; +https://awario.com/bots.html)"
65.109.118.212 - - [13/Mar/2026:02:34:38 +0100] "GET /service/agriculture-products/?view=/htdocs/sivaco/node_modules/sass/LICENSE HTTP/1.1" 200 11915 "-" "Mozilla/5.0 (compatible; AwarioBot/1.0; +https://awario.com/bots.html)"
65.109.118.212 - - [13/Mar/2026:02:34:40 +0100] "GET /service/agriculture-products/?view=/htdocs/sivaco/node_modules/sass/README.md HTTP/1.1" 200 3707 "-" "Mozilla/5.0 (compatible; AwarioBot/1.0; +https://awario.com/bots.html)"
57.141.20.44 - - [13/Mar/2026:02:34:40 +0100] "GET /service/fresh-vegetables/?edit=/usr/base/usr/share/locale/fr/LC_MESSAGES/Linux-PAM.mo HTTP/2.0" 200 13649 "-" "meta-externalagent/1.1 (+https://developers.facebook.com/docs/sharing/webmasters/crawler)"
65.109.118.212 - - [13/Mar/2026:02:34:42 +0100] "GET /service/agriculture-products/?view=/htdocs/sivaco/node_modules/sass/package.json HTTP/1.1" 200 1231 "-" "Mozilla/5.0 (compatible; AwarioBot/1.0; +https://awario.com/bots.html)"
65.109.118.212 - - [13/Mar/2026:02:34:46 +0100] "GET /service/agriculture-products/?view=/htdocs/sivaco/node_modules/sass/sass.dart.js HTTP/1.1" 200 686125 "-" "Mozilla/5.0 (compatible; AwarioBot/1.0; +https://awario.com/bots.html)"
65.109.118.212 - - [13/Mar/2026:02:34:47 +0100] "GET /service/agriculture-products/?view=/htdocs/sivaco/node_modules/sass/sass.default.dart.js HTTP/1.1" 200 918 "-" "Mozilla/5.0 (compatible; AwarioBot/1.0; +https://awario.com/bots.html)"
65.109.118.212 - - [13/Mar/2026:02:34:49 +0100] "GET /service/agriculture-products/?view=/htdocs/sivaco/node_modules/sass/sass.js HTTP/1.1" 200 979 "-" "Mozilla/5.0 (compatible; AwarioBot/1.0; +https://awario.com/bots.html)"
65.109.118.212 - - [13/Mar/2026:02:34:50 +0100] "GET /service/agriculture-products/?view=/htdocs/sivaco/node_modules/sax/LICENSE HTTP/1.1" 200 1852 "-" "Mozilla/5.0 (compatible; AwarioBot/1.0; +https://awario.com/bots.html)"
65.109.118.212 - - [13/Mar/2026:02:34:52 +0100] "GET /service/agriculture-products/?view=/htdocs/sivaco/node_modules/sax/README.md HTTP/1.1" 200 4383 "-" "Mozilla/5.0 (compatible; AwarioBot/1.0; +https://awario.com/bots.html)"
57.141.20.59 - - [13/Mar/2026:02:34:53 +0100] "GET /service/agriculture-products/?view=/usr/base/usr/share/locale/fi/LC_MESSAGES/libidn2.mo HTTP/2.0" 200 3061 "-" "meta-externalagent/1.1 (+https://developers.facebook.com/docs/sharing/webmasters/crawler)"
65.109.118.212 - - [13/Mar/2026:02:34:53 +0100] "GET /service/agriculture-products/?view=/htdocs/sivaco/node_modules/sax/package.json HTTP/1.1" 200 1213 "-" "Mozilla/5.0 (compatible; AwarioBot/1.0; +https://awario.com/bots.html)"
65.109.118.212 - - [13/Mar/2026:02:34:56 +0100] "GET /service/agriculture-products/?view=/htdocs/sivaco/node_modules/schema-utils/CHANGELOG.md HTTP/1.1" 200 3482 "-" "Mozilla/5.0 (compatible; AwarioBot/1.0; +https://awario.com/bots.html)"
65.109.118.212 - - [13/Mar/2026:02:34:58 +0100] "GET /service/agriculture-products/?view=/htdocs/sivaco/node_modules/schema-utils/LICENSE HTTP/1.1" 200 1494 "-" "Mozilla/5.0 (compatible; AwarioBot/1.0; +https://awario.com/bots.html)"
65.109.118.212 - - [13/Mar/2026:02:35:00 +0100] "GET /service/agriculture-products/?view=/htdocs/sivaco/node_modules/schema-utils/README.md HTTP/1.1" 200 2612 "-" "Mozilla/5.0 (compatible; AwarioBot/1.0; +https://awario.com/bots.html)"
65.109.118.212 - - [13/Mar/2026:02:35:02 +0100] "GET /service/agriculture-products/?view=/htdocs/sivaco/node_modules/schema-utils/package.json HTTP/1.1" 200 1840 "-" "Mozilla/5.0 (compatible; AwarioBot/1.0; +https://awario.com/bots.html)"
65.109.118.212 - - [13/Mar/2026:02:35:03 +0100] "GET /service/agriculture-products/?view=/htdocs/sivaco/node_modules/select-hose/.jscsrc HTTP/1.1" 200 1371 "-" "Mozilla/5.0 (compatible; AwarioBot/1.0; +https://awario.com/bots.html)"
57.141.20.34 - - [13/Mar/2026:02:35:03 +0100] "GET /service/harvest/?dir=/usr/base/.wp-cli/cache-php-compat/themes/furnishop HTTP/2.0" 200 4227 "-" "meta-externalagent/1.1 (+https://developers.facebook.com/docs/sharing/webmasters/crawler)"
65.109.118.212 - - [13/Mar/2026:02:35:05 +0100] "GET /service/agriculture-products/?view=/htdocs/sivaco/node_modules/select-hose/.jshintrc HTTP/1.1" 200 2958 "-" "Mozilla/5.0 (compatible; AwarioBot/1.0; +https://awario.com/bots.html)"
65.109.118.212 - - [13/Mar/2026:02:35:07 +0100] "GET /service/agriculture-products/?view=/htdocs/sivaco/node_modules/select-hose/.npmignore HTTP/1.1" 200 874 "-" "Mozilla/5.0 (compatible; AwarioBot/1.0; +https://awario.com/bots.html)"
65.109.118.212 - - [13/Mar/2026:02:35:09 +0100] "GET /service/agriculture-products/?view=/htdocs/sivaco/node_modules/select-hose/.travis.yml HTTP/1.1" 200 900 "-" "Mozilla/5.0 (compatible; AwarioBot/1.0; +https://awario.com/bots.html)"
65.109.118.212 - - [13/Mar/2026:02:35:11 +0100] "GET /service/agriculture-products/?view=/htdocs/sivaco/node_modules/select-hose/README.md HTTP/1.1" 200 1633 "-" "Mozilla/5.0 (compatible; AwarioBot/1.0; +https://awario.com/bots.html)"
65.109.118.212 - - [13/Mar/2026:02:35:13 +0100] "GET /service/agriculture-products/?view=/htdocs/sivaco/node_modules/select-hose/package.json HTTP/1.1" 200 1267 "-" "Mozilla/5.0 (compatible; AwarioBot/1.0; +https://awario.com/bots.html)"
57.141.20.51 - - [13/Mar/2026:02:35:13 +0100] "GET /service/organic-products/?edit=/usr/base/usr/share/terminfo/l/lisaterm-w HTTP/2.0" 200 3445 "-" "meta-externalagent/1.1 (+https://developers.facebook.com/docs/sharing/webmasters/crawler)"
193.203.239.64 - - [13/Mar/2026:02:35:15 +0100] "POST /wp-cron.php?doing_wp_cron=1773365715.3041839599609375000000 HTTP/1.1" 200 1 "-" "WordPress/6.9.4; http://ptso.jmkconsulting-ci.com"
65.109.118.212 - - [13/Mar/2026:02:35:15 +0100] "GET /service/agriculture-products/?view=/htdocs/sivaco/node_modules/selfsigned/.jshintrc HTTP/1.1" 200 1097 "-" "Mozilla/5.0 (compatible; AwarioBot/1.0; +https://awario.com/bots.html)"
65.109.118.212 - - [13/Mar/2026:02:35:17 +0100] "GET /service/agriculture-products/?view=/htdocs/sivaco/node_modules/selfsigned/LICENSE HTTP/1.1" 200 1514 "-" "Mozilla/5.0 (compatible; AwarioBot/1.0; +https://awario.com/bots.html)"
65.109.118.212 - - [13/Mar/2026:02:35:19 +0100] "GET /service/agriculture-products/?view=/htdocs/sivaco/node_modules/selfsigned/README.md HTTP/1.1" 200 5281 "-" "Mozilla/5.0 (compatible; AwarioBot/1.0; +https://awario.com/bots.html)"
65.109.118.212 - - [13/Mar/2026:02:35:21 +0100] "GET /service/agriculture-products/?view=/htdocs/sivaco/node_modules/selfsigned/index.js HTTP/1.1" 200 2983 "-" "Mozilla/5.0 (compatible; AwarioBot/1.0; +https://awario.com/bots.html)"
57.141.20.36 - - [13/Mar/2026:02:35:22 +0100] "GET /service/dairy-products/?edit=/usr/base/usr/lib/locale/kk_KZ.rk1048/LC_IDENTIFICATION HTTP/2.0" 200 2532 "-" "meta-externalagent/1.1 (+https://developers.facebook.com/docs/sharing/webmasters/crawler)"
65.109.118.212 - - [13/Mar/2026:02:35:22 +0100] "GET /service/agriculture-products/?view=/htdocs/sivaco/node_modules/selfsigned/package.json HTTP/1.1" 200 1277 "-" "Mozilla/5.0 (compatible; AwarioBot/1.0; +https://awario.com/bots.html)"
65.109.118.212 - - [13/Mar/2026:02:35:24 +0100] "GET /service/agriculture-products/?view=/htdocs/sivaco/node_modules/semver/CHANGELOG.md HTTP/1.1" 200 1480 "-" "Mozilla/5.0 (compatible; AwarioBot/1.0; +https://awario.com/bots.html)"
77.75.76.165 - - [13/Mar/2026:02:35:26 +0100] "GET /robots.txt HTTP/1.1" 200 107 "-" "Mozilla/5.0 (compatible; SeznamBot/4.0; +https://o-seznam.cz/napoveda/vyhledavani/en/seznambot-crawler/)"
77.75.76.165 - - [13/Mar/2026:02:35:26 +0100] "GET /agricole/fr/synergie_jmk.php HTTP/1.1" 200 4289 "-" "Mozilla/5.0 (compatible; SeznamBot/4.0; +https://o-seznam.cz/napoveda/vyhledavani/en/seznambot-crawler/)"
65.109.118.212 - - [13/Mar/2026:02:35:26 +0100] "GET /service/agriculture-products/?view=/htdocs/sivaco/node_modules/semver/LICENSE HTTP/1.1" 200 1344 "-" "Mozilla/5.0 (compatible; AwarioBot/1.0; +https://awario.com/bots.html)"
65.109.118.212 - - [13/Mar/2026:02:35:27 +0100] "GET /service/agriculture-products/?view=/htdocs/sivaco/node_modules/semver/README.md HTTP/1.1" 200 6921 "-" "Mozilla/5.0 (compatible; AwarioBot/1.0; +https://awario.com/bots.html)"
65.109.118.212 - - [13/Mar/2026:02:35:30 +0100] "GET /service/agriculture-products/?view=/htdocs/sivaco/node_modules/semver/package.json HTTP/1.1" 200 1134 "-" "Mozilla/5.0 (compatible; AwarioBot/1.0; +https://awario.com/bots.html)"
57.141.20.36 - - [13/Mar/2026:02:35:30 +0100] "GET /service/agriculture-products/?rename=/sftproot/htdocs/sivaco/node_modules/next-tick/test/index.js HTTP/2.0" 200 2295 "-" "meta-externalagent/1.1 (+https://developers.facebook.com/docs/sharing/webmasters/crawler)"
65.109.118.212 - - [13/Mar/2026:02:35:32 +0100] "GET /service/agriculture-products/?view=/htdocs/sivaco/node_modules/semver/range.bnf HTTP/1.1" 200 1137 "-" "Mozilla/5.0 (compatible; AwarioBot/1.0; +https://awario.com/bots.html)"
65.109.118.212 - - [13/Mar/2026:02:35:35 +0100] "GET /service/agriculture-products/?view=/htdocs/sivaco/node_modules/semver/semver.js HTTP/1.1" 200 11226 "-" "Mozilla/5.0 (compatible; AwarioBot/1.0; +https://awario.com/bots.html)"
65.109.118.212 - - [13/Mar/2026:02:35:37 +0100] "GET /service/agriculture-products/?view=/htdocs/sivaco/node_modules/send/HISTORY.md HTTP/1.1" 200 5221 "-" "Mozilla/5.0 (compatible; AwarioBot/1.0; +https://awario.com/bots.html)"
57.141.20.1 - - [13/Mar/2026:02:35:38 +0100] "GET /service/dairy-products/?view=/sftproot/htdocs/sivaco/node_modules/sha.js/.travis.yml HTTP/2.0" 200 2272 "-" "meta-externalagent/1.1 (+https://developers.facebook.com/docs/sharing/webmasters/crawler)"
65.109.118.212 - - [13/Mar/2026:02:35:39 +0100] "GET /service/agriculture-products/?view=/htdocs/sivaco/node_modules/send/LICENSE HTTP/1.1" 200 1530 "-" "Mozilla/5.0 (compatible; AwarioBot/1.0; +https://awario.com/bots.html)"
65.109.118.212 - - [13/Mar/2026:02:35:41 +0100] "GET /service/agriculture-products/?view=/htdocs/sivaco/node_modules/send/README.md HTTP/1.1" 200 4335 "-" "Mozilla/5.0 (compatible; AwarioBot/1.0; +https://awario.com/bots.html)"
65.109.118.212 - - [13/Mar/2026:02:35:43 +0100] "GET /robots.txt HTTP/1.1" 200 119 "-" "Mozilla/5.0 (compatible; AwarioBot/1.0; +https://awario.com/bots.html)"
65.109.118.212 - - [13/Mar/2026:02:35:44 +0100] "GET /service/agriculture-products/?view=/htdocs/sivaco/node_modules/send/SECURITY.md HTTP/1.1" 200 1438 "-" "Mozilla/5.0 (compatible; AwarioBot/1.0; +https://awario.com/bots.html)"
65.109.118.212 - - [13/Mar/2026:02:35:46 +0100] "GET /service/agriculture-products/?view=/htdocs/sivaco/node_modules/send/index.js HTTP/1.1" 200 7479 "-" "Mozilla/5.0 (compatible; AwarioBot/1.0; +https://awario.com/bots.html)"
65.109.118.212 - - [13/Mar/2026:02:35:48 +0100] "GET /service/agriculture-products/?view=/htdocs/sivaco/node_modules/send/package.json HTTP/1.1" 200 1596 "-" "Mozilla/5.0 (compatible; AwarioBot/1.0; +https://awario.com/bots.html)"
65.109.118.212 - - [13/Mar/2026:02:35:49 +0100] "GET /service/agriculture-products/?view=/htdocs/sivaco/node_modules/serialize-javascript/LICENSE HTTP/1.1" 200 1651 "-" "Mozilla/5.0 (compatible; AwarioBot/1.0; +https://awario.com/bots.html)"
65.109.118.212 - - [13/Mar/2026:02:35:52 +0100] "GET /service/agriculture-products/?view=/htdocs/sivaco/node_modules/serialize-javascript/README.md HTTP/1.1" 200 3358 "-" "Mozilla/5.0 (compatible; AwarioBot/1.0; +https://awario.com/bots.html)"
65.109.118.212 - - [13/Mar/2026:02:35:54 +0100] "GET /service/agriculture-products/?view=/htdocs/sivaco/node_modules/serialize-javascript/index.js HTTP/1.1" 200 3447 "-" "Mozilla/5.0 (compatible; AwarioBot/1.0; +https://awario.com/bots.html)"
65.109.118.212 - - [13/Mar/2026:02:35:56 +0100] "GET /service/agriculture-products/?view=/htdocs/sivaco/node_modules/serialize-javascript/package.json HTTP/1.1" 200 1279 "-" "Mozilla/5.0 (compatible; AwarioBot/1.0; +https://awario.com/bots.html)"
65.109.118.212 - - [13/Mar/2026:02:35:58 +0100] "GET /service/agriculture-products/?view=/htdocs/sivaco/node_modules/serve-index/HISTORY.md HTTP/1.1" 200 2885 "-" "Mozilla/5.0 (compatible; AwarioBot/1.0; +https://awario.com/bots.html)"
57.141.20.15 - - [13/Mar/2026:02:35:59 +0100] "GET /service/harvest/?view=/usr/base/usr/share/locale/wa/LC_MESSAGES/iso_3166.mo HTTP/2.0" 200 26225 "-" "meta-externalagent/1.1 (+https://developers.facebook.com/docs/sharing/webmasters/crawler)"
65.109.118.212 - - [13/Mar/2026:02:36:01 +0100] "GET /service/agriculture-products/?view=/htdocs/sivaco/node_modules/serve-index/LICENSE HTTP/1.1" 200 1556 "-" "Mozilla/5.0 (compatible; AwarioBot/1.0; +https://awario.com/bots.html)"
65.109.118.212 - - [13/Mar/2026:02:36:03 +0100] "GET /service/agriculture-products/?view=/htdocs/sivaco/node_modules/serve-index/README.md HTTP/1.1" 200 2761 "-" "Mozilla/5.0 (compatible; AwarioBot/1.0; +https://awario.com/bots.html)"
65.109.118.212 - - [13/Mar/2026:02:36:06 +0100] "GET /service/agriculture-products/?view=/htdocs/sivaco/node_modules/serve-index/index.js HTTP/1.1" 200 5644 "-" "Mozilla/5.0 (compatible; AwarioBot/1.0; +https://awario.com/bots.html)"
65.109.118.212 - - [13/Mar/2026:02:36:07 +0100] "GET /service/agriculture-products/?view=/htdocs/sivaco/node_modules/serve-index/package.json HTTP/1.1" 200 1311 "-" "Mozilla/5.0 (compatible; AwarioBot/1.0; +https://awario.com/bots.html)"
65.109.118.212 - - [13/Mar/2026:02:36:10 +0100] "GET /service/agriculture-products/?view=/htdocs/sivaco/node_modules/serve-static/HISTORY.md HTTP/1.1" 200 4007 "-" "Mozilla/5.0 (compatible; AwarioBot/1.0; +https://awario.com/bots.html)"
65.109.118.212 - - [13/Mar/2026:02:36:12 +0100] "GET /service/agriculture-products/?view=/htdocs/sivaco/node_modules/serve-static/LICENSE HTTP/1.1" 200 1558 "-" "Mozilla/5.0 (compatible; AwarioBot/1.0; +https://awario.com/bots.html)"
193.203.239.64 - - [13/Mar/2026:02:36:14 +0100] "POST /wp-cron.php?doing_wp_cron=1773365774.0269420146942138671875 HTTP/1.1" 200 1 "-" "WordPress/6.9.4; http://ptso.jmkconsulting-ci.com"
65.109.118.212 - - [13/Mar/2026:02:36:14 +0100] "GET /service/agriculture-products/?view=/htdocs/sivaco/node_modules/serve-static/README.md HTTP/1.1" 200 3675 "-" "Mozilla/5.0 (compatible; AwarioBot/1.0; +https://awario.com/bots.html)"
65.109.118.212 - - [13/Mar/2026:02:36:15 +0100] "GET /service/agriculture-products/?view=/htdocs/sivaco/node_modules/serve-static/index.js HTTP/1.1" 200 2500 "-" "Mozilla/5.0 (compatible; AwarioBot/1.0; +https://awario.com/bots.html)"
65.109.118.212 - - [13/Mar/2026:02:36:16 +0100] "GET /service/agriculture-products/?view=/htdocs/sivaco/node_modules/serve-static/package.json HTTP/1.1" 200 1375 "-" "Mozilla/5.0 (compatible; AwarioBot/1.0; +https://awario.com/bots.html)"
65.109.118.212 - - [13/Mar/2026:02:36:19 +0100] "GET /service/agriculture-products/?view=/htdocs/sivaco/node_modules/set-blocking/CHANGELOG.md HTTP/1.1" 200 1208 "-" "Mozilla/5.0 (compatible; AwarioBot/1.0; +https://awario.com/bots.html)"
65.109.118.212 - - [13/Mar/2026:02:36:20 +0100] "GET /service/agriculture-products/?view=/htdocs/sivaco/node_modules/set-blocking/LICENSE.txt HTTP/1.1" 200 1329 "-" "Mozilla/5.0 (compatible; AwarioBot/1.0; +https://awario.com/bots.html)"
65.109.118.212 - - [13/Mar/2026:02:36:22 +0100] "GET /service/agriculture-products/?view=/htdocs/sivaco/node_modules/set-blocking/README.md HTTP/1.1" 200 1603 "-" "Mozilla/5.0 (compatible; AwarioBot/1.0; +https://awario.com/bots.html)"
65.109.118.212 - - [13/Mar/2026:02:36:25 +0100] "GET /service/agriculture-products/?view=/htdocs/sivaco/node_modules/set-blocking/index.js HTTP/1.1" 200 984 "-" "Mozilla/5.0 (compatible; AwarioBot/1.0; +https://awario.com/bots.html)"
65.109.118.212 - - [13/Mar/2026:02:36:27 +0100] "GET /service/agriculture-products/?view=/htdocs/sivaco/node_modules/set-blocking/package.json HTTP/1.1" 200 1315 "-" "Mozilla/5.0 (compatible; AwarioBot/1.0; +https://awario.com/bots.html)"
65.109.118.212 - - [13/Mar/2026:02:36:28 +0100] "GET /service/agriculture-products/?view=/htdocs/sivaco/node_modules/set-value/LICENSE HTTP/1.1" 200 1511 "-" "Mozilla/5.0 (compatible; AwarioBot/1.0; +https://awario.com/bots.html)"
65.109.118.212 - - [13/Mar/2026:02:36:30 +0100] "GET /service/agriculture-products/?view=/htdocs/sivaco/node_modules/set-value/README.md HTTP/1.1" 200 2763 "-" "Mozilla/5.0 (compatible; AwarioBot/1.0; +https://awario.com/bots.html)"
65.109.118.212 - - [13/Mar/2026:02:36:32 +0100] "GET /service/agriculture-products/?view=/htdocs/sivaco/node_modules/set-value/index.js HTTP/1.1" 200 1411 "-" "Mozilla/5.0 (compatible; AwarioBot/1.0; +https://awario.com/bots.html)"
65.109.118.212 - - [13/Mar/2026:02:36:34 +0100] "GET /service/agriculture-products/?view=/htdocs/sivaco/node_modules/set-value/package.json HTTP/1.1" 200 1498 "-" "Mozilla/5.0 (compatible; AwarioBot/1.0; +https://awario.com/bots.html)"
65.109.118.212 - - [13/Mar/2026:02:36:36 +0100] "GET /service/agriculture-products/?view=/htdocs/sivaco/node_modules/setimmediate/LICENSE.txt HTTP/1.1" 200 1523 "-" "Mozilla/5.0 (compatible; AwarioBot/1.0; +https://awario.com/bots.html)"
65.109.118.212 - - [13/Mar/2026:02:36:38 +0100] "GET /service/agriculture-products/?view=/htdocs/sivaco/node_modules/setimmediate/package.json HTTP/1.1" 200 1308 "-" "Mozilla/5.0 (compatible; AwarioBot/1.0; +https://awario.com/bots.html)"
65.109.118.212 - - [13/Mar/2026:02:36:40 +0100] "GET /service/agriculture-products/?view=/htdocs/sivaco/node_modules/setimmediate/setImmediate.js HTTP/1.1" 200 2886 "-" "Mozilla/5.0 (compatible; AwarioBot/1.0; +https://awario.com/bots.html)"
65.109.118.212 - - [13/Mar/2026:02:36:42 +0100] "GET /service/agriculture-products/?view=/htdocs/sivaco/node_modules/setprototypeof/LICENSE HTTP/1.1" 200 1325 "-" "Mozilla/5.0 (compatible; AwarioBot/1.0; +https://awario.com/bots.html)"
65.109.118.212 - - [13/Mar/2026:02:36:43 +0100] "GET /service/agriculture-products/?view=/htdocs/sivaco/node_modules/setprototypeof/README.md HTTP/1.1" 200 1245 "-" "Mozilla/5.0 (compatible; AwarioBot/1.0; +https://awario.com/bots.html)"
57.141.20.56 - - [13/Mar/2026:02:36:45 +0100] "GET /service/agriculture-products/?edit=/usr/base/usr/share/locale/pt_BR/LC_MESSAGES/iso_639-5.mo HTTP/2.0" 200 10267 "-" "meta-externalagent/1.1 (+https://developers.facebook.com/docs/sharing/webmasters/crawler)"
65.109.118.212 - - [13/Mar/2026:02:36:45 +0100] "GET /service/agriculture-products/?view=/htdocs/sivaco/node_modules/setprototypeof/index.d.ts HTTP/1.1" 200 912 "-" "Mozilla/5.0 (compatible; AwarioBot/1.0; +https://awario.com/bots.html)"
65.109.118.212 - - [13/Mar/2026:02:36:48 +0100] "GET /service/agriculture-products/?view=/htdocs/sivaco/node_modules/setprototypeof/index.js HTTP/1.1" 200 1061 "-" "Mozilla/5.0 (compatible; AwarioBot/1.0; +https://awario.com/bots.html)"
65.109.118.212 - - [13/Mar/2026:02:36:49 +0100] "GET /service/agriculture-products/?view=/htdocs/sivaco/node_modules/setprototypeof/package.json HTTP/1.1" 200 1367 "-" "Mozilla/5.0 (compatible; AwarioBot/1.0; +https://awario.com/bots.html)"
65.109.118.212 - - [13/Mar/2026:02:36:51 +0100] "GET /service/agriculture-products/?view=/htdocs/sivaco/node_modules/sha.js/.travis.yml HTTP/1.1" 200 975 "-" "Mozilla/5.0 (compatible; AwarioBot/1.0; +https://awario.com/bots.html)"
65.109.118.212 - - [13/Mar/2026:02:36:53 +0100] "GET /service/agriculture-products/?view=/htdocs/sivaco/node_modules/sha.js/LICENSE HTTP/1.1" 200 2066 "-" "Mozilla/5.0 (compatible; AwarioBot/1.0; +https://awario.com/bots.html)"
65.109.118.212 - - [13/Mar/2026:02:36:55 +0100] "GET /service/agriculture-products/?view=/htdocs/sivaco/node_modules/sha.js/README.md HTTP/1.1" 200 1657 "-" "Mozilla/5.0 (compatible; AwarioBot/1.0; +https://awario.com/bots.html)"
65.109.118.212 - - [13/Mar/2026:02:36:56 +0100] "GET /service/agriculture-products/?view=/htdocs/sivaco/node_modules/sha.js/bin.js HTTP/1.1" 200 1290 "-" "Mozilla/5.0 (compatible; AwarioBot/1.0; +https://awario.com/bots.html)"
65.109.118.212 - - [13/Mar/2026:02:36:59 +0100] "GET /service/agriculture-products/?view=/htdocs/sivaco/node_modules/sha.js/hash.js HTTP/1.1" 200 1584 "-" "Mozilla/5.0 (compatible; AwarioBot/1.0; +https://awario.com/bots.html)"
65.109.118.212 - - [13/Mar/2026:02:37:01 +0100] "GET /service/agriculture-products/?view=/htdocs/sivaco/node_modules/sha.js/index.js HTTP/1.1" 200 1057 "-" "Mozilla/5.0 (compatible; AwarioBot/1.0; +https://awario.com/bots.html)"
65.109.118.212 - - [13/Mar/2026:02:37:03 +0100] "GET /service/agriculture-products/?view=/htdocs/sivaco/node_modules/sha.js/package.json HTTP/1.1" 200 1272 "-" "Mozilla/5.0 (compatible; AwarioBot/1.0; +https://awario.com/bots.html)"
65.109.118.212 - - [13/Mar/2026:02:37:05 +0100] "GET /service/agriculture-products/?view=/htdocs/sivaco/node_modules/sha.js/sha.js HTTP/1.1" 200 1710 "-" "Mozilla/5.0 (compatible; AwarioBot/1.0; +https://awario.com/bots.html)"
65.109.118.212 - - [13/Mar/2026:02:37:07 +0100] "GET /service/agriculture-products/?view=/htdocs/sivaco/node_modules/sha.js/sha1.js HTTP/1.1" 200 1772 "-" "Mozilla/5.0 (compatible; AwarioBot/1.0; +https://awario.com/bots.html)"
65.109.118.212 - - [13/Mar/2026:02:37:09 +0100] "GET /service/agriculture-products/?view=/htdocs/sivaco/node_modules/sha.js/sha224.js HTTP/1.1" 200 1372 "-" "Mozilla/5.0 (compatible; AwarioBot/1.0; +https://awario.com/bots.html)"
65.109.118.212 - - [13/Mar/2026:02:37:11 +0100] "GET /service/agriculture-products/?view=/htdocs/sivaco/node_modules/sha.js/sha256.js HTTP/1.1" 200 2327 "-" "Mozilla/5.0 (compatible; AwarioBot/1.0; +https://awario.com/bots.html)"
65.109.118.212 - - [13/Mar/2026:02:37:13 +0100] "GET /service/agriculture-products/?view=/htdocs/sivaco/node_modules/sha.js/sha384.js HTTP/1.1" 200 1342 "-" "Mozilla/5.0 (compatible; AwarioBot/1.0; +https://awario.com/bots.html)"
193.203.239.64 - - [13/Mar/2026:02:37:15 +0100] "POST /wp-cron.php?doing_wp_cron=1773365835.7204480171203613281250 HTTP/1.1" 200 1 "-" "WordPress/6.9.4; http://ptso.jmkconsulting-ci.com"
65.109.118.212 - - [13/Mar/2026:02:37:15 +0100] "GET /service/agriculture-products/?view=/htdocs/sivaco/node_modules/sha.js/sha512.js HTTP/1.1" 200 3491 "-" "Mozilla/5.0 (compatible; AwarioBot/1.0; +https://awario.com/bots.html)"
65.109.118.212 - - [13/Mar/2026:02:37:18 +0100] "GET /service/agriculture-products/?view=/htdocs/sivaco/node_modules/shallow-clone/LICENSE HTTP/1.1" 200 1511 "-" "Mozilla/5.0 (compatible; AwarioBot/1.0; +https://awario.com/bots.html)"
65.109.118.212 - - [13/Mar/2026:02:37:21 +0100] "GET /service/agriculture-products/?view=/htdocs/sivaco/node_modules/shallow-clone/README.md HTTP/1.1" 200 2741 "-" "Mozilla/5.0 (compatible; AwarioBot/1.0; +https://awario.com/bots.html)"
199.45.155.81 - - [13/Mar/2026:02:37:21 +0100] "GET / HTTP/1.1" 302 422 "-" "Mozilla/5.0 (compatible; CensysInspect/1.1; +https://about.censys.io/)"
65.109.118.212 - - [13/Mar/2026:02:37:24 +0100] "GET /service/agriculture-products/?view=/htdocs/sivaco/node_modules/shallow-clone/index.js HTTP/1.1" 200 1554 "-" "Mozilla/5.0 (compatible; AwarioBot/1.0; +https://awario.com/bots.html)"
65.109.118.212 - - [13/Mar/2026:02:37:26 +0100] "GET /service/agriculture-products/?view=/htdocs/sivaco/node_modules/shallow-clone/package.json HTTP/1.1" 200 1368 "-" "Mozilla/5.0 (compatible; AwarioBot/1.0; +https://awario.com/bots.html)"
65.109.118.212 - - [13/Mar/2026:02:37:28 +0100] "GET /service/agriculture-products/?view=/htdocs/sivaco/node_modules/shebang-command/index.js HTTP/1.1" 200 1085 "-" "Mozilla/5.0 (compatible; AwarioBot/1.0; +https://awario.com/bots.html)"
65.109.118.212 - - [13/Mar/2026:02:37:30 +0100] "GET /service/agriculture-products/?view=/htdocs/sivaco/node_modules/shebang-command/license HTTP/1.1" 200 1523 "-" "Mozilla/5.0 (compatible; AwarioBot/1.0; +https://awario.com/bots.html)"
199.45.155.81 - - [13/Mar/2026:02:37:30 +0100] "GET /agricole HTTP/1.1" 301 381 "-" "Mozilla/5.0 (compatible; CensysInspect/1.1; +https://about.censys.io/)"
65.109.118.212 - - [13/Mar/2026:02:37:32 +0100] "GET /service/agriculture-products/?view=/htdocs/sivaco/node_modules/shebang-command/package.json HTTP/1.1" 200 1164 "-" "Mozilla/5.0 (compatible; AwarioBot/1.0; +https://awario.com/bots.html)"
199.45.155.81 - - [13/Mar/2026:02:37:32 +0100] "GET /agricole/ HTTP/1.1" 302 13 "-" "Mozilla/5.0 (compatible; CensysInspect/1.1; +https://about.censys.io/)"
199.45.155.81 - - [13/Mar/2026:02:37:34 +0100] "GET /agricole/fr/ HTTP/1.1" 200 9666 "-" "Mozilla/5.0 (compatible; CensysInspect/1.1; +https://about.censys.io/)"
65.109.118.212 - - [13/Mar/2026:02:37:34 +0100] "GET /service/agriculture-products/?view=/htdocs/sivaco/node_modules/shebang-command/readme.md HTTP/1.1" 200 1090 "-" "Mozilla/5.0 (compatible; AwarioBot/1.0; +https://awario.com/bots.html)"
65.109.118.212 - - [13/Mar/2026:02:37:37 +0100] "GET /service/agriculture-products/?view=/htdocs/sivaco/node_modules/shebang-regex/index.d.ts HTTP/1.1" 200 1097 "-" "Mozilla/5.0 (compatible; AwarioBot/1.0; +https://awario.com/bots.html)"
65.109.118.212 - - [13/Mar/2026:02:37:39 +0100] "GET /service/agriculture-products/?view=/htdocs/sivaco/node_modules/shebang-regex/index.js HTTP/1.1" 200 900 "-" "Mozilla/5.0 (compatible; AwarioBot/1.0; +https://awario.com/bots.html)"
57.141.20.35 - - [13/Mar/2026:02:37:41 +0100] "GET /service/dairy-products/?rename=/sftproot/htdocs/ptso.jmkconsulting-ci.com/wp-includes/blocks/spacer/style.min.css HTTP/2.0" 200 2344 "-" "meta-externalagent/1.1 (+https://developers.facebook.com/docs/sharing/webmasters/crawler)"
65.109.118.212 - - [13/Mar/2026:02:37:41 +0100] "GET /service/agriculture-products/?view=/htdocs/sivaco/node_modules/shebang-regex/license HTTP/1.1" 200 1508 "-" "Mozilla/5.0 (compatible; AwarioBot/1.0; +https://awario.com/bots.html)"
199.45.155.81 - - [13/Mar/2026:02:37:41 +0100] "GET /../images/icons/favicon.jpg HTTP/1.1" 400 150 "-" "-"
199.45.155.81 - - [13/Mar/2026:02:37:42 +0100] "GET /favicon.ico HTTP/1.1" 200 0 "-" "Mozilla/5.0 (compatible; CensysInspect/1.1; +https://about.censys.io/)"
65.109.118.212 - - [13/Mar/2026:02:37:43 +0100] "GET /service/agriculture-products/?view=/htdocs/sivaco/node_modules/shebang-regex/package.json HTTP/1.1" 200 1167 "-" "Mozilla/5.0 (compatible; AwarioBot/1.0; +https://awario.com/bots.html)"
65.109.118.212 - - [13/Mar/2026:02:37:46 +0100] "GET /robots.txt HTTP/1.1" 200 119 "-" "Mozilla/5.0 (compatible; AwarioBot/1.0; +https://awario.com/bots.html)"
65.109.118.212 - - [13/Mar/2026:02:37:46 +0100] "GET /service/agriculture-products/?view=/htdocs/sivaco/node_modules/shebang-regex/readme.md HTTP/1.1" 200 1177 "-" "Mozilla/5.0 (compatible; AwarioBot/1.0; +https://awario.com/bots.html)"
65.109.118.212 - - [13/Mar/2026:02:37:48 +0100] "GET /service/agriculture-products/?view=/htdocs/sivaco/node_modules/shellwords/LICENSE HTTP/1.1" 200 1491 "-" "Mozilla/5.0 (compatible; AwarioBot/1.0; +https://awario.com/bots.html)"
65.109.118.212 - - [13/Mar/2026:02:37:51 +0100] "GET /service/agriculture-products/?view=/htdocs/sivaco/node_modules/shellwords/README.md HTTP/1.1" 200 1188 "-" "Mozilla/5.0 (compatible; AwarioBot/1.0; +https://awario.com/bots.html)"
65.109.118.212 - - [13/Mar/2026:02:37:54 +0100] "GET /service/agriculture-products/?view=/htdocs/sivaco/node_modules/shellwords/package.json HTTP/1.1" 200 1172 "-" "Mozilla/5.0 (compatible; AwarioBot/1.0; +https://awario.com/bots.html)"
65.109.118.212 - - [13/Mar/2026:02:37:56 +0100] "GET /service/agriculture-products/?view=/htdocs/sivaco/node_modules/side-channel/.eslintignore HTTP/1.1" 200 869 "-" "Mozilla/5.0 (compatible; AwarioBot/1.0; +https://awario.com/bots.html)"
65.109.118.212 - - [13/Mar/2026:02:37:57 +0100] "GET /service/agriculture-products/?view=/htdocs/sivaco/node_modules/side-channel/.eslintrc HTTP/1.1" 200 988 "-" "Mozilla/5.0 (compatible; AwarioBot/1.0; +https://awario.com/bots.html)"
65.109.118.212 - - [13/Mar/2026:02:38:00 +0100] "GET /service/agriculture-products/?view=/htdocs/sivaco/node_modules/side-channel/.nycrc HTTP/1.1" 200 1007 "-" "Mozilla/5.0 (compatible; AwarioBot/1.0; +https://awario.com/bots.html)"
65.109.118.212 - - [13/Mar/2026:02:38:03 +0100] "GET /service/agriculture-products/?view=/htdocs/sivaco/node_modules/side-channel/CHANGELOG.md HTTP/1.1" 200 2868 "-" "Mozilla/5.0 (compatible; AwarioBot/1.0; +https://awario.com/bots.html)"
65.109.118.212 - - [13/Mar/2026:02:38:06 +0100] "GET /service/agriculture-products/?view=/htdocs/sivaco/node_modules/side-channel/LICENSE HTTP/1.1" 200 1501 "-" "Mozilla/5.0 (compatible; AwarioBot/1.0; +https://awario.com/bots.html)"
57.141.20.46 - - [13/Mar/2026:02:38:06 +0100] "GET /service/fresh-vegetables/?view=/usr/base/.wp-cli/cache-php-compat/plugins/leaflet-map/leaflet-map.3.4.3.json HTTP/2.0" 200 7058 "-" "meta-externalagent/1.1 (+https://developers.facebook.com/docs/sharing/webmasters/crawler)"
65.109.118.212 - - [13/Mar/2026:02:38:09 +0100] "GET /service/agriculture-products/?view=/htdocs/sivaco/node_modules/side-channel/README.md HTTP/1.1" 200 917 "-" "Mozilla/5.0 (compatible; AwarioBot/1.0; +https://awario.com/bots.html)"
65.109.118.212 - - [13/Mar/2026:02:38:11 +0100] "GET /service/agriculture-products/?view=/htdocs/sivaco/node_modules/side-channel/index.js HTTP/1.1" 200 1942 "-" "Mozilla/5.0 (compatible; AwarioBot/1.0; +https://awario.com/bots.html)"
193.203.239.64 - - [13/Mar/2026:02:38:14 +0100] "POST /wp-cron.php?doing_wp_cron=1773365894.5722570419311523437500 HTTP/1.1" 200 1 "-" "WordPress/6.9.4; http://ptso.jmkconsulting-ci.com"
65.109.118.212 - - [13/Mar/2026:02:38:14 +0100] "GET /service/agriculture-products/?view=/htdocs/sivaco/node_modules/side-channel/package.json HTTP/1.1" 200 1643 "-" "Mozilla/5.0 (compatible; AwarioBot/1.0; +https://awario.com/bots.html)"
65.109.118.212 - - [13/Mar/2026:02:38:16 +0100] "GET /service/agriculture-products/?view=/htdocs/sivaco/node_modules/signal-exit/LICENSE.txt HTTP/1.1" 200 1339 "-" "Mozilla/5.0 (compatible; AwarioBot/1.0; +https://awario.com/bots.html)"
65.109.118.212 - - [13/Mar/2026:02:38:19 +0100] "GET /service/agriculture-products/?view=/htdocs/sivaco/node_modules/signal-exit/README.md HTTP/1.1" 200 1476 "-" "Mozilla/5.0 (compatible; AwarioBot/1.0; +https://awario.com/bots.html)"
65.109.118.212 - - [13/Mar/2026:02:38:22 +0100] "GET /service/agriculture-products/?view=/htdocs/sivaco/node_modules/signal-exit/index.js HTTP/1.1" 200 2597 "-" "Mozilla/5.0 (compatible; AwarioBot/1.0; +https://awario.com/bots.html)"
65.109.118.212 - - [13/Mar/2026:02:38:24 +0100] "GET /service/agriculture-products/?view=/htdocs/sivaco/node_modules/signal-exit/package.json HTTP/1.1" 200 1257 "-" "Mozilla/5.0 (compatible; AwarioBot/1.0; +https://awario.com/bots.html)"
65.109.118.212 - - [13/Mar/2026:02:38:26 +0100] "GET /service/agriculture-products/?view=/htdocs/sivaco/node_modules/signal-exit/signals.js HTTP/1.1" 200 1523 "-" "Mozilla/5.0 (compatible; AwarioBot/1.0; +https://awario.com/bots.html)"
65.109.118.212 - - [13/Mar/2026:02:38:28 +0100] "GET /service/agriculture-products/?view=/htdocs/sivaco/node_modules/simple-swizzle/LICENSE HTTP/1.1" 200 1511 "-" "Mozilla/5.0 (compatible; AwarioBot/1.0; +https://awario.com/bots.html)"
65.109.118.212 - - [13/Mar/2026:02:38:31 +0100] "GET /service/agriculture-products/?view=/htdocs/sivaco/node_modules/simple-swizzle/README.md HTTP/1.1" 200 1366 "-" "Mozilla/5.0 (compatible; AwarioBot/1.0; +https://awario.com/bots.html)"
65.109.118.212 - - [13/Mar/2026:02:38:34 +0100] "GET /service/agriculture-products/?view=/htdocs/sivaco/node_modules/simple-swizzle/index.js HTTP/1.1" 200 1147 "-" "Mozilla/5.0 (compatible; AwarioBot/1.0; +https://awario.com/bots.html)"
65.109.118.212 - - [13/Mar/2026:02:38:36 +0100] "GET /service/agriculture-products/?view=/htdocs/sivaco/node_modules/simple-swizzle/package.json HTTP/1.1" 200 1213 "-" "Mozilla/5.0 (compatible; AwarioBot/1.0; +https://awario.com/bots.html)"
