65.109.118.212 - - [13/Mar/2026:00:54:56 +0100] "GET /service/agriculture-products/?view=/htdocs/sivaco/node_modules/fs-write-stream-atomic/package.json HTTP/1.1" 200 1240 "-" "Mozilla/5.0 (compatible; AwarioBot/1.0; +https://awario.com/bots.html)"
193.203.239.64 - - [13/Mar/2026:00:55:28 +0100] "POST /wp-cron.php?doing_wp_cron=1773359728.3934569358825683593750 HTTP/1.1" 200 1 "-" "WordPress/6.9.4; http://ptso.jmkconsulting-ci.com"
65.109.118.212 - - [13/Mar/2026:00:55:28 +0100] "GET /service/agriculture-products/?view=/htdocs/sivaco/node_modules/fs.realpath/LICENSE HTTP/1.1" 200 1919 "-" "Mozilla/5.0 (compatible; AwarioBot/1.0; +https://awario.com/bots.html)"
65.109.118.212 - - [13/Mar/2026:00:55:30 +0100] "GET /service/agriculture-products/?view=/htdocs/sivaco/node_modules/fs.realpath/README.md HTTP/1.1" 200 1294 "-" "Mozilla/5.0 (compatible; AwarioBot/1.0; +https://awario.com/bots.html)"
65.109.118.212 - - [13/Mar/2026:00:55:31 +0100] "GET /service/agriculture-products/?view=/htdocs/sivaco/node_modules/fs.realpath/index.js HTTP/1.1" 200 1283 "-" "Mozilla/5.0 (compatible; AwarioBot/1.0; +https://awario.com/bots.html)"
65.109.118.212 - - [13/Mar/2026:00:55:35 +0100] "GET /service/agriculture-products/?view=/htdocs/sivaco/node_modules/fs.realpath/old.js HTTP/1.1" 200 3559 "-" "Mozilla/5.0 (compatible; AwarioBot/1.0; +https://awario.com/bots.html)"
65.109.118.212 - - [13/Mar/2026:00:55:38 +0100] "GET /service/agriculture-products/?view=/htdocs/sivaco/node_modules/fs.realpath/package.json HTTP/1.1" 200 1171 "-" "Mozilla/5.0 (compatible; AwarioBot/1.0; +https://awario.com/bots.html)"
65.109.118.212 - - [13/Mar/2026:00:55:40 +0100] "GET /service/agriculture-products/?view=/htdocs/sivaco/node_modules/function-bind/.editorconfig HTTP/1.1" 200 1006 "-" "Mozilla/5.0 (compatible; AwarioBot/1.0; +https://awario.com/bots.html)"
65.109.118.212 - - [13/Mar/2026:00:55:42 +0100] "GET /service/agriculture-products/?view=/htdocs/sivaco/node_modules/function-bind/.eslintrc HTTP/1.1" 200 1001 "-" "Mozilla/5.0 (compatible; AwarioBot/1.0; +https://awario.com/bots.html)"
65.109.118.212 - - [13/Mar/2026:00:55:43 +0100] "GET /service/agriculture-products/?view=/htdocs/sivaco/node_modules/function-bind/.jscs.json HTTP/1.1" 200 2186 "-" "Mozilla/5.0 (compatible; AwarioBot/1.0; +https://awario.com/bots.html)"
65.109.118.212 - - [13/Mar/2026:00:55:45 +0100] "GET /service/agriculture-products/?view=/htdocs/sivaco/node_modules/function-bind/.npmignore HTTP/1.1" 200 1009 "-" "Mozilla/5.0 (compatible; AwarioBot/1.0; +https://awario.com/bots.html)"
65.109.118.212 - - [13/Mar/2026:00:55:47 +0100] "GET /service/agriculture-products/?view=/htdocs/sivaco/node_modules/function-bind/.travis.yml HTTP/1.1" 200 1615 "-" "Mozilla/5.0 (compatible; AwarioBot/1.0; +https://awario.com/bots.html)"
65.109.118.212 - - [13/Mar/2026:00:55:49 +0100] "GET /service/agriculture-products/?view=/htdocs/sivaco/node_modules/function-bind/LICENSE HTTP/1.1" 200 1487 "-" "Mozilla/5.0 (compatible; AwarioBot/1.0; +https://awario.com/bots.html)"
65.109.118.212 - - [13/Mar/2026:00:55:51 +0100] "GET /service/agriculture-products/?view=/htdocs/sivaco/node_modules/function-bind/README.md HTTP/1.1" 200 1360 "-" "Mozilla/5.0 (compatible; AwarioBot/1.0; +https://awario.com/bots.html)"
65.109.118.212 - - [13/Mar/2026:00:55:53 +0100] "GET /robots.txt HTTP/1.1" 200 119 "-" "Mozilla/5.0 (compatible; AwarioBot/1.0; +https://awario.com/bots.html)"
65.109.118.212 - - [13/Mar/2026:00:55:53 +0100] "GET /service/agriculture-products/?view=/htdocs/sivaco/node_modules/function-bind/implementation.js HTTP/1.1" 200 1430 "-" "Mozilla/5.0 (compatible; AwarioBot/1.0; +https://awario.com/bots.html)"
65.109.118.212 - - [13/Mar/2026:00:55:55 +0100] "GET /service/agriculture-products/?view=/htdocs/sivaco/node_modules/function-bind/index.js HTTP/1.1" 200 939 "-" "Mozilla/5.0 (compatible; AwarioBot/1.0; +https://awario.com/bots.html)"
65.109.118.212 - - [13/Mar/2026:00:55:57 +0100] "GET /service/agriculture-products/?view=/htdocs/sivaco/node_modules/function-bind/package.json HTTP/1.1" 200 1466 "-" "Mozilla/5.0 (compatible; AwarioBot/1.0; +https://awario.com/bots.html)"
57.141.20.18 - - [13/Mar/2026:00:55:58 +0100] "GET /service/dairy-products/?rename=/sftproot/htdocs/atito2/node_modules/@types/bonjour/README.md HTTP/2.0" 200 2298 "-" "meta-externalagent/1.1 (+https://developers.facebook.com/docs/sharing/webmasters/crawler)"
65.109.118.212 - - [13/Mar/2026:00:55:59 +0100] "GET /service/agriculture-products/?view=/htdocs/sivaco/node_modules/function.prototype.name/.editorconfig HTTP/1.1" 200 1013 "-" "Mozilla/5.0 (compatible; AwarioBot/1.0; +https://awario.com/bots.html)"
65.109.118.212 - - [13/Mar/2026:00:56:01 +0100] "GET /service/agriculture-products/?view=/htdocs/sivaco/node_modules/function.prototype.name/.eslintignore HTTP/1.1" 200 877 "-" "Mozilla/5.0 (compatible; AwarioBot/1.0; +https://awario.com/bots.html)"
65.109.118.212 - - [13/Mar/2026:00:56:04 +0100] "GET /service/agriculture-products/?view=/htdocs/sivaco/node_modules/function.prototype.name/.eslintrc HTTP/1.1" 200 969 "-" "Mozilla/5.0 (compatible; AwarioBot/1.0; +https://awario.com/bots.html)"
65.109.118.212 - - [13/Mar/2026:00:56:06 +0100] "GET /service/agriculture-products/?view=/htdocs/sivaco/node_modules/function.prototype.name/.nycrc HTTP/1.1" 200 967 "-" "Mozilla/5.0 (compatible; AwarioBot/1.0; +https://awario.com/bots.html)"
65.109.118.212 - - [13/Mar/2026:00:56:09 +0100] "GET /service/agriculture-products/?view=/htdocs/sivaco/node_modules/function.prototype.name/CHANGELOG.md HTTP/1.1" 200 2086 "-" "Mozilla/5.0 (compatible; AwarioBot/1.0; +https://awario.com/bots.html)"
65.109.118.212 - - [13/Mar/2026:00:56:11 +0100] "GET /service/agriculture-products/?view=/htdocs/sivaco/node_modules/function.prototype.name/LICENSE HTTP/1.1" 200 1513 "-" "Mozilla/5.0 (compatible; AwarioBot/1.0; +https://awario.com/bots.html)"
65.109.118.212 - - [13/Mar/2026:00:56:13 +0100] "GET /service/agriculture-products/?view=/htdocs/sivaco/node_modules/function.prototype.name/README.md HTTP/1.1" 200 1581 "-" "Mozilla/5.0 (compatible; AwarioBot/1.0; +https://awario.com/bots.html)"
193.203.239.64 - - [13/Mar/2026:00:56:15 +0100] "POST /wp-cron.php?doing_wp_cron=1773359775.0865800380706787109375 HTTP/1.1" 200 1 "-" "WordPress/6.9.4; http://ptso.jmkconsulting-ci.com"
65.109.118.212 - - [13/Mar/2026:00:56:15 +0100] "GET /service/agriculture-products/?view=/htdocs/sivaco/node_modules/function.prototype.name/auto.js HTTP/1.1" 200 904 "-" "Mozilla/5.0 (compatible; AwarioBot/1.0; +https://awario.com/bots.html)"
65.109.118.212 - - [13/Mar/2026:00:56:18 +0100] "GET /service/agriculture-products/?view=/htdocs/sivaco/node_modules/function.prototype.name/implementation.js HTTP/1.1" 200 1313 "-" "Mozilla/5.0 (compatible; AwarioBot/1.0; +https://awario.com/bots.html)"
202.76.182.22 - - [13/Mar/2026:00:56:19 +0100] "GET /service/harvest/?view=/usr/base/usr/share/terminfo/v/vk100 HTTP/1.1" 200 1145 "-" "Mozilla/5.0 (X11; U; Linux x86_64; en-US) AppleWebKit/532.1 (KHTML, like Gecko) Chrome/4.0.219.3 Safari/532.1"
65.109.118.212 - - [13/Mar/2026:00:56:20 +0100] "GET /service/agriculture-products/?view=/htdocs/sivaco/node_modules/function.prototype.name/index.js HTTP/1.1" 200 1033 "-" "Mozilla/5.0 (compatible; AwarioBot/1.0; +https://awario.com/bots.html)"
65.109.118.212 - - [13/Mar/2026:00:56:21 +0100] "GET /service/agriculture-products/?view=/htdocs/sivaco/node_modules/function.prototype.name/package.json HTTP/1.1" 200 1711 "-" "Mozilla/5.0 (compatible; AwarioBot/1.0; +https://awario.com/bots.html)"
65.109.118.212 - - [13/Mar/2026:00:56:23 +0100] "GET /service/agriculture-products/?view=/htdocs/sivaco/node_modules/function.prototype.name/polyfill.js HTTP/1.1" 200 953 "-" "Mozilla/5.0 (compatible; AwarioBot/1.0; +https://awario.com/bots.html)"
65.109.118.212 - - [13/Mar/2026:00:56:25 +0100] "GET /service/agriculture-products/?view=/htdocs/sivaco/node_modules/function.prototype.name/shim.js HTTP/1.1" 200 1230 "-" "Mozilla/5.0 (compatible; AwarioBot/1.0; +https://awario.com/bots.html)"
65.109.118.212 - - [13/Mar/2026:00:56:26 +0100] "GET /service/agriculture-products/?view=/htdocs/sivaco/node_modules/functions-have-names/.editorconfig HTTP/1.1" 200 1010 "-" "Mozilla/5.0 (compatible; AwarioBot/1.0; +https://awario.com/bots.html)"
65.109.118.212 - - [13/Mar/2026:00:56:28 +0100] "GET /service/agriculture-products/?view=/htdocs/sivaco/node_modules/functions-have-names/.eslintrc HTTP/1.1" 200 998 "-" "Mozilla/5.0 (compatible; AwarioBot/1.0; +https://awario.com/bots.html)"
65.109.118.212 - - [13/Mar/2026:00:56:30 +0100] "GET /service/agriculture-products/?view=/htdocs/sivaco/node_modules/functions-have-names/.nycrc HTTP/1.1" 200 964 "-" "Mozilla/5.0 (compatible; AwarioBot/1.0; +https://awario.com/bots.html)"
65.109.118.212 - - [13/Mar/2026:00:56:32 +0100] "GET /service/agriculture-products/?view=/htdocs/sivaco/node_modules/functions-have-names/CHANGELOG.md HTTP/1.1" 200 3444 "-" "Mozilla/5.0 (compatible; AwarioBot/1.0; +https://awario.com/bots.html)"
65.109.118.212 - - [13/Mar/2026:00:56:34 +0100] "GET /service/agriculture-products/?view=/htdocs/sivaco/node_modules/functions-have-names/LICENSE HTTP/1.1" 200 1503 "-" "Mozilla/5.0 (compatible; AwarioBot/1.0; +https://awario.com/bots.html)"
65.109.118.212 - - [13/Mar/2026:00:56:35 +0100] "GET /service/agriculture-products/?view=/htdocs/sivaco/node_modules/functions-have-names/README.md HTTP/1.1" 200 1506 "-" "Mozilla/5.0 (compatible; AwarioBot/1.0; +https://awario.com/bots.html)"
65.109.118.212 - - [13/Mar/2026:00:56:37 +0100] "GET /service/agriculture-products/?view=/htdocs/sivaco/node_modules/functions-have-names/index.js HTTP/1.1" 200 1189 "-" "Mozilla/5.0 (compatible; AwarioBot/1.0; +https://awario.com/bots.html)"
65.109.118.212 - - [13/Mar/2026:00:56:39 +0100] "GET /service/agriculture-products/?view=/htdocs/sivaco/node_modules/functions-have-names/package.json HTTP/1.1" 200 1573 "-" "Mozilla/5.0 (compatible; AwarioBot/1.0; +https://awario.com/bots.html)"
65.109.118.212 - - [13/Mar/2026:00:56:41 +0100] "GET /service/agriculture-products/?view=/htdocs/sivaco/node_modules/gensync/LICENSE HTTP/1.1" 200 1495 "-" "Mozilla/5.0 (compatible; AwarioBot/1.0; +https://awario.com/bots.html)"
65.109.118.212 - - [13/Mar/2026:00:56:43 +0100] "GET /service/agriculture-products/?view=/htdocs/sivaco/node_modules/gensync/README.md HTTP/1.1" 200 2578 "-" "Mozilla/5.0 (compatible; AwarioBot/1.0; +https://awario.com/bots.html)"
65.109.118.212 - - [13/Mar/2026:00:56:45 +0100] "GET /service/agriculture-products/?view=/htdocs/sivaco/node_modules/gensync/index.js HTTP/1.1" 200 3778 "-" "Mozilla/5.0 (compatible; AwarioBot/1.0; +https://awario.com/bots.html)"
65.109.118.212 - - [13/Mar/2026:00:56:46 +0100] "GET /service/agriculture-products/?view=/htdocs/sivaco/node_modules/gensync/index.js.flow HTTP/1.1" 200 1173 "-" "Mozilla/5.0 (compatible; AwarioBot/1.0; +https://awario.com/bots.html)"
65.109.118.212 - - [13/Mar/2026:00:56:48 +0100] "GET /service/agriculture-products/?view=/htdocs/sivaco/node_modules/gensync/package.json HTTP/1.1" 200 1291 "-" "Mozilla/5.0 (compatible; AwarioBot/1.0; +https://awario.com/bots.html)"
65.109.118.212 - - [13/Mar/2026:00:56:50 +0100] "GET /service/agriculture-products/?view=/htdocs/sivaco/node_modules/get-caller-file/LICENSE.md HTTP/1.1" 200 1332 "-" "Mozilla/5.0 (compatible; AwarioBot/1.0; +https://awario.com/bots.html)"
65.109.118.212 - - [13/Mar/2026:00:56:51 +0100] "GET /service/agriculture-products/?view=/htdocs/sivaco/node_modules/get-caller-file/README.md HTTP/1.1" 200 1396 "-" "Mozilla/5.0 (compatible; AwarioBot/1.0; +https://awario.com/bots.html)"
65.109.118.212 - - [13/Mar/2026:00:56:53 +0100] "GET /service/agriculture-products/?view=/htdocs/sivaco/node_modules/get-caller-file/index.d.ts HTTP/1.1" 200 910 "-" "Mozilla/5.0 (compatible; AwarioBot/1.0; +https://awario.com/bots.html)"
65.109.118.212 - - [13/Mar/2026:00:56:55 +0100] "GET /service/agriculture-products/?view=/htdocs/sivaco/node_modules/get-caller-file/index.js HTTP/1.1" 200 1341 "-" "Mozilla/5.0 (compatible; AwarioBot/1.0; +https://awario.com/bots.html)"
65.109.118.212 - - [13/Mar/2026:00:56:57 +0100] "GET /service/agriculture-products/?view=/htdocs/sivaco/node_modules/get-caller-file/index.js.map HTTP/1.1" 200 1220 "-" "Mozilla/5.0 (compatible; AwarioBot/1.0; +https://awario.com/bots.html)"
65.109.118.212 - - [13/Mar/2026:00:56:59 +0100] "GET /service/agriculture-products/?view=/htdocs/sivaco/node_modules/get-caller-file/package.json HTTP/1.1" 200 1246 "-" "Mozilla/5.0 (compatible; AwarioBot/1.0; +https://awario.com/bots.html)"
65.109.118.212 - - [13/Mar/2026:00:57:01 +0100] "GET /service/agriculture-products/?view=/htdocs/sivaco/node_modules/get-intrinsic/.eslintrc HTTP/1.1" 200 1155 "-" "Mozilla/5.0 (compatible; AwarioBot/1.0; +https://awario.com/bots.html)"
65.109.118.212 - - [13/Mar/2026:00:57:03 +0100] "GET /service/agriculture-products/?view=/htdocs/sivaco/node_modules/get-intrinsic/.nycrc HTTP/1.1" 200 961 "-" "Mozilla/5.0 (compatible; AwarioBot/1.0; +https://awario.com/bots.html)"
57.141.20.54 - - [13/Mar/2026:00:57:04 +0100] "GET /service/dairy-products/?view=/htdocs/jmknew.jmkconsulting-ci.com/gdata/.git/objects/7a/65dfb957bc155325a6ce05d1e72796d180ba01 HTTP/2.0" 200 2367 "-" "meta-externalagent/1.1 (+https://developers.facebook.com/docs/sharing/webmasters/crawler)"
65.109.118.212 - - [13/Mar/2026:00:57:05 +0100] "GET /service/agriculture-products/?view=/htdocs/sivaco/node_modules/get-intrinsic/CHANGELOG.md HTTP/1.1" 200 3592 "-" "Mozilla/5.0 (compatible; AwarioBot/1.0; +https://awario.com/bots.html)"
65.109.118.212 - - [13/Mar/2026:00:57:07 +0100] "GET /service/agriculture-products/?view=/htdocs/sivaco/node_modules/get-intrinsic/LICENSE HTTP/1.1" 200 1503 "-" "Mozilla/5.0 (compatible; AwarioBot/1.0; +https://awario.com/bots.html)"
65.109.118.212 - - [13/Mar/2026:00:57:09 +0100] "GET /service/agriculture-products/?view=/htdocs/sivaco/node_modules/get-intrinsic/README.md HTTP/1.1" 200 1860 "-" "Mozilla/5.0 (compatible; AwarioBot/1.0; +https://awario.com/bots.html)"
65.109.118.212 - - [13/Mar/2026:00:57:11 +0100] "GET /service/agriculture-products/?view=/htdocs/sivaco/node_modules/get-intrinsic/index.js HTTP/1.1" 200 4423 "-" "Mozilla/5.0 (compatible; AwarioBot/1.0; +https://awario.com/bots.html)"
65.109.118.212 - - [13/Mar/2026:00:57:13 +0100] "GET /service/agriculture-products/?view=/htdocs/sivaco/node_modules/get-intrinsic/package.json HTTP/1.1" 200 1875 "-" "Mozilla/5.0 (compatible; AwarioBot/1.0; +https://awario.com/bots.html)"
193.203.239.64 - - [13/Mar/2026:00:57:14 +0100] "POST /wp-cron.php?doing_wp_cron=1773359834.6613600254058837890625 HTTP/1.1" 200 1 "-" "WordPress/6.9.4; http://ptso.jmkconsulting-ci.com"
65.109.118.212 - - [13/Mar/2026:00:57:14 +0100] "GET /service/agriculture-products/?view=/htdocs/sivaco/node_modules/get-stream/buffer-stream.js HTTP/1.1" 200 1240 "-" "Mozilla/5.0 (compatible; AwarioBot/1.0; +https://awario.com/bots.html)"
65.109.118.212 - - [13/Mar/2026:00:57:16 +0100] "GET /service/agriculture-products/?view=/htdocs/sivaco/node_modules/get-stream/index.js HTTP/1.1" 200 1358 "-" "Mozilla/5.0 (compatible; AwarioBot/1.0; +https://awario.com/bots.html)"
65.109.118.212 - - [13/Mar/2026:00:57:17 +0100] "GET /service/agriculture-products/?view=/htdocs/sivaco/node_modules/get-stream/license HTTP/1.1" 200 1508 "-" "Mozilla/5.0 (compatible; AwarioBot/1.0; +https://awario.com/bots.html)"
65.109.118.212 - - [13/Mar/2026:00:57:19 +0100] "GET /service/agriculture-products/?view=/htdocs/sivaco/node_modules/get-stream/package.json HTTP/1.1" 200 1209 "-" "Mozilla/5.0 (compatible; AwarioBot/1.0; +https://awario.com/bots.html)"
65.109.118.212 - - [13/Mar/2026:00:57:21 +0100] "GET /service/agriculture-products/?view=/htdocs/sivaco/node_modules/get-stream/readme.md HTTP/1.1" 200 2487 "-" "Mozilla/5.0 (compatible; AwarioBot/1.0; +https://awario.com/bots.html)"
65.109.118.212 - - [13/Mar/2026:00:57:22 +0100] "GET /service/agriculture-products/?view=/htdocs/sivaco/node_modules/get-symbol-description/.eslintignore HTTP/1.1" 200 876 "-" "Mozilla/5.0 (compatible; AwarioBot/1.0; +https://awario.com/bots.html)"
65.109.118.212 - - [13/Mar/2026:00:57:25 +0100] "GET /service/agriculture-products/?view=/htdocs/sivaco/node_modules/get-symbol-description/.eslintrc HTTP/1.1" 200 983 "-" "Mozilla/5.0 (compatible; AwarioBot/1.0; +https://awario.com/bots.html)"
65.109.118.212 - - [13/Mar/2026:00:57:26 +0100] "GET /service/agriculture-products/?view=/htdocs/sivaco/node_modules/get-symbol-description/.nycrc HTTP/1.1" 200 967 "-" "Mozilla/5.0 (compatible; AwarioBot/1.0; +https://awario.com/bots.html)"
65.109.118.212 - - [13/Mar/2026:00:57:28 +0100] "GET /service/agriculture-products/?view=/htdocs/sivaco/node_modules/get-symbol-description/CHANGELOG.md HTTP/1.1" 200 1336 "-" "Mozilla/5.0 (compatible; AwarioBot/1.0; +https://awario.com/bots.html)"
65.109.118.212 - - [13/Mar/2026:00:57:30 +0100] "GET /service/agriculture-products/?view=/htdocs/sivaco/node_modules/get-symbol-description/LICENSE HTTP/1.1" 200 1506 "-" "Mozilla/5.0 (compatible; AwarioBot/1.0; +https://awario.com/bots.html)"
65.109.118.212 - - [13/Mar/2026:00:57:32 +0100] "GET /service/agriculture-products/?view=/htdocs/sivaco/node_modules/get-symbol-description/README.md HTTP/1.1" 200 1573 "-" "Mozilla/5.0 (compatible; AwarioBot/1.0; +https://awario.com/bots.html)"
65.109.118.212 - - [13/Mar/2026:00:57:33 +0100] "GET /service/agriculture-products/?view=/htdocs/sivaco/node_modules/get-symbol-description/getInferredName.js HTTP/1.1" 200 1035 "-" "Mozilla/5.0 (compatible; AwarioBot/1.0; +https://awario.com/bots.html)"
65.109.118.212 - - [13/Mar/2026:00:57:35 +0100] "GET /service/agriculture-products/?view=/htdocs/sivaco/node_modules/get-symbol-description/index.js HTTP/1.1" 200 1359 "-" "Mozilla/5.0 (compatible; AwarioBot/1.0; +https://awario.com/bots.html)"
65.109.118.212 - - [13/Mar/2026:00:57:37 +0100] "GET /service/agriculture-products/?view=/htdocs/sivaco/node_modules/get-symbol-description/package.json HTTP/1.1" 200 1752 "-" "Mozilla/5.0 (compatible; AwarioBot/1.0; +https://awario.com/bots.html)"
65.109.118.212 - - [13/Mar/2026:00:57:39 +0100] "GET /service/agriculture-products/?view=/htdocs/sivaco/node_modules/get-value/LICENSE HTTP/1.1" 200 1511 "-" "Mozilla/5.0 (compatible; AwarioBot/1.0; +https://awario.com/bots.html)"
65.109.118.212 - - [13/Mar/2026:00:57:41 +0100] "GET /service/agriculture-products/?view=/htdocs/sivaco/node_modules/get-value/index.js HTTP/1.1" 200 1385 "-" "Mozilla/5.0 (compatible; AwarioBot/1.0; +https://awario.com/bots.html)"
65.109.118.212 - - [13/Mar/2026:00:57:42 +0100] "GET /service/agriculture-products/?view=/htdocs/sivaco/node_modules/get-value/package.json HTTP/1.1" 200 1489 "-" "Mozilla/5.0 (compatible; AwarioBot/1.0; +https://awario.com/bots.html)"
65.109.118.212 - - [13/Mar/2026:00:57:44 +0100] "GET /service/agriculture-products/?view=/htdocs/sivaco/node_modules/glob-parent/LICENSE HTTP/1.1" 200 1339 "-" "Mozilla/5.0 (compatible; AwarioBot/1.0; +https://awario.com/bots.html)"
65.109.118.212 - - [13/Mar/2026:00:57:46 +0100] "GET /service/agriculture-products/?view=/htdocs/sivaco/node_modules/glob-parent/README.md HTTP/1.1" 200 2273 "-" "Mozilla/5.0 (compatible; AwarioBot/1.0; +https://awario.com/bots.html)"
65.109.118.212 - - [13/Mar/2026:00:57:48 +0100] "GET /service/agriculture-products/?view=/htdocs/sivaco/node_modules/glob-parent/index.js HTTP/1.1" 200 1290 "-" "Mozilla/5.0 (compatible; AwarioBot/1.0; +https://awario.com/bots.html)"
65.109.118.212 - - [13/Mar/2026:00:57:50 +0100] "GET /service/agriculture-products/?view=/htdocs/sivaco/node_modules/glob-parent/package.json HTTP/1.1" 200 1275 "-" "Mozilla/5.0 (compatible; AwarioBot/1.0; +https://awario.com/bots.html)"
65.109.118.212 - - [13/Mar/2026:00:57:52 +0100] "GET /service/agriculture-products/?view=/htdocs/sivaco/node_modules/glob-to-regexp/.travis.yml HTTP/1.1" 200 898 "-" "Mozilla/5.0 (compatible; AwarioBot/1.0; +https://awario.com/bots.html)"
65.109.118.212 - - [13/Mar/2026:00:57:54 +0100] "GET /robots.txt HTTP/1.1" 200 119 "-" "Mozilla/5.0 (compatible; AwarioBot/1.0; +https://awario.com/bots.html)"
65.109.118.212 - - [13/Mar/2026:00:57:54 +0100] "GET /service/agriculture-products/?view=/htdocs/sivaco/node_modules/glob-to-regexp/README.md HTTP/1.1" 200 2390 "-" "Mozilla/5.0 (compatible; AwarioBot/1.0; +https://awario.com/bots.html)"
65.109.118.212 - - [13/Mar/2026:00:57:56 +0100] "GET /service/agriculture-products/?view=/htdocs/sivaco/node_modules/glob-to-regexp/index.js HTTP/1.1" 200 2171 "-" "Mozilla/5.0 (compatible; AwarioBot/1.0; +https://awario.com/bots.html)"
65.109.118.212 - - [13/Mar/2026:00:57:58 +0100] "GET /service/agriculture-products/?view=/htdocs/sivaco/node_modules/glob-to-regexp/package.json HTTP/1.1" 200 1105 "-" "Mozilla/5.0 (compatible; AwarioBot/1.0; +https://awario.com/bots.html)"
65.109.118.212 - - [13/Mar/2026:00:58:00 +0100] "GET /service/agriculture-products/?view=/htdocs/sivaco/node_modules/glob-to-regexp/test.js HTTP/1.1" 200 2170 "-" "Mozilla/5.0 (compatible; AwarioBot/1.0; +https://awario.com/bots.html)"
65.109.118.212 - - [13/Mar/2026:00:58:02 +0100] "GET /service/agriculture-products/?view=/htdocs/sivaco/node_modules/glob/LICENSE HTTP/1.1" 200 1469 "-" "Mozilla/5.0 (compatible; AwarioBot/1.0; +https://awario.com/bots.html)"
65.109.118.212 - - [13/Mar/2026:00:58:04 +0100] "GET /service/agriculture-products/?view=/htdocs/sivaco/node_modules/glob/README.md HTTP/1.1" 200 6843 "-" "Mozilla/5.0 (compatible; AwarioBot/1.0; +https://awario.com/bots.html)"
65.109.118.212 - - [13/Mar/2026:00:58:06 +0100] "GET /service/agriculture-products/?view=/htdocs/sivaco/node_modules/glob/common.js HTTP/1.1" 200 2925 "-" "Mozilla/5.0 (compatible; AwarioBot/1.0; +https://awario.com/bots.html)"
57.141.20.52 - - [13/Mar/2026:00:58:06 +0100] "GET /service/agriculture-products/?rename=/sftproot/htdocs/sivaco/node_modules/watchpack/package.json HTTP/2.0" 200 2297 "-" "meta-externalagent/1.1 (+https://developers.facebook.com/docs/sharing/webmasters/crawler)"
65.109.118.212 - - [13/Mar/2026:00:58:08 +0100] "GET /service/agriculture-products/?view=/htdocs/sivaco/node_modules/glob/glob.js HTTP/1.1" 200 6656 "-" "Mozilla/5.0 (compatible; AwarioBot/1.0; +https://awario.com/bots.html)"
65.109.118.212 - - [13/Mar/2026:00:58:10 +0100] "GET /service/agriculture-products/?view=/htdocs/sivaco/node_modules/glob/package.json HTTP/1.1" 200 1450 "-" "Mozilla/5.0 (compatible; AwarioBot/1.0; +https://awario.com/bots.html)"
65.109.118.212 - - [13/Mar/2026:00:58:12 +0100] "GET /service/agriculture-products/?view=/htdocs/sivaco/node_modules/glob/sync.js HTTP/1.1" 200 4629 "-" "Mozilla/5.0 (compatible; AwarioBot/1.0; +https://awario.com/bots.html)"
193.203.239.64 - - [13/Mar/2026:00:58:15 +0100] "POST /wp-cron.php?doing_wp_cron=1773359895.0126719474792480468750 HTTP/1.1" 200 1 "-" "WordPress/6.9.4; http://ptso.jmkconsulting-ci.com"
65.109.118.212 - - [13/Mar/2026:00:58:15 +0100] "GET /service/agriculture-products/?view=/htdocs/sivaco/node_modules/global-modules/LICENSE HTTP/1.1" 200 1514 "-" "Mozilla/5.0 (compatible; AwarioBot/1.0; +https://awario.com/bots.html)"
65.109.118.212 - - [13/Mar/2026:00:58:17 +0100] "GET /service/agriculture-products/?view=/htdocs/sivaco/node_modules/global-modules/README.md HTTP/1.1" 200 2124 "-" "Mozilla/5.0 (compatible; AwarioBot/1.0; +https://awario.com/bots.html)"
65.109.118.212 - - [13/Mar/2026:00:58:18 +0100] "GET /service/agriculture-products/?view=/htdocs/sivaco/node_modules/global-modules/index.js HTTP/1.1" 200 1175 "-" "Mozilla/5.0 (compatible; AwarioBot/1.0; +https://awario.com/bots.html)"
65.109.118.212 - - [13/Mar/2026:00:58:20 +0100] "GET /service/agriculture-products/?view=/htdocs/sivaco/node_modules/global-modules/package.json HTTP/1.1" 200 1395 "-" "Mozilla/5.0 (compatible; AwarioBot/1.0; +https://awario.com/bots.html)"
65.109.118.212 - - [13/Mar/2026:00:58:21 +0100] "GET /service/agriculture-products/?view=/htdocs/sivaco/node_modules/global-prefix/LICENSE HTTP/1.1" 200 1516 "-" "Mozilla/5.0 (compatible; AwarioBot/1.0; +https://awario.com/bots.html)"
65.109.118.212 - - [13/Mar/2026:00:58:23 +0100] "GET /service/agriculture-products/?view=/htdocs/sivaco/node_modules/global-prefix/README.md HTTP/1.1" 200 2251 "-" "Mozilla/5.0 (compatible; AwarioBot/1.0; +https://awario.com/bots.html)"
65.109.118.212 - - [13/Mar/2026:00:58:25 +0100] "GET /service/agriculture-products/?view=/htdocs/sivaco/node_modules/global-prefix/index.js HTTP/1.1" 200 1690 "-" "Mozilla/5.0 (compatible; AwarioBot/1.0; +https://awario.com/bots.html)"
65.109.118.212 - - [13/Mar/2026:00:58:27 +0100] "GET /service/agriculture-products/?view=/htdocs/sivaco/node_modules/global-prefix/package.json HTTP/1.1" 200 1396 "-" "Mozilla/5.0 (compatible; AwarioBot/1.0; +https://awario.com/bots.html)"
65.109.118.212 - - [13/Mar/2026:00:58:28 +0100] "GET /service/agriculture-products/?view=/htdocs/sivaco/node_modules/globals/globals.json HTTP/1.1" 200 7847 "-" "Mozilla/5.0 (compatible; AwarioBot/1.0; +https://awario.com/bots.html)"
65.109.118.212 - - [13/Mar/2026:00:58:30 +0100] "GET /service/agriculture-products/?view=/htdocs/sivaco/node_modules/globals/index.js HTTP/1.1" 200 904 "-" "Mozilla/5.0 (compatible; AwarioBot/1.0; +https://awario.com/bots.html)"
65.109.118.212 - - [13/Mar/2026:00:58:32 +0100] "GET /service/agriculture-products/?view=/htdocs/sivaco/node_modules/globals/license HTTP/1.1" 200 1505 "-" "Mozilla/5.0 (compatible; AwarioBot/1.0; +https://awario.com/bots.html)"
57.141.20.56 - - [13/Mar/2026:00:58:33 +0100] "GET /service/dairy-products/?view=/sftproot/htdocs/atito2/node_modules/mini-css-extract-plugin/package.json HTTP/2.0" 200 6280 "-" "meta-externalagent/1.1 (+https://developers.facebook.com/docs/sharing/webmasters/crawler)"
65.109.118.212 - - [13/Mar/2026:00:58:33 +0100] "GET /service/agriculture-products/?view=/htdocs/sivaco/node_modules/globals/package.json HTTP/1.1" 200 1192 "-" "Mozilla/5.0 (compatible; AwarioBot/1.0; +https://awario.com/bots.html)"
65.109.118.212 - - [13/Mar/2026:00:58:35 +0100] "GET /service/agriculture-products/?view=/htdocs/sivaco/node_modules/globals/readme.md HTTP/1.1" 200 1605 "-" "Mozilla/5.0 (compatible; AwarioBot/1.0; +https://awario.com/bots.html)"
65.109.118.212 - - [13/Mar/2026:00:58:36 +0100] "GET /service/agriculture-products/?view=/htdocs/sivaco/node_modules/globalthis/.eslintrc HTTP/1.1" 200 987 "-" "Mozilla/5.0 (compatible; AwarioBot/1.0; +https://awario.com/bots.html)"
65.109.118.212 - - [13/Mar/2026:00:58:38 +0100] "GET /service/agriculture-products/?view=/htdocs/sivaco/node_modules/globalthis/.nycrc HTTP/1.1" 200 962 "-" "Mozilla/5.0 (compatible; AwarioBot/1.0; +https://awario.com/bots.html)"
65.109.118.212 - - [13/Mar/2026:00:58:40 +0100] "GET /service/agriculture-products/?view=/htdocs/sivaco/node_modules/globalthis/CHANGELOG.md HTTP/1.1" 200 4446 "-" "Mozilla/5.0 (compatible; AwarioBot/1.0; +https://awario.com/bots.html)"
65.109.118.212 - - [13/Mar/2026:00:58:42 +0100] "GET /service/agriculture-products/?view=/htdocs/sivaco/node_modules/globalthis/LICENSE HTTP/1.1" 200 1508 "-" "Mozilla/5.0 (compatible; AwarioBot/1.0; +https://awario.com/bots.html)"
65.109.118.212 - - [13/Mar/2026:00:58:43 +0100] "GET /service/agriculture-products/?view=/htdocs/sivaco/node_modules/globalthis/README.md HTTP/1.1" 200 1827 "-" "Mozilla/5.0 (compatible; AwarioBot/1.0; +https://awario.com/bots.html)"
65.109.118.212 - - [13/Mar/2026:00:58:45 +0100] "GET /service/agriculture-products/?view=/htdocs/sivaco/node_modules/globalthis/auto.js HTTP/1.1" 200 895 "-" "Mozilla/5.0 (compatible; AwarioBot/1.0; +https://awario.com/bots.html)"
65.109.118.212 - - [13/Mar/2026:00:58:47 +0100] "GET /service/agriculture-products/?view=/htdocs/sivaco/node_modules/globalthis/implementation.browser.js HTTP/1.1" 200 1002 "-" "Mozilla/5.0 (compatible; AwarioBot/1.0; +https://awario.com/bots.html)"
65.109.118.212 - - [13/Mar/2026:00:58:48 +0100] "GET /service/agriculture-products/?view=/htdocs/sivaco/node_modules/globalthis/implementation.js HTTP/1.1" 200 896 "-" "Mozilla/5.0 (compatible; AwarioBot/1.0; +https://awario.com/bots.html)"
65.109.118.212 - - [13/Mar/2026:00:58:50 +0100] "GET /service/agriculture-products/?view=/htdocs/sivaco/node_modules/globalthis/index.js HTTP/1.1" 200 1036 "-" "Mozilla/5.0 (compatible; AwarioBot/1.0; +https://awario.com/bots.html)"
65.109.118.212 - - [13/Mar/2026:00:58:52 +0100] "GET /service/agriculture-products/?view=/htdocs/sivaco/node_modules/globalthis/package.json HTTP/1.1" 200 1945 "-" "Mozilla/5.0 (compatible; AwarioBot/1.0; +https://awario.com/bots.html)"
65.109.118.212 - - [13/Mar/2026:00:58:54 +0100] "GET /service/agriculture-products/?view=/htdocs/sivaco/node_modules/globalthis/polyfill.js HTTP/1.1" 200 1004 "-" "Mozilla/5.0 (compatible; AwarioBot/1.0; +https://awario.com/bots.html)"
65.109.118.212 - - [13/Mar/2026:00:58:55 +0100] "GET /service/agriculture-products/?view=/htdocs/sivaco/node_modules/globalthis/shim.js HTTP/1.1" 200 1187 "-" "Mozilla/5.0 (compatible; AwarioBot/1.0; +https://awario.com/bots.html)"
57.141.20.29 - - [13/Mar/2026:00:58:56 +0100] "GET /service/fresh-vegetables/?dir=/sftproot/htdocs/jmknew.jmkconsulting-ci.com/gdata/vendor/tgalopin/html-sanitizer HTTP/2.0" 200 14503 "-" "meta-externalagent/1.1 (+https://developers.facebook.com/docs/sharing/webmasters/crawler)"
65.109.118.212 - - [13/Mar/2026:00:58:57 +0100] "GET /service/agriculture-products/?view=/htdocs/sivaco/node_modules/globby/gitignore.js HTTP/1.1" 200 1664 "-" "Mozilla/5.0 (compatible; AwarioBot/1.0; +https://awario.com/bots.html)"
65.109.118.212 - - [13/Mar/2026:00:58:59 +0100] "GET /service/agriculture-products/?view=/htdocs/sivaco/node_modules/globby/index.js HTTP/1.1" 200 1860 "-" "Mozilla/5.0 (compatible; AwarioBot/1.0; +https://awario.com/bots.html)"
65.109.118.212 - - [13/Mar/2026:00:59:02 +0100] "GET /service/agriculture-products/?view=/htdocs/sivaco/node_modules/globby/license HTTP/1.1" 200 1505 "-" "Mozilla/5.0 (compatible; AwarioBot/1.0; +https://awario.com/bots.html)"
65.109.118.212 - - [13/Mar/2026:00:59:09 +0100] "GET /service/agriculture-products/?view=/htdocs/sivaco/node_modules/globby/package.json HTTP/1.1" 200 1450 "-" "Mozilla/5.0 (compatible; AwarioBot/1.0; +https://awario.com/bots.html)"
65.109.118.212 - - [13/Mar/2026:00:59:11 +0100] "GET /service/agriculture-products/?view=/htdocs/sivaco/node_modules/globby/readme.md HTTP/1.1" 200 2673 "-" "Mozilla/5.0 (compatible; AwarioBot/1.0; +https://awario.com/bots.html)"
65.109.118.212 - - [13/Mar/2026:00:59:13 +0100] "GET /service/agriculture-products/?view=/htdocs/sivaco/node_modules/gopd/.eslintrc HTTP/1.1" 200 1008 "-" "Mozilla/5.0 (compatible; AwarioBot/1.0; +https://awario.com/bots.html)"
193.203.239.64 - - [13/Mar/2026:00:59:15 +0100] "POST /wp-cron.php?doing_wp_cron=1773359955.2060561180114746093750 HTTP/1.1" 200 1 "-" "WordPress/6.9.4; http://ptso.jmkconsulting-ci.com"
65.109.118.212 - - [13/Mar/2026:00:59:15 +0100] "GET /service/agriculture-products/?view=/htdocs/sivaco/node_modules/gopd/CHANGELOG.md HTTP/1.1" 200 1596 "-" "Mozilla/5.0 (compatible; AwarioBot/1.0; +https://awario.com/bots.html)"
65.109.118.212 - - [13/Mar/2026:00:59:16 +0100] "GET /service/agriculture-products/?view=/htdocs/sivaco/node_modules/gopd/LICENSE HTTP/1.1" 200 1496 "-" "Mozilla/5.0 (compatible; AwarioBot/1.0; +https://awario.com/bots.html)"
57.141.20.46 - - [13/Mar/2026:00:59:18 +0100] "GET /service/dairy-products/?rename=/htdocs/jmknew.jmkconsulting-ci.com/gdata/.git/objects/0d/b70b56275c4f0d215e000020a5ba43c20ca874 HTTP/2.0" 200 2397 "-" "meta-externalagent/1.1 (+https://developers.facebook.com/docs/sharing/webmasters/crawler)"
65.109.118.212 - - [13/Mar/2026:00:59:48 +0100] "GET /service/agriculture-products/?view=/htdocs/sivaco/node_modules/gopd/README.md HTTP/1.1" 200 1481 "-" "Mozilla/5.0 (compatible; AwarioBot/1.0; +https://awario.com/bots.html)"
65.109.118.212 - - [13/Mar/2026:00:59:49 +0100] "GET /service/agriculture-products/?view=/htdocs/sivaco/node_modules/gopd/index.js HTTP/1.1" 200 1031 "-" "Mozilla/5.0 (compatible; AwarioBot/1.0; +https://awario.com/bots.html)"
65.109.118.212 - - [13/Mar/2026:00:59:51 +0100] "GET /service/agriculture-products/?view=/htdocs/sivaco/node_modules/gopd/package.json HTTP/1.1" 200 1731 "-" "Mozilla/5.0 (compatible; AwarioBot/1.0; +https://awario.com/bots.html)"
65.109.118.212 - - [13/Mar/2026:00:59:53 +0100] "GET /service/agriculture-products/?view=/htdocs/sivaco/node_modules/graceful-fs/LICENSE HTTP/1.1" 200 1370 "-" "Mozilla/5.0 (compatible; AwarioBot/1.0; +https://awario.com/bots.html)"
65.109.118.212 - - [13/Mar/2026:00:59:54 +0100] "GET /robots.txt HTTP/1.1" 200 119 "-" "Mozilla/5.0 (compatible; AwarioBot/1.0; +https://awario.com/bots.html)"
65.109.118.212 - - [13/Mar/2026:00:59:55 +0100] "GET /service/agriculture-products/?view=/htdocs/sivaco/node_modules/graceful-fs/README.md HTTP/1.1" 200 3128 "-" "Mozilla/5.0 (compatible; AwarioBot/1.0; +https://awario.com/bots.html)"
65.109.118.212 - - [13/Mar/2026:00:59:57 +0100] "GET /service/agriculture-products/?view=/htdocs/sivaco/node_modules/graceful-fs/clone.js HTTP/1.1" 200 1100 "-" "Mozilla/5.0 (compatible; AwarioBot/1.0; +https://awario.com/bots.html)"
65.109.118.212 - - [13/Mar/2026:00:59:58 +0100] "GET /service/agriculture-products/?view=/htdocs/sivaco/node_modules/graceful-fs/graceful-fs.js HTTP/1.1" 200 4084 "-" "Mozilla/5.0 (compatible; AwarioBot/1.0; +https://awario.com/bots.html)"
65.109.118.212 - - [13/Mar/2026:01:00:00 +0100] "GET /service/agriculture-products/?view=/htdocs/sivaco/node_modules/graceful-fs/legacy-streams.js HTTP/1.1" 200 1632 "-" "Mozilla/5.0 (compatible; AwarioBot/1.0; +https://awario.com/bots.html)"
65.109.118.212 - - [13/Mar/2026:01:00:02 +0100] "GET /service/agriculture-products/?view=/htdocs/sivaco/node_modules/graceful-fs/package.json HTTP/1.1" 200 1323 "-" "Mozilla/5.0 (compatible; AwarioBot/1.0; +https://awario.com/bots.html)"
65.109.118.212 - - [13/Mar/2026:01:00:05 +0100] "GET /service/agriculture-products/?view=/htdocs/sivaco/node_modules/graceful-fs/polyfills.js HTTP/1.1" 200 3726 "-" "Mozilla/5.0 (compatible; AwarioBot/1.0; +https://awario.com/bots.html)"
65.109.118.212 - - [13/Mar/2026:01:00:06 +0100] "GET /service/agriculture-products/?view=/htdocs/sivaco/node_modules/growly/HISTORY.md HTTP/1.1" 200 955 "-" "Mozilla/5.0 (compatible; AwarioBot/1.0; +https://awario.com/bots.html)"
65.109.118.212 - - [13/Mar/2026:01:00:08 +0100] "GET /service/agriculture-products/?view=/htdocs/sivaco/node_modules/growly/README.md HTTP/1.1" 200 2939 "-" "Mozilla/5.0 (compatible; AwarioBot/1.0; +https://awario.com/bots.html)"
65.109.118.212 - - [13/Mar/2026:01:00:09 +0100] "GET /service/agriculture-products/?view=/htdocs/sivaco/node_modules/growly/package.json HTTP/1.1" 200 1137 "-" "Mozilla/5.0 (compatible; AwarioBot/1.0; +https://awario.com/bots.html)"
65.109.118.212 - - [13/Mar/2026:01:00:11 +0100] "GET /service/agriculture-products/?view=/htdocs/sivaco/node_modules/handle-thing/.travis.yml HTTP/1.1" 200 942 "-" "Mozilla/5.0 (compatible; AwarioBot/1.0; +https://awario.com/bots.html)"
193.203.239.64 - - [13/Mar/2026:01:00:18 +0100] "POST /wp-cron.php?doing_wp_cron=1773360018.2512478828430175781250 HTTP/1.1" 200 1 "-" "WordPress/6.9.4; http://ptso.jmkconsulting-ci.com"
65.109.118.212 - - [13/Mar/2026:01:00:18 +0100] "GET /service/agriculture-products/?view=/htdocs/sivaco/node_modules/handle-thing/README.md HTTP/1.1" 200 1840 "-" "Mozilla/5.0 (compatible; AwarioBot/1.0; +https://awario.com/bots.html)"
65.109.118.212 - - [13/Mar/2026:01:00:20 +0100] "GET /service/agriculture-products/?view=/htdocs/sivaco/node_modules/handle-thing/package.json HTTP/1.1" 200 1290 "-" "Mozilla/5.0 (compatible; AwarioBot/1.0; +https://awario.com/bots.html)"
65.109.118.212 - - [13/Mar/2026:01:00:21 +0100] "GET /service/agriculture-products/?view=/htdocs/sivaco/node_modules/has-ansi/index.js HTTP/1.1" 200 963 "-" "Mozilla/5.0 (compatible; AwarioBot/1.0; +https://awario.com/bots.html)"
65.109.118.212 - - [13/Mar/2026:01:00:24 +0100] "GET /service/agriculture-products/?view=/htdocs/sivaco/node_modules/has-ansi/license HTTP/1.1" 200 1522 "-" "Mozilla/5.0 (compatible; AwarioBot/1.0; +https://awario.com/bots.html)"
65.109.118.212 - - [13/Mar/2026:01:00:25 +0100] "GET /service/agriculture-products/?view=/htdocs/sivaco/node_modules/has-ansi/package.json HTTP/1.1" 200 1281 "-" "Mozilla/5.0 (compatible; AwarioBot/1.0; +https://awario.com/bots.html)"
65.109.118.212 - - [13/Mar/2026:01:00:27 +0100] "GET /service/agriculture-products/?view=/htdocs/sivaco/node_modules/has-ansi/readme.md HTTP/1.1" 200 1241 "-" "Mozilla/5.0 (compatible; AwarioBot/1.0; +https://awario.com/bots.html)"
65.109.118.212 - - [13/Mar/2026:01:00:29 +0100] "GET /service/agriculture-products/?view=/htdocs/sivaco/node_modules/has-bigints/.eslintrc HTTP/1.1" 200 902 "-" "Mozilla/5.0 (compatible; AwarioBot/1.0; +https://awario.com/bots.html)"
65.109.118.212 - - [13/Mar/2026:01:00:31 +0100] "GET /service/agriculture-products/?view=/htdocs/sivaco/node_modules/has-bigints/.nycrc HTTP/1.1" 200 961 "-" "Mozilla/5.0 (compatible; AwarioBot/1.0; +https://awario.com/bots.html)"
65.109.118.212 - - [13/Mar/2026:01:00:32 +0100] "GET /service/agriculture-products/?view=/htdocs/sivaco/node_modules/has-bigints/CHANGELOG.md HTTP/1.1" 200 3049 "-" "Mozilla/5.0 (compatible; AwarioBot/1.0; +https://awario.com/bots.html)"
65.109.118.212 - - [13/Mar/2026:01:00:35 +0100] "GET /service/agriculture-products/?view=/htdocs/sivaco/node_modules/has-bigints/LICENSE HTTP/1.1" 200 1501 "-" "Mozilla/5.0 (compatible; AwarioBot/1.0; +https://awario.com/bots.html)"
65.109.118.212 - - [13/Mar/2026:01:00:37 +0100] "GET /service/agriculture-products/?view=/htdocs/sivaco/node_modules/has-bigints/README.md HTTP/1.1" 200 1489 "-" "Mozilla/5.0 (compatible; AwarioBot/1.0; +https://awario.com/bots.html)"
65.109.118.212 - - [13/Mar/2026:01:00:39 +0100] "GET /service/agriculture-products/?view=/htdocs/sivaco/node_modules/has-bigints/index.js HTTP/1.1" 200 1022 "-" "Mozilla/5.0 (compatible; AwarioBot/1.0; +https://awario.com/bots.html)"
65.109.118.212 - - [13/Mar/2026:01:00:41 +0100] "GET /service/agriculture-products/?view=/htdocs/sivaco/node_modules/has-bigints/package.json HTTP/1.1" 200 1566 "-" "Mozilla/5.0 (compatible; AwarioBot/1.0; +https://awario.com/bots.html)"
65.109.118.212 - - [13/Mar/2026:01:00:43 +0100] "GET /service/agriculture-products/?view=/htdocs/sivaco/node_modules/has-flag/index.js HTTP/1.1" 200 1045 "-" "Mozilla/5.0 (compatible; AwarioBot/1.0; +https://awario.com/bots.html)"
65.109.118.212 - - [13/Mar/2026:01:00:45 +0100] "GET /service/agriculture-products/?view=/htdocs/sivaco/node_modules/has-flag/license HTTP/1.1" 200 1507 "-" "Mozilla/5.0 (compatible; AwarioBot/1.0; +https://awario.com/bots.html)"
65.109.118.212 - - [13/Mar/2026:01:00:48 +0100] "GET /service/agriculture-products/?view=/htdocs/sivaco/node_modules/has-flag/package.json HTTP/1.1" 200 1189 "-" "Mozilla/5.0 (compatible; AwarioBot/1.0; +https://awario.com/bots.html)"
65.109.118.212 - - [13/Mar/2026:01:00:50 +0100] "GET /service/agriculture-products/?view=/htdocs/sivaco/node_modules/has-flag/readme.md HTTP/1.1" 200 1330 "-" "Mozilla/5.0 (compatible; AwarioBot/1.0; +https://awario.com/bots.html)"
65.109.118.212 - - [13/Mar/2026:01:00:52 +0100] "GET /service/agriculture-products/?view=/htdocs/sivaco/node_modules/has-property-descriptors/.eslintrc HTTP/1.1" 200 996 "-" "Mozilla/5.0 (compatible; AwarioBot/1.0; +https://awario.com/bots.html)"
65.109.118.212 - - [13/Mar/2026:01:00:55 +0100] "GET /service/agriculture-products/?view=/htdocs/sivaco/node_modules/has-property-descriptors/.nycrc HTTP/1.1" 200 968 "-" "Mozilla/5.0 (compatible; AwarioBot/1.0; +https://awario.com/bots.html)"
65.109.118.212 - - [13/Mar/2026:01:00:58 +0100] "GET /service/agriculture-products/?view=/htdocs/sivaco/node_modules/has-property-descriptors/CHANGELOG.md HTTP/1.1" 200 1315 "-" "Mozilla/5.0 (compatible; AwarioBot/1.0; +https://awario.com/bots.html)"
65.109.118.212 - - [13/Mar/2026:01:01:01 +0100] "GET /service/agriculture-products/?view=/htdocs/sivaco/node_modules/has-property-descriptors/LICENSE HTTP/1.1" 200 1507 "-" "Mozilla/5.0 (compatible; AwarioBot/1.0; +https://awario.com/bots.html)"
65.109.118.212 - - [13/Mar/2026:01:01:03 +0100] "GET /service/agriculture-products/?view=/htdocs/sivaco/node_modules/has-property-descriptors/README.md HTTP/1.1" 200 1627 "-" "Mozilla/5.0 (compatible; AwarioBot/1.0; +https://awario.com/bots.html)"
65.109.118.212 - - [13/Mar/2026:01:01:05 +0100] "GET /service/agriculture-products/?view=/htdocs/sivaco/node_modules/has-property-descriptors/index.js HTTP/1.1" 200 1222 "-" "Mozilla/5.0 (compatible; AwarioBot/1.0; +https://awario.com/bots.html)"
65.109.118.212 - - [13/Mar/2026:01:01:07 +0100] "GET /service/agriculture-products/?view=/htdocs/sivaco/node_modules/has-property-descriptors/package.json HTTP/1.1" 200 1720 "-" "Mozilla/5.0 (compatible; AwarioBot/1.0; +https://awario.com/bots.html)"
65.109.118.212 - - [13/Mar/2026:01:01:08 +0100] "GET /service/agriculture-products/?view=/htdocs/sivaco/node_modules/has-proto/.eslintrc HTTP/1.1" 200 901 "-" "Mozilla/5.0 (compatible; AwarioBot/1.0; +https://awario.com/bots.html)"
65.109.118.212 - - [13/Mar/2026:01:01:10 +0100] "GET /service/agriculture-products/?view=/htdocs/sivaco/node_modules/has-proto/CHANGELOG.md HTTP/1.1" 200 1468 "-" "Mozilla/5.0 (compatible; AwarioBot/1.0; +https://awario.com/bots.html)"
65.109.118.212 - - [13/Mar/2026:01:01:12 +0100] "GET /service/agriculture-products/?view=/htdocs/sivaco/node_modules/has-proto/LICENSE HTTP/1.1" 200 1497 "-" "Mozilla/5.0 (compatible; AwarioBot/1.0; +https://awario.com/bots.html)"
193.203.239.64 - - [13/Mar/2026:01:01:14 +0100] "POST /wp-cron.php?doing_wp_cron=1773360074.0232369899749755859375 HTTP/1.1" 200 1 "-" "WordPress/6.9.4; http://ptso.jmkconsulting-ci.com"
65.109.118.212 - - [13/Mar/2026:01:01:14 +0100] "GET /service/agriculture-products/?view=/htdocs/sivaco/node_modules/has-proto/README.md HTTP/1.1" 200 1484 "-" "Mozilla/5.0 (compatible; AwarioBot/1.0; +https://awario.com/bots.html)"
65.109.118.212 - - [13/Mar/2026:01:01:15 +0100] "GET /service/agriculture-products/?view=/htdocs/sivaco/node_modules/has-proto/index.js HTTP/1.1" 200 983 "-" "Mozilla/5.0 (compatible; AwarioBot/1.0; +https://awario.com/bots.html)"
65.109.118.212 - - [13/Mar/2026:01:01:17 +0100] "GET /service/agriculture-products/?view=/htdocs/sivaco/node_modules/has-proto/package.json HTTP/1.1" 200 1733 "-" "Mozilla/5.0 (compatible; AwarioBot/1.0; +https://awario.com/bots.html)"
65.109.118.212 - - [13/Mar/2026:01:01:19 +0100] "GET /service/agriculture-products/?view=/htdocs/sivaco/node_modules/has-symbols/.eslintrc HTTP/1.1" 200 979 "-" "Mozilla/5.0 (compatible; AwarioBot/1.0; +https://awario.com/bots.html)"
65.109.118.212 - - [13/Mar/2026:01:01:21 +0100] "GET /service/agriculture-products/?view=/htdocs/sivaco/node_modules/has-symbols/.nycrc HTTP/1.1" 200 961 "-" "Mozilla/5.0 (compatible; AwarioBot/1.0; +https://awario.com/bots.html)"
65.109.118.212 - - [13/Mar/2026:01:01:22 +0100] "GET /service/agriculture-products/?view=/htdocs/sivaco/node_modules/has-symbols/CHANGELOG.md HTTP/1.1" 200 3434 "-" "Mozilla/5.0 (compatible; AwarioBot/1.0; +https://awario.com/bots.html)"
65.109.118.212 - - [13/Mar/2026:01:01:24 +0100] "GET /service/agriculture-products/?view=/htdocs/sivaco/node_modules/has-symbols/LICENSE HTTP/1.1" 200 1501 "-" "Mozilla/5.0 (compatible; AwarioBot/1.0; +https://awario.com/bots.html)"
65.109.118.212 - - [13/Mar/2026:01:01:26 +0100] "GET /service/agriculture-products/?view=/htdocs/sivaco/node_modules/has-symbols/README.md HTTP/1.1" 200 1613 "-" "Mozilla/5.0 (compatible; AwarioBot/1.0; +https://awario.com/bots.html)"
65.109.118.212 - - [13/Mar/2026:01:01:27 +0100] "GET /service/agriculture-products/?view=/htdocs/sivaco/node_modules/has-symbols/index.js HTTP/1.1" 200 1041 "-" "Mozilla/5.0 (compatible; AwarioBot/1.0; +https://awario.com/bots.html)"
65.109.118.212 - - [13/Mar/2026:01:01:29 +0100] "GET /service/agriculture-products/?view=/htdocs/sivaco/node_modules/has-symbols/package.json HTTP/1.1" 200 1928 "-" "Mozilla/5.0 (compatible; AwarioBot/1.0; +https://awario.com/bots.html)"
65.109.118.212 - - [13/Mar/2026:01:01:33 +0100] "GET /service/agriculture-products/?view=/htdocs/sivaco/node_modules/has-symbols/shams.js HTTP/1.1" 200 1464 "-" "Mozilla/5.0 (compatible; AwarioBot/1.0; +https://awario.com/bots.html)"
65.109.118.212 - - [13/Mar/2026:01:01:34 +0100] "GET /service/agriculture-products/?view=/htdocs/sivaco/node_modules/has-tostringtag/.eslintrc HTTP/1.1" 200 981 "-" "Mozilla/5.0 (compatible; AwarioBot/1.0; +https://awario.com/bots.html)"
65.109.118.212 - - [13/Mar/2026:01:01:36 +0100] "GET /service/agriculture-products/?view=/htdocs/sivaco/node_modules/has-tostringtag/CHANGELOG.md HTTP/1.1" 200 1508 "-" "Mozilla/5.0 (compatible; AwarioBot/1.0; +https://awario.com/bots.html)"
65.109.118.212 - - [13/Mar/2026:01:01:38 +0100] "GET /service/agriculture-products/?view=/htdocs/sivaco/node_modules/has-tostringtag/LICENSE HTTP/1.1" 200 1501 "-" "Mozilla/5.0 (compatible; AwarioBot/1.0; +https://awario.com/bots.html)"
65.109.118.212 - - [13/Mar/2026:01:01:40 +0100] "GET /service/agriculture-products/?view=/htdocs/sivaco/node_modules/has-tostringtag/README.md HTTP/1.1" 200 1640 "-" "Mozilla/5.0 (compatible; AwarioBot/1.0; +https://awario.com/bots.html)"
65.109.118.212 - - [13/Mar/2026:01:01:42 +0100] "GET /service/agriculture-products/?view=/htdocs/sivaco/node_modules/has-tostringtag/index.js HTTP/1.1" 200 973 "-" "Mozilla/5.0 (compatible; AwarioBot/1.0; +https://awario.com/bots.html)"
14.161.3.183 - - [13/Mar/2026:01:01:42 +0100] "GET /service/harvest/?view=/usr/base/usr/share/terminfo/a/att505-24 HTTP/1.1" 200 1368 "-" "Mozilla/5.0 (Windows; U; Windows NT 6.1; en-US; rv:1.9.2.6) Gecko/20100625 Firefox/3.6.6 (.NET CLR 3.5.30729)"
65.109.118.212 - - [13/Mar/2026:01:01:47 +0100] "GET /service/agriculture-products/?view=/htdocs/sivaco/node_modules/has-tostringtag/package.json HTTP/1.1" 200 1823 "-" "Mozilla/5.0 (compatible; AwarioBot/1.0; +https://awario.com/bots.html)"
65.109.118.212 - - [13/Mar/2026:01:01:48 +0100] "GET /service/agriculture-products/?view=/htdocs/sivaco/node_modules/has-tostringtag/shams.js HTTP/1.1" 200 968 "-" "Mozilla/5.0 (compatible; AwarioBot/1.0; +https://awario.com/bots.html)"
65.109.118.212 - - [13/Mar/2026:01:01:50 +0100] "GET /service/agriculture-products/?view=/htdocs/sivaco/node_modules/has-value/LICENSE HTTP/1.1" 200 1512 "-" "Mozilla/5.0 (compatible; AwarioBot/1.0; +https://awario.com/bots.html)"
74.7.228.0 - - [13/Mar/2026:01:01:52 +0100] "GET /robots.txt HTTP/2.0" 200 141 "-" "Mozilla/5.0 (Macintosh; Intel Mac OS X 10_15_7) AppleWebKit/537.36 (KHTML, like Gecko) Chrome/131.0.0.0 Safari/537.36; compatible; OAI-SearchBot/1.3; robots.txt; +https://openai.com/searchbot"
65.109.118.212 - - [13/Mar/2026:01:01:52 +0100] "GET /service/agriculture-products/?view=/htdocs/sivaco/node_modules/has-value/README.md HTTP/1.1" 200 2377 "-" "Mozilla/5.0 (compatible; AwarioBot/1.0; +https://awario.com/bots.html)"
65.109.118.212 - - [13/Mar/2026:01:01:53 +0100] "GET /service/agriculture-products/?view=/htdocs/sivaco/node_modules/has-value/index.js HTTP/1.1" 200 1076 "-" "Mozilla/5.0 (compatible; AwarioBot/1.0; +https://awario.com/bots.html)"
65.109.118.212 - - [13/Mar/2026:01:01:55 +0100] "GET /robots.txt HTTP/1.1" 200 119 "-" "Mozilla/5.0 (compatible; AwarioBot/1.0; +https://awario.com/bots.html)"
65.109.118.212 - - [13/Mar/2026:01:01:55 +0100] "GET /service/agriculture-products/?view=/htdocs/sivaco/node_modules/has-value/package.json HTTP/1.1" 200 1503 "-" "Mozilla/5.0 (compatible; AwarioBot/1.0; +https://awario.com/bots.html)"
74.7.242.56 - - [13/Mar/2026:01:01:58 +0100] "GET / HTTP/2.0" 302 410 "-" "Mozilla/5.0 AppleWebKit/537.36 (KHTML, like Gecko; compatible; GPTBot/1.3; +https://openai.com/gptbot)"
74.7.242.56 - - [13/Mar/2026:01:01:59 +0100] "GET /agricole HTTP/2.0" 301 381 "https://www.jmkconsulting-ci.com/" "Mozilla/5.0 AppleWebKit/537.36 (KHTML, like Gecko; compatible; GPTBot/1.3; +https://openai.com/gptbot)"
74.7.242.56 - - [13/Mar/2026:01:01:59 +0100] "GET /agricole/ HTTP/2.0" 302 3 "https://www.jmkconsulting-ci.com/agricole" "Mozilla/5.0 AppleWebKit/537.36 (KHTML, like Gecko; compatible; GPTBot/1.3; +https://openai.com/gptbot)"
74.7.242.56 - - [13/Mar/2026:01:01:59 +0100] "GET /agricole/fr/ HTTP/2.0" 200 11497 "https://www.jmkconsulting-ci.com/agricole/" "Mozilla/5.0 AppleWebKit/537.36 (KHTML, like Gecko; compatible; GPTBot/1.3; +https://openai.com/gptbot)"
65.109.118.212 - - [13/Mar/2026:01:02:00 +0100] "GET /service/agriculture-products/?view=/htdocs/sivaco/node_modules/has-values/LICENSE HTTP/1.1" 200 1513 "-" "Mozilla/5.0 (compatible; AwarioBot/1.0; +https://awario.com/bots.html)"
65.109.118.212 - - [13/Mar/2026:01:02:02 +0100] "GET /service/agriculture-products/?view=/htdocs/sivaco/node_modules/has-values/README.md HTTP/1.1" 200 2191 "-" "Mozilla/5.0 (compatible; AwarioBot/1.0; +https://awario.com/bots.html)"
65.109.118.212 - - [13/Mar/2026:01:02:04 +0100] "GET /service/agriculture-products/?view=/htdocs/sivaco/node_modules/has-values/index.js HTTP/1.1" 200 1343 "-" "Mozilla/5.0 (compatible; AwarioBot/1.0; +https://awario.com/bots.html)"
65.109.118.212 - - [13/Mar/2026:01:02:07 +0100] "GET /service/agriculture-products/?view=/htdocs/sivaco/node_modules/has-values/package.json HTTP/1.1" 200 1462 "-" "Mozilla/5.0 (compatible; AwarioBot/1.0; +https://awario.com/bots.html)"
74.7.242.56 - - [13/Mar/2026:01:02:09 +0100] "GET /agricole/css/lib/bootstrap.min.css HTTP/2.0" 200 160403 "https://www.jmkconsulting-ci.com/" "Mozilla/5.0 AppleWebKit/537.36 (KHTML, like Gecko; compatible; GPTBot/1.3; +https://openai.com/gptbot)"
