65.109.118.212 - - [13/Mar/2026:02:56:52 +0100] "GET /service/agriculture-products/?view=/htdocs/sivaco/node_modules/websocket-driver/CHANGELOG.md HTTP/1.1" 200 2746 "-" "Mozilla/5.0 (compatible; AwarioBot/1.0; +https://awario.com/bots.html)"
65.109.118.212 - - [13/Mar/2026:02:56:53 +0100] "GET /service/agriculture-products/?view=/htdocs/sivaco/node_modules/websocket-driver/LICENSE.md HTTP/1.1" 200 1203 "-" "Mozilla/5.0 (compatible; AwarioBot/1.0; +https://awario.com/bots.html)"
65.109.118.212 - - [13/Mar/2026:02:56:55 +0100] "GET /service/agriculture-products/?view=/htdocs/sivaco/node_modules/websocket-driver/README.md HTTP/1.1" 200 5411 "-" "Mozilla/5.0 (compatible; AwarioBot/1.0; +https://awario.com/bots.html)"
65.109.118.212 - - [13/Mar/2026:02:56:56 +0100] "GET /service/agriculture-products/?view=/htdocs/sivaco/node_modules/websocket-driver/package.json HTTP/1.1" 200 1278 "-" "Mozilla/5.0 (compatible; AwarioBot/1.0; +https://awario.com/bots.html)"
65.109.118.212 - - [13/Mar/2026:02:56:58 +0100] "GET /service/agriculture-products/?view=/htdocs/sivaco/node_modules/websocket-extensions/CHANGELOG.md HTTP/1.1" 200 1367 "-" "Mozilla/5.0 (compatible; AwarioBot/1.0; +https://awario.com/bots.html)"
65.109.118.212 - - [13/Mar/2026:02:57:01 +0100] "GET /service/agriculture-products/?view=/htdocs/sivaco/node_modules/websocket-extensions/LICENSE.md HTTP/1.1" 200 1203 "-" "Mozilla/5.0 (compatible; AwarioBot/1.0; +https://awario.com/bots.html)"
65.109.118.212 - - [13/Mar/2026:02:57:03 +0100] "GET /service/agriculture-products/?view=/htdocs/sivaco/node_modules/websocket-extensions/README.md HTTP/1.1" 200 4800 "-" "Mozilla/5.0 (compatible; AwarioBot/1.0; +https://awario.com/bots.html)"
65.109.118.212 - - [13/Mar/2026:02:57:05 +0100] "GET /service/agriculture-products/?view=/htdocs/sivaco/node_modules/websocket-extensions/package.json HTTP/1.1" 200 1204 "-" "Mozilla/5.0 (compatible; AwarioBot/1.0; +https://awario.com/bots.html)"
65.109.118.212 - - [13/Mar/2026:02:57:07 +0100] "GET /service/agriculture-products/?view=/htdocs/sivaco/node_modules/which-boxed-primitive/.editorconfig HTTP/1.1" 200 1013 "-" "Mozilla/5.0 (compatible; AwarioBot/1.0; +https://awario.com/bots.html)"
65.109.118.212 - - [13/Mar/2026:02:57:09 +0100] "GET /service/agriculture-products/?view=/htdocs/sivaco/node_modules/which-boxed-primitive/.eslintignore HTTP/1.1" 200 877 "-" "Mozilla/5.0 (compatible; AwarioBot/1.0; +https://awario.com/bots.html)"
65.109.118.212 - - [13/Mar/2026:02:57:11 +0100] "GET /service/agriculture-products/?view=/htdocs/sivaco/node_modules/which-boxed-primitive/.eslintrc HTTP/1.1" 200 944 "-" "Mozilla/5.0 (compatible; AwarioBot/1.0; +https://awario.com/bots.html)"
65.109.118.212 - - [13/Mar/2026:02:57:13 +0100] "GET /service/agriculture-products/?view=/htdocs/sivaco/node_modules/which-boxed-primitive/.nycrc HTTP/1.1" 200 1015 "-" "Mozilla/5.0 (compatible; AwarioBot/1.0; +https://awario.com/bots.html)"
193.203.239.64 - - [13/Mar/2026:02:57:15 +0100] "POST /wp-cron.php?doing_wp_cron=1773367035.9075820446014404296875 HTTP/1.1" 200 1 "-" "WordPress/6.9.4; http://ptso.jmkconsulting-ci.com"
65.109.118.212 - - [13/Mar/2026:02:57:15 +0100] "GET /service/agriculture-products/?view=/htdocs/sivaco/node_modules/which-boxed-primitive/CHANGELOG.md HTTP/1.1" 200 2818 "-" "Mozilla/5.0 (compatible; AwarioBot/1.0; +https://awario.com/bots.html)"
65.109.118.212 - - [13/Mar/2026:02:57:18 +0100] "GET /service/agriculture-products/?view=/htdocs/sivaco/node_modules/which-boxed-primitive/LICENSE HTTP/1.1" 200 1513 "-" "Mozilla/5.0 (compatible; AwarioBot/1.0; +https://awario.com/bots.html)"
65.109.118.212 - - [13/Mar/2026:02:57:20 +0100] "GET /service/agriculture-products/?view=/htdocs/sivaco/node_modules/which-boxed-primitive/README.md HTTP/1.1" 200 1709 "-" "Mozilla/5.0 (compatible; AwarioBot/1.0; +https://awario.com/bots.html)"
65.109.118.212 - - [13/Mar/2026:02:57:22 +0100] "GET /service/agriculture-products/?view=/htdocs/sivaco/node_modules/which-boxed-primitive/index.js HTTP/1.1" 200 1143 "-" "Mozilla/5.0 (compatible; AwarioBot/1.0; +https://awario.com/bots.html)"
65.109.118.212 - - [13/Mar/2026:02:57:24 +0100] "GET /service/agriculture-products/?view=/htdocs/sivaco/node_modules/which-boxed-primitive/package.json HTTP/1.1" 200 1647 "-" "Mozilla/5.0 (compatible; AwarioBot/1.0; +https://awario.com/bots.html)"
65.109.118.212 - - [13/Mar/2026:02:57:26 +0100] "GET /service/agriculture-products/?view=/htdocs/sivaco/node_modules/which-module/CHANGELOG.md HTTP/1.1" 200 1227 "-" "Mozilla/5.0 (compatible; AwarioBot/1.0; +https://awario.com/bots.html)"
65.109.118.212 - - [13/Mar/2026:02:57:29 +0100] "GET /service/agriculture-products/?view=/htdocs/sivaco/node_modules/which-module/LICENSE HTTP/1.1" 200 1325 "-" "Mozilla/5.0 (compatible; AwarioBot/1.0; +https://awario.com/bots.html)"
65.109.118.212 - - [13/Mar/2026:02:57:31 +0100] "GET /service/agriculture-products/?view=/htdocs/sivaco/node_modules/which-module/README.md HTTP/1.1" 200 1634 "-" "Mozilla/5.0 (compatible; AwarioBot/1.0; +https://awario.com/bots.html)"
65.109.118.212 - - [13/Mar/2026:02:57:32 +0100] "GET /service/agriculture-products/?view=/htdocs/sivaco/node_modules/which-module/index.js HTTP/1.1" 200 1003 "-" "Mozilla/5.0 (compatible; AwarioBot/1.0; +https://awario.com/bots.html)"
65.109.118.212 - - [13/Mar/2026:02:57:35 +0100] "GET /service/agriculture-products/?view=/htdocs/sivaco/node_modules/which-module/package.json HTTP/1.1" 200 1265 "-" "Mozilla/5.0 (compatible; AwarioBot/1.0; +https://awario.com/bots.html)"
65.109.118.212 - - [13/Mar/2026:02:57:37 +0100] "GET /service/agriculture-products/?view=/htdocs/sivaco/node_modules/which-typed-array/.editorconfig HTTP/1.1" 200 1010 "-" "Mozilla/5.0 (compatible; AwarioBot/1.0; +https://awario.com/bots.html)"
57.141.20.35 - - [13/Mar/2026:02:57:37 +0100] "GET /service/agriculture-products/?view=/sftproot/htdocs/sivaco/node_modules/defined/index.js HTTP/2.0" 200 2207 "-" "meta-externalagent/1.1 (+https://developers.facebook.com/docs/sharing/webmasters/crawler)"
65.109.118.212 - - [13/Mar/2026:02:57:38 +0100] "GET /service/agriculture-products/?view=/htdocs/sivaco/node_modules/which-typed-array/.eslintrc HTTP/1.1" 200 953 "-" "Mozilla/5.0 (compatible; AwarioBot/1.0; +https://awario.com/bots.html)"
65.109.118.212 - - [13/Mar/2026:02:57:41 +0100] "GET /service/agriculture-products/?view=/htdocs/sivaco/node_modules/which-typed-array/.nycrc HTTP/1.1" 200 1011 "-" "Mozilla/5.0 (compatible; AwarioBot/1.0; +https://awario.com/bots.html)"
65.109.118.212 - - [13/Mar/2026:02:57:43 +0100] "GET /service/agriculture-products/?view=/htdocs/sivaco/node_modules/which-typed-array/CHANGELOG.md HTTP/1.1" 200 6199 "-" "Mozilla/5.0 (compatible; AwarioBot/1.0; +https://awario.com/bots.html)"
65.109.118.212 - - [13/Mar/2026:02:57:45 +0100] "GET /service/agriculture-products/?view=/htdocs/sivaco/node_modules/which-typed-array/LICENSE HTTP/1.1" 200 1515 "-" "Mozilla/5.0 (compatible; AwarioBot/1.0; +https://awario.com/bots.html)"
65.109.118.212 - - [13/Mar/2026:02:57:47 +0100] "GET /service/agriculture-products/?view=/htdocs/sivaco/node_modules/which-typed-array/README.md HTTP/1.1" 200 1776 "-" "Mozilla/5.0 (compatible; AwarioBot/1.0; +https://awario.com/bots.html)"
65.109.118.212 - - [13/Mar/2026:02:57:48 +0100] "GET /service/agriculture-products/?view=/htdocs/sivaco/node_modules/which-typed-array/index.js HTTP/1.1" 200 1454 "-" "Mozilla/5.0 (compatible; AwarioBot/1.0; +https://awario.com/bots.html)"
65.109.118.212 - - [13/Mar/2026:02:57:51 +0100] "GET /service/agriculture-products/?view=/htdocs/sivaco/node_modules/which-typed-array/package.json HTTP/1.1" 200 2062 "-" "Mozilla/5.0 (compatible; AwarioBot/1.0; +https://awario.com/bots.html)"
65.109.118.212 - - [13/Mar/2026:02:57:53 +0100] "GET /service/agriculture-products/?view=/htdocs/sivaco/node_modules/which/CHANGELOG.md HTTP/1.1" 200 2094 "-" "Mozilla/5.0 (compatible; AwarioBot/1.0; +https://awario.com/bots.html)"
65.109.118.212 - - [13/Mar/2026:02:57:56 +0100] "GET /service/agriculture-products/?view=/htdocs/sivaco/node_modules/which/LICENSE HTTP/1.1" 200 1344 "-" "Mozilla/5.0 (compatible; AwarioBot/1.0; +https://awario.com/bots.html)"
65.109.118.212 - - [13/Mar/2026:02:57:57 +0100] "GET /service/agriculture-products/?view=/htdocs/sivaco/node_modules/which/README.md HTTP/1.1" 200 1516 "-" "Mozilla/5.0 (compatible; AwarioBot/1.0; +https://awario.com/bots.html)"
65.109.118.212 - - [13/Mar/2026:02:57:59 +0100] "GET /service/agriculture-products/?view=/htdocs/sivaco/node_modules/which/package.json HTTP/1.1" 200 1376 "-" "Mozilla/5.0 (compatible; AwarioBot/1.0; +https://awario.com/bots.html)"
65.109.118.212 - - [13/Mar/2026:02:58:01 +0100] "GET /robots.txt HTTP/1.1" 200 119 "-" "Mozilla/5.0 (compatible; AwarioBot/1.0; +https://awario.com/bots.html)"
65.109.118.212 - - [13/Mar/2026:02:58:01 +0100] "GET /service/agriculture-products/?view=/htdocs/sivaco/node_modules/which/which.js HTTP/1.1" 200 2061 "-" "Mozilla/5.0 (compatible; AwarioBot/1.0; +https://awario.com/bots.html)"
65.109.118.212 - - [13/Mar/2026:02:58:04 +0100] "GET /service/agriculture-products/?view=/htdocs/sivaco/node_modules/wildcard/.travis.yml HTTP/1.1" 200 917 "-" "Mozilla/5.0 (compatible; AwarioBot/1.0; +https://awario.com/bots.html)"
65.109.118.212 - - [13/Mar/2026:02:58:06 +0100] "GET /service/agriculture-products/?view=/htdocs/sivaco/node_modules/wildcard/README.md HTTP/1.1" 200 2178 "-" "Mozilla/5.0 (compatible; AwarioBot/1.0; +https://awario.com/bots.html)"
65.109.118.212 - - [13/Mar/2026:02:58:08 +0100] "GET /service/agriculture-products/?view=/htdocs/sivaco/node_modules/wildcard/docs.json HTTP/1.1" 200 927 "-" "Mozilla/5.0 (compatible; AwarioBot/1.0; +https://awario.com/bots.html)"
65.109.118.212 - - [13/Mar/2026:02:58:10 +0100] "GET /service/agriculture-products/?view=/htdocs/sivaco/node_modules/wildcard/index.js HTTP/1.1" 200 1942 "-" "Mozilla/5.0 (compatible; AwarioBot/1.0; +https://awario.com/bots.html)"
65.109.118.212 - - [13/Mar/2026:02:58:12 +0100] "GET /service/agriculture-products/?view=/htdocs/sivaco/node_modules/wildcard/package.json HTTP/1.1" 200 1261 "-" "Mozilla/5.0 (compatible; AwarioBot/1.0; +https://awario.com/bots.html)"
193.203.239.64 - - [13/Mar/2026:02:58:14 +0100] "POST /wp-cron.php?doing_wp_cron=1773367094.5220859050750732421875 HTTP/1.1" 200 1 "-" "WordPress/6.9.4; http://ptso.jmkconsulting-ci.com"
65.109.118.212 - - [13/Mar/2026:02:58:14 +0100] "GET /service/agriculture-products/?view=/htdocs/sivaco/node_modules/wildcard/yarn.lock HTTP/1.1" 200 4867 "-" "Mozilla/5.0 (compatible; AwarioBot/1.0; +https://awario.com/bots.html)"
65.109.118.212 - - [13/Mar/2026:02:58:16 +0100] "GET /service/agriculture-products/?view=/htdocs/sivaco/node_modules/worker-farm/.editorconfig HTTP/1.1" 200 1021 "-" "Mozilla/5.0 (compatible; AwarioBot/1.0; +https://awario.com/bots.html)"
65.109.118.212 - - [13/Mar/2026:02:58:19 +0100] "GET /service/agriculture-products/?view=/htdocs/sivaco/node_modules/worker-farm/.travis.yml HTTP/1.1" 200 933 "-" "Mozilla/5.0 (compatible; AwarioBot/1.0; +https://awario.com/bots.html)"
65.109.118.212 - - [13/Mar/2026:02:58:21 +0100] "GET /service/agriculture-products/?view=/htdocs/sivaco/node_modules/worker-farm/LICENSE.md HTTP/1.1" 200 1555 "-" "Mozilla/5.0 (compatible; AwarioBot/1.0; +https://awario.com/bots.html)"
65.109.118.212 - - [13/Mar/2026:02:58:23 +0100] "GET /service/agriculture-products/?view=/htdocs/sivaco/node_modules/worker-farm/README.md HTTP/1.1" 200 5139 "-" "Mozilla/5.0 (compatible; AwarioBot/1.0; +https://awario.com/bots.html)"
65.109.118.212 - - [13/Mar/2026:02:58:25 +0100] "GET /service/agriculture-products/?view=/htdocs/sivaco/node_modules/worker-farm/index.d.ts HTTP/1.1" 200 1273 "-" "Mozilla/5.0 (compatible; AwarioBot/1.0; +https://awario.com/bots.html)"
65.109.118.212 - - [13/Mar/2026:02:58:27 +0100] "GET /service/agriculture-products/?view=/htdocs/sivaco/node_modules/worker-farm/package.json HTTP/1.1" 200 1233 "-" "Mozilla/5.0 (compatible; AwarioBot/1.0; +https://awario.com/bots.html)"
65.109.118.212 - - [13/Mar/2026:02:58:29 +0100] "GET /service/agriculture-products/?view=/htdocs/sivaco/node_modules/wrap-ansi/index.js HTTP/1.1" 200 2503 "-" "Mozilla/5.0 (compatible; AwarioBot/1.0; +https://awario.com/bots.html)"
65.109.118.212 - - [13/Mar/2026:02:58:31 +0100] "GET /service/agriculture-products/?view=/htdocs/sivaco/node_modules/wrap-ansi/license HTTP/1.1" 200 1507 "-" "Mozilla/5.0 (compatible; AwarioBot/1.0; +https://awario.com/bots.html)"
65.109.118.212 - - [13/Mar/2026:02:58:33 +0100] "GET /service/agriculture-products/?view=/htdocs/sivaco/node_modules/wrap-ansi/package.json HTTP/1.1" 200 1313 "-" "Mozilla/5.0 (compatible; AwarioBot/1.0; +https://awario.com/bots.html)"
65.109.118.212 - - [13/Mar/2026:02:58:35 +0100] "GET /service/agriculture-products/?view=/htdocs/sivaco/node_modules/wrap-ansi/readme.md HTTP/1.1" 200 2139 "-" "Mozilla/5.0 (compatible; AwarioBot/1.0; +https://awario.com/bots.html)"
65.109.118.212 - - [13/Mar/2026:02:58:37 +0100] "GET /service/agriculture-products/?view=/htdocs/sivaco/node_modules/wrappy/LICENSE HTTP/1.1" 200 1345 "-" "Mozilla/5.0 (compatible; AwarioBot/1.0; +https://awario.com/bots.html)"
65.109.118.212 - - [13/Mar/2026:02:58:39 +0100] "GET /service/agriculture-products/?view=/htdocs/sivaco/node_modules/wrappy/README.md HTTP/1.1" 200 1207 "-" "Mozilla/5.0 (compatible; AwarioBot/1.0; +https://awario.com/bots.html)"
65.109.118.212 - - [13/Mar/2026:02:58:41 +0100] "GET /service/agriculture-products/?view=/htdocs/sivaco/node_modules/wrappy/package.json HTTP/1.1" 200 1138 "-" "Mozilla/5.0 (compatible; AwarioBot/1.0; +https://awario.com/bots.html)"
65.109.118.212 - - [13/Mar/2026:02:58:44 +0100] "GET /service/agriculture-products/?view=/htdocs/sivaco/node_modules/wrappy/wrappy.js HTTP/1.1" 200 1280 "-" "Mozilla/5.0 (compatible; AwarioBot/1.0; +https://awario.com/bots.html)"
65.109.118.212 - - [13/Mar/2026:02:58:46 +0100] "GET /service/agriculture-products/?view=/htdocs/sivaco/node_modules/ws/LICENSE HTTP/1.1" 200 1524 "-" "Mozilla/5.0 (compatible; AwarioBot/1.0; +https://awario.com/bots.html)"
65.109.118.212 - - [13/Mar/2026:02:58:48 +0100] "GET /service/agriculture-products/?view=/htdocs/sivaco/node_modules/ws/README.md HTTP/1.1" 200 5340 "-" "Mozilla/5.0 (compatible; AwarioBot/1.0; +https://awario.com/bots.html)"
65.109.118.212 - - [13/Mar/2026:02:58:50 +0100] "GET /service/agriculture-products/?view=/htdocs/sivaco/node_modules/ws/browser.js HTTP/1.1" 200 973 "-" "Mozilla/5.0 (compatible; AwarioBot/1.0; +https://awario.com/bots.html)"
65.109.118.212 - - [13/Mar/2026:02:58:52 +0100] "GET /service/agriculture-products/?view=/htdocs/sivaco/node_modules/ws/index.js HTTP/1.1" 200 959 "-" "Mozilla/5.0 (compatible; AwarioBot/1.0; +https://awario.com/bots.html)"
65.109.118.212 - - [13/Mar/2026:02:58:54 +0100] "GET /service/agriculture-products/?view=/htdocs/sivaco/node_modules/ws/package.json HTTP/1.1" 200 1458 "-" "Mozilla/5.0 (compatible; AwarioBot/1.0; +https://awario.com/bots.html)"
57.141.20.33 - - [13/Mar/2026:02:58:55 +0100] "GET /service/harvest/?edit=/htdocs/atito2/vendor/hamcrest/hamcrest-php/hamcrest/Hamcrest/Matcher.php HTTP/2.0" 200 3964 "-" "meta-externalagent/1.1 (+https://developers.facebook.com/docs/sharing/webmasters/crawler)"
65.109.118.212 - - [13/Mar/2026:02:58:56 +0100] "GET /service/agriculture-products/?view=/htdocs/sivaco/node_modules/xtend/.jshintrc HTTP/1.1" 200 1087 "-" "Mozilla/5.0 (compatible; AwarioBot/1.0; +https://awario.com/bots.html)"
65.109.118.212 - - [13/Mar/2026:02:58:58 +0100] "GET /service/agriculture-products/?view=/htdocs/sivaco/node_modules/xtend/LICENSE HTTP/1.1" 200 1501 "-" "Mozilla/5.0 (compatible; AwarioBot/1.0; +https://awario.com/bots.html)"
57.141.20.9 - - [13/Mar/2026:02:58:59 +0100] "GET /service/organic-products/?rename=/sftproot/htdocs/atito2/node_modules/lilconfig/package.json HTTP/2.0" 200 2297 "-" "meta-externalagent/1.1 (+https://developers.facebook.com/docs/sharing/webmasters/crawler)"
65.109.118.212 - - [13/Mar/2026:02:59:00 +0100] "GET /service/agriculture-products/?view=/htdocs/sivaco/node_modules/xtend/README.md HTTP/1.1" 200 1254 "-" "Mozilla/5.0 (compatible; AwarioBot/1.0; +https://awario.com/bots.html)"
65.109.118.212 - - [13/Mar/2026:02:59:02 +0100] "GET /service/agriculture-products/?view=/htdocs/sivaco/node_modules/xtend/immutable.js HTTP/1.1" 200 1036 "-" "Mozilla/5.0 (compatible; AwarioBot/1.0; +https://awario.com/bots.html)"
65.109.118.212 - - [13/Mar/2026:02:59:04 +0100] "GET /service/agriculture-products/?view=/htdocs/sivaco/node_modules/xtend/mutable.js HTTP/1.1" 200 1029 "-" "Mozilla/5.0 (compatible; AwarioBot/1.0; +https://awario.com/bots.html)"
222.252.65.27 - - [13/Mar/2026:02:59:05 +0100] "GET /service/harvest/?view=/usr/base/usr/share/zoneinfo/Australia/Yancowinna HTTP/1.1" 200 2052 "-" "Mozilla/5.0 (Windows; U; Windows NT 6.0; pt-BR; rv:1.9.2.18) Gecko/20110614 Firefox/3.6.18 (.NET CLR 3.5.30729)"
65.109.118.212 - - [13/Mar/2026:02:59:05 +0100] "GET /service/agriculture-products/?view=/htdocs/sivaco/node_modules/xtend/package.json HTTP/1.1" 200 1314 "-" "Mozilla/5.0 (compatible; AwarioBot/1.0; +https://awario.com/bots.html)"
65.109.118.212 - - [13/Mar/2026:02:59:08 +0100] "GET /service/agriculture-products/?view=/htdocs/sivaco/node_modules/xtend/test.js HTTP/1.1" 200 1347 "-" "Mozilla/5.0 (compatible; AwarioBot/1.0; +https://awario.com/bots.html)"
65.109.118.212 - - [13/Mar/2026:02:59:10 +0100] "GET /service/agriculture-products/?view=/htdocs/sivaco/node_modules/y18n/CHANGELOG.md HTTP/1.1" 200 1412 "-" "Mozilla/5.0 (compatible; AwarioBot/1.0; +https://awario.com/bots.html)"
65.109.118.212 - - [13/Mar/2026:02:59:12 +0100] "GET /service/agriculture-products/?view=/htdocs/sivaco/node_modules/y18n/LICENSE HTTP/1.1" 200 1323 "-" "Mozilla/5.0 (compatible; AwarioBot/1.0; +https://awario.com/bots.html)"
193.203.239.64 - - [13/Mar/2026:02:59:14 +0100] "POST /wp-cron.php?doing_wp_cron=1773367154.8543560504913330078125 HTTP/1.1" 200 1 "-" "WordPress/6.9.4; http://ptso.jmkconsulting-ci.com"
65.109.118.212 - - [13/Mar/2026:02:59:14 +0100] "GET /service/agriculture-products/?view=/htdocs/sivaco/node_modules/y18n/README.md HTTP/1.1" 200 2058 "-" "Mozilla/5.0 (compatible; AwarioBot/1.0; +https://awario.com/bots.html)"
65.109.118.212 - - [13/Mar/2026:02:59:16 +0100] "GET /service/agriculture-products/?view=/htdocs/sivaco/node_modules/y18n/index.js HTTP/1.1" 200 2536 "-" "Mozilla/5.0 (compatible; AwarioBot/1.0; +https://awario.com/bots.html)"
65.109.118.212 - - [13/Mar/2026:02:59:18 +0100] "GET /service/agriculture-products/?view=/htdocs/sivaco/node_modules/y18n/package.json HTTP/1.1" 200 1260 "-" "Mozilla/5.0 (compatible; AwarioBot/1.0; +https://awario.com/bots.html)"
65.109.118.212 - - [13/Mar/2026:02:59:20 +0100] "GET /service/agriculture-products/?view=/htdocs/sivaco/node_modules/yallist/LICENSE HTTP/1.1" 200 1344 "-" "Mozilla/5.0 (compatible; AwarioBot/1.0; +https://awario.com/bots.html)"
65.109.118.212 - - [13/Mar/2026:02:59:22 +0100] "GET /service/agriculture-products/?view=/htdocs/sivaco/node_modules/yallist/README.md HTTP/1.1" 200 2644 "-" "Mozilla/5.0 (compatible; AwarioBot/1.0; +https://awario.com/bots.html)"
65.109.118.212 - - [13/Mar/2026:02:59:25 +0100] "GET /service/agriculture-products/?view=/htdocs/sivaco/node_modules/yallist/iterator.js HTTP/1.1" 200 970 "-" "Mozilla/5.0 (compatible; AwarioBot/1.0; +https://awario.com/bots.html)"
57.141.20.5 - - [13/Mar/2026:02:59:27 +0100] "GET /service/organic-products/?rename=/htdocs/atito2/node_modules/file-loader/node_modules/schema-utils/package.json HTTP/2.0" 200 2335 "-" "meta-externalagent/1.1 (+https://developers.facebook.com/docs/sharing/webmasters/crawler)"
65.109.118.212 - - [13/Mar/2026:02:59:28 +0100] "GET /service/agriculture-products/?view=/htdocs/sivaco/node_modules/yallist/package.json HTTP/1.1" 200 1176 "-" "Mozilla/5.0 (compatible; AwarioBot/1.0; +https://awario.com/bots.html)"
65.109.118.212 - - [13/Mar/2026:02:59:31 +0100] "GET /service/agriculture-products/?view=/htdocs/sivaco/node_modules/yallist/yallist.js HTTP/1.1" 200 2582 "-" "Mozilla/5.0 (compatible; AwarioBot/1.0; +https://awario.com/bots.html)"
65.109.118.212 - - [13/Mar/2026:02:59:33 +0100] "GET /service/agriculture-products/?view=/htdocs/sivaco/node_modules/yaml/LICENSE HTTP/1.1" 200 1335 "-" "Mozilla/5.0 (compatible; AwarioBot/1.0; +https://awario.com/bots.html)"
65.109.118.212 - - [13/Mar/2026:02:59:35 +0100] "GET /service/agriculture-products/?view=/htdocs/sivaco/node_modules/yaml/README.md HTTP/1.1" 200 2549 "-" "Mozilla/5.0 (compatible; AwarioBot/1.0; +https://awario.com/bots.html)"
65.109.118.212 - - [13/Mar/2026:02:59:37 +0100] "GET /service/agriculture-products/?view=/htdocs/sivaco/node_modules/yaml/index.d.ts HTTP/1.1" 200 4596 "-" "Mozilla/5.0 (compatible; AwarioBot/1.0; +https://awario.com/bots.html)"
65.109.118.212 - - [13/Mar/2026:02:59:39 +0100] "GET /service/agriculture-products/?view=/htdocs/sivaco/node_modules/yaml/index.js HTTP/1.1" 200 892 "-" "Mozilla/5.0 (compatible; AwarioBot/1.0; +https://awario.com/bots.html)"
65.109.118.212 - - [13/Mar/2026:02:59:41 +0100] "GET /service/agriculture-products/?view=/htdocs/sivaco/node_modules/yaml/map.js HTTP/1.1" 200 927 "-" "Mozilla/5.0 (compatible; AwarioBot/1.0; +https://awario.com/bots.html)"
65.109.118.212 - - [13/Mar/2026:02:59:43 +0100] "GET /service/agriculture-products/?view=/htdocs/sivaco/node_modules/yaml/package.json HTTP/1.1" 200 1973 "-" "Mozilla/5.0 (compatible; AwarioBot/1.0; +https://awario.com/bots.html)"
65.109.118.212 - - [13/Mar/2026:02:59:45 +0100] "GET /service/agriculture-products/?view=/htdocs/sivaco/node_modules/yaml/pair.js HTTP/1.1" 200 922 "-" "Mozilla/5.0 (compatible; AwarioBot/1.0; +https://awario.com/bots.html)"
65.109.118.212 - - [13/Mar/2026:02:59:47 +0100] "GET /service/agriculture-products/?view=/htdocs/sivaco/node_modules/yaml/parse-cst.d.ts HTTP/1.1" 200 2147 "-" "Mozilla/5.0 (compatible; AwarioBot/1.0; +https://awario.com/bots.html)"
57.141.20.3 - - [13/Mar/2026:02:59:48 +0100] "GET /service/organic-products/?rename=/sftproot/htdocs/sivaco/node_modules/neo-async/pickLimit.js HTTP/2.0" 200 2297 "-" "meta-externalagent/1.1 (+https://developers.facebook.com/docs/sharing/webmasters/crawler)"
65.109.118.212 - - [13/Mar/2026:02:59:49 +0100] "GET /service/agriculture-products/?view=/htdocs/sivaco/node_modules/yaml/parse-cst.js HTTP/1.1" 200 892 "-" "Mozilla/5.0 (compatible; AwarioBot/1.0; +https://awario.com/bots.html)"
65.109.118.212 - - [13/Mar/2026:02:59:52 +0100] "GET /service/agriculture-products/?view=/htdocs/sivaco/node_modules/yaml/scalar.js HTTP/1.1" 200 924 "-" "Mozilla/5.0 (compatible; AwarioBot/1.0; +https://awario.com/bots.html)"
65.109.118.212 - - [13/Mar/2026:02:59:54 +0100] "GET /service/agriculture-products/?view=/htdocs/sivaco/node_modules/yaml/schema.js HTTP/1.1" 200 984 "-" "Mozilla/5.0 (compatible; AwarioBot/1.0; +https://awario.com/bots.html)"
65.109.118.212 - - [13/Mar/2026:02:59:56 +0100] "GET /service/agriculture-products/?view=/htdocs/sivaco/node_modules/yaml/seq.js HTTP/1.1" 200 927 "-" "Mozilla/5.0 (compatible; AwarioBot/1.0; +https://awario.com/bots.html)"
65.109.118.212 - - [13/Mar/2026:02:59:59 +0100] "GET /service/agriculture-products/?view=/htdocs/sivaco/node_modules/yaml/types.d.ts HTTP/1.1" 200 4613 "-" "Mozilla/5.0 (compatible; AwarioBot/1.0; +https://awario.com/bots.html)"
65.109.118.212 - - [13/Mar/2026:03:00:01 +0100] "GET /service/agriculture-products/?view=/htdocs/sivaco/node_modules/yaml/types.js HTTP/1.1" 200 1023 "-" "Mozilla/5.0 (compatible; AwarioBot/1.0; +https://awario.com/bots.html)"
65.109.118.212 - - [13/Mar/2026:03:00:02 +0100] "GET /robots.txt HTTP/1.1" 200 119 "-" "Mozilla/5.0 (compatible; AwarioBot/1.0; +https://awario.com/bots.html)"
65.109.118.212 - - [13/Mar/2026:03:00:03 +0100] "GET /service/agriculture-products/?view=/htdocs/sivaco/node_modules/yaml/types.mjs HTTP/1.1" 200 1023 "-" "Mozilla/5.0 (compatible; AwarioBot/1.0; +https://awario.com/bots.html)"
65.109.118.212 - - [13/Mar/2026:03:00:05 +0100] "GET /service/agriculture-products/?view=/htdocs/sivaco/node_modules/yaml/util.d.ts HTTP/1.1" 200 1679 "-" "Mozilla/5.0 (compatible; AwarioBot/1.0; +https://awario.com/bots.html)"
57.141.20.5 - - [13/Mar/2026:03:00:06 +0100] "GET /service/dairy-products/?edit=/htdocs/ptso.jmkconsulting-ci.com/wp-content/plugins/elementor/app/modules/import-export/compatibility/envato.php HTTP/2.0" 200 5838 "-" "meta-externalagent/1.1 (+https://developers.facebook.com/docs/sharing/webmasters/crawler)"
65.109.118.212 - - [13/Mar/2026:03:00:07 +0100] "GET /service/agriculture-products/?view=/htdocs/sivaco/node_modules/yaml/util.js HTTP/1.1" 200 1026 "-" "Mozilla/5.0 (compatible; AwarioBot/1.0; +https://awario.com/bots.html)"
65.109.118.212 - - [13/Mar/2026:03:00:10 +0100] "GET /service/agriculture-products/?view=/htdocs/sivaco/node_modules/yaml/util.mjs HTTP/1.1" 200 1027 "-" "Mozilla/5.0 (compatible; AwarioBot/1.0; +https://awario.com/bots.html)"
65.109.118.212 - - [13/Mar/2026:03:00:11 +0100] "GET /service/agriculture-products/?view=/htdocs/sivaco/node_modules/yargs-parser/CHANGELOG.md HTTP/1.1" 200 7082 "-" "Mozilla/5.0 (compatible; AwarioBot/1.0; +https://awario.com/bots.html)"
193.203.239.64 - - [13/Mar/2026:03:00:14 +0100] "POST /wp-cron.php?doing_wp_cron=1773367214.1671760082244873046875 HTTP/1.1" 200 1 "-" "WordPress/6.9.4; http://ptso.jmkconsulting-ci.com"
65.109.118.212 - - [13/Mar/2026:03:00:14 +0100] "GET /service/agriculture-products/?view=/htdocs/sivaco/node_modules/yargs-parser/LICENSE.txt HTTP/1.1" 200 1329 "-" "Mozilla/5.0 (compatible; AwarioBot/1.0; +https://awario.com/bots.html)"
65.109.118.212 - - [13/Mar/2026:03:00:16 +0100] "GET /service/agriculture-products/?view=/htdocs/sivaco/node_modules/yargs-parser/README.md HTTP/1.1" 200 4114 "-" "Mozilla/5.0 (compatible; AwarioBot/1.0; +https://awario.com/bots.html)"
65.109.118.212 - - [13/Mar/2026:03:00:18 +0100] "GET /service/agriculture-products/?view=/htdocs/sivaco/node_modules/yargs-parser/index.js HTTP/1.1" 200 9867 "-" "Mozilla/5.0 (compatible; AwarioBot/1.0; +https://awario.com/bots.html)"
65.109.118.212 - - [13/Mar/2026:03:00:20 +0100] "GET /service/agriculture-products/?view=/htdocs/sivaco/node_modules/yargs-parser/package.json HTTP/1.1" 200 1316 "-" "Mozilla/5.0 (compatible; AwarioBot/1.0; +https://awario.com/bots.html)"
57.141.20.31 - - [13/Mar/2026:03:00:21 +0100] "GET /service/agriculture-products/?rename=/htdocs/ptso.jmkconsulting-ci.com/wp-content/plugins/metform/public/assets/js/lang/sq.js HTTP/2.0" 200 2348 "-" "meta-externalagent/1.1 (+https://developers.facebook.com/docs/sharing/webmasters/crawler)"
65.109.118.212 - - [13/Mar/2026:03:00:22 +0100] "GET /service/agriculture-products/?view=/htdocs/sivaco/node_modules/yargs/CHANGELOG.md HTTP/1.1" 200 8007 "-" "Mozilla/5.0 (compatible; AwarioBot/1.0; +https://awario.com/bots.html)"
65.109.118.212 - - [13/Mar/2026:03:00:24 +0100] "GET /service/agriculture-products/?view=/htdocs/sivaco/node_modules/yargs/LICENSE HTTP/1.1" 200 1540 "-" "Mozilla/5.0 (compatible; AwarioBot/1.0; +https://awario.com/bots.html)"
65.109.118.212 - - [13/Mar/2026:03:00:26 +0100] "GET /service/agriculture-products/?view=/htdocs/sivaco/node_modules/yargs/README.md HTTP/1.1" 200 2457 "-" "Mozilla/5.0 (compatible; AwarioBot/1.0; +https://awario.com/bots.html)"
65.109.118.212 - - [13/Mar/2026:03:00:29 +0100] "GET /service/agriculture-products/?view=/htdocs/sivaco/node_modules/yargs/index.js HTTP/1.1" 200 1342 "-" "Mozilla/5.0 (compatible; AwarioBot/1.0; +https://awario.com/bots.html)"
65.109.118.212 - - [13/Mar/2026:03:00:30 +0100] "GET /service/agriculture-products/?view=/htdocs/sivaco/node_modules/yargs/package.json HTTP/1.1" 200 1766 "-" "Mozilla/5.0 (compatible; AwarioBot/1.0; +https://awario.com/bots.html)"
65.109.118.212 - - [13/Mar/2026:03:00:32 +0100] "GET /service/agriculture-products/?view=/htdocs/sivaco/node_modules/yargs/yargs.js HTTP/1.1" 200 1053 "-" "Mozilla/5.0 (compatible; AwarioBot/1.0; +https://awario.com/bots.html)"
65.109.118.212 - - [13/Mar/2026:03:00:34 +0100] "GET /service/agriculture-products/?view=/htdocs/sivaco/resources/css/app.css HTTP/1.1" 200 877 "-" "Mozilla/5.0 (compatible; AwarioBot/1.0; +https://awario.com/bots.html)"
57.141.20.6 - - [13/Mar/2026:03:00:34 +0100] "GET /service/harvest/?rename=/usr/base/usr/share/locale/hr/LC_MESSAGES/iso_3166-3.mo HTTP/2.0" 200 2290 "-" "meta-externalagent/1.1 (+https://developers.facebook.com/docs/sharing/webmasters/crawler)"
65.109.118.212 - - [13/Mar/2026:03:00:36 +0100] "GET /service/agriculture-products/?view=/htdocs/sivaco/resources/js/app.js HTTP/1.1" 200 905 "-" "Mozilla/5.0 (compatible; AwarioBot/1.0; +https://awario.com/bots.html)"
65.109.118.212 - - [13/Mar/2026:03:00:38 +0100] "GET /service/agriculture-products/?view=/htdocs/sivaco/resources/js/bootstrap.js HTTP/1.1" 200 1357 "-" "Mozilla/5.0 (compatible; AwarioBot/1.0; +https://awario.com/bots.html)"
65.109.118.212 - - [13/Mar/2026:03:00:40 +0100] "GET /service/agriculture-products/?view=/htdocs/sivaco/resources/markdown/policy.md HTTP/1.1" 200 898 "-" "Mozilla/5.0 (compatible; AwarioBot/1.0; +https://awario.com/bots.html)"
65.109.118.212 - - [13/Mar/2026:03:00:42 +0100] "GET /service/agriculture-products/?view=/htdocs/sivaco/resources/markdown/terms.md HTTP/1.1" 200 899 "-" "Mozilla/5.0 (compatible; AwarioBot/1.0; +https://awario.com/bots.html)"
65.109.118.212 - - [13/Mar/2026:03:00:44 +0100] "GET /service/agriculture-products/?view=/htdocs/sivaco/resources/views/actuality.blade.php HTTP/1.1" 200 2010 "-" "Mozilla/5.0 (compatible; AwarioBot/1.0; +https://awario.com/bots.html)"
65.109.118.212 - - [13/Mar/2026:03:00:46 +0100] "GET /service/agriculture-products/?view=/htdocs/sivaco/resources/views/contact.blade.php HTTP/1.1" 200 2610 "-" "Mozilla/5.0 (compatible; AwarioBot/1.0; +https://awario.com/bots.html)"
57.141.20.55 - - [13/Mar/2026:03:00:46 +0100] "GET /service/agriculture-products/?edit=/htdocs/sivaco/vendor/hamcrest/hamcrest-php/generator/FactoryClass.php HTTP/2.0" 200 3675 "-" "meta-externalagent/1.1 (+https://developers.facebook.com/docs/sharing/webmasters/crawler)"
65.109.118.212 - - [13/Mar/2026:03:00:48 +0100] "GET /service/agriculture-products/?view=/htdocs/sivaco/resources/views/dashboard.blade.php HTTP/1.1" 200 1900 "-" "Mozilla/5.0 (compatible; AwarioBot/1.0; +https://awario.com/bots.html)"
65.109.118.212 - - [13/Mar/2026:03:00:50 +0100] "GET /service/agriculture-products/?view=/htdocs/sivaco/resources/views/engagement.blade.php HTTP/1.1" 200 1784 "-" "Mozilla/5.0 (compatible; AwarioBot/1.0; +https://awario.com/bots.html)"
65.109.118.212 - - [13/Mar/2026:03:00:52 +0100] "GET /service/agriculture-products/?view=/htdocs/sivaco/resources/views/error.blade.php HTTP/1.1" 200 1519 "-" "Mozilla/5.0 (compatible; AwarioBot/1.0; +https://awario.com/bots.html)"
65.109.118.212 - - [13/Mar/2026:03:00:54 +0100] "GET /service/agriculture-products/?view=/htdocs/sivaco/resources/views/home.blade.php HTTP/1.1" 200 1096 "-" "Mozilla/5.0 (compatible; AwarioBot/1.0; +https://awario.com/bots.html)"
65.109.118.212 - - [13/Mar/2026:03:00:56 +0100] "GET /service/agriculture-products/?view=/htdocs/sivaco/resources/views/index.blade.php HTTP/1.1" 200 3654 "-" "Mozilla/5.0 (compatible; AwarioBot/1.0; +https://awario.com/bots.html)"
57.141.20.51 - - [13/Mar/2026:03:00:56 +0100] "GET /service/organic-products/?view=/htdocs/site_data_2024/vendor/arrilot/laravel-widgets/src/config/config.php HTTP/2.0" 200 2734 "-" "meta-externalagent/1.1 (+https://developers.facebook.com/docs/sharing/webmasters/crawler)"
65.109.118.212 - - [13/Mar/2026:03:00:58 +0100] "GET /service/agriculture-products/?view=/htdocs/sivaco/resources/views/navigation-menu.blade.php HTTP/1.1" 200 3007 "-" "Mozilla/5.0 (compatible; AwarioBot/1.0; +https://awario.com/bots.html)"
65.109.118.212 - - [13/Mar/2026:03:01:00 +0100] "GET /service/agriculture-products/?view=/htdocs/sivaco/resources/views/policy.blade.php HTTP/1.1" 200 1057 "-" "Mozilla/5.0 (compatible; AwarioBot/1.0; +https://awario.com/bots.html)"
65.109.118.212 - - [13/Mar/2026:03:01:02 +0100] "GET /service/agriculture-products/?view=/htdocs/sivaco/resources/views/presentation.blade.php HTTP/1.1" 200 2596 "-" "Mozilla/5.0 (compatible; AwarioBot/1.0; +https://awario.com/bots.html)"
65.109.118.212 - - [13/Mar/2026:03:01:04 +0100] "GET /service/agriculture-products/?view=/htdocs/sivaco/resources/views/qualite.blade.php HTTP/1.1" 200 1853 "-" "Mozilla/5.0 (compatible; AwarioBot/1.0; +https://awario.com/bots.html)"
65.109.118.212 - - [13/Mar/2026:03:01:06 +0100] "GET /service/agriculture-products/?view=/htdocs/sivaco/resources/views/terms.blade.php HTTP/1.1" 200 1056 "-" "Mozilla/5.0 (compatible; AwarioBot/1.0; +https://awario.com/bots.html)"
57.141.20.48 - - [13/Mar/2026:03:01:06 +0100] "GET /service/agriculture-products/?view=/usr/base/usr/share/ghostscript/10.05.1/lib/traceop.ps HTTP/2.0" 200 4642 "-" "meta-externalagent/1.1 (+https://developers.facebook.com/docs/sharing/webmasters/crawler)"
65.109.118.212 - - [13/Mar/2026:03:01:08 +0100] "GET /service/agriculture-products/?view=/htdocs/sivaco/resources/views/tracabilite.blade.php HTTP/1.1" 200 1848 "-" "Mozilla/5.0 (compatible; AwarioBot/1.0; +https://awario.com/bots.html)"
65.109.118.212 - - [13/Mar/2026:03:01:10 +0100] "GET /service/agriculture-products/?view=/htdocs/sivaco/resources/views/viewactuality.blade.php HTTP/1.1" 200 1559 "-" "Mozilla/5.0 (compatible; AwarioBot/1.0; +https://awario.com/bots.html)"
65.109.118.212 - - [13/Mar/2026:03:01:13 +0100] "GET /service/agriculture-products/?view=/htdocs/sivaco/resources/views/welcome.blade.php HTTP/1.1" 200 6212 "-" "Mozilla/5.0 (compatible; AwarioBot/1.0; +https://awario.com/bots.html)"
193.203.239.64 - - [13/Mar/2026:03:01:14 +0100] "POST /wp-cron.php?doing_wp_cron=1773367274.8646121025085449218750 HTTP/1.1" 200 1 "-" "WordPress/6.9.4; https://ptso.jmkconsulting-ci.com"
57.141.20.7 - - [13/Mar/2026:03:01:14 +0100] "GET /service/dairy-products/?rename=/sftproot/htdocs/sivaco/storage/framework/.gitignore HTTP/2.0" 200 2281 "-" "meta-externalagent/1.1 (+https://developers.facebook.com/docs/sharing/webmasters/crawler)"
65.109.118.212 - - [13/Mar/2026:03:01:15 +0100] "GET /service/agriculture-products/?view=/htdocs/sivaco/storage/app/.gitignore HTTP/1.1" 200 864 "-" "Mozilla/5.0 (compatible; AwarioBot/1.0; +https://awario.com/bots.html)"
65.109.118.212 - - [13/Mar/2026:03:01:17 +0100] "GET /service/agriculture-products/?view=/htdocs/sivaco/storage/framework/.gitignore HTTP/1.1" 200 917 "-" "Mozilla/5.0 (compatible; AwarioBot/1.0; +https://awario.com/bots.html)"
65.109.118.212 - - [13/Mar/2026:03:01:19 +0100] "GET /service/agriculture-products/?view=/htdocs/sivaco/storage/logs/.gitignore HTTP/1.1" 200 858 "-" "Mozilla/5.0 (compatible; AwarioBot/1.0; +https://awario.com/bots.html)"
65.109.118.212 - - [13/Mar/2026:03:01:21 +0100] "GET /service/agriculture-products/?view=/htdocs/sivaco/storage/logs/laravel.log HTTP/1.1" 200 77928 "-" "Mozilla/5.0 (compatible; AwarioBot/1.0; +https://awario.com/bots.html)"
57.141.20.56 - - [13/Mar/2026:03:01:23 +0100] "GET /service/organic-products/?edit=/htdocs/atito2/node_modules/node-releases/data/release-schedule/release-schedule.json HTTP/2.0" 200 5719 "-" "meta-externalagent/1.1 (+https://developers.facebook.com/docs/sharing/webmasters/crawler)"
65.109.118.212 - - [13/Mar/2026:03:01:24 +0100] "GET /service/agriculture-products/?view=/htdocs/sivaco/tests/Feature/ApiTokenPermissionsTest.php HTTP/1.1" 200 1417 "-" "Mozilla/5.0 (compatible; AwarioBot/1.0; +https://awario.com/bots.html)"
65.109.118.212 - - [13/Mar/2026:03:01:26 +0100] "GET /service/agriculture-products/?view=/htdocs/sivaco/tests/Feature/AuthenticationTest.php HTTP/1.1" 200 1239 "-" "Mozilla/5.0 (compatible; AwarioBot/1.0; +https://awario.com/bots.html)"
65.109.118.212 - - [13/Mar/2026:03:01:28 +0100] "GET /service/agriculture-products/?view=/htdocs/sivaco/tests/Feature/BrowserSessionsTest.php HTTP/1.1" 200 1151 "-" "Mozilla/5.0 (compatible; AwarioBot/1.0; +https://awario.com/bots.html)"
65.109.118.212 - - [13/Mar/2026:03:01:29 +0100] "GET /service/agriculture-products/?view=/htdocs/sivaco/tests/Feature/CreateApiTokenTest.php HTTP/1.1" 200 1347 "-" "Mozilla/5.0 (compatible; AwarioBot/1.0; +https://awario.com/bots.html)"
57.141.20.15 - - [13/Mar/2026:03:01:30 +0100] "GET /service/dairy-products/?edit=/htdocs/jmknew.jmkconsulting-ci.com/gdata/node_modules/relateurl/lib/parse/urlstring.js HTTP/2.0" 200 4699 "-" "meta-externalagent/1.1 (+https://developers.facebook.com/docs/sharing/webmasters/crawler)"
65.109.118.212 - - [13/Mar/2026:03:01:31 +0100] "GET /service/agriculture-products/?view=/htdocs/sivaco/tests/Feature/DeleteAccountTest.php HTTP/1.1" 200 1297 "-" "Mozilla/5.0 (compatible; AwarioBot/1.0; +https://awario.com/bots.html)"
65.109.118.212 - - [13/Mar/2026:03:01:33 +0100] "GET /service/agriculture-products/?view=/htdocs/sivaco/tests/Feature/DeleteApiTokenTest.php HTTP/1.1" 200 1337 "-" "Mozilla/5.0 (compatible; AwarioBot/1.0; +https://awario.com/bots.html)"
65.109.118.212 - - [13/Mar/2026:03:01:35 +0100] "GET /service/agriculture-products/?view=/htdocs/sivaco/tests/Feature/EmailVerificationTest.php HTTP/1.1" 200 1503 "-" "Mozilla/5.0 (compatible; AwarioBot/1.0; +https://awario.com/bots.html)"
57.141.20.24 - - [13/Mar/2026:03:01:36 +0100] "GET /service/organic-products/?view=/htdocs/atito2/vendor/symfony/routing/Matcher/RedirectableUrlMatcher.php HTTP/2.0" 200 4264 "-" "meta-externalagent/1.1 (+https://developers.facebook.com/docs/sharing/webmasters/crawler)"
65.109.118.212 - - [13/Mar/2026:03:01:37 +0100] "GET /service/agriculture-products/?view=/htdocs/sivaco/tests/Feature/ExampleTest.php HTTP/1.1" 200 1048 "-" "Mozilla/5.0 (compatible; AwarioBot/1.0; +https://awario.com/bots.html)"
65.109.118.212 - - [13/Mar/2026:03:01:39 +0100] "GET /service/agriculture-products/?view=/htdocs/sivaco/tests/Feature/PasswordConfirmationTest.php HTTP/1.1" 200 1231 "-" "Mozilla/5.0 (compatible; AwarioBot/1.0; +https://awario.com/bots.html)"
65.109.118.212 - - [13/Mar/2026:03:01:42 +0100] "GET /service/agriculture-products/?view=/htdocs/sivaco/tests/Feature/PasswordResetTest.php HTTP/1.1" 200 1436 "-" "Mozilla/5.0 (compatible; AwarioBot/1.0; +https://awario.com/bots.html)"
57.141.20.44 - - [13/Mar/2026:03:01:43 +0100] "GET /service/harvest/?rename=/usr/base/opt/php7.0/include/php/main/php_globals.h HTTP/2.0" 200 2282 "-" "meta-externalagent/1.1 (+https://developers.facebook.com/docs/sharing/webmasters/crawler)"
65.109.118.212 - - [13/Mar/2026:03:01:43 +0100] "GET /service/agriculture-products/?view=/htdocs/sivaco/tests/Feature/ProfileInformationTest.php HTTP/1.1" 200 1265 "-" "Mozilla/5.0 (compatible; AwarioBot/1.0; +https://awario.com/bots.html)"
65.109.118.212 - - [13/Mar/2026:03:01:46 +0100] "GET /service/agriculture-products/?view=/htdocs/sivaco/tests/Feature/RegistrationTest.php HTTP/1.1" 200 1345 "-" "Mozilla/5.0 (compatible; AwarioBot/1.0; +https://awario.com/bots.html)"
65.109.118.212 - - [13/Mar/2026:03:01:47 +0100] "GET /service/agriculture-products/?view=/htdocs/sivaco/tests/Feature/TwoFactorAuthenticationSettingsTest.php HTTP/1.1" 200 1337 "-" "Mozilla/5.0 (compatible; AwarioBot/1.0; +https://awario.com/bots.html)"
57.141.20.44 - - [13/Mar/2026:03:01:49 +0100] "GET /service/dairy-products/?rename=/htdocs/jmknew.jmkconsulting-ci.com/gdata/.git/objects/0f/d7474aa04d3d2e33ff087dacdb4d508f029cfd HTTP/2.0" 200 2397 "-" "meta-externalagent/1.1 (+https://developers.facebook.com/docs/sharing/webmasters/crawler)"
65.109.118.212 - - [13/Mar/2026:03:01:49 +0100] "GET /service/agriculture-products/?view=/htdocs/sivaco/tests/Feature/UpdatePasswordTest.php HTTP/1.1" 200 1309 "-" "Mozilla/5.0 (compatible; AwarioBot/1.0; +https://awario.com/bots.html)"
65.109.118.212 - - [13/Mar/2026:03:01:52 +0100] "GET /service/agriculture-products/?view=/htdocs/sivaco/tests/Unit/ExampleTest.php HTTP/1.1" 200 995 "-" "Mozilla/5.0 (compatible; AwarioBot/1.0; +https://awario.com/bots.html)"
65.109.118.212 - - [13/Mar/2026:03:01:53 +0100] "GET /service/agriculture-products/?view=/htdocs/sivaco/vendor/bin/carbon HTTP/1.1" 406 1521 "-" "Mozilla/5.0 (compatible; AwarioBot/1.0; +https://awario.com/bots.html)"
57.141.20.39 - - [13/Mar/2026:03:01:55 +0100] "GET /service/dairy-products/?rename=/sftproot/htdocs/atito2/node_modules/object.assign/package.json HTTP/2.0" 200 2305 "-" "meta-externalagent/1.1 (+https://developers.facebook.com/docs/sharing/webmasters/crawler)"
65.109.118.212 - - [13/Mar/2026:03:01:55 +0100] "GET /service/agriculture-products/?view=/htdocs/sivaco/vendor/bin/carbon.bat HTTP/1.1" 406 1521 "-" "Mozilla/5.0 (compatible; AwarioBot/1.0; +https://awario.com/bots.html)"
65.109.118.212 - - [13/Mar/2026:03:01:57 +0100] "GET /service/agriculture-products/?view=/htdocs/sivaco/vendor/bin/patch-type-declarations HTTP/1.1" 406 1521 "-" "Mozilla/5.0 (compatible; AwarioBot/1.0; +https://awario.com/bots.html)"
65.109.118.212 - - [13/Mar/2026:03:01:59 +0100] "GET /service/agriculture-products/?view=/htdocs/sivaco/vendor/bin/patch-type-declarations.bat HTTP/1.1" 406 1521 "-" "Mozilla/5.0 (compatible; AwarioBot/1.0; +https://awario.com/bots.html)"
57.141.20.40 - - [13/Mar/2026:03:02:00 +0100] "GET /service/organic-products/?edit=/sftproot/htdocs/ptso.jmkconsulting-ci.com/wp-includes/blocks/post-featured-image.php HTTP/2.0" 200 13372 "-" "meta-externalagent/1.1 (+https://developers.facebook.com/docs/sharing/webmasters/crawler)"
65.109.118.212 - - [13/Mar/2026:03:02:01 +0100] "GET /service/agriculture-products/?view=/htdocs/sivaco/vendor/bin/php-parse HTTP/1.1" 301 162 "-" "Mozilla/5.0 (compatible; AwarioBot/1.0; +https://awario.com/bots.html)"
65.109.118.212 - - [13/Mar/2026:03:02:02 +0100] "GET /robots.txt HTTP/1.1" 200 120 "-" "Mozilla/5.0 (compatible; AwarioBot/1.0; +https://awario.com/bots.html)"
65.109.118.212 - - [13/Mar/2026:03:02:02 +0100] "GET /service/agriculture-products/?view=/htdocs/sivaco/vendor/bin/php-parse HTTP/1.1" 403 4478 "-" "Mozilla/5.0 (compatible; AwarioBot/1.0; +https://awario.com/bots.html)"
65.109.118.212 - - [13/Mar/2026:03:02:04 +0100] "GET /robots.txt HTTP/1.1" 301 162 "-" "Mozilla/5.0 (compatible; AwarioBot/1.0; +https://awario.com/bots.html)"
65.109.118.212 - - [13/Mar/2026:03:02:04 +0100] "GET /robots.txt HTTP/1.1" 200 120 "-" "Mozilla/5.0 (compatible; AwarioBot/1.0; +https://awario.com/bots.html)"
65.109.118.212 - - [13/Mar/2026:03:02:04 +0100] "GET /service/agriculture-products/?view=/htdocs/sivaco/vendor/bin/php-parse.bat HTTP/1.1" 301 162 "-" "Mozilla/5.0 (compatible; AwarioBot/1.0; +https://awario.com/bots.html)"
65.109.118.212 - - [13/Mar/2026:03:02:04 +0100] "GET /service/agriculture-products/?view=/htdocs/sivaco/vendor/bin/php-parse.bat HTTP/1.1" 403 4482 "-" "Mozilla/5.0 (compatible; AwarioBot/1.0; +https://awario.com/bots.html)"
57.141.20.26 - - [13/Mar/2026:03:02:04 +0100] "GET /service/organic-products/?rename=/htdocs/apps.jmkconsulting-ci.com/core/vendor/symfony/http-kernel/CacheClearer/Psr6CacheClearer.php HTTP/2.0" 200 2385 "-" "meta-externalagent/1.1 (+https://developers.facebook.com/docs/sharing/webmasters/crawler)"
65.109.118.212 - - [13/Mar/2026:03:02:05 +0100] "GET /service/agriculture-products/?view=/htdocs/sivaco/vendor/bin/phpunit HTTP/1.1" 301 162 "-" "Mozilla/5.0 (compatible; AwarioBot/1.0; +https://awario.com/bots.html)"
65.109.118.212 - - [13/Mar/2026:03:02:05 +0100] "GET /service/agriculture-products/?view=/htdocs/sivaco/vendor/bin/phpunit HTTP/1.1" 403 4474 "-" "Mozilla/5.0 (compatible; AwarioBot/1.0; +https://awario.com/bots.html)"
65.109.118.212 - - [13/Mar/2026:03:02:07 +0100] "GET /service/agriculture-products/?view=/htdocs/sivaco/vendor/bin/phpunit.bat HTTP/1.1" 301 162 "-" "Mozilla/5.0 (compatible; AwarioBot/1.0; +https://awario.com/bots.html)"
65.109.118.212 - - [13/Mar/2026:03:02:07 +0100] "GET /service/agriculture-products/?view=/htdocs/sivaco/vendor/bin/phpunit.bat HTTP/1.1" 403 4478 "-" "Mozilla/5.0 (compatible; AwarioBot/1.0; +https://awario.com/bots.html)"
65.109.118.212 - - [13/Mar/2026:03:02:09 +0100] "GET /service/agriculture-products/?view=/htdocs/sivaco/vendor/bin/psysh HTTP/1.1" 301 162 "-" "Mozilla/5.0 (compatible; AwarioBot/1.0; +https://awario.com/bots.html)"
65.109.118.212 - - [13/Mar/2026:03:02:09 +0100] "GET /service/agriculture-products/?view=/htdocs/sivaco/vendor/bin/psysh HTTP/1.1" 403 4474 "-" "Mozilla/5.0 (compatible; AwarioBot/1.0; +https://awario.com/bots.html)"
57.141.20.43 - - [13/Mar/2026:03:02:10 +0100] "GET /service/dairy-products/?dir=/sftproot/htdocs/jmknew.jmkconsulting-ci.com/gdata/node_modules/media-typer HTTP/2.0" 200 8975 "-" "meta-externalagent/1.1 (+https://developers.facebook.com/docs/sharing/webmasters/crawler)"
65.109.118.212 - - [13/Mar/2026:03:02:11 +0100] "GET /service/agriculture-products/?view=/htdocs/sivaco/vendor/bin/psysh.bat HTTP/1.1" 301 162 "-" "Mozilla/5.0 (compatible; AwarioBot/1.0; +https://awario.com/bots.html)"
65.109.118.212 - - [13/Mar/2026:03:02:11 +0100] "GET /service/agriculture-products/?view=/htdocs/sivaco/vendor/bin/psysh.bat HTTP/1.1" 403 4479 "-" "Mozilla/5.0 (compatible; AwarioBot/1.0; +https://awario.com/bots.html)"
65.109.118.212 - - [13/Mar/2026:03:02:13 +0100] "GET /service/agriculture-products/?view=/htdocs/sivaco/vendor/bin/var-dump-server HTTP/1.1" 301 162 "-" "Mozilla/5.0 (compatible; AwarioBot/1.0; +https://awario.com/bots.html)"
65.109.118.212 - - [13/Mar/2026:03:02:13 +0100] "GET /service/agriculture-products/?view=/htdocs/sivaco/vendor/bin/var-dump-server HTTP/1.1" 403 4475 "-" "Mozilla/5.0 (compatible; AwarioBot/1.0; +https://awario.com/bots.html)"
193.203.239.64 - - [13/Mar/2026:03:02:15 +0100] "POST /wp-cron.php?doing_wp_cron=1773367335.0611600875854492187500 HTTP/1.1" 200 1 "-" "WordPress/6.9.4; https://ptso.jmkconsulting-ci.com"
65.109.118.212 - - [13/Mar/2026:03:02:15 +0100] "GET /service/agriculture-products/?view=/htdocs/sivaco/vendor/bin/var-dump-server.bat HTTP/1.1" 301 162 "-" "Mozilla/5.0 (compatible; AwarioBot/1.0; +https://awario.com/bots.html)"
57.141.20.10 - - [13/Mar/2026:03:02:15 +0100] "GET /service/harvest/?edit=/usr/base/opt/php8.3/lib/php/build/ltmain.sh HTTP/2.0" 200 235288 "-" "meta-externalagent/1.1 (+https://developers.facebook.com/docs/sharing/webmasters/crawler)"
65.109.118.212 - - [13/Mar/2026:03:02:15 +0100] "GET /service/agriculture-products/?view=/htdocs/sivaco/vendor/bin/var-dump-server.bat HTTP/1.1" 403 4485 "-" "Mozilla/5.0 (compatible; AwarioBot/1.0; +https://awario.com/bots.html)"
65.109.118.212 - - [13/Mar/2026:03:02:17 +0100] "GET /service/agriculture-products/?view=/htdocs/sivaco/vendor/composer/ClassLoader.php HTTP/1.1" 301 162 "-" "Mozilla/5.0 (compatible; AwarioBot/1.0; +https://awario.com/bots.html)"
65.109.118.212 - - [13/Mar/2026:03:02:17 +0100] "GET /service/agriculture-products/?view=/htdocs/sivaco/vendor/composer/ClassLoader.php HTTP/1.1" 403 4475 "-" "Mozilla/5.0 (compatible; AwarioBot/1.0; +https://awario.com/bots.html)"
65.109.118.212 - - [13/Mar/2026:03:02:19 +0100] "GET /service/agriculture-products/?view=/htdocs/sivaco/vendor/composer/InstalledVersions.php HTTP/1.1" 301 162 "-" "Mozilla/5.0 (compatible; AwarioBot/1.0; +https://awario.com/bots.html)"
57.141.20.10 - - [13/Mar/2026:03:02:19 +0100] "GET /service/agriculture-products/?edit=/sftproot/htdocs/coopo.jmkconsulting-ci.com/SCAES/fonts/fa-brands-400.woff2 HTTP/2.0" 200 199922 "-" "meta-externalagent/1.1 (+https://developers.facebook.com/docs/sharing/webmasters/crawler)"
65.109.118.212 - - [13/Mar/2026:03:02:19 +0100] "GET /service/agriculture-products/?view=/htdocs/sivaco/vendor/composer/InstalledVersions.php HTTP/1.1" 403 4479 "-" "Mozilla/5.0 (compatible; AwarioBot/1.0; +https://awario.com/bots.html)"
65.109.118.212 - - [13/Mar/2026:03:02:20 +0100] "GET /service/agriculture-products/?view=/htdocs/sivaco/vendor/composer/LICENSE HTTP/1.1" 301 162 "-" "Mozilla/5.0 (compatible; AwarioBot/1.0; +https://awario.com/bots.html)"
65.109.118.212 - - [13/Mar/2026:03:02:21 +0100] "GET /service/agriculture-products/?view=/htdocs/sivaco/vendor/composer/LICENSE HTTP/1.1" 403 4477 "-" "Mozilla/5.0 (compatible; AwarioBot/1.0; +https://awario.com/bots.html)"
65.109.118.212 - - [13/Mar/2026:03:02:23 +0100] "GET /service/agriculture-products/?view=/htdocs/sivaco/vendor/composer/autoload_classmap.php HTTP/1.1" 301 162 "-" "Mozilla/5.0 (compatible; AwarioBot/1.0; +https://awario.com/bots.html)"
65.109.118.212 - - [13/Mar/2026:03:02:23 +0100] "GET /service/agriculture-products/?view=/htdocs/sivaco/vendor/composer/autoload_classmap.php HTTP/1.1" 403 4485 "-" "Mozilla/5.0 (compatible; AwarioBot/1.0; +https://awario.com/bots.html)"
57.141.20.15 - - [13/Mar/2026:03:02:23 +0100] "GET /service/fresh-vegetables/?view=/usr/base/var/lib/mibs/ietf/SLAPM-MIB HTTP/2.0" 200 115224 "-" "meta-externalagent/1.1 (+https://developers.facebook.com/docs/sharing/webmasters/crawler)"
65.109.118.212 - - [13/Mar/2026:03:02:25 +0100] "GET /service/agriculture-products/?view=/htdocs/sivaco/vendor/composer/autoload_files.php HTTP/1.1" 301 162 "-" "Mozilla/5.0 (compatible; AwarioBot/1.0; +https://awario.com/bots.html)"
65.109.118.212 - - [13/Mar/2026:03:02:25 +0100] "GET /service/agriculture-products/?view=/htdocs/sivaco/vendor/composer/autoload_files.php HTTP/1.1" 403 4471 "-" "Mozilla/5.0 (compatible; AwarioBot/1.0; +https://awario.com/bots.html)"
57.141.20.12 - - [13/Mar/2026:03:02:27 +0100] "GET /service/agriculture-products/?rename=/usr/base/usr/share/poppler/cMap/Adobe-GB1/UniGB-UTF16-V HTTP/2.0" 200 2292 "-" "meta-externalagent/1.1 (+https://developers.facebook.com/docs/sharing/webmasters/crawler)"
65.109.118.212 - - [13/Mar/2026:03:02:27 +0100] "GET /service/agriculture-products/?view=/htdocs/sivaco/vendor/composer/autoload_namespaces.php HTTP/1.1" 301 162 "-" "Mozilla/5.0 (compatible; AwarioBot/1.0; +https://awario.com/bots.html)"
