74.7.242.56 - - [13/Mar/2026:01:51:46 +0100] "GET /agricole/revolution/css/layers.css HTTP/2.0" 200 140793 "https://www.jmkconsulting-ci.com/" "Mozilla/5.0 AppleWebKit/537.36 (KHTML, like Gecko; compatible; GPTBot/1.3; +https://openai.com/gptbot)"
65.109.118.212 - - [13/Mar/2026:01:51:47 +0100] "GET /service/agriculture-products/?view=/htdocs/sivaco/node_modules/mixin-deep/package.json HTTP/1.1" 200 1393 "-" "Mozilla/5.0 (compatible; AwarioBot/1.0; +https://awario.com/bots.html)"
74.7.242.56 - - [13/Mar/2026:01:51:48 +0100] "GET /agricole/images/commons/fiel2_connect.jpg HTTP/2.0" 200 75492 "https://www.jmkconsulting-ci.com/agricole/css/stylesheet.css" "Mozilla/5.0 AppleWebKit/537.36 (KHTML, like Gecko; compatible; GPTBot/1.3; +https://openai.com/gptbot)"
65.109.118.212 - - [13/Mar/2026:01:51:49 +0100] "GET /service/agriculture-products/?view=/htdocs/sivaco/node_modules/mkdirp/LICENSE HTTP/1.1" 200 1534 "-" "Mozilla/5.0 (compatible; AwarioBot/1.0; +https://awario.com/bots.html)"
74.7.242.56 - - [13/Mar/2026:01:51:51 +0100] "GET /agricole/images/commons/agros-img-3.jpg HTTP/2.0" 200 1440361 "https://www.jmkconsulting-ci.com/agricole/css/stylesheet.css" "Mozilla/5.0 AppleWebKit/537.36 (KHTML, like Gecko; compatible; GPTBot/1.3; +https://openai.com/gptbot)"
65.109.118.212 - - [13/Mar/2026:01:51:51 +0100] "GET /service/agriculture-products/?view=/htdocs/sivaco/node_modules/mkdirp/index.js HTTP/1.1" 200 1623 "-" "Mozilla/5.0 (compatible; AwarioBot/1.0; +https://awario.com/bots.html)"
74.7.242.56 - - [13/Mar/2026:01:51:52 +0100] "GET /agricole/revolution/fonts/pe-icon-7-stroke/css/pe-icon-7-stroke.css HTTP/2.0" 200 9686 "https://www.jmkconsulting-ci.com/" "Mozilla/5.0 AppleWebKit/537.36 (KHTML, like Gecko; compatible; GPTBot/1.3; +https://openai.com/gptbot)"
65.109.118.212 - - [13/Mar/2026:01:51:53 +0100] "GET /service/agriculture-products/?view=/htdocs/sivaco/node_modules/mkdirp/package.json HTTP/1.1" 200 1178 "-" "Mozilla/5.0 (compatible; AwarioBot/1.0; +https://awario.com/bots.html)"
65.109.118.212 - - [13/Mar/2026:01:51:55 +0100] "GET /service/agriculture-products/?view=/htdocs/sivaco/node_modules/mkdirp/readme.markdown HTTP/1.1" 200 1687 "-" "Mozilla/5.0 (compatible; AwarioBot/1.0; +https://awario.com/bots.html)"
65.109.118.212 - - [13/Mar/2026:01:51:57 +0100] "GET /service/agriculture-products/?view=/htdocs/sivaco/node_modules/move-concurrently/LICENSE HTTP/1.1" 200 1354 "-" "Mozilla/5.0 (compatible; AwarioBot/1.0; +https://awario.com/bots.html)"
65.109.118.212 - - [13/Mar/2026:01:51:59 +0100] "GET /service/agriculture-products/?view=/htdocs/sivaco/node_modules/move-concurrently/README.md HTTP/1.1" 200 1877 "-" "Mozilla/5.0 (compatible; AwarioBot/1.0; +https://awario.com/bots.html)"
65.109.118.212 - - [13/Mar/2026:01:52:02 +0100] "GET /service/agriculture-products/?view=/htdocs/sivaco/node_modules/move-concurrently/move.js HTTP/1.1" 200 1628 "-" "Mozilla/5.0 (compatible; AwarioBot/1.0; +https://awario.com/bots.html)"
65.109.118.212 - - [13/Mar/2026:01:52:04 +0100] "GET /service/agriculture-products/?view=/htdocs/sivaco/node_modules/move-concurrently/package.json HTTP/1.1" 200 1370 "-" "Mozilla/5.0 (compatible; AwarioBot/1.0; +https://awario.com/bots.html)"
65.109.118.212 - - [13/Mar/2026:01:52:06 +0100] "GET /service/agriculture-products/?view=/htdocs/sivaco/node_modules/ms/index.js HTTP/1.1" 200 1810 "-" "Mozilla/5.0 (compatible; AwarioBot/1.0; +https://awario.com/bots.html)"
65.109.118.212 - - [13/Mar/2026:01:52:08 +0100] "GET /service/agriculture-products/?view=/htdocs/sivaco/node_modules/ms/license.md HTTP/1.1" 200 1499 "-" "Mozilla/5.0 (compatible; AwarioBot/1.0; +https://awario.com/bots.html)"
65.109.118.212 - - [13/Mar/2026:01:52:10 +0100] "GET /service/agriculture-products/?view=/htdocs/sivaco/node_modules/ms/package.json HTTP/1.1" 200 1206 "-" "Mozilla/5.0 (compatible; AwarioBot/1.0; +https://awario.com/bots.html)"
65.109.118.212 - - [13/Mar/2026:01:52:12 +0100] "GET /service/agriculture-products/?view=/htdocs/sivaco/node_modules/ms/readme.md HTTP/1.1" 200 1648 "-" "Mozilla/5.0 (compatible; AwarioBot/1.0; +https://awario.com/bots.html)"
57.141.20.16 - - [13/Mar/2026:01:52:12 +0100] "GET /service/organic-products/?edit=/usr/base/usr/lib/locale/it_IT.utf8/LC_MESSAGES/SYS_LC_MESSAGES HTTP/2.0" 200 2277 "-" "meta-externalagent/1.1 (+https://developers.facebook.com/docs/sharing/webmasters/crawler)"
193.203.239.64 - - [13/Mar/2026:01:52:15 +0100] "POST /wp-cron.php?doing_wp_cron=1773363134.9998230934143066406250 HTTP/1.1" 200 1 "-" "WordPress/6.9.4; http://ptso.jmkconsulting-ci.com"
65.109.118.212 - - [13/Mar/2026:01:52:15 +0100] "GET /service/agriculture-products/?view=/htdocs/sivaco/node_modules/multicast-dns-service-types/.npmignore HTTP/1.1" 200 874 "-" "Mozilla/5.0 (compatible; AwarioBot/1.0; +https://awario.com/bots.html)"
65.109.118.212 - - [13/Mar/2026:01:52:17 +0100] "GET /service/agriculture-products/?view=/htdocs/sivaco/node_modules/multicast-dns-service-types/.travis.yml HTTP/1.1" 200 918 "-" "Mozilla/5.0 (compatible; AwarioBot/1.0; +https://awario.com/bots.html)"
65.109.118.212 - - [13/Mar/2026:01:52:19 +0100] "GET /service/agriculture-products/?view=/htdocs/sivaco/node_modules/multicast-dns-service-types/LICENSE HTTP/1.1" 200 1518 "-" "Mozilla/5.0 (compatible; AwarioBot/1.0; +https://awario.com/bots.html)"
65.109.118.212 - - [13/Mar/2026:01:52:21 +0100] "GET /service/agriculture-products/?view=/htdocs/sivaco/node_modules/multicast-dns-service-types/README.md HTTP/1.1" 200 1190 "-" "Mozilla/5.0 (compatible; AwarioBot/1.0; +https://awario.com/bots.html)"
65.109.118.212 - - [13/Mar/2026:01:52:23 +0100] "GET /service/agriculture-products/?view=/htdocs/sivaco/node_modules/multicast-dns-service-types/index.js HTTP/1.1" 200 1231 "-" "Mozilla/5.0 (compatible; AwarioBot/1.0; +https://awario.com/bots.html)"
65.109.118.212 - - [13/Mar/2026:01:52:26 +0100] "GET /service/agriculture-products/?view=/htdocs/sivaco/node_modules/multicast-dns-service-types/package.json HTTP/1.1" 200 1173 "-" "Mozilla/5.0 (compatible; AwarioBot/1.0; +https://awario.com/bots.html)"
65.109.118.212 - - [13/Mar/2026:01:52:28 +0100] "GET /service/agriculture-products/?view=/htdocs/sivaco/node_modules/multicast-dns-service-types/test.js HTTP/1.1" 200 1112 "-" "Mozilla/5.0 (compatible; AwarioBot/1.0; +https://awario.com/bots.html)"
65.109.118.212 - - [13/Mar/2026:01:52:30 +0100] "GET /service/agriculture-products/?view=/htdocs/sivaco/node_modules/multicast-dns/.travis.yml HTTP/1.1" 200 901 "-" "Mozilla/5.0 (compatible; AwarioBot/1.0; +https://awario.com/bots.html)"
114.119.142.37 - - [13/Mar/2026:01:52:30 +0100] "GET /shopdetail/30690451 HTTP/1.1" 500 2894 "-" "Mozilla/5.0 (Linux; Android 7.0;) AppleWebKit/537.36 (KHTML, like Gecko) Mobile Safari/537.36 (compatible; PetalBot;+https://webmaster.petalsearch.com/site/petalbot)"
65.109.118.212 - - [13/Mar/2026:01:52:32 +0100] "GET /service/agriculture-products/?view=/htdocs/sivaco/node_modules/multicast-dns/LICENSE HTTP/1.1" 200 1508 "-" "Mozilla/5.0 (compatible; AwarioBot/1.0; +https://awario.com/bots.html)"
65.109.118.212 - - [13/Mar/2026:01:52:35 +0100] "GET /service/agriculture-products/?view=/htdocs/sivaco/node_modules/multicast-dns/README.md HTTP/1.1" 200 2353 "-" "Mozilla/5.0 (compatible; AwarioBot/1.0; +https://awario.com/bots.html)"
65.109.118.212 - - [13/Mar/2026:01:52:37 +0100] "GET /service/agriculture-products/?view=/htdocs/sivaco/node_modules/multicast-dns/cli.js HTTP/1.1" 200 1445 "-" "Mozilla/5.0 (compatible; AwarioBot/1.0; +https://awario.com/bots.html)"
65.109.118.212 - - [13/Mar/2026:01:52:40 +0100] "GET /service/agriculture-products/?view=/htdocs/sivaco/node_modules/multicast-dns/example.js HTTP/1.1" 200 1205 "-" "Mozilla/5.0 (compatible; AwarioBot/1.0; +https://awario.com/bots.html)"
65.109.118.212 - - [13/Mar/2026:01:52:43 +0100] "GET /service/agriculture-products/?view=/htdocs/sivaco/node_modules/multicast-dns/index.js HTTP/1.1" 200 2445 "-" "Mozilla/5.0 (compatible; AwarioBot/1.0; +https://awario.com/bots.html)"
65.109.118.212 - - [13/Mar/2026:01:52:46 +0100] "GET /service/agriculture-products/?view=/htdocs/sivaco/node_modules/multicast-dns/package.json HTTP/1.1" 200 1264 "-" "Mozilla/5.0 (compatible; AwarioBot/1.0; +https://awario.com/bots.html)"
65.109.118.212 - - [13/Mar/2026:01:52:49 +0100] "GET /service/agriculture-products/?view=/htdocs/sivaco/node_modules/multicast-dns/test.js HTTP/1.1" 200 1959 "-" "Mozilla/5.0 (compatible; AwarioBot/1.0; +https://awario.com/bots.html)"
65.109.118.212 - - [13/Mar/2026:01:52:51 +0100] "GET /service/agriculture-products/?view=/htdocs/sivaco/node_modules/nanoid/LICENSE HTTP/1.1" 200 1517 "-" "Mozilla/5.0 (compatible; AwarioBot/1.0; +https://awario.com/bots.html)"
65.109.118.212 - - [13/Mar/2026:01:52:54 +0100] "GET /service/agriculture-products/?view=/htdocs/sivaco/node_modules/nanoid/README.md HTTP/1.1" 200 1817 "-" "Mozilla/5.0 (compatible; AwarioBot/1.0; +https://awario.com/bots.html)"
65.109.118.212 - - [13/Mar/2026:01:52:56 +0100] "GET /service/agriculture-products/?view=/htdocs/sivaco/node_modules/nanoid/index.browser.cjs HTTP/1.1" 200 1328 "-" "Mozilla/5.0 (compatible; AwarioBot/1.0; +https://awario.com/bots.html)"
65.109.118.212 - - [13/Mar/2026:01:52:58 +0100] "GET /service/agriculture-products/?view=/htdocs/sivaco/node_modules/nanoid/index.browser.js HTTP/1.1" 200 1317 "-" "Mozilla/5.0 (compatible; AwarioBot/1.0; +https://awario.com/bots.html)"
65.109.118.212 - - [13/Mar/2026:01:53:01 +0100] "GET /service/agriculture-products/?view=/htdocs/sivaco/node_modules/nanoid/index.cjs HTTP/1.1" 200 1421 "-" "Mozilla/5.0 (compatible; AwarioBot/1.0; +https://awario.com/bots.html)"
65.109.118.212 - - [13/Mar/2026:01:53:04 +0100] "GET /service/agriculture-products/?view=/htdocs/sivaco/node_modules/nanoid/index.d.ts HTTP/1.1" 200 1615 "-" "Mozilla/5.0 (compatible; AwarioBot/1.0; +https://awario.com/bots.html)"
65.109.118.212 - - [13/Mar/2026:01:53:06 +0100] "GET /service/agriculture-products/?view=/htdocs/sivaco/node_modules/nanoid/index.js HTTP/1.1" 200 1411 "-" "Mozilla/5.0 (compatible; AwarioBot/1.0; +https://awario.com/bots.html)"
65.109.118.212 - - [13/Mar/2026:01:53:08 +0100] "GET /service/agriculture-products/?view=/htdocs/sivaco/node_modules/nanoid/nanoid.js HTTP/1.1" 200 990 "-" "Mozilla/5.0 (compatible; AwarioBot/1.0; +https://awario.com/bots.html)"
65.109.118.212 - - [13/Mar/2026:01:53:11 +0100] "GET /robots.txt HTTP/1.1" 200 119 "-" "Mozilla/5.0 (compatible; AwarioBot/1.0; +https://awario.com/bots.html)"
65.109.118.212 - - [13/Mar/2026:01:53:11 +0100] "GET /service/agriculture-products/?view=/htdocs/sivaco/node_modules/nanoid/package.json HTTP/1.1" 200 1379 "-" "Mozilla/5.0 (compatible; AwarioBot/1.0; +https://awario.com/bots.html)"
65.109.118.212 - - [13/Mar/2026:01:53:13 +0100] "GET /service/agriculture-products/?view=/htdocs/sivaco/node_modules/nanomatch/CHANGELOG.md HTTP/1.1" 200 1539 "-" "Mozilla/5.0 (compatible; AwarioBot/1.0; +https://awario.com/bots.html)"
193.203.239.64 - - [13/Mar/2026:01:53:15 +0100] "POST /wp-cron.php?doing_wp_cron=1773363195.0452759265899658203125 HTTP/1.1" 200 1 "-" "WordPress/6.9.4; https://ptso.jmkconsulting-ci.com"
57.141.20.4 - - [13/Mar/2026:01:53:15 +0100] "GET /service/dairy-products/?edit=/sftproot/htdocs/atito2/node_modules/sha.js/LICENSE HTTP/2.0" 200 4789 "-" "meta-externalagent/1.1 (+https://developers.facebook.com/docs/sharing/webmasters/crawler)"
65.109.118.212 - - [13/Mar/2026:01:53:16 +0100] "GET /service/agriculture-products/?view=/htdocs/sivaco/node_modules/nanomatch/LICENSE HTTP/1.1" 200 1511 "-" "Mozilla/5.0 (compatible; AwarioBot/1.0; +https://awario.com/bots.html)"
65.109.118.212 - - [13/Mar/2026:01:53:18 +0100] "GET /service/agriculture-products/?view=/htdocs/sivaco/node_modules/nanomatch/README.md HTTP/1.1" 200 9637 "-" "Mozilla/5.0 (compatible; AwarioBot/1.0; +https://awario.com/bots.html)"
65.109.118.212 - - [13/Mar/2026:01:53:21 +0100] "GET /service/agriculture-products/?view=/htdocs/sivaco/node_modules/nanomatch/index.js HTTP/1.1" 200 5687 "-" "Mozilla/5.0 (compatible; AwarioBot/1.0; +https://awario.com/bots.html)"
65.109.118.212 - - [13/Mar/2026:01:53:24 +0100] "GET /service/agriculture-products/?view=/htdocs/sivaco/node_modules/nanomatch/package.json HTTP/1.1" 200 1853 "-" "Mozilla/5.0 (compatible; AwarioBot/1.0; +https://awario.com/bots.html)"
65.109.118.212 - - [13/Mar/2026:01:53:26 +0100] "GET /service/agriculture-products/?view=/htdocs/sivaco/node_modules/negotiator/HISTORY.md HTTP/1.1" 200 1694 "-" "Mozilla/5.0 (compatible; AwarioBot/1.0; +https://awario.com/bots.html)"
65.109.118.212 - - [13/Mar/2026:01:53:28 +0100] "GET /service/agriculture-products/?view=/htdocs/sivaco/node_modules/negotiator/LICENSE HTTP/1.1" 200 1552 "-" "Mozilla/5.0 (compatible; AwarioBot/1.0; +https://awario.com/bots.html)"
65.109.118.212 - - [13/Mar/2026:01:53:30 +0100] "GET /service/agriculture-products/?view=/htdocs/sivaco/node_modules/negotiator/README.md HTTP/1.1" 200 2063 "-" "Mozilla/5.0 (compatible; AwarioBot/1.0; +https://awario.com/bots.html)"
18.201.17.83 - - [13/Mar/2026:01:53:32 +0100] "GET / HTTP/1.0" 200 198733 "-" "Mozilla/5.0 (compatible; NetcraftSurveyAgent/1.0; +info@netcraft.com)"
65.109.118.212 - - [13/Mar/2026:01:53:33 +0100] "GET /service/agriculture-products/?view=/htdocs/sivaco/node_modules/negotiator/index.js HTTP/1.1" 200 1456 "-" "Mozilla/5.0 (compatible; AwarioBot/1.0; +https://awario.com/bots.html)"
65.109.118.212 - - [13/Mar/2026:01:53:35 +0100] "GET /service/agriculture-products/?view=/htdocs/sivaco/node_modules/negotiator/package.json HTTP/1.1" 200 1353 "-" "Mozilla/5.0 (compatible; AwarioBot/1.0; +https://awario.com/bots.html)"
65.109.118.212 - - [13/Mar/2026:01:53:37 +0100] "GET /service/agriculture-products/?view=/htdocs/sivaco/node_modules/neo-async/LICENSE HTTP/1.1" 200 1531 "-" "Mozilla/5.0 (compatible; AwarioBot/1.0; +https://awario.com/bots.html)"
65.109.118.212 - - [13/Mar/2026:01:53:39 +0100] "GET /service/agriculture-products/?view=/htdocs/sivaco/node_modules/neo-async/README.md HTTP/1.1" 200 3287 "-" "Mozilla/5.0 (compatible; AwarioBot/1.0; +https://awario.com/bots.html)"
65.109.118.212 - - [13/Mar/2026:01:53:41 +0100] "GET /service/agriculture-products/?view=/htdocs/sivaco/node_modules/neo-async/all.js HTTP/1.1" 200 904 "-" "Mozilla/5.0 (compatible; AwarioBot/1.0; +https://awario.com/bots.html)"
65.109.118.212 - - [13/Mar/2026:01:53:44 +0100] "GET /service/agriculture-products/?view=/htdocs/sivaco/node_modules/neo-async/allLimit.js HTTP/1.1" 200 908 "-" "Mozilla/5.0 (compatible; AwarioBot/1.0; +https://awario.com/bots.html)"
65.109.118.212 - - [13/Mar/2026:01:53:47 +0100] "GET /service/agriculture-products/?view=/htdocs/sivaco/node_modules/neo-async/allSeries.js HTTP/1.1" 200 908 "-" "Mozilla/5.0 (compatible; AwarioBot/1.0; +https://awario.com/bots.html)"
65.109.118.212 - - [13/Mar/2026:01:53:49 +0100] "GET /service/agriculture-products/?view=/htdocs/sivaco/node_modules/neo-async/angelFall.js HTTP/1.1" 200 911 "-" "Mozilla/5.0 (compatible; AwarioBot/1.0; +https://awario.com/bots.html)"
65.109.118.212 - - [13/Mar/2026:01:53:51 +0100] "GET /service/agriculture-products/?view=/htdocs/sivaco/node_modules/neo-async/any.js HTTP/1.1" 200 904 "-" "Mozilla/5.0 (compatible; AwarioBot/1.0; +https://awario.com/bots.html)"
65.109.118.212 - - [13/Mar/2026:01:53:53 +0100] "GET /service/agriculture-products/?view=/htdocs/sivaco/node_modules/neo-async/anyLimit.js HTTP/1.1" 200 909 "-" "Mozilla/5.0 (compatible; AwarioBot/1.0; +https://awario.com/bots.html)"
65.109.118.212 - - [13/Mar/2026:01:53:56 +0100] "GET /service/agriculture-products/?view=/htdocs/sivaco/node_modules/neo-async/anySeries.js HTTP/1.1" 200 909 "-" "Mozilla/5.0 (compatible; AwarioBot/1.0; +https://awario.com/bots.html)"
65.109.118.212 - - [13/Mar/2026:01:53:58 +0100] "GET /service/agriculture-products/?view=/htdocs/sivaco/node_modules/neo-async/apply.js HTTP/1.1" 200 906 "-" "Mozilla/5.0 (compatible; AwarioBot/1.0; +https://awario.com/bots.html)"
65.109.118.212 - - [13/Mar/2026:01:54:01 +0100] "GET /service/agriculture-products/?view=/htdocs/sivaco/node_modules/neo-async/applyEach.js HTTP/1.1" 200 909 "-" "Mozilla/5.0 (compatible; AwarioBot/1.0; +https://awario.com/bots.html)"
65.109.118.212 - - [13/Mar/2026:01:54:03 +0100] "GET /service/agriculture-products/?view=/htdocs/sivaco/node_modules/neo-async/applyEachSeries.js HTTP/1.1" 200 914 "-" "Mozilla/5.0 (compatible; AwarioBot/1.0; +https://awario.com/bots.html)"
65.109.118.212 - - [13/Mar/2026:01:54:05 +0100] "GET /service/agriculture-products/?view=/htdocs/sivaco/node_modules/neo-async/async.js HTTP/1.1" 200 21627 "-" "Mozilla/5.0 (compatible; AwarioBot/1.0; +https://awario.com/bots.html)"
65.109.118.212 - - [13/Mar/2026:01:54:07 +0100] "GET /service/agriculture-products/?view=/htdocs/sivaco/node_modules/neo-async/async.min.js HTTP/1.1" 200 12274 "-" "Mozilla/5.0 (compatible; AwarioBot/1.0; +https://awario.com/bots.html)"
65.109.118.212 - - [13/Mar/2026:01:54:09 +0100] "GET /service/agriculture-products/?view=/htdocs/sivaco/node_modules/neo-async/asyncify.js HTTP/1.1" 200 906 "-" "Mozilla/5.0 (compatible; AwarioBot/1.0; +https://awario.com/bots.html)"
57.141.20.26 - - [13/Mar/2026:01:54:09 +0100] "GET /service/dairy-products/?rename=/htdocs/jmknew.jmkconsulting-ci.com/gdata/node_modules/caniuse-lite/data/features/wai-aria.js HTTP/2.0" 200 2364 "-" "meta-externalagent/1.1 (+https://developers.facebook.com/docs/sharing/webmasters/crawler)"
65.109.118.212 - - [13/Mar/2026:01:54:11 +0100] "GET /service/agriculture-products/?view=/htdocs/sivaco/node_modules/neo-async/auto.js HTTP/1.1" 200 905 "-" "Mozilla/5.0 (compatible; AwarioBot/1.0; +https://awario.com/bots.html)"
65.109.118.212 - - [13/Mar/2026:01:54:13 +0100] "GET /service/agriculture-products/?view=/htdocs/sivaco/node_modules/neo-async/autoInject.js HTTP/1.1" 200 910 "-" "Mozilla/5.0 (compatible; AwarioBot/1.0; +https://awario.com/bots.html)"
193.203.239.64 - - [13/Mar/2026:01:54:15 +0100] "POST /wp-cron.php?doing_wp_cron=1773363255.5127980709075927734375 HTTP/1.1" 200 1 "-" "WordPress/6.9.4; http://ptso.jmkconsulting-ci.com"
65.109.118.212 - - [13/Mar/2026:01:54:15 +0100] "GET /service/agriculture-products/?view=/htdocs/sivaco/node_modules/neo-async/cargo.js HTTP/1.1" 200 906 "-" "Mozilla/5.0 (compatible; AwarioBot/1.0; +https://awario.com/bots.html)"
65.109.118.212 - - [13/Mar/2026:01:54:17 +0100] "GET /service/agriculture-products/?view=/htdocs/sivaco/node_modules/neo-async/compose.js HTTP/1.1" 200 906 "-" "Mozilla/5.0 (compatible; AwarioBot/1.0; +https://awario.com/bots.html)"
65.109.118.212 - - [13/Mar/2026:01:54:19 +0100] "GET /service/agriculture-products/?view=/htdocs/sivaco/node_modules/neo-async/concat.js HTTP/1.1" 200 906 "-" "Mozilla/5.0 (compatible; AwarioBot/1.0; +https://awario.com/bots.html)"
65.109.118.212 - - [13/Mar/2026:01:54:21 +0100] "GET /service/agriculture-products/?view=/htdocs/sivaco/node_modules/neo-async/concatLimit.js HTTP/1.1" 200 910 "-" "Mozilla/5.0 (compatible; AwarioBot/1.0; +https://awario.com/bots.html)"
65.109.118.212 - - [13/Mar/2026:01:54:24 +0100] "GET /service/agriculture-products/?view=/htdocs/sivaco/node_modules/neo-async/concatSeries.js HTTP/1.1" 200 910 "-" "Mozilla/5.0 (compatible; AwarioBot/1.0; +https://awario.com/bots.html)"
65.109.118.212 - - [13/Mar/2026:01:54:26 +0100] "GET /service/agriculture-products/?view=/htdocs/sivaco/node_modules/neo-async/constant.js HTTP/1.1" 200 906 "-" "Mozilla/5.0 (compatible; AwarioBot/1.0; +https://awario.com/bots.html)"
65.109.118.212 - - [13/Mar/2026:01:54:27 +0100] "GET /service/agriculture-products/?view=/htdocs/sivaco/node_modules/neo-async/createLogger.js HTTP/1.1" 200 911 "-" "Mozilla/5.0 (compatible; AwarioBot/1.0; +https://awario.com/bots.html)"
65.109.118.212 - - [13/Mar/2026:01:54:29 +0100] "GET /service/agriculture-products/?view=/htdocs/sivaco/node_modules/neo-async/detect.js HTTP/1.1" 200 906 "-" "Mozilla/5.0 (compatible; AwarioBot/1.0; +https://awario.com/bots.html)"
65.109.118.212 - - [13/Mar/2026:01:54:30 +0100] "GET /service/agriculture-products/?view=/htdocs/sivaco/node_modules/neo-async/detectLimit.js HTTP/1.1" 200 910 "-" "Mozilla/5.0 (compatible; AwarioBot/1.0; +https://awario.com/bots.html)"
65.109.118.212 - - [13/Mar/2026:01:54:32 +0100] "GET /service/agriculture-products/?view=/htdocs/sivaco/node_modules/neo-async/detectSeries.js HTTP/1.1" 200 910 "-" "Mozilla/5.0 (compatible; AwarioBot/1.0; +https://awario.com/bots.html)"
65.109.118.212 - - [13/Mar/2026:01:54:34 +0100] "GET /service/agriculture-products/?view=/htdocs/sivaco/node_modules/neo-async/dir.js HTTP/1.1" 200 904 "-" "Mozilla/5.0 (compatible; AwarioBot/1.0; +https://awario.com/bots.html)"
65.109.118.212 - - [13/Mar/2026:01:54:35 +0100] "GET /service/agriculture-products/?view=/htdocs/sivaco/node_modules/neo-async/doDuring.js HTTP/1.1" 200 908 "-" "Mozilla/5.0 (compatible; AwarioBot/1.0; +https://awario.com/bots.html)"
65.109.118.212 - - [13/Mar/2026:01:54:37 +0100] "GET /service/agriculture-products/?view=/htdocs/sivaco/node_modules/neo-async/doUntil.js HTTP/1.1" 200 907 "-" "Mozilla/5.0 (compatible; AwarioBot/1.0; +https://awario.com/bots.html)"
65.109.118.212 - - [13/Mar/2026:01:54:38 +0100] "GET /service/agriculture-products/?view=/htdocs/sivaco/node_modules/neo-async/doWhilst.js HTTP/1.1" 200 908 "-" "Mozilla/5.0 (compatible; AwarioBot/1.0; +https://awario.com/bots.html)"
65.109.118.212 - - [13/Mar/2026:01:54:40 +0100] "GET /service/agriculture-products/?view=/htdocs/sivaco/node_modules/neo-async/during.js HTTP/1.1" 200 906 "-" "Mozilla/5.0 (compatible; AwarioBot/1.0; +https://awario.com/bots.html)"
65.109.118.212 - - [13/Mar/2026:01:54:42 +0100] "GET /service/agriculture-products/?view=/htdocs/sivaco/node_modules/neo-async/each.js HTTP/1.1" 200 905 "-" "Mozilla/5.0 (compatible; AwarioBot/1.0; +https://awario.com/bots.html)"
65.109.118.212 - - [13/Mar/2026:01:54:43 +0100] "GET /service/agriculture-products/?view=/htdocs/sivaco/node_modules/neo-async/eachLimit.js HTTP/1.1" 200 909 "-" "Mozilla/5.0 (compatible; AwarioBot/1.0; +https://awario.com/bots.html)"
65.109.118.212 - - [13/Mar/2026:01:54:45 +0100] "GET /service/agriculture-products/?view=/htdocs/sivaco/node_modules/neo-async/eachOf.js HTTP/1.1" 200 907 "-" "Mozilla/5.0 (compatible; AwarioBot/1.0; +https://awario.com/bots.html)"
65.109.118.212 - - [13/Mar/2026:01:54:47 +0100] "GET /service/agriculture-products/?view=/htdocs/sivaco/node_modules/neo-async/eachOfLimit.js HTTP/1.1" 200 911 "-" "Mozilla/5.0 (compatible; AwarioBot/1.0; +https://awario.com/bots.html)"
74.7.242.56 - - [13/Mar/2026:01:54:48 +0100] "GET /agricole/revolution/css/closedhand.cur HTTP/2.0" 200 326 "https://www.jmkconsulting-ci.com/agricole/revolution/css/settings.css" "Mozilla/5.0 AppleWebKit/537.36 (KHTML, like Gecko; compatible; GPTBot/1.3; +https://openai.com/gptbot)"
65.109.118.212 - - [13/Mar/2026:01:54:49 +0100] "GET /service/agriculture-products/?view=/htdocs/sivaco/node_modules/neo-async/eachOfSeries.js HTTP/1.1" 200 911 "-" "Mozilla/5.0 (compatible; AwarioBot/1.0; +https://awario.com/bots.html)"
65.109.118.212 - - [13/Mar/2026:01:54:50 +0100] "GET /service/agriculture-products/?view=/htdocs/sivaco/node_modules/neo-async/eachSeries.js HTTP/1.1" 200 909 "-" "Mozilla/5.0 (compatible; AwarioBot/1.0; +https://awario.com/bots.html)"
65.109.118.212 - - [13/Mar/2026:01:54:52 +0100] "GET /service/agriculture-products/?view=/htdocs/sivaco/node_modules/neo-async/ensureAsync.js HTTP/1.1" 200 909 "-" "Mozilla/5.0 (compatible; AwarioBot/1.0; +https://awario.com/bots.html)"
65.109.118.212 - - [13/Mar/2026:01:54:53 +0100] "GET /service/agriculture-products/?view=/htdocs/sivaco/node_modules/neo-async/every.js HTTP/1.1" 200 906 "-" "Mozilla/5.0 (compatible; AwarioBot/1.0; +https://awario.com/bots.html)"
65.109.118.212 - - [13/Mar/2026:01:54:55 +0100] "GET /service/agriculture-products/?view=/htdocs/sivaco/node_modules/neo-async/everyLimit.js HTTP/1.1" 200 910 "-" "Mozilla/5.0 (compatible; AwarioBot/1.0; +https://awario.com/bots.html)"
65.109.118.212 - - [13/Mar/2026:01:54:57 +0100] "GET /service/agriculture-products/?view=/htdocs/sivaco/node_modules/neo-async/everySeries.js HTTP/1.1" 200 910 "-" "Mozilla/5.0 (compatible; AwarioBot/1.0; +https://awario.com/bots.html)"
65.109.118.212 - - [13/Mar/2026:01:54:59 +0100] "GET /service/agriculture-products/?view=/htdocs/sivaco/node_modules/neo-async/fast.js HTTP/1.1" 200 905 "-" "Mozilla/5.0 (compatible; AwarioBot/1.0; +https://awario.com/bots.html)"
65.109.118.212 - - [13/Mar/2026:01:55:01 +0100] "GET /service/agriculture-products/?view=/htdocs/sivaco/node_modules/neo-async/filter.js HTTP/1.1" 200 906 "-" "Mozilla/5.0 (compatible; AwarioBot/1.0; +https://awario.com/bots.html)"
65.109.118.212 - - [13/Mar/2026:01:55:02 +0100] "GET /service/agriculture-products/?view=/htdocs/sivaco/node_modules/neo-async/filterLimit.js HTTP/1.1" 200 910 "-" "Mozilla/5.0 (compatible; AwarioBot/1.0; +https://awario.com/bots.html)"
65.109.118.212 - - [13/Mar/2026:01:55:04 +0100] "GET /service/agriculture-products/?view=/htdocs/sivaco/node_modules/neo-async/filterSeries.js HTTP/1.1" 200 910 "-" "Mozilla/5.0 (compatible; AwarioBot/1.0; +https://awario.com/bots.html)"
65.109.118.212 - - [13/Mar/2026:01:55:06 +0100] "GET /service/agriculture-products/?view=/htdocs/sivaco/node_modules/neo-async/find.js HTTP/1.1" 200 905 "-" "Mozilla/5.0 (compatible; AwarioBot/1.0; +https://awario.com/bots.html)"
65.109.118.212 - - [13/Mar/2026:01:55:07 +0100] "GET /service/agriculture-products/?view=/htdocs/sivaco/node_modules/neo-async/findLimit.js HTTP/1.1" 200 909 "-" "Mozilla/5.0 (compatible; AwarioBot/1.0; +https://awario.com/bots.html)"
65.109.118.212 - - [13/Mar/2026:01:55:08 +0100] "GET /service/agriculture-products/?view=/htdocs/sivaco/node_modules/neo-async/findSeries.js HTTP/1.1" 200 909 "-" "Mozilla/5.0 (compatible; AwarioBot/1.0; +https://awario.com/bots.html)"
65.109.118.212 - - [13/Mar/2026:01:55:10 +0100] "GET /service/agriculture-products/?view=/htdocs/sivaco/node_modules/neo-async/foldl.js HTTP/1.1" 200 906 "-" "Mozilla/5.0 (compatible; AwarioBot/1.0; +https://awario.com/bots.html)"
65.109.118.212 - - [13/Mar/2026:01:55:11 +0100] "GET /robots.txt HTTP/1.1" 200 119 "-" "Mozilla/5.0 (compatible; AwarioBot/1.0; +https://awario.com/bots.html)"
65.109.118.212 - - [13/Mar/2026:01:55:12 +0100] "GET /service/agriculture-products/?view=/htdocs/sivaco/node_modules/neo-async/foldr.js HTTP/1.1" 200 906 "-" "Mozilla/5.0 (compatible; AwarioBot/1.0; +https://awario.com/bots.html)"
193.203.239.64 - - [13/Mar/2026:01:55:14 +0100] "POST /wp-cron.php?doing_wp_cron=1773363314.2555909156799316406250 HTTP/1.1" 200 1 "-" "WordPress/6.9.4; http://ptso.jmkconsulting-ci.com"
65.109.118.212 - - [13/Mar/2026:01:55:14 +0100] "GET /service/agriculture-products/?view=/htdocs/sivaco/node_modules/neo-async/forEach.js HTTP/1.1" 200 908 "-" "Mozilla/5.0 (compatible; AwarioBot/1.0; +https://awario.com/bots.html)"
65.109.118.212 - - [13/Mar/2026:01:55:16 +0100] "GET /service/agriculture-products/?view=/htdocs/sivaco/node_modules/neo-async/forEachLimit.js HTTP/1.1" 200 912 "-" "Mozilla/5.0 (compatible; AwarioBot/1.0; +https://awario.com/bots.html)"
74.7.242.56 - - [13/Mar/2026:01:55:16 +0100] "GET /agricole/revolution/assets/loader.gif HTTP/2.0" 200 2545 "https://www.jmkconsulting-ci.com/agricole/revolution/css/settings.css" "Mozilla/5.0 AppleWebKit/537.36 (KHTML, like Gecko; compatible; GPTBot/1.3; +https://openai.com/gptbot)"
65.109.118.212 - - [13/Mar/2026:01:55:17 +0100] "GET /service/agriculture-products/?view=/htdocs/sivaco/node_modules/neo-async/forEachOf.js HTTP/1.1" 200 910 "-" "Mozilla/5.0 (compatible; AwarioBot/1.0; +https://awario.com/bots.html)"
65.109.118.212 - - [13/Mar/2026:01:55:19 +0100] "GET /service/agriculture-products/?view=/htdocs/sivaco/node_modules/neo-async/forEachOfLimit.js HTTP/1.1" 200 914 "-" "Mozilla/5.0 (compatible; AwarioBot/1.0; +https://awario.com/bots.html)"
65.109.118.212 - - [13/Mar/2026:01:55:20 +0100] "GET /service/agriculture-products/?view=/htdocs/sivaco/node_modules/neo-async/forEachOfSeries.js HTTP/1.1" 200 914 "-" "Mozilla/5.0 (compatible; AwarioBot/1.0; +https://awario.com/bots.html)"
65.109.118.212 - - [13/Mar/2026:01:55:22 +0100] "GET /service/agriculture-products/?view=/htdocs/sivaco/node_modules/neo-async/forEachSeries.js HTTP/1.1" 200 912 "-" "Mozilla/5.0 (compatible; AwarioBot/1.0; +https://awario.com/bots.html)"
74.7.242.56 - - [13/Mar/2026:01:55:23 +0100] "GET /agricole/revolution/assets/coloredbg.png HTTP/2.0" 200 184 "https://www.jmkconsulting-ci.com/agricole/revolution/css/settings.css" "Mozilla/5.0 AppleWebKit/537.36 (KHTML, like Gecko; compatible; GPTBot/1.3; +https://openai.com/gptbot)"
65.109.118.212 - - [13/Mar/2026:01:55:24 +0100] "GET /service/agriculture-products/?view=/htdocs/sivaco/node_modules/neo-async/forever.js HTTP/1.1" 200 907 "-" "Mozilla/5.0 (compatible; AwarioBot/1.0; +https://awario.com/bots.html)"
65.109.118.212 - - [13/Mar/2026:01:55:26 +0100] "GET /service/agriculture-products/?view=/htdocs/sivaco/node_modules/neo-async/groupBy.js HTTP/1.1" 200 908 "-" "Mozilla/5.0 (compatible; AwarioBot/1.0; +https://awario.com/bots.html)"
74.7.242.56 - - [13/Mar/2026:01:55:27 +0100] "GET /agricole/revolution/assets/gridtile_white.png HTTP/2.0" 200 951 "https://www.jmkconsulting-ci.com/agricole/revolution/css/settings.css" "Mozilla/5.0 AppleWebKit/537.36 (KHTML, like Gecko; compatible; GPTBot/1.3; +https://openai.com/gptbot)"
65.109.118.212 - - [13/Mar/2026:01:55:28 +0100] "GET /service/agriculture-products/?view=/htdocs/sivaco/node_modules/neo-async/groupByLimit.js HTTP/1.1" 200 912 "-" "Mozilla/5.0 (compatible; AwarioBot/1.0; +https://awario.com/bots.html)"
74.7.242.56 - - [13/Mar/2026:01:55:29 +0100] "GET /agricole/revolution/assets/gridtile_3x3_white.png HTTP/2.0" 200 935 "https://www.jmkconsulting-ci.com/agricole/revolution/css/settings.css" "Mozilla/5.0 AppleWebKit/537.36 (KHTML, like Gecko; compatible; GPTBot/1.3; +https://openai.com/gptbot)"
65.109.118.212 - - [13/Mar/2026:01:55:29 +0100] "GET /service/agriculture-products/?view=/htdocs/sivaco/node_modules/neo-async/groupBySeries.js HTTP/1.1" 200 912 "-" "Mozilla/5.0 (compatible; AwarioBot/1.0; +https://awario.com/bots.html)"
74.7.242.56 - - [13/Mar/2026:01:55:31 +0100] "GET /agricole/revolution/assets/gridtile.png HTTP/2.0" 200 933 "https://www.jmkconsulting-ci.com/agricole/revolution/css/settings.css" "Mozilla/5.0 AppleWebKit/537.36 (KHTML, like Gecko; compatible; GPTBot/1.3; +https://openai.com/gptbot)"
65.109.118.212 - - [13/Mar/2026:01:55:31 +0100] "GET /service/agriculture-products/?view=/htdocs/sivaco/node_modules/neo-async/inject.js HTTP/1.1" 200 906 "-" "Mozilla/5.0 (compatible; AwarioBot/1.0; +https://awario.com/bots.html)"
74.7.242.56 - - [13/Mar/2026:01:55:32 +0100] "GET /agricole/revolution/fonts/revicons/revicons.eot HTTP/2.0" 200 12136 "https://www.jmkconsulting-ci.com/agricole/revolution/css/settings.css" "Mozilla/5.0 AppleWebKit/537.36 (KHTML, like Gecko; compatible; GPTBot/1.3; +https://openai.com/gptbot)"
65.109.118.212 - - [13/Mar/2026:01:55:32 +0100] "GET /service/agriculture-products/?view=/htdocs/sivaco/node_modules/neo-async/iterator.js HTTP/1.1" 200 907 "-" "Mozilla/5.0 (compatible; AwarioBot/1.0; +https://awario.com/bots.html)"
74.7.242.56 - - [13/Mar/2026:01:55:33 +0100] "GET /agricole/revolution/fonts/revicons/revicons.svg HTTP/2.0" 200 13532 "https://www.jmkconsulting-ci.com/agricole/revolution/css/settings.css" "Mozilla/5.0 AppleWebKit/537.36 (KHTML, like Gecko; compatible; GPTBot/1.3; +https://openai.com/gptbot)"
65.109.118.212 - - [13/Mar/2026:01:55:34 +0100] "GET /service/agriculture-products/?view=/htdocs/sivaco/node_modules/neo-async/log.js HTTP/1.1" 200 904 "-" "Mozilla/5.0 (compatible; AwarioBot/1.0; +https://awario.com/bots.html)"
74.7.242.56 - - [13/Mar/2026:01:55:34 +0100] "GET /agricole/revolution/fonts/revicons/revicons.ttf HTTP/2.0" 200 11968 "https://www.jmkconsulting-ci.com/agricole/revolution/css/settings.css" "Mozilla/5.0 AppleWebKit/537.36 (KHTML, like Gecko; compatible; GPTBot/1.3; +https://openai.com/gptbot)"
65.109.118.212 - - [13/Mar/2026:01:55:35 +0100] "GET /service/agriculture-products/?view=/htdocs/sivaco/node_modules/neo-async/map.js HTTP/1.1" 200 904 "-" "Mozilla/5.0 (compatible; AwarioBot/1.0; +https://awario.com/bots.html)"
74.7.242.56 - - [13/Mar/2026:01:55:35 +0100] "GET /agricole/revolution/fonts/revicons/revicons.woff HTTP/2.0" 200 7536 "https://www.jmkconsulting-ci.com/agricole/revolution/css/settings.css" "Mozilla/5.0 AppleWebKit/537.36 (KHTML, like Gecko; compatible; GPTBot/1.3; +https://openai.com/gptbot)"
74.7.242.56 - - [13/Mar/2026:01:55:36 +0100] "GET /agricole/revolution/css/openhand.cur HTTP/2.0" 200 326 "https://www.jmkconsulting-ci.com/agricole/revolution/css/settings.css" "Mozilla/5.0 AppleWebKit/537.36 (KHTML, like Gecko; compatible; GPTBot/1.3; +https://openai.com/gptbot)"
65.109.118.212 - - [13/Mar/2026:01:55:37 +0100] "GET /service/agriculture-products/?view=/htdocs/sivaco/node_modules/neo-async/mapLimit.js HTTP/1.1" 200 909 "-" "Mozilla/5.0 (compatible; AwarioBot/1.0; +https://awario.com/bots.html)"
57.141.20.47 - - [13/Mar/2026:01:55:37 +0100] "GET /service/dairy-products/?view=/sftproot/htdocs/sivaco/node_modules/regexp.prototype.flags/CHANGELOG.md HTTP/2.0" 200 22222 "-" "meta-externalagent/1.1 (+https://developers.facebook.com/docs/sharing/webmasters/crawler)"
65.109.118.212 - - [13/Mar/2026:01:55:38 +0100] "GET /service/agriculture-products/?view=/htdocs/sivaco/node_modules/neo-async/mapSeries.js HTTP/1.1" 200 909 "-" "Mozilla/5.0 (compatible; AwarioBot/1.0; +https://awario.com/bots.html)"
114.119.154.67 - - [13/Mar/2026:01:55:40 +0100] "GET /shopdetail/185620151 HTTP/1.1" 500 2894 "-" "Mozilla/5.0 (Linux; Android 7.0;) AppleWebKit/537.36 (KHTML, like Gecko) Mobile Safari/537.36 (compatible; PetalBot;+https://webmaster.petalsearch.com/site/petalbot)"
65.109.118.212 - - [13/Mar/2026:01:55:40 +0100] "GET /service/agriculture-products/?view=/htdocs/sivaco/node_modules/neo-async/mapValues.js HTTP/1.1" 200 909 "-" "Mozilla/5.0 (compatible; AwarioBot/1.0; +https://awario.com/bots.html)"
65.109.118.212 - - [13/Mar/2026:01:55:41 +0100] "GET /service/agriculture-products/?view=/htdocs/sivaco/node_modules/neo-async/mapValuesLimit.js HTTP/1.1" 200 913 "-" "Mozilla/5.0 (compatible; AwarioBot/1.0; +https://awario.com/bots.html)"
65.109.118.212 - - [13/Mar/2026:01:55:43 +0100] "GET /service/agriculture-products/?view=/htdocs/sivaco/node_modules/neo-async/mapValuesSeries.js HTTP/1.1" 200 913 "-" "Mozilla/5.0 (compatible; AwarioBot/1.0; +https://awario.com/bots.html)"
38.171.91.63 - - [13/Mar/2026:01:55:43 +0100] "GET /service/harvest/?view=/usr/base/usr/share/terminfo/a/aj510 HTTP/1.1" 200 1101 "-" "Mozilla/5.0 (Windows; U; Windows NT 6.1; fr; rv:1.9.2.8) Gecko/20100722 Firefox 3.6.8 GTB7.1"
65.109.118.212 - - [13/Mar/2026:01:55:44 +0100] "GET /service/agriculture-products/?view=/htdocs/sivaco/node_modules/neo-async/memoize.js HTTP/1.1" 200 908 "-" "Mozilla/5.0 (compatible; AwarioBot/1.0; +https://awario.com/bots.html)"
65.109.118.212 - - [13/Mar/2026:01:55:47 +0100] "GET /service/agriculture-products/?view=/htdocs/sivaco/node_modules/neo-async/nextTick.js HTTP/1.1" 200 908 "-" "Mozilla/5.0 (compatible; AwarioBot/1.0; +https://awario.com/bots.html)"
65.109.118.212 - - [13/Mar/2026:01:55:49 +0100] "GET /service/agriculture-products/?view=/htdocs/sivaco/node_modules/neo-async/omit.js HTTP/1.1" 200 905 "-" "Mozilla/5.0 (compatible; AwarioBot/1.0; +https://awario.com/bots.html)"
65.109.118.212 - - [13/Mar/2026:01:55:52 +0100] "GET /service/agriculture-products/?view=/htdocs/sivaco/node_modules/neo-async/omitLimit.js HTTP/1.1" 200 909 "-" "Mozilla/5.0 (compatible; AwarioBot/1.0; +https://awario.com/bots.html)"
65.109.118.212 - - [13/Mar/2026:01:55:55 +0100] "GET /service/agriculture-products/?view=/htdocs/sivaco/node_modules/neo-async/omitSeries.js HTTP/1.1" 200 909 "-" "Mozilla/5.0 (compatible; AwarioBot/1.0; +https://awario.com/bots.html)"
65.109.118.212 - - [13/Mar/2026:01:55:57 +0100] "GET /service/agriculture-products/?view=/htdocs/sivaco/node_modules/neo-async/package.json HTTP/1.1" 200 1475 "-" "Mozilla/5.0 (compatible; AwarioBot/1.0; +https://awario.com/bots.html)"
65.109.118.212 - - [13/Mar/2026:01:55:59 +0100] "GET /service/agriculture-products/?view=/htdocs/sivaco/node_modules/neo-async/parallel.js HTTP/1.1" 200 908 "-" "Mozilla/5.0 (compatible; AwarioBot/1.0; +https://awario.com/bots.html)"
65.109.118.212 - - [13/Mar/2026:01:56:01 +0100] "GET /service/agriculture-products/?view=/htdocs/sivaco/node_modules/neo-async/parallelLimit.js HTTP/1.1" 200 912 "-" "Mozilla/5.0 (compatible; AwarioBot/1.0; +https://awario.com/bots.html)"
65.109.118.212 - - [13/Mar/2026:01:56:04 +0100] "GET /service/agriculture-products/?view=/htdocs/sivaco/node_modules/neo-async/pick.js HTTP/1.1" 200 905 "-" "Mozilla/5.0 (compatible; AwarioBot/1.0; +https://awario.com/bots.html)"
65.109.118.212 - - [13/Mar/2026:01:56:06 +0100] "GET /service/agriculture-products/?view=/htdocs/sivaco/node_modules/neo-async/pickLimit.js HTTP/1.1" 200 910 "-" "Mozilla/5.0 (compatible; AwarioBot/1.0; +https://awario.com/bots.html)"
65.109.118.212 - - [13/Mar/2026:01:56:09 +0100] "GET /service/agriculture-products/?view=/htdocs/sivaco/node_modules/neo-async/pickSeries.js HTTP/1.1" 200 909 "-" "Mozilla/5.0 (compatible; AwarioBot/1.0; +https://awario.com/bots.html)"
65.109.118.212 - - [13/Mar/2026:01:56:12 +0100] "GET /service/agriculture-products/?view=/htdocs/sivaco/node_modules/neo-async/priorityQueue.js HTTP/1.1" 200 912 "-" "Mozilla/5.0 (compatible; AwarioBot/1.0; +https://awario.com/bots.html)"
193.203.239.64 - - [13/Mar/2026:01:56:15 +0100] "POST /wp-cron.php?doing_wp_cron=1773363375.4976580142974853515625 HTTP/1.1" 200 1 "-" "WordPress/6.9.4; http://ptso.jmkconsulting-ci.com"
65.109.118.212 - - [13/Mar/2026:01:56:15 +0100] "GET /service/agriculture-products/?view=/htdocs/sivaco/node_modules/neo-async/queue.js HTTP/1.1" 200 906 "-" "Mozilla/5.0 (compatible; AwarioBot/1.0; +https://awario.com/bots.html)"
65.109.118.212 - - [13/Mar/2026:01:56:18 +0100] "GET /service/agriculture-products/?view=/htdocs/sivaco/node_modules/neo-async/race.js HTTP/1.1" 200 905 "-" "Mozilla/5.0 (compatible; AwarioBot/1.0; +https://awario.com/bots.html)"
65.109.118.212 - - [13/Mar/2026:01:56:21 +0100] "GET /service/agriculture-products/?view=/htdocs/sivaco/node_modules/neo-async/reduce.js HTTP/1.1" 200 906 "-" "Mozilla/5.0 (compatible; AwarioBot/1.0; +https://awario.com/bots.html)"
65.109.118.212 - - [13/Mar/2026:01:56:23 +0100] "GET /service/agriculture-products/?view=/htdocs/sivaco/node_modules/neo-async/reduceRight.js HTTP/1.1" 200 909 "-" "Mozilla/5.0 (compatible; AwarioBot/1.0; +https://awario.com/bots.html)"
65.109.118.212 - - [13/Mar/2026:01:56:26 +0100] "GET /service/agriculture-products/?view=/htdocs/sivaco/node_modules/neo-async/reflect.js HTTP/1.1" 200 907 "-" "Mozilla/5.0 (compatible; AwarioBot/1.0; +https://awario.com/bots.html)"
65.109.118.212 - - [13/Mar/2026:01:56:28 +0100] "GET /service/agriculture-products/?view=/htdocs/sivaco/node_modules/neo-async/reflectAll.js HTTP/1.1" 200 910 "-" "Mozilla/5.0 (compatible; AwarioBot/1.0; +https://awario.com/bots.html)"
65.109.118.212 - - [13/Mar/2026:01:56:31 +0100] "GET /service/agriculture-products/?view=/htdocs/sivaco/node_modules/neo-async/reject.js HTTP/1.1" 200 906 "-" "Mozilla/5.0 (compatible; AwarioBot/1.0; +https://awario.com/bots.html)"
65.109.118.212 - - [13/Mar/2026:01:56:33 +0100] "GET /service/agriculture-products/?view=/htdocs/sivaco/node_modules/neo-async/rejectLimit.js HTTP/1.1" 200 910 "-" "Mozilla/5.0 (compatible; AwarioBot/1.0; +https://awario.com/bots.html)"
65.109.118.212 - - [13/Mar/2026:01:56:36 +0100] "GET /service/agriculture-products/?view=/htdocs/sivaco/node_modules/neo-async/rejectSeries.js HTTP/1.1" 200 910 "-" "Mozilla/5.0 (compatible; AwarioBot/1.0; +https://awario.com/bots.html)"
65.109.118.212 - - [13/Mar/2026:01:56:39 +0100] "GET /service/agriculture-products/?view=/htdocs/sivaco/node_modules/neo-async/retry.js HTTP/1.1" 200 906 "-" "Mozilla/5.0 (compatible; AwarioBot/1.0; +https://awario.com/bots.html)"
65.109.118.212 - - [13/Mar/2026:01:56:41 +0100] "GET /service/agriculture-products/?view=/htdocs/sivaco/node_modules/neo-async/retryable.js HTTP/1.1" 200 908 "-" "Mozilla/5.0 (compatible; AwarioBot/1.0; +https://awario.com/bots.html)"
65.109.118.212 - - [13/Mar/2026:01:56:44 +0100] "GET /service/agriculture-products/?view=/htdocs/sivaco/node_modules/neo-async/safe.js HTTP/1.1" 200 905 "-" "Mozilla/5.0 (compatible; AwarioBot/1.0; +https://awario.com/bots.html)"
65.109.118.212 - - [13/Mar/2026:01:56:46 +0100] "GET /service/agriculture-products/?view=/htdocs/sivaco/node_modules/neo-async/select.js HTTP/1.1" 200 906 "-" "Mozilla/5.0 (compatible; AwarioBot/1.0; +https://awario.com/bots.html)"
65.109.118.212 - - [13/Mar/2026:01:56:48 +0100] "GET /service/agriculture-products/?view=/htdocs/sivaco/node_modules/neo-async/selectLimit.js HTTP/1.1" 200 910 "-" "Mozilla/5.0 (compatible; AwarioBot/1.0; +https://awario.com/bots.html)"
65.109.118.212 - - [13/Mar/2026:01:56:51 +0100] "GET /service/agriculture-products/?view=/htdocs/sivaco/node_modules/neo-async/selectSeries.js HTTP/1.1" 200 910 "-" "Mozilla/5.0 (compatible; AwarioBot/1.0; +https://awario.com/bots.html)"
65.109.118.212 - - [13/Mar/2026:01:56:53 +0100] "GET /service/agriculture-products/?view=/htdocs/sivaco/node_modules/neo-async/seq.js HTTP/1.1" 200 904 "-" "Mozilla/5.0 (compatible; AwarioBot/1.0; +https://awario.com/bots.html)"
65.109.118.212 - - [13/Mar/2026:01:56:56 +0100] "GET /service/agriculture-products/?view=/htdocs/sivaco/node_modules/neo-async/series.js HTTP/1.1" 200 906 "-" "Mozilla/5.0 (compatible; AwarioBot/1.0; +https://awario.com/bots.html)"
65.109.118.212 - - [13/Mar/2026:01:56:59 +0100] "GET /service/agriculture-products/?view=/htdocs/sivaco/node_modules/neo-async/setImmediate.js HTTP/1.1" 200 911 "-" "Mozilla/5.0 (compatible; AwarioBot/1.0; +https://awario.com/bots.html)"
65.109.118.212 - - [13/Mar/2026:01:57:01 +0100] "GET /service/agriculture-products/?view=/htdocs/sivaco/node_modules/neo-async/some.js HTTP/1.1" 200 904 "-" "Mozilla/5.0 (compatible; AwarioBot/1.0; +https://awario.com/bots.html)"
65.109.118.212 - - [13/Mar/2026:01:57:03 +0100] "GET /service/agriculture-products/?view=/htdocs/sivaco/node_modules/neo-async/someLimit.js HTTP/1.1" 200 908 "-" "Mozilla/5.0 (compatible; AwarioBot/1.0; +https://awario.com/bots.html)"
65.109.118.212 - - [13/Mar/2026:01:57:09 +0100] "GET /service/agriculture-products/?view=/htdocs/sivaco/node_modules/neo-async/someSeries.js HTTP/1.1" 200 908 "-" "Mozilla/5.0 (compatible; AwarioBot/1.0; +https://awario.com/bots.html)"
65.109.118.212 - - [13/Mar/2026:01:57:10 +0100] "GET /service/agriculture-products/?view=/htdocs/sivaco/node_modules/neo-async/sortBy.js HTTP/1.1" 200 907 "-" "Mozilla/5.0 (compatible; AwarioBot/1.0; +https://awario.com/bots.html)"
65.109.118.212 - - [13/Mar/2026:01:57:12 +0100] "GET /robots.txt HTTP/1.1" 200 119 "-" "Mozilla/5.0 (compatible; AwarioBot/1.0; +https://awario.com/bots.html)"
65.109.118.212 - - [13/Mar/2026:01:57:12 +0100] "GET /service/agriculture-products/?view=/htdocs/sivaco/node_modules/neo-async/sortByLimit.js HTTP/1.1" 200 911 "-" "Mozilla/5.0 (compatible; AwarioBot/1.0; +https://awario.com/bots.html)"
193.203.239.64 - - [13/Mar/2026:01:57:17 +0100] "POST /wp-cron.php?doing_wp_cron=1773363437.6382548809051513671875 HTTP/1.1" 200 1 "-" "WordPress/6.9.4; http://ptso.jmkconsulting-ci.com"
65.109.118.212 - - [13/Mar/2026:01:57:17 +0100] "GET /service/agriculture-products/?view=/htdocs/sivaco/node_modules/neo-async/sortBySeries.js HTTP/1.1" 200 911 "-" "Mozilla/5.0 (compatible; AwarioBot/1.0; +https://awario.com/bots.html)"
65.109.118.212 - - [13/Mar/2026:01:57:20 +0100] "GET /service/agriculture-products/?view=/htdocs/sivaco/node_modules/neo-async/timeout.js HTTP/1.1" 200 907 "-" "Mozilla/5.0 (compatible; AwarioBot/1.0; +https://awario.com/bots.html)"
65.109.118.212 - - [13/Mar/2026:01:57:24 +0100] "GET /service/agriculture-products/?view=/htdocs/sivaco/node_modules/neo-async/times.js HTTP/1.1" 200 906 "-" "Mozilla/5.0 (compatible; AwarioBot/1.0; +https://awario.com/bots.html)"
65.109.118.212 - - [13/Mar/2026:01:57:27 +0100] "GET /service/agriculture-products/?view=/htdocs/sivaco/node_modules/neo-async/timesLimit.js HTTP/1.1" 200 910 "-" "Mozilla/5.0 (compatible; AwarioBot/1.0; +https://awario.com/bots.html)"
65.109.118.212 - - [13/Mar/2026:01:57:30 +0100] "GET /service/agriculture-products/?view=/htdocs/sivaco/node_modules/neo-async/timesSeries.js HTTP/1.1" 200 909 "-" "Mozilla/5.0 (compatible; AwarioBot/1.0; +https://awario.com/bots.html)"
65.109.118.212 - - [13/Mar/2026:01:57:33 +0100] "GET /service/agriculture-products/?view=/htdocs/sivaco/node_modules/neo-async/transform.js HTTP/1.1" 200 907 "-" "Mozilla/5.0 (compatible; AwarioBot/1.0; +https://awario.com/bots.html)"
65.109.118.212 - - [13/Mar/2026:01:57:36 +0100] "GET /service/agriculture-products/?view=/htdocs/sivaco/node_modules/neo-async/transformLimit.js HTTP/1.1" 200 912 "-" "Mozilla/5.0 (compatible; AwarioBot/1.0; +https://awario.com/bots.html)"
65.109.118.212 - - [13/Mar/2026:01:57:38 +0100] "GET /service/agriculture-products/?view=/htdocs/sivaco/node_modules/neo-async/transformSeries.js HTTP/1.1" 200 912 "-" "Mozilla/5.0 (compatible; AwarioBot/1.0; +https://awario.com/bots.html)"
65.109.118.212 - - [13/Mar/2026:01:57:41 +0100] "GET /service/agriculture-products/?view=/htdocs/sivaco/node_modules/neo-async/tryEach.js HTTP/1.1" 200 908 "-" "Mozilla/5.0 (compatible; AwarioBot/1.0; +https://awario.com/bots.html)"
65.109.118.212 - - [13/Mar/2026:01:57:44 +0100] "GET /service/agriculture-products/?view=/htdocs/sivaco/node_modules/neo-async/unmemoize.js HTTP/1.1" 200 909 "-" "Mozilla/5.0 (compatible; AwarioBot/1.0; +https://awario.com/bots.html)"
65.109.118.212 - - [13/Mar/2026:01:57:47 +0100] "GET /service/agriculture-products/?view=/htdocs/sivaco/node_modules/neo-async/until.js HTTP/1.1" 200 906 "-" "Mozilla/5.0 (compatible; AwarioBot/1.0; +https://awario.com/bots.html)"
65.109.118.212 - - [13/Mar/2026:01:57:50 +0100] "GET /service/agriculture-products/?view=/htdocs/sivaco/node_modules/neo-async/waterfall.js HTTP/1.1" 200 909 "-" "Mozilla/5.0 (compatible; AwarioBot/1.0; +https://awario.com/bots.html)"
65.109.118.212 - - [13/Mar/2026:01:57:52 +0100] "GET /service/agriculture-products/?view=/htdocs/sivaco/node_modules/neo-async/whilst.js HTTP/1.1" 200 906 "-" "Mozilla/5.0 (compatible; AwarioBot/1.0; +https://awario.com/bots.html)"
65.109.118.212 - - [13/Mar/2026:01:57:55 +0100] "GET /service/agriculture-products/?view=/htdocs/sivaco/node_modules/neo-async/wrapSync.js HTTP/1.1" 200 908 "-" "Mozilla/5.0 (compatible; AwarioBot/1.0; +https://awario.com/bots.html)"
65.109.118.212 - - [13/Mar/2026:01:57:57 +0100] "GET /service/agriculture-products/?view=/htdocs/sivaco/node_modules/next-tick/.editorconfig HTTP/1.1" 200 998 "-" "Mozilla/5.0 (compatible; AwarioBot/1.0; +https://awario.com/bots.html)"
65.109.118.212 - - [13/Mar/2026:01:58:00 +0100] "GET /service/agriculture-products/?view=/htdocs/sivaco/node_modules/next-tick/.lint HTTP/1.1" 200 979 "-" "Mozilla/5.0 (compatible; AwarioBot/1.0; +https://awario.com/bots.html)"
65.109.118.212 - - [13/Mar/2026:01:58:02 +0100] "GET /service/agriculture-products/?view=/htdocs/sivaco/node_modules/next-tick/CHANGELOG.md HTTP/1.1" 200 1142 "-" "Mozilla/5.0 (compatible; AwarioBot/1.0; +https://awario.com/bots.html)"
65.109.118.212 - - [13/Mar/2026:01:58:05 +0100] "GET /service/agriculture-products/?view=/htdocs/sivaco/node_modules/next-tick/CHANGES HTTP/1.1" 200 1401 "-" "Mozilla/5.0 (compatible; AwarioBot/1.0; +https://awario.com/bots.html)"
65.109.118.212 - - [13/Mar/2026:01:58:08 +0100] "GET /service/agriculture-products/?view=/htdocs/sivaco/node_modules/next-tick/LICENSE HTTP/1.1" 200 1354 "-" "Mozilla/5.0 (compatible; AwarioBot/1.0; +https://awario.com/bots.html)"
65.109.118.212 - - [13/Mar/2026:01:58:11 +0100] "GET /service/agriculture-products/?view=/htdocs/sivaco/node_modules/next-tick/README.md HTTP/1.1" 200 1664 "-" "Mozilla/5.0 (compatible; AwarioBot/1.0; +https://awario.com/bots.html)"
193.203.239.64 - - [13/Mar/2026:01:58:14 +0100] "POST /wp-cron.php?doing_wp_cron=1773363494.4963390827178955078125 HTTP/1.1" 200 1 "-" "WordPress/6.9.4; http://ptso.jmkconsulting-ci.com"
65.109.118.212 - - [13/Mar/2026:01:58:14 +0100] "GET /service/agriculture-products/?view=/htdocs/sivaco/node_modules/next-tick/index.js HTTP/1.1" 200 1597 "-" "Mozilla/5.0 (compatible; AwarioBot/1.0; +https://awario.com/bots.html)"
65.109.118.212 - - [13/Mar/2026:01:58:17 +0100] "GET /service/agriculture-products/?view=/htdocs/sivaco/node_modules/next-tick/package.json HTTP/1.1" 200 1219 "-" "Mozilla/5.0 (compatible; AwarioBot/1.0; +https://awario.com/bots.html)"
65.109.118.212 - - [13/Mar/2026:01:58:20 +0100] "GET /service/agriculture-products/?view=/htdocs/sivaco/node_modules/nice-try/CHANGELOG.md HTTP/1.1" 200 1112 "-" "Mozilla/5.0 (compatible; AwarioBot/1.0; +https://awario.com/bots.html)"
65.109.118.212 - - [13/Mar/2026:01:58:22 +0100] "GET /service/agriculture-products/?view=/htdocs/sivaco/node_modules/nice-try/LICENSE HTTP/1.1" 200 1503 "-" "Mozilla/5.0 (compatible; AwarioBot/1.0; +https://awario.com/bots.html)"
65.109.118.212 - - [13/Mar/2026:01:58:24 +0100] "GET /service/agriculture-products/?view=/htdocs/sivaco/node_modules/nice-try/README.md HTTP/1.1" 200 1323 "-" "Mozilla/5.0 (compatible; AwarioBot/1.0; +https://awario.com/bots.html)"
65.109.118.212 - - [13/Mar/2026:01:58:27 +0100] "GET /service/agriculture-products/?view=/htdocs/sivaco/node_modules/nice-try/package.json HTTP/1.1" 200 1220 "-" "Mozilla/5.0 (compatible; AwarioBot/1.0; +https://awario.com/bots.html)"
