57.141.20.51 - - [15/Mar/2026:08:47:35 +0100] "GET /service/fresh-vegetables/?rename=/htdocs/jmknew.jmkconsulting-ci.com/gdata/.git/objects/42/adb8880c38585d38b6677b301c8447ddfb48ef HTTP/1.1" 200 2827 "-" "meta-externalagent/1.1 (+https://developers.facebook.com/docs/sharing/webmasters/crawler)" **0/347086** 57.141.20.51>127.0.0.1>127.0.0.1 81b8d7f3179ca659f92394bf2358f5de
57.141.20.42 - - [15/Mar/2026:08:47:39 +0100] "GET /service/dairy-products/?view=/htdocs/ptso.jmkconsulting-ci.com/wp-content/plugins/woocommerce/assets/js/jquery-flot/jquery.flot.resize.js HTTP/1.1" 200 5173 "-" "meta-externalagent/1.1 (+https://developers.facebook.com/docs/sharing/webmasters/crawler)" **0/403646** 57.141.20.42>127.0.0.1>127.0.0.1 b96c6dd0ae852b7a28eeeca25b69d913
57.141.20.57 - - [15/Mar/2026:08:47:43 +0100] "GET /service/agriculture-products/?edit=/htdocs/sivaco/node_modules/neo-async/filter.js HTTP/1.1" 200 2697 "-" "meta-externalagent/1.1 (+https://developers.facebook.com/docs/sharing/webmasters/crawler)" **0/303665** 57.141.20.57>127.0.0.1>127.0.0.1 e0f6713e704b5532dd546c0b4e4d3add
57.141.20.58 - - [15/Mar/2026:08:47:48 +0100] "GET /service/agriculture-products/?rename=/htdocs/atito2/node_modules/lodash/_mapCacheHas.js HTTP/1.1" 200 2712 "-" "meta-externalagent/1.1 (+https://developers.facebook.com/docs/sharing/webmasters/crawler)" **0/447915** 57.141.20.58>127.0.0.1>127.0.0.1 7002e43b3ed2d4c06dad7e7fb36acb64
57.141.20.11 - - [15/Mar/2026:08:47:51 +0100] "GET /service/agriculture-products/?edit=/htdocs/atito2/node_modules/@jridgewell/sourcemap-codec/dist/sourcemap-codec.umd.js HTTP/1.1" 200 9335 "-" "meta-externalagent/1.1 (+https://developers.facebook.com/docs/sharing/webmasters/crawler)" **0/258233** 57.141.20.11>127.0.0.1>127.0.0.1 4ecccee0a634e433da7bc2720af769e9
57.141.20.54 - - [15/Mar/2026:08:47:54 +0100] "GET /service/organic-products/?view=/htdocs/sivaco/node_modules/@babel/plugin-transform-modules-amd/lib/index.js HTTP/1.1" 200 8273 "-" "meta-externalagent/1.1 (+https://developers.facebook.com/docs/sharing/webmasters/crawler)" **0/379631** 57.141.20.54>127.0.0.1>127.0.0.1 b5cf614f4049e8fb63b037d726b673e9
57.141.20.46 - - [15/Mar/2026:08:47:59 +0100] "GET /service/dairy-products/?rename=/htdocs/atito2/node_modules/caniuse-lite/data/features/woff2.js HTTP/1.1" 200 2731 "-" "meta-externalagent/1.1 (+https://developers.facebook.com/docs/sharing/webmasters/crawler)" **0/304513** 57.141.20.46>127.0.0.1>127.0.0.1 1f1a83e0814e5504f66a8030896a4ba3
57.141.20.16 - - [15/Mar/2026:08:48:01 +0100] "GET /service/dairy-products/?rename=/usr/base/usr/share/terminfo/u/uniterm49 HTTP/1.1" 200 2680 "-" "meta-externalagent/1.1 (+https://developers.facebook.com/docs/sharing/webmasters/crawler)" **0/353422** 57.141.20.16>127.0.0.1>127.0.0.1 f15b7e53362ca62479e493c4e73e34af
57.141.20.8 - - [15/Mar/2026:08:48:05 +0100] "GET /service/organic-products/?edit=/htdocs/atito2/node_modules/resolve-url-loader/node_modules/chalk/index.js HTTP/1.1" 200 9512 "-" "meta-externalagent/1.1 (+https://developers.facebook.com/docs/sharing/webmasters/crawler)" **0/428951** 57.141.20.8>127.0.0.1>127.0.0.1 9d3e3b8b1b5c6a3c6b6abdf7e07fe6d2
57.141.20.16 - - [15/Mar/2026:08:48:07 +0100] "GET /service/organic-products/?edit=/htdocs/atito2/node_modules/laravel-mix/src/builder/MergeWebpackConfig.js HTTP/1.1" 200 2957 "-" "meta-externalagent/1.1 (+https://developers.facebook.com/docs/sharing/webmasters/crawler)" **0/468456** 57.141.20.16>127.0.0.1>127.0.0.1 8e9a4c9abf770a39370c2a2e9540fc59
57.141.20.6 - - [15/Mar/2026:08:48:11 +0100] "GET /service/fresh-vegetables/?edit=/htdocs/jmknew.jmkconsulting-ci.com/fromgit/JMKFilamentDB/stubs/filament/LayoutComponent.stub HTTP/1.1" 200 2956 "-" "meta-externalagent/1.1 (+https://developers.facebook.com/docs/sharing/webmasters/crawler)" **0/649278** 57.141.20.6>127.0.0.1>127.0.0.1 f92b4ee2ae656e3ef5f6a7a40c610230
193.203.239.64 - - [15/Mar/2026:08:48:25 +0100] "POST /wp-cron.php?doing_wp_cron=1773560905.9465110301971435546875 HTTP/1.1" 200 387 "-" "WordPress/6.9.4; https://ptso.jmkconsulting-ci.com" **0/2332** 193.203.239.64>127.0.0.1>127.0.0.1 4214b5399e95ee46dc9acb0403d11906
57.141.20.3 - - [15/Mar/2026:08:48:25 +0100] "GET /service/harvest/?edit=/htdocs/sivaco/node_modules/stylehacks/dist/plugins/htmlCombinatorCommentBody.js HTTP/1.1" 200 4738 "-" "meta-externalagent/1.1 (+https://developers.facebook.com/docs/sharing/webmasters/crawler)" **0/523408** 57.141.20.3>127.0.0.1>127.0.0.1 0171f43d4c88eb89cd57e73bc4684899
57.141.20.9 - - [15/Mar/2026:08:48:26 +0100] "GET /service/organic-products/?edit=/usr/base/var/lib/mibs/ietf/T11-FC-FABRIC-LOCK-MIB HTTP/1.1" 200 24475 "-" "meta-externalagent/1.1 (+https://developers.facebook.com/docs/sharing/webmasters/crawler)" **0/229724** 57.141.20.9>127.0.0.1>127.0.0.1 2da9fa7d82fbed6b477095c56c4a7988
57.141.20.13 - - [15/Mar/2026:08:48:37 +0100] "GET /service/dairy-products/?edit=/htdocs/ptso.jmkconsulting-ci.com/wp-content/themes/agrios/templates/project-related.php HTTP/1.1" 200 7742 "-" "meta-externalagent/1.1 (+https://developers.facebook.com/docs/sharing/webmasters/crawler)" **0/565861** 57.141.20.13>127.0.0.1>127.0.0.1 94b9adc46bb0cf89163fc9c263dace8e
57.141.20.50 - - [15/Mar/2026:08:48:41 +0100] "GET /service/organic-products/?edit=/htdocs/jmknew.jmkconsulting-ci.com/gdata/node_modules/type/array/ensure.js HTTP/1.1" 200 4284 "-" "meta-externalagent/1.1 (+https://developers.facebook.com/docs/sharing/webmasters/crawler)" **0/299233** 57.141.20.50>127.0.0.1>127.0.0.1 76b36fedfdd5e757821c0a76de166835
57.141.20.50 - - [15/Mar/2026:08:48:44 +0100] "GET /service/harvest/?view=/htdocs/jmknew.jmkconsulting-ci.com/gdata/.git/objects/df/029701488afc444bae101a6053d87769b9daca HTTP/1.1" 200 2906 "-" "meta-externalagent/1.1 (+https://developers.facebook.com/docs/sharing/webmasters/crawler)" **0/272706** 57.141.20.50>127.0.0.1>127.0.0.1 aec749b98e62335064981570a289ef12
57.141.20.43 - - [15/Mar/2026:08:48:55 +0100] "GET /service/fresh-vegetables/?view=/htdocs/atito2/node_modules/no-case/LICENSE HTTP/1.1" 200 3540 "-" "meta-externalagent/1.1 (+https://developers.facebook.com/docs/sharing/webmasters/crawler)" **0/543431** 57.141.20.43>127.0.0.1>127.0.0.1 1adb16246f2285de476655e4e591113b
57.141.20.38 - - [15/Mar/2026:08:49:03 +0100] "GET /service/dairy-products/?edit=/htdocs/sivaco/node_modules/object-keys/package.json HTTP/1.1" 200 5602 "-" "meta-externalagent/1.1 (+https://developers.facebook.com/docs/sharing/webmasters/crawler)" **0/551504** 57.141.20.38>127.0.0.1>127.0.0.1 d3a539961ca3ac06bf8eade8cc371580
57.141.20.2 - - [15/Mar/2026:08:49:03 +0100] "GET /service/dairy-products/?view=/htdocs/atito2/node_modules/compressible/index.js HTTP/1.1" 200 3512 "-" "meta-externalagent/1.1 (+https://developers.facebook.com/docs/sharing/webmasters/crawler)" **0/385858** 57.141.20.2>127.0.0.1>127.0.0.1 f375c6e931d07fae13f26667cce8a769
193.203.239.64 - - [15/Mar/2026:08:49:14 +0100] "POST /wp-cron.php?doing_wp_cron=1773560954.9140810966491699218750 HTTP/1.1" 200 425 "-" "WordPress/6.9.4; http://ptso.jmkconsulting-ci.com" **0/11777** 193.203.239.64>127.0.0.1>127.0.0.1 bc4ebf8c68002e82a0aea3df1d3158ca
188.150.168.104 - - [15/Mar/2026:08:49:14 +0100] "GET /service/fresh-vegetables/?edit=/htdocs/sivaco/node_modules/bluebird/js/release/es5.js HTTP/1.1" 200 1943 "-" "Mozilla/5.0 (Windows NT 6.1) AppleWebKit/535.2 (KHTML, like Gecko) Chrome/18.6.872.0 Safari/535.2 UNTRUSTED/1.0 3gpp-gba UNTRUSTED/1.0" **0/500527** 188.150.168.104>127.0.0.1>127.0.0.1 596a6f32f371ddf0ab7b44fd59abaf4e
57.141.20.3 - - [15/Mar/2026:08:49:16 +0100] "GET /service/organic-products/?rename=/htdocs/sivaco/node_modules/laravel-mix/node_modules/ansi-regex/license HTTP/1.1" 200 2746 "-" "meta-externalagent/1.1 (+https://developers.facebook.com/docs/sharing/webmasters/crawler)" **0/223967** 57.141.20.3>127.0.0.1>127.0.0.1 44fd54db28f2fe8cee93e60ac7187996
57.141.20.8 - - [15/Mar/2026:08:49:23 +0100] "GET /service/dairy-products/?view=/htdocs/sivaco/node_modules/caniuse-lite/data/regions/PY.js HTTP/1.1" 200 11173 "-" "meta-externalagent/1.1 (+https://developers.facebook.com/docs/sharing/webmasters/crawler)" **0/269411** 57.141.20.8>127.0.0.1>127.0.0.1 1378079af2f4341ab1322fc35bbbdca7
57.141.20.22 - - [15/Mar/2026:08:49:43 +0100] "GET /service/organic-products/?rename=/usr/base/usr/lib/locale/pt_PT@euro/LC_CTYPE HTTP/1.1" 200 2683 "-" "meta-externalagent/1.1 (+https://developers.facebook.com/docs/sharing/webmasters/crawler)" **0/473866** 57.141.20.22>127.0.0.1>127.0.0.1 b0e973ef0b1f10c9b17766cf826bd0e2
57.141.20.22 - - [15/Mar/2026:08:50:09 +0100] "GET /service/fresh-vegetables/?rename=/htdocs/ecakoog.jmkconsulting-ci.com/wp-content/uploads/ECAKOOG/formation-BPA-BPE/bg1.JPG HTTP/1.1" 200 2782 "-" "meta-externalagent/1.1 (+https://developers.facebook.com/docs/sharing/webmasters/crawler)" **0/594038** 57.141.20.22>127.0.0.1>127.0.0.1 86a56f0ef7f0c688d5c403a7e78fe2f2
193.203.239.64 - - [15/Mar/2026:08:50:53 +0100] "POST /wp-cron.php?doing_wp_cron=1773561053.9361701011657714843750 HTTP/1.1" 200 387 "-" "WordPress/6.9.4; https://ptso.jmkconsulting-ci.com" **0/28900** 193.203.239.64>127.0.0.1>127.0.0.1 6f2b933846e3b22f2ee3fab001c70b70
57.141.20.2 - - [15/Mar/2026:08:50:53 +0100] "GET /service/organic-products/?view=/htdocs/atito2/node_modules/@babel/helper-module-transforms/lib/lazy-modules.js HTTP/1.1" 200 3581 "-" "meta-externalagent/1.1 (+https://developers.facebook.com/docs/sharing/webmasters/crawler)" **0/649387** 57.141.20.2>127.0.0.1>127.0.0.1 e85850ff87055eb34ac2a5ae2e4ba556
57.141.20.2 - - [15/Mar/2026:08:50:56 +0100] "GET /service/dairy-products/?rename=/htdocs/site_data_2024/vendor/symfony/mime/DependencyInjection/AddMimeTypeGuesserPass.php HTTP/1.1" 200 2801 "-" "meta-externalagent/1.1 (+https://developers.facebook.com/docs/sharing/webmasters/crawler)" **0/230575** 57.141.20.2>127.0.0.1>127.0.0.1 548b9287330eefb9dabcadfa60de61e1
193.203.239.64 - - [15/Mar/2026:08:51:26 +0100] "POST /wp-cron.php?doing_wp_cron=1773561086.7112710475921630859375 HTTP/1.1" 200 387 "-" "WordPress/6.9.4; https://ptso.jmkconsulting-ci.com" **0/38855** 193.203.239.64>127.0.0.1>127.0.0.1 616d80c198e4d0a90ddd8ff7bb8f3e6d
57.141.20.3 - - [15/Mar/2026:08:51:26 +0100] "GET /service/fresh-vegetables/?rename=/htdocs/atito2/node_modules/regenerate-unicode-properties/package.json HTTP/1.1" 200 2749 "-" "meta-externalagent/1.1 (+https://developers.facebook.com/docs/sharing/webmasters/crawler)" **0/642972** 57.141.20.3>127.0.0.1>127.0.0.1 b963b9c4463aeaaa1708eb039cce421e
57.141.20.8 - - [15/Mar/2026:08:51:27 +0100] "GET /service/organic-products/?rename=/htdocs/ptso.jmkconsulting-ci.com/wp-content/plugins/woocommerce/src/Blocks/BlockTypes/FeaturedItem.php HTTP/1.1" 200 2819 "-" "meta-externalagent/1.1 (+https://developers.facebook.com/docs/sharing/webmasters/crawler)" **0/282546** 57.141.20.8>127.0.0.1>127.0.0.1 ce9f28fe30b1c3cfe3502d98175bd924
57.141.20.37 - - [15/Mar/2026:08:52:07 +0100] "GET /service/fresh-vegetables/?edit=/htdocs/ptso.jmkconsulting-ci.com/wp-includes/css/dist/format-library/style-rtl.css HTTP/1.1" 200 3532 "-" "meta-externalagent/1.1 (+https://developers.facebook.com/docs/sharing/webmasters/crawler)" **1/1317050** 57.141.20.37>127.0.0.1>127.0.0.1 83d4771d695bdf3d87f440e95efaaf16
57.141.20.17 - - [15/Mar/2026:08:52:10 +0100] "GET /service/harvest/?rename=/htdocs/sivaco/vendor/guzzlehttp/psr7/src/StreamWrapper.php HTTP/1.1" 200 2732 "-" "meta-externalagent/1.1 (+https://developers.facebook.com/docs/sharing/webmasters/crawler)" **0/568166** 57.141.20.17>127.0.0.1>127.0.0.1 b8331d87c65e54669824ffca7479851a
193.203.239.64 - - [15/Mar/2026:08:52:37 +0100] "POST /wp-cron.php?doing_wp_cron=1773561157.1540350914001464843750 HTTP/1.1" 200 387 "-" "WordPress/6.9.4; https://ptso.jmkconsulting-ci.com" **0/43918** 193.203.239.64>127.0.0.1>127.0.0.1 2cedd1ccf5ba85b25f0b09750714bb1d
57.141.20.23 - - [15/Mar/2026:08:52:36 +0100] "GET /service/harvest/?edit=/htdocs/sivaco/node_modules/pako/lib/zlib/constants.js HTTP/1.1" 200 4962 "-" "meta-externalagent/1.1 (+https://developers.facebook.com/docs/sharing/webmasters/crawler)" **0/751713** 57.141.20.23>127.0.0.1>127.0.0.1 f23abf189c4e7fffc56a444286624ffb
57.141.20.17 - - [15/Mar/2026:08:52:37 +0100] "GET /service/dairy-products/?edit=/htdocs/atito2/node_modules/caniuse-lite/data/features/mutationobserver.js HTTP/1.1" 200 5000 "-" "meta-externalagent/1.1 (+https://developers.facebook.com/docs/sharing/webmasters/crawler)" **0/271200** 57.141.20.17>127.0.0.1>127.0.0.1 11ff7ed9b249f001281fcb59dca06e22
57.141.20.58 - - [15/Mar/2026:08:52:51 +0100] "GET /service/organic-products/?dir=/htdocs/sivaco/vendor/sebastian/comparator HTTP/1.1" 200 8068 "-" "meta-externalagent/1.1 (+https://developers.facebook.com/docs/sharing/webmasters/crawler)" **0/625055** 57.141.20.58>127.0.0.1>127.0.0.1 0b66c713398f8e3d5fb001ba2bd0318f
57.141.20.28 - - [15/Mar/2026:08:53:02 +0100] "GET /service/fresh-vegetables/?rename=/htdocs/jmknew.jmkconsulting-ci.com/gdata/node_modules/buffer/bin/download-node-tests.js HTTP/1.1" 406 1828 "-" "meta-externalagent/1.1 (+https://developers.facebook.com/docs/sharing/webmasters/crawler)" **0/11826** 57.141.20.28>127.0.0.1>127.0.0.1 1ebe84469232a15dfc31751bd725d14f
57.141.20.3 - - [15/Mar/2026:08:53:11 +0100] "GET /service/harvest/?rename=/htdocs/jmknew.jmkconsulting-ci.com/gdata/.git/objects/e7/54366d792b5ed649e20e19ad42f00cd5898701 HTTP/1.1" 200 2827 "-" "meta-externalagent/1.1 (+https://developers.facebook.com/docs/sharing/webmasters/crawler)" **0/582939** 57.141.20.3>127.0.0.1>127.0.0.1 ee20d25f777ab8368df27d9f645e8a1c
193.203.239.64 - - [15/Mar/2026:08:53:30 +0100] "POST /wp-cron.php?doing_wp_cron=1773561210.6940400600433349609375 HTTP/1.1" 200 387 "-" "WordPress/6.9.4; https://ptso.jmkconsulting-ci.com" **0/26007** 193.203.239.64>127.0.0.1>127.0.0.1 701ed0970ccf45e45c038eec8ea0e84d
57.141.20.13 - - [15/Mar/2026:08:53:30 +0100] "GET /service/dairy-products/?rename=/htdocs/jmknew.jmkconsulting-ci.com/gdata/node_modules/es5-ext/object/compact.js HTTP/1.1" 200 2767 "-" "meta-externalagent/1.1 (+https://developers.facebook.com/docs/sharing/webmasters/crawler)" **0/635590** 57.141.20.13>127.0.0.1>127.0.0.1 06462667dc30583a15329f7fee609e0a
57.141.20.31 - - [15/Mar/2026:08:53:38 +0100] "GET /service/agriculture-products/?edit=/usr/base/usr/share/zoneinfo/Etc/GMT%2012 HTTP/1.1" 500 3998 "-" "meta-externalagent/1.1 (+https://developers.facebook.com/docs/sharing/webmasters/crawler)" **0/291001** 57.141.20.31>127.0.0.1>127.0.0.1 9989789a401c23247180d14e94e3848c
146.174.184.66 - - [15/Mar/2026:08:53:50 +0100] "GET /service/fresh-vegetables/?view=/htdocs/sivaco/vendor/nette/utils/src/exceptions.php HTTP/1.1" 200 1953 "-" "Mozilla/5.0 (Macintosh; U; PPC Mac OS X; en-us) AppleWebKit/85.8.5 (KHTML, like Gecko) Safari/85.8.1" **0/269003** 146.174.184.66>127.0.0.1>127.0.0.1 f0724907709c235d8cf4a047d5afa493
193.203.239.64 - - [15/Mar/2026:08:54:45 +0100] "POST /wp-cron.php?doing_wp_cron=1773561285.9065120220184326171875 HTTP/1.1" 200 387 "-" "WordPress/6.9.4; https://ptso.jmkconsulting-ci.com" **0/44071** 193.203.239.64>127.0.0.1>127.0.0.1 d6f12beb82bf8b8c03650c3e8016f279
57.141.20.28 - - [15/Mar/2026:08:54:45 +0100] "GET /service/fresh-vegetables/?view=/htdocs/atito2/node_modules/miller-rabin/package.json HTTP/1.1" 200 3553 "-" "meta-externalagent/1.1 (+https://developers.facebook.com/docs/sharing/webmasters/crawler)" **0/598838** 57.141.20.28>127.0.0.1>127.0.0.1 56b7f96c35902f22703fb4717e8172ad
57.141.20.47 - - [15/Mar/2026:08:55:08 +0100] "GET /service/organic-products/?view=/htdocs/jmknew.jmkconsulting-ci.com/gdata/.git/objects/d8/61364dc334d57c7a1ccddd4b7c55eda0c00d3b HTTP/1.1" 200 2879 "-" "meta-externalagent/1.1 (+https://developers.facebook.com/docs/sharing/webmasters/crawler)" **0/777233** 57.141.20.47>127.0.0.1>127.0.0.1 a3281d04d17b749a8d1b49726b429b92
193.203.239.64 - - [15/Mar/2026:08:55:28 +0100] "POST /wp-cron.php?doing_wp_cron=1773561328.9858300685882568359375 HTTP/1.1" 200 387 "-" "WordPress/6.9.4; https://ptso.jmkconsulting-ci.com" **0/35884** 193.203.239.64>127.0.0.1>127.0.0.1 1bbce4c42ee978fd842ecf444382d1dc
57.141.20.34 - - [15/Mar/2026:08:55:28 +0100] "GET /service/organic-products/?edit=/htdocs/jmknew.jmkconsulting-ci.com/gdata/node_modules/iconv-lite/encodings/utf7.js HTTP/1.1" 200 12822 "-" "meta-externalagent/1.1 (+https://developers.facebook.com/docs/sharing/webmasters/crawler)" **0/621882** 57.141.20.34>127.0.0.1>127.0.0.1 eb1a01afd5f3fb19e36d9c595444cd1c
193.203.239.64 - - [15/Mar/2026:08:57:12 +0100] "POST /wp-cron.php?doing_wp_cron=1773561432.1159451007843017578125 HTTP/1.1" 200 387 "-" "WordPress/6.9.4; https://ptso.jmkconsulting-ci.com" **0/53315** 193.203.239.64>127.0.0.1>127.0.0.1 31caffabeb8b25c46798d52de320c735
57.141.20.25 - - [15/Mar/2026:08:57:11 +0100] "GET /service/harvest/?rename=/htdocs/atito2/vendor/symfony/error-handler/ErrorRenderer/HtmlErrorRenderer.php HTTP/1.1" 200 2776 "-" "meta-externalagent/1.1 (+https://developers.facebook.com/docs/sharing/webmasters/crawler)" **0/755412** 57.141.20.25>127.0.0.1>127.0.0.1 d0973696e868b0680a178fd411b1422c
193.203.239.64 - - [15/Mar/2026:08:58:16 +0100] "POST /wp-cron.php?doing_wp_cron=1773561496.0521969795227050781250 HTTP/1.1" 200 387 "-" "WordPress/6.9.4; https://ptso.jmkconsulting-ci.com" **0/40496** 193.203.239.64>127.0.0.1>127.0.0.1 1bc0a0988a58ed31c8242fc37745695f
57.141.20.47 - - [15/Mar/2026:08:58:15 +0100] "GET /service/fresh-vegetables/?view=/htdocs/atito2/vendor/symfony/console/Event/ConsoleTerminateEvent.php HTTP/1.1" 200 3533 "-" "meta-externalagent/1.1 (+https://developers.facebook.com/docs/sharing/webmasters/crawler)" **0/626115** 57.141.20.47>127.0.0.1>127.0.0.1 0dbe9d907e798dc20a541ebcd28f05a3
14.191.129.169 - - [15/Mar/2026:08:58:26 +0100] "GET /service/harvest/?dir=/usr/base/usr/share/locale/ach HTTP/1.1" 200 1706 "-" "Mozilla/5.0 (Windows NT 6.0) AppleWebKit/534.24 (KHTML, like Gecko) Chrome/11.0.696.3 Safari/534.24" **0/514899** 14.191.129.169>127.0.0.1>127.0.0.1 a06392d32ea5ce1b9f6d225efbdaf1c3
193.203.239.64 - - [15/Mar/2026:08:59:17 +0100] "POST /wp-cron.php?doing_wp_cron=1773561557.5778620243072509765625 HTTP/1.1" 200 387 "-" "WordPress/6.9.4; https://ptso.jmkconsulting-ci.com" **0/35733** 193.203.239.64>127.0.0.1>127.0.0.1 8bc3d2b1e9c400227e3dc6c82826226b
57.141.20.13 - - [15/Mar/2026:08:59:17 +0100] "GET /service/fresh-vegetables/?rename=/sftproot/htdocs/atito.com/js/dashboard.js HTTP/1.1" 200 2693 "-" "meta-externalagent/1.1 (+https://developers.facebook.com/docs/sharing/webmasters/crawler)" **0/606677** 57.141.20.13>127.0.0.1>127.0.0.1 3255085bc00a397a710a12ffd6b746da
40.77.167.11 - - [15/Mar/2026:08:59:40 +0100] "GET /shopdetail/218703451 HTTP/1.1" 500 3378 "-" "Mozilla/5.0 AppleWebKit/537.36 (KHTML, like Gecko; compatible; bingbot/2.0; +http://www.bing.com/bingbot.htm) Chrome/116.0.1938.76 Safari/537.36" **0/532146** 40.77.167.11>127.0.0.1>127.0.0.1 8e19839c4f602916bdfdd7148cff5e13
193.203.239.64 - - [15/Mar/2026:09:01:26 +0100] "POST /wp-cron.php?doing_wp_cron=1773561686.3369100093841552734375 HTTP/1.1" 200 387 "-" "WordPress/6.9.4; https://ptso.jmkconsulting-ci.com" **0/12714** 193.203.239.64>127.0.0.1>127.0.0.1 8da24262b505ca7346c9ebd2c504923a
57.141.20.25 - - [15/Mar/2026:09:01:25 +0100] "GET /service/organic-products/?dir=/sftproot/htdocs/sivaco/node_modules/mini-svg-data-uri HTTP/1.1" 200 12285 "-" "meta-externalagent/1.1 (+https://developers.facebook.com/docs/sharing/webmasters/crawler)" **0/615967** 57.141.20.25>127.0.0.1>127.0.0.1 dc1e779f6172f1bbc5a62ceab2bad5fc
57.141.20.23 - - [15/Mar/2026:09:01:33 +0100] "GET /service/fresh-vegetables/?edit=/htdocs/jmknew.jmkconsulting-ci.com/gdata/node_modules/pako/dist/pako_inflate.js HTTP/1.1" 200 115759 "-" "meta-externalagent/1.1 (+https://developers.facebook.com/docs/sharing/webmasters/crawler)" **0/612384** 57.141.20.23>127.0.0.1>127.0.0.1 cfd12387b71da75dddfad117e104b1fb
146.174.171.190 - - [15/Mar/2026:09:01:47 +0100] "GET /service/harvest/?edit=/usr/base/etc/ssl/certs/54657681.0 HTTP/1.1" 200 2902 "-" "Mozilla/5.0 (Windows; Windows NT 5.1; en-US; rv:1.9.2a1pre) Gecko/20090402 Firefox/3.6a1pre" **0/558007** 146.174.171.190>127.0.0.1>127.0.0.1 a8d4aba2d4a2a633f89565081a044ec0
193.203.239.64 - - [15/Mar/2026:09:02:31 +0100] "POST /wp-cron.php?doing_wp_cron=1773561751.4134590625762939453125 HTTP/1.1" 200 387 "-" "WordPress/6.9.4; https://ptso.jmkconsulting-ci.com" **0/43721** 193.203.239.64>127.0.0.1>127.0.0.1 c36bbf33ce73192b6dc88ed2cea3e9c6
57.141.20.9 - - [15/Mar/2026:09:02:30 +0100] "GET /service/dairy-products/?dir=/sftproot/htdocs/atito2/node_modules/@popperjs HTTP/1.1" 200 3929 "-" "meta-externalagent/1.1 (+https://developers.facebook.com/docs/sharing/webmasters/crawler)" **0/678861** 57.141.20.9>127.0.0.1>127.0.0.1 63cfc32eb72ed10034fcb28da1120695
57.141.20.23 - - [15/Mar/2026:09:02:56 +0100] "GET /service/agriculture-products/?dir=/htdocs/ptso.jmkconsulting-ci.com/wp-content/plugins/elementor/core/isolation HTTP/1.1" 200 8699 "-" "meta-externalagent/1.1 (+https://developers.facebook.com/docs/sharing/webmasters/crawler)" **0/526397** 57.141.20.23>127.0.0.1>127.0.0.1 426e8e927078572bdba6dc9d6a83093b
193.203.239.64 - - [15/Mar/2026:09:03:19 +0100] "POST /wp-cron.php?doing_wp_cron=1773561798.9954059123992919921875 HTTP/1.1" 200 387 "-" "WordPress/6.9.4; https://ptso.jmkconsulting-ci.com" **0/37095** 193.203.239.64>127.0.0.1>127.0.0.1 77f09dfc7fed6b2ebfe0e868327cf59e
57.141.20.52 - - [15/Mar/2026:09:03:18 +0100] "GET /service/dairy-products/?view=/htdocs/jmknew.jmkconsulting-ci.com/gdata/node_modules/pbkdf2/lib/async.js HTTP/1.1" 200 5817 "-" "meta-externalagent/1.1 (+https://developers.facebook.com/docs/sharing/webmasters/crawler)" **0/634906** 57.141.20.52>127.0.0.1>127.0.0.1 a0371a6a5c566ecede19c5b4366877be
57.141.20.9 - - [15/Mar/2026:09:03:37 +0100] "GET /service/organic-products/?rename=/htdocs/atito2/vendor/symfony/process/README.md HTTP/1.1" 200 2700 "-" "meta-externalagent/1.1 (+https://developers.facebook.com/docs/sharing/webmasters/crawler)" **0/704053** 57.141.20.9>127.0.0.1>127.0.0.1 0e98c1ae55ea470c98cee85325a49e02
57.141.20.17 - - [15/Mar/2026:09:03:53 +0100] "GET /service/fresh-vegetables/?view=/usr/base/usr/share/terminfo/b/bterm HTTP/1.1" 200 4853 "-" "meta-externalagent/1.1 (+https://developers.facebook.com/docs/sharing/webmasters/crawler)" **0/475243** 57.141.20.17>127.0.0.1>127.0.0.1 b4c2ae4b8e3814c1b8fd2db8e486a824
52.167.144.195 - - [15/Mar/2026:09:03:55 +0100] "GET /shopdetail/59908351 HTTP/1.1" 500 3378 "-" "Mozilla/5.0 AppleWebKit/537.36 (KHTML, like Gecko; compatible; bingbot/2.0; +http://www.bing.com/bingbot.htm) Chrome/116.0.1938.76 Safari/537.36" **0/337136** 52.167.144.195>127.0.0.1>127.0.0.1 03ff37032233bebd78a1058164382e3e
57.141.20.47 - - [15/Mar/2026:09:04:07 +0100] "GET /service/organic-products/?rename=/htdocs/site_data_2024/vendor/symfony/translation/Loader/PoFileLoader.php HTTP/1.1" 200 2759 "-" "meta-externalagent/1.1 (+https://developers.facebook.com/docs/sharing/webmasters/crawler)" **0/588558** 57.141.20.47>127.0.0.1>127.0.0.1 4111ad7b8f96cc8b5047c4a9a9d0321e
193.203.239.64 - - [15/Mar/2026:09:04:19 +0100] "POST /wp-cron.php?doing_wp_cron=1773561859.9505650997161865234375 HTTP/1.1" 200 387 "-" "WordPress/6.9.4; https://ptso.jmkconsulting-ci.com" **0/46901** 193.203.239.64>127.0.0.1>127.0.0.1 fa1472832d7c697c7f7c36adc3f89c71
57.141.20.38 - - [15/Mar/2026:09:04:19 +0100] "GET /service/dairy-products/?rename=/sftproot/htdocs/ptso.jmkconsulting-ci.com/wp-includes/default-widgets.php HTTP/1.1" 200 2802 "-" "meta-externalagent/1.1 (+https://developers.facebook.com/docs/sharing/webmasters/crawler)" **0/771891** 57.141.20.38>127.0.0.1>127.0.0.1 92f31415e60a27926885cc10a5c9b8a8
57.141.20.15 - - [15/Mar/2026:09:04:29 +0100] "GET /service/dairy-products/?edit=/usr/base/usr/lib/locale/ca_FR/LC_TIME HTTP/1.1" 200 6580 "-" "meta-externalagent/1.1 (+https://developers.facebook.com/docs/sharing/webmasters/crawler)" **0/555426** 57.141.20.15>127.0.0.1>127.0.0.1 52af2ff2349d9794df150141a1dbb9fa
57.141.20.30 - - [15/Mar/2026:09:04:39 +0100] "GET /service/agriculture-products/?rename=/usr/base/usr/share/ca-certificates/mozilla/Starfield_Services_Root_Certificate_Authority_-_G2.crt HTTP/1.1" 200 2847 "-" "meta-externalagent/1.1 (+https://developers.facebook.com/docs/sharing/webmasters/crawler)" **0/581319** 57.141.20.30>127.0.0.1>127.0.0.1 5a4146253ab3650194193c287f76da9e
57.141.20.22 - - [15/Mar/2026:09:04:48 +0100] "GET /service/agriculture-products/?edit=/htdocs/sivaco/vendor/symfony/routing/Loader/AnnotationFileLoader.php HTTP/1.1" 200 7395 "-" "meta-externalagent/1.1 (+https://developers.facebook.com/docs/sharing/webmasters/crawler)" **0/650850** 57.141.20.22>127.0.0.1>127.0.0.1 dea4826a0cee4039e35bd6be9287379f
57.141.20.31 - - [15/Mar/2026:09:04:56 +0100] "GET /service/organic-products/?edit=/htdocs/sivaco/tests/Feature/PasswordConfirmationTest.php HTTP/1.1" 200 3866 "-" "meta-externalagent/1.1 (+https://developers.facebook.com/docs/sharing/webmasters/crawler)" **0/485128** 57.141.20.31>127.0.0.1>127.0.0.1 076ece168d1b2e175fbd0efb88dbb57a
57.141.20.16 - - [15/Mar/2026:09:05:04 +0100] "GET /service/fresh-vegetables/?view=/htdocs/jmknew.jmkconsulting-ci.com/gdata/.git/objects/63/69c81b89d3e8586ec4485c1e1fa5c8716f5568 HTTP/1.1" 200 2917 "-" "meta-externalagent/1.1 (+https://developers.facebook.com/docs/sharing/webmasters/crawler)" **1/1180652** 57.141.20.16>127.0.0.1>127.0.0.1 71aede2ba211df31825bae4e42efa2a8
57.141.20.27 - - [15/Mar/2026:09:05:11 +0100] "GET /service/harvest/?edit=/htdocs/sivaco/node_modules/sass/node_modules/anymatch/package.json HTTP/1.1" 200 4102 "-" "meta-externalagent/1.1 (+https://developers.facebook.com/docs/sharing/webmasters/crawler)" **1/1142912** 57.141.20.27>127.0.0.1>127.0.0.1 a28296673b9d32de1cea73365ef20d8d
216.73.216.120 - - [15/Mar/2026:09:05:12 +0100] "GET /robots.txt HTTP/1.1" 200 494 "-" "Mozilla/5.0 AppleWebKit/537.36 (KHTML, like Gecko; compatible; ClaudeBot/1.0; +claudebot@anthropic.com)" **0/612637** 216.73.216.120>127.0.0.1>127.0.0.1 107c3841509f5beda80a61751ac699d2
193.203.239.64 - - [15/Mar/2026:09:05:14 +0100] "POST /wp-cron.php?doing_wp_cron=1773561914.1485168933868408203125 HTTP/1.1" 200 387 "-" "WordPress/6.9.4; http://ptso.jmkconsulting-ci.com" **0/8317** 193.203.239.64>127.0.0.1>127.0.0.1 7343a3983acde85194b6efbac6f2ebb0
216.73.216.120 - - [15/Mar/2026:09:05:13 +0100] "GET /service/organic-products/?edit=%2Fhtdocs%2Fptso.jmkconsulting-ci.com%2Fwp-includes%2Fspl-autoload-compat.php HTTP/1.1" 200 3120 "-" "Mozilla/5.0 AppleWebKit/537.36 (KHTML, like Gecko; compatible; ClaudeBot/1.0; +claudebot@anthropic.com)" **0/648662** 216.73.216.120>127.0.0.1>127.0.0.1 a1800a966da95a79ba050353b6aa496f
216.73.216.120 - - [15/Mar/2026:09:05:14 +0100] "GET /service/organic-products/?view=%2Fhtdocs%2Fptso.jmkconsulting-ci.com%2Fwp-includes%2Fclass-wp-http-response.php HTTP/1.1" 200 5484 "-" "Mozilla/5.0 AppleWebKit/537.36 (KHTML, like Gecko; compatible; ClaudeBot/1.0; +claudebot@anthropic.com)" **0/417754** 216.73.216.120>127.0.0.1>127.0.0.1 e8ec448ecee38de24ff93b243686ac20
216.73.216.120 - - [15/Mar/2026:09:05:14 +0100] "GET /service/organic-products/?view=%2Fhtdocs%2Fptso.jmkconsulting-ci.com%2Fwp-includes%2Ffeed-rss2-comments.php HTTP/1.1" 200 7431 "-" "Mozilla/5.0 AppleWebKit/537.36 (KHTML, like Gecko; compatible; ClaudeBot/1.0; +claudebot@anthropic.com)" **0/485912** 216.73.216.120>127.0.0.1>127.0.0.1 edc3e8495bfc94ef3a06f572454f4dcb
216.73.216.120 - - [15/Mar/2026:09:05:15 +0100] "GET /service/organic-products/?edit=%2Fhtdocs%2Fptso.jmkconsulting-ci.com%2Fwp-includes%2Fcomment.php HTTP/1.1" 200 149652 "-" "Mozilla/5.0 AppleWebKit/537.36 (KHTML, like Gecko; compatible; ClaudeBot/1.0; +claudebot@anthropic.com)" **0/814159** 216.73.216.120>127.0.0.1>127.0.0.1 0d6001643bd6bb9a76517a8350a63f68
216.73.216.120 - - [15/Mar/2026:09:05:15 +0100] "GET /service/organic-products/?view=%2Fhtdocs%2Fptso.jmkconsulting-ci.com%2Fwp-includes%2Fclass-wp-http-cookie.php HTTP/1.1" 200 10542 "-" "Mozilla/5.0 AppleWebKit/537.36 (KHTML, like Gecko; compatible; ClaudeBot/1.0; +claudebot@anthropic.com)" **0/754539** 216.73.216.120>127.0.0.1>127.0.0.1 a0f83f0f0099305f7625185b61b38400
216.73.216.120 - - [15/Mar/2026:09:05:16 +0100] "GET /service/organic-products/?edit=%2Fhtdocs%2Fptso.jmkconsulting-ci.com%2Fwp-includes%2Fclass-wp-http-curl.php HTTP/1.1" 200 17336 "-" "Mozilla/5.0 AppleWebKit/537.36 (KHTML, like Gecko; compatible; ClaudeBot/1.0; +claudebot@anthropic.com)" **0/784643** 216.73.216.120>127.0.0.1>127.0.0.1 293d384cab2e38af63e305039b0da3fc
57.141.20.39 - - [15/Mar/2026:09:05:16 +0100] "GET /service/fresh-vegetables/?view=/sftproot/htdocs/coopo.jmkconsulting-ci.com/SAVE/index-6.htm HTTP/1.1" 200 127075 "-" "meta-externalagent/1.1 (+https://developers.facebook.com/docs/sharing/webmasters/crawler)" **0/647434** 57.141.20.39>127.0.0.1>127.0.0.1 d4de6924a9fe7210871c65f5f03229f1
216.73.216.120 - - [15/Mar/2026:09:05:17 +0100] "GET /service/organic-products/?dir=%2Fhtdocs%2Fptso.jmkconsulting-ci.com%2Fwp-includes%2Finteractivity-api HTTP/1.1" 200 7272 "-" "Mozilla/5.0 AppleWebKit/537.36 (KHTML, like Gecko; compatible; ClaudeBot/1.0; +claudebot@anthropic.com)" **0/834290** 216.73.216.120>127.0.0.1>127.0.0.1 be76213565bbeedca3b5b1815af8f2c1
216.73.216.120 - - [15/Mar/2026:09:05:17 +0100] "GET /service/organic-products/?view=%2Fhtdocs%2Fptso.jmkconsulting-ci.com%2Fwp-includes%2Fblock-editor.php HTTP/1.1" 200 36007 "-" "Mozilla/5.0 AppleWebKit/537.36 (KHTML, like Gecko; compatible; ClaudeBot/1.0; +claudebot@anthropic.com)" **0/731642** 216.73.216.120>127.0.0.1>127.0.0.1 021b233a25dc92edc7d8b03d87962241
216.73.216.120 - - [15/Mar/2026:09:05:18 +0100] "GET /service/organic-products/?edit=%2Fhtdocs%2Fptso.jmkconsulting-ci.com%2Fwp-includes%2Ffunctions.php HTTP/1.1" 200 319693 "-" "Mozilla/5.0 AppleWebKit/537.36 (KHTML, like Gecko; compatible; ClaudeBot/1.0; +claudebot@anthropic.com)" **0/512362** 216.73.216.120>127.0.0.1>127.0.0.1 74ec5ee477f2203846441978aeee4b9c
216.73.216.120 - - [15/Mar/2026:09:05:17 +0100] "GET /service/organic-products/?edit=%2Fhtdocs%2Fptso.jmkconsulting-ci.com%2Fwp-includes%2Fwidgets.php HTTP/1.1" 200 80662 "-" "Mozilla/5.0 AppleWebKit/537.36 (KHTML, like Gecko; compatible; ClaudeBot/1.0; +claudebot@anthropic.com)" **0/737810** 216.73.216.120>127.0.0.1>127.0.0.1 605718f3fe482561e6a6b77ccba61f21
216.73.216.120 - - [15/Mar/2026:09:05:18 +0100] "GET /service/organic-products/?dir=%2Fhtdocs%2Fptso.jmkconsulting-ci.com%2Fwp-includes%2Fhtml-api HTTP/1.1" 200 20235 "-" "Mozilla/5.0 AppleWebKit/537.36 (KHTML, like Gecko; compatible; ClaudeBot/1.0; +claudebot@anthropic.com)" **0/586844** 216.73.216.120>127.0.0.1>127.0.0.1 72399ff4978074088b47d0ef19174dbe
216.73.216.120 - - [15/Mar/2026:09:05:19 +0100] "GET /service/organic-products/?edit=%2Fhtdocs%2Fptso.jmkconsulting-ci.com%2Fwp-includes%2Ffeed-atom-comments.php HTTP/1.1" 200 9635 "-" "Mozilla/5.0 AppleWebKit/537.36 (KHTML, like Gecko; compatible; ClaudeBot/1.0; +claudebot@anthropic.com)" **0/589308** 216.73.216.120>127.0.0.1>127.0.0.1 4084269b26ef5265a558f259e24d965b
216.73.216.120 - - [15/Mar/2026:09:05:19 +0100] "GET /service/organic-products/?view=%2Fhtdocs%2Fptso.jmkconsulting-ci.com%2Fwp-includes%2Fclass-wp-network.php HTTP/1.1" 200 15746 "-" "Mozilla/5.0 AppleWebKit/537.36 (KHTML, like Gecko; compatible; ClaudeBot/1.0; +claudebot@anthropic.com)" **0/383104** 216.73.216.120>127.0.0.1>127.0.0.1 9721c0de75da2253a258494f4b4a5b10
216.73.216.120 - - [15/Mar/2026:09:05:19 +0100] "GET /service/organic-products/?view=%2Fhtdocs%2Fptso.jmkconsulting-ci.com%2Fwp-includes%2Fclass-wp-comment.php HTTP/1.1" 200 12887 "-" "Mozilla/5.0 AppleWebKit/537.36 (KHTML, like Gecko; compatible; ClaudeBot/1.0; +claudebot@anthropic.com)" **0/415276** 216.73.216.120>127.0.0.1>127.0.0.1 6c087c8fbdb8d8b59b5e44de6edab198
216.73.216.120 - - [15/Mar/2026:09:05:19 +0100] "GET /service/organic-products/?view=%2Fhtdocs%2Fptso.jmkconsulting-ci.com%2Fwp-includes%2Fclass-wp-date-query.php HTTP/1.1" 200 43602 "-" "Mozilla/5.0 AppleWebKit/537.36 (KHTML, like Gecko; compatible; ClaudeBot/1.0; +claudebot@anthropic.com)" **0/566111** 216.73.216.120>127.0.0.1>127.0.0.1 4ddebedabce71f856d98244d6b29eb2f
216.73.216.120 - - [15/Mar/2026:09:05:20 +0100] "GET /service/organic-products/?view=%2Fhtdocs%2Fptso.jmkconsulting-ci.com%2Fwp-includes%2Fclass-wp-term-query.php HTTP/1.1" 200 49381 "-" "Mozilla/5.0 AppleWebKit/537.36 (KHTML, like Gecko; compatible; ClaudeBot/1.0; +claudebot@anthropic.com)" **0/501899** 216.73.216.120>127.0.0.1>127.0.0.1 d38633d862974b3b6edb28674ab8d5ca
216.73.216.120 - - [15/Mar/2026:09:05:20 +0100] "GET /service/organic-products/?edit=%2Fhtdocs%2Fptso.jmkconsulting-ci.com%2Fwp-includes%2Frest-api.php HTTP/1.1" 200 113449 "-" "Mozilla/5.0 AppleWebKit/537.36 (KHTML, like Gecko; compatible; ClaudeBot/1.0; +claudebot@anthropic.com)" **0/560013** 216.73.216.120>127.0.0.1>127.0.0.1 ed7f34884c01ee2224684d615c66b3f8
216.73.216.120 - - [15/Mar/2026:09:05:20 +0100] "GET /service/organic-products/?edit=%2Fhtdocs%2Fptso.jmkconsulting-ci.com%2Fwp-includes%2Fclass-wp-walker.php HTTP/1.1" 200 16325 "-" "Mozilla/5.0 AppleWebKit/537.36 (KHTML, like Gecko; compatible; ClaudeBot/1.0; +claudebot@anthropic.com)" **0/463318** 216.73.216.120>127.0.0.1>127.0.0.1 1e3e5f01d35f6218257a4e77121f48d4
216.73.216.120 - - [15/Mar/2026:09:05:20 +0100] "GET /service/organic-products/?view=%2Fhtdocs%2Fptso.jmkconsulting-ci.com%2Fwp-includes%2Fclass-wp-widget.php HTTP/1.1" 200 22129 "-" "Mozilla/5.0 AppleWebKit/537.36 (KHTML, like Gecko; compatible; ClaudeBot/1.0; +claudebot@anthropic.com)" **0/489921** 216.73.216.120>127.0.0.1>127.0.0.1 a0cf1a0ef38f80a0cb5005579f7049c0
216.73.216.120 - - [15/Mar/2026:09:05:21 +0100] "GET /service/organic-products/?rename=%2Fhtdocs%2Fptso.jmkconsulting-ci.com%2Fwp-includes%2Fclass-wp-oembed-controller.php HTTP/1.1" 200 2777 "-" "Mozilla/5.0 AppleWebKit/537.36 (KHTML, like Gecko; compatible; ClaudeBot/1.0; +claudebot@anthropic.com)" **0/382978** 216.73.216.120>127.0.0.1>127.0.0.1 42441a45195856166ac7fa1c107fc5ca
216.73.216.120 - - [15/Mar/2026:09:05:21 +0100] "GET /service/organic-products/?view=%2Fhtdocs%2Fptso.jmkconsulting-ci.com%2Fwp-includes%2Fclass-http.php HTTP/1.1" 200 2852 "-" "Mozilla/5.0 AppleWebKit/537.36 (KHTML, like Gecko; compatible; ClaudeBot/1.0; +claudebot@anthropic.com)" **0/401013** 216.73.216.120>127.0.0.1>127.0.0.1 5e1c7e0f8abdc731b2d2aa29cc704f8d
216.73.216.120 - - [15/Mar/2026:09:05:21 +0100] "GET /service/organic-products/?edit=%2Fhtdocs%2Fptso.jmkconsulting-ci.com%2Fwp-includes%2Ftheme.php HTTP/1.1" 200 156724 "-" "Mozilla/5.0 AppleWebKit/537.36 (KHTML, like Gecko; compatible; ClaudeBot/1.0; +claudebot@anthropic.com)" **0/357735** 216.73.216.120>127.0.0.1>127.0.0.1 955b7fe0a13bfe8dc818e63169183021
216.73.216.120 - - [15/Mar/2026:09:05:21 +0100] "GET /service/organic-products/?rename=%2Fhtdocs%2Fptso.jmkconsulting-ci.com%2Fwp-includes%2Fclass-wp-block-processor.php HTTP/1.1" 200 2771 "-" "Mozilla/5.0 AppleWebKit/537.36 (KHTML, like Gecko; compatible; ClaudeBot/1.0; +claudebot@anthropic.com)" **0/338526** 216.73.216.120>127.0.0.1>127.0.0.1 7d454d777f3fb2d2565f63405535cc65
216.73.216.120 - - [15/Mar/2026:09:05:22 +0100] "GET /service/organic-products/?edit=%2Fhtdocs%2Fptso.jmkconsulting-ci.com%2Fwp-includes%2Fpluggable-deprecated.php HTTP/1.1" 200 9553 "-" "Mozilla/5.0 AppleWebKit/537.36 (KHTML, like Gecko; compatible; ClaudeBot/1.0; +claudebot@anthropic.com)" **0/285304** 216.73.216.120>127.0.0.1>127.0.0.1 a9dd0de8b5388741f1d5b44d878791ff
216.73.216.120 - - [15/Mar/2026:09:05:22 +0100] "GET /service/organic-products/?edit=%2Fhtdocs%2Fptso.jmkconsulting-ci.com%2Fwp-includes%2Fclass-wp-term.php HTTP/1.1" 406 1828 "-" "Mozilla/5.0 AppleWebKit/537.36 (KHTML, like Gecko; compatible; ClaudeBot/1.0; +claudebot@anthropic.com)" **0/10587** 216.73.216.120>127.0.0.1>127.0.0.1 d2b7972f6536d5221e1ecce218251b91
216.73.216.120 - - [15/Mar/2026:09:05:22 +0100] "GET /service/organic-products/?edit=%2Fhtdocs%2Fptso.jmkconsulting-ci.com%2Fwp-includes%2Fclass-wp-customize-panel.php HTTP/1.1" 200 14333 "-" "Mozilla/5.0 AppleWebKit/537.36 (KHTML, like Gecko; compatible; ClaudeBot/1.0; +claudebot@anthropic.com)" **0/558521** 216.73.216.120>127.0.0.1>127.0.0.1 fd326b59ffd6356fb0c7f753efb03aed
216.73.216.120 - - [15/Mar/2026:09:05:22 +0100] "GET /service/organic-products/?view=%2Fhtdocs%2Fptso.jmkconsulting-ci.com%2Fwp-includes%2Fclass-wp-query.php HTTP/1.1" 200 187718 "-" "Mozilla/5.0 AppleWebKit/537.36 (KHTML, like Gecko; compatible; ClaudeBot/1.0; +claudebot@anthropic.com)" **0/463162** 216.73.216.120>127.0.0.1>127.0.0.1 ada3b9a04df645168ebcf455509092f8
57.141.20.38 - - [15/Mar/2026:09:05:23 +0100] "GET /service/agriculture-products/?view=/htdocs/sivaco/node_modules/has-ansi/package.json HTTP/1.1" 200 3980 "-" "meta-externalagent/1.1 (+https://developers.facebook.com/docs/sharing/webmasters/crawler)" **0/667844** 57.141.20.38>127.0.0.1>127.0.0.1 c28d85bfc6c3cf8c768fd411415f1f70
216.73.216.120 - - [15/Mar/2026:09:05:22 +0100] "GET /service/organic-products/?edit=%2Fhtdocs%2Fptso.jmkconsulting-ci.com%2Fwp-includes%2Fclass-wp-admin-bar.php HTTP/1.1" 200 23873 "-" "Mozilla/5.0 AppleWebKit/537.36 (KHTML, like Gecko; compatible; ClaudeBot/1.0; +claudebot@anthropic.com)" **1/1235206** 216.73.216.120>127.0.0.1>127.0.0.1 350187cc58d8a32bc00c025b9b28500c
216.73.216.120 - - [15/Mar/2026:09:05:22 +0100] "GET /service/organic-products/?view=%2Fhtdocs%2Fptso.jmkconsulting-ci.com%2Fwp-includes%2Fclass-wp-user-query.php HTTP/1.1" 200 52914 "-" "Mozilla/5.0 AppleWebKit/537.36 (KHTML, like Gecko; compatible; ClaudeBot/1.0; +claudebot@anthropic.com)" **1/1250297** 216.73.216.120>127.0.0.1>127.0.0.1 f092e3ad5e9bca692ca2003596b6aab6
216.73.216.120 - - [15/Mar/2026:09:05:23 +0100] "GET /service/organic-products/?edit=%2Fhtdocs%2Fptso.jmkconsulting-ci.com%2Fwp-includes%2Fclass-IXR.php HTTP/1.1" 200 5391 "-" "Mozilla/5.0 AppleWebKit/537.36 (KHTML, like Gecko; compatible; ClaudeBot/1.0; +claudebot@anthropic.com)" **1/1232308** 216.73.216.120>127.0.0.1>127.0.0.1 19dd7766102178538ac88922c811ae4d
216.73.216.120 - - [15/Mar/2026:09:05:23 +0100] "GET /service/organic-products/?edit=%2Fhtdocs%2Fptso.jmkconsulting-ci.com%2Fwp-includes%2Fclass-wp-customize-manager.php HTTP/1.1" 200 233292 "-" "Mozilla/5.0 AppleWebKit/537.36 (KHTML, like Gecko; compatible; ClaudeBot/1.0; +claudebot@anthropic.com)" **0/957781** 216.73.216.120>127.0.0.1>127.0.0.1 7fe114f0562fe961f33fd04238a12ebc
216.73.216.120 - - [15/Mar/2026:09:05:23 +0100] "GET /service/organic-products/?edit=%2Fhtdocs%2Fptso.jmkconsulting-ci.com%2Fwp-includes%2Fclass-wp.php HTTP/1.1" 200 32319 "-" "Mozilla/5.0 AppleWebKit/537.36 (KHTML, like Gecko; compatible; ClaudeBot/1.0; +claudebot@anthropic.com)" **1/1078932** 216.73.216.120>127.0.0.1>127.0.0.1 b83e5bcff370349039623d9b743d524b
57.141.20.32 - - [15/Mar/2026:09:05:29 +0100] "GET /service/harvest/?rename=/htdocs/sivaco/app/Http/Controllers/Admin/ActualityController.php HTTP/1.1" 200 2750 "-" "meta-externalagent/1.1 (+https://developers.facebook.com/docs/sharing/webmasters/crawler)" **1/1213834** 57.141.20.32>127.0.0.1>127.0.0.1 535d62fbf5c3398f402332bfc4c42a7d
57.141.20.21 - - [15/Mar/2026:09:05:34 +0100] "GET /service/fresh-vegetables/?rename=/htdocs/atito2/node_modules/supports-color/package.json HTTP/1.1" 200 2719 "-" "meta-externalagent/1.1 (+https://developers.facebook.com/docs/sharing/webmasters/crawler)" **0/585374** 57.141.20.21>127.0.0.1>127.0.0.1 f23378712bcd49cc07773bfbb717ea71
57.141.20.8 - - [15/Mar/2026:09:05:39 +0100] "GET /service/organic-products/?view=/htdocs/sivaco/node_modules/laravel-mix/node_modules/wrap-ansi/readme.md HTTP/1.1" 200 5588 "-" "meta-externalagent/1.1 (+https://developers.facebook.com/docs/sharing/webmasters/crawler)" **1/1401983** 57.141.20.8>127.0.0.1>127.0.0.1 870bd35e0063289476242f2b98cd5c5a
216.73.216.120 - - [15/Mar/2026:09:05:43 +0100] "GET /service/organic-products/?edit=%2Fhtdocs%2Fptso.jmkconsulting-ci.com%2Fwp-includes%2Fdefault-constants.php HTTP/1.1" 200 15641 "-" "Mozilla/5.0 AppleWebKit/537.36 (KHTML, like Gecko; compatible; ClaudeBot/1.0; +claudebot@anthropic.com)" **0/554446** 216.73.216.120>127.0.0.1>127.0.0.1 3ce3e5ac5e7da4bf77a4c17863fea0e4
216.73.216.120 - - [15/Mar/2026:09:05:44 +0100] "GET /service/organic-products/?edit=%2Fhtdocs%2Fptso.jmkconsulting-ci.com%2Fwp-includes%2Fcomment-template.php HTTP/1.1" 200 116782 "-" "Mozilla/5.0 AppleWebKit/537.36 (KHTML, like Gecko; compatible; ClaudeBot/1.0; +claudebot@anthropic.com)" **0/485808** 216.73.216.120>127.0.0.1>127.0.0.1 9daaea586af0bac2e140058581a62410
57.141.20.27 - - [15/Mar/2026:09:05:44 +0100] "GET /service/agriculture-products/?dir=/htdocs/ptso.jmkconsulting-ci.com/wp-content/plugins/shopengine/core/sample-designs/contents/order HTTP/1.1" 200 4539 "-" "meta-externalagent/1.1 (+https://developers.facebook.com/docs/sharing/webmasters/crawler)" **0/556038** 57.141.20.27>127.0.0.1>127.0.0.1 67d0e7fc115bccfe10b47dc3bfe2f64c
216.73.216.120 - - [15/Mar/2026:09:05:44 +0100] "GET /service/organic-products/?edit=%2Fhtdocs%2Fptso.jmkconsulting-ci.com%2Fwp-includes%2Ffeed-rss.php HTTP/1.1" 200 4228 "-" "Mozilla/5.0 AppleWebKit/537.36 (KHTML, like Gecko; compatible; ClaudeBot/1.0; +claudebot@anthropic.com)" **0/554034** 216.73.216.120>127.0.0.1>127.0.0.1 22311ccfb5eff6711ce370dab205d02b
216.73.216.120 - - [15/Mar/2026:09:05:44 +0100] "GET /service/organic-products/?edit=%2Fhtdocs%2Fptso.jmkconsulting-ci.com%2Fwp-includes%2Fatomlib.php HTTP/1.1" 200 16330 "-" "Mozilla/5.0 AppleWebKit/537.36 (KHTML, like Gecko; compatible; ClaudeBot/1.0; +claudebot@anthropic.com)" **0/707988** 216.73.216.120>127.0.0.1>127.0.0.1 d3f3e457613763a872c789b82aaa8151
216.73.216.120 - - [15/Mar/2026:09:05:44 +0100] "GET /service/organic-products/?view=%2Fhtdocs%2Fptso.jmkconsulting-ci.com%2Fwp-includes%2Fshortcodes.php HTTP/1.1" 200 28124 "-" "Mozilla/5.0 AppleWebKit/537.36 (KHTML, like Gecko; compatible; ClaudeBot/1.0; +claudebot@anthropic.com)" **0/671502** 216.73.216.120>127.0.0.1>127.0.0.1 ffd41098ee7172ed152315f8233cb4f6
216.73.216.120 - - [15/Mar/2026:09:05:45 +0100] "GET /service/organic-products/?view=%2Fhtdocs%2Fptso.jmkconsulting-ci.com%2Fwp-includes%2Fpluggable.php HTTP/1.1" 200 141878 "-" "Mozilla/5.0 AppleWebKit/537.36 (KHTML, like Gecko; compatible; ClaudeBot/1.0; +claudebot@anthropic.com)" **0/433485** 216.73.216.120>127.0.0.1>127.0.0.1 3124ac5bd82d416635c6188933238de3
216.73.216.120 - - [15/Mar/2026:09:05:44 +0100] "GET /service/organic-products/?view=%2Fhtdocs%2Fptso.jmkconsulting-ci.com%2Fwp-includes%2Fclass-wp-user.php HTTP/1.1" 200 27159 "-" "Mozilla/5.0 AppleWebKit/537.36 (KHTML, like Gecko; compatible; ClaudeBot/1.0; +claudebot@anthropic.com)" **0/727591** 216.73.216.120>127.0.0.1>127.0.0.1 7a0ff46b7aca4fd7b76debf393b8f115
216.73.216.120 - - [15/Mar/2026:09:05:45 +0100] "GET /service/organic-products/?view=%2Fhtdocs%2Fptso.jmkconsulting-ci.com%2Fwp-includes%2Fclass-walker-comment.php HTTP/1.1" 200 19092 "-" "Mozilla/5.0 AppleWebKit/537.36 (KHTML, like Gecko; compatible; ClaudeBot/1.0; +claudebot@anthropic.com)" **0/507742** 216.73.216.120>127.0.0.1>127.0.0.1 82cddff6f0093743fcd551faea673093
216.73.216.120 - - [15/Mar/2026:09:05:45 +0100] "GET /service/organic-products/?edit=%2Fhtdocs%2Fptso.jmkconsulting-ci.com%2Fwp-includes%2Fclass-wp-simplepie-file.php HTTP/1.1" 200 6391 "-" "Mozilla/5.0 AppleWebKit/537.36 (KHTML, like Gecko; compatible; ClaudeBot/1.0; +claudebot@anthropic.com)" **0/569670** 216.73.216.120>127.0.0.1>127.0.0.1 b54396eb69c2957bdedd5e429eb85e8c
216.73.216.120 - - [15/Mar/2026:09:05:45 +0100] "GET /service/organic-products/?edit=%2Fhtdocs%2Fptso.jmkconsulting-ci.com%2Fwp-includes%2Fclass-wp-block.php HTTP/1.1" 200 29185 "-" "Mozilla/5.0 AppleWebKit/537.36 (KHTML, like Gecko; compatible; ClaudeBot/1.0; +claudebot@anthropic.com)" **0/388959** 216.73.216.120>127.0.0.1>127.0.0.1 a7a8ade5f48f98001ae369c5abcbb237
216.73.216.120 - - [15/Mar/2026:09:05:45 +0100] "GET /service/organic-products/?view=%2Fhtdocs%2Fptso.jmkconsulting-ci.com%2Fwp-includes%2Fclass-wp-http-streams.php HTTP/1.1" 200 21990 "-" "Mozilla/5.0 AppleWebKit/537.36 (KHTML, like Gecko; compatible; ClaudeBot/1.0; +claudebot@anthropic.com)" **0/388138** 216.73.216.120>127.0.0.1>127.0.0.1 137f6971aa5afccb3db58d671a5122d2
216.73.216.120 - - [15/Mar/2026:09:05:45 +0100] "GET /service/organic-products/?view=%2Fhtdocs%2Fptso.jmkconsulting-ci.com%2Fwp-includes%2Fclass-oembed.php HTTP/1.1" 200 2888 "-" "Mozilla/5.0 AppleWebKit/537.36 (KHTML, like Gecko; compatible; ClaudeBot/1.0; +claudebot@anthropic.com)" **0/339068** 216.73.216.120>127.0.0.1>127.0.0.1 472581f242e934329b65e47b05cede95
216.73.216.120 - - [15/Mar/2026:09:05:46 +0100] "GET /service/organic-products/?edit=%2Fhtdocs%2Fptso.jmkconsulting-ci.com%2Fwp-includes%2Fload.php HTTP/1.1" 200 64833 "-" "Mozilla/5.0 AppleWebKit/537.36 (KHTML, like Gecko; compatible; ClaudeBot/1.0; +claudebot@anthropic.com)" **0/366259** 216.73.216.120>127.0.0.1>127.0.0.1 3f8e2093efa74a1a31e2ce3fc377203d
216.73.216.120 - - [15/Mar/2026:09:05:46 +0100] "GET /service/organic-products/?view=%2Fhtdocs%2Fptso.jmkconsulting-ci.com%2Fwp-includes%2Ftemplate-loader.php HTTP/1.1" 200 7363 "-" "Mozilla/5.0 AppleWebKit/537.36 (KHTML, like Gecko; compatible; ClaudeBot/1.0; +claudebot@anthropic.com)" **0/326342** 216.73.216.120>127.0.0.1>127.0.0.1 002422b6994400de0754fe14cdbce4a4
216.73.216.120 - - [15/Mar/2026:09:05:46 +0100] "GET /service/organic-products/?view=%2Fhtdocs%2Fptso.jmkconsulting-ci.com%2Fwp-includes%2Fclass-wp-hook.php HTTP/1.1" 200 19670 "-" "Mozilla/5.0 AppleWebKit/537.36 (KHTML, like Gecko; compatible; ClaudeBot/1.0; +claudebot@anthropic.com)" **0/397205** 216.73.216.120>127.0.0.1>127.0.0.1 536da2931bf91a798d6558deae5ca680
216.73.216.120 - - [15/Mar/2026:09:05:46 +0100] "GET /service/organic-products/?edit=%2Fhtdocs%2Fptso.jmkconsulting-ci.com%2Fwp-includes%2Fclass-simplepie.php HTTP/1.1" 200 3138 "-" "Mozilla/5.0 AppleWebKit/537.36 (KHTML, like Gecko; compatible; ClaudeBot/1.0; +claudebot@anthropic.com)" **0/377366** 216.73.216.120>127.0.0.1>127.0.0.1 e9fc92e7ff7e82a354aac05619b7a6d8
216.73.216.120 - - [15/Mar/2026:09:05:46 +0100] "GET /service/organic-products/?edit=%2Fhtdocs%2Fptso.jmkconsulting-ci.com%2Fwp-includes%2Ffunctions.wp-styles.php HTTP/1.1" 200 11879 "-" "Mozilla/5.0 AppleWebKit/537.36 (KHTML, like Gecko; compatible; ClaudeBot/1.0; +claudebot@anthropic.com)" **0/359163** 216.73.216.120>127.0.0.1>127.0.0.1 4845ba17841bedc2e110c6aabf7ad9f2
216.73.216.120 - - [15/Mar/2026:09:05:46 +0100] "GET /service/organic-products/?view=%2Fhtdocs%2Fptso.jmkconsulting-ci.com%2Fwp-includes%2Fembed.php HTTP/1.1" 200 46123 "-" "Mozilla/5.0 AppleWebKit/537.36 (KHTML, like Gecko; compatible; ClaudeBot/1.0; +claudebot@anthropic.com)" **0/358966** 216.73.216.120>127.0.0.1>127.0.0.1 f9c7751c386fc0c9cfca4fff073ff7c6
216.73.216.120 - - [15/Mar/2026:09:05:46 +0100] "GET /service/organic-products/?edit=%2Fhtdocs%2Fptso.jmkconsulting-ci.com%2Fwp-includes%2Fsession.php HTTP/1.1" 200 2925 "-" "Mozilla/5.0 AppleWebKit/537.36 (KHTML, like Gecko; compatible; ClaudeBot/1.0; +claudebot@anthropic.com)" **0/294556** 216.73.216.120>127.0.0.1>127.0.0.1 6011e6cfe1f8b129114a33d8650e8049
216.73.216.120 - - [15/Mar/2026:09:05:47 +0100] "GET /service/organic-products/?view=%2Fhtdocs%2Fptso.jmkconsulting-ci.com%2Fwp-includes%2Fquery.php HTTP/1.1" 200 41301 "-" "Mozilla/5.0 AppleWebKit/537.36 (KHTML, like Gecko; compatible; ClaudeBot/1.0; +claudebot@anthropic.com)" **0/321320** 216.73.216.120>127.0.0.1>127.0.0.1 ff0406cc9250d7aea79a82a175366a90
216.73.216.120 - - [15/Mar/2026:09:05:47 +0100] "GET /service/organic-products/?edit=%2Fhtdocs%2Fptso.jmkconsulting-ci.com%2Fwp-includes%2Fclass-phpass.php HTTP/1.1" 200 9948 "-" "Mozilla/5.0 AppleWebKit/537.36 (KHTML, like Gecko; compatible; ClaudeBot/1.0; +claudebot@anthropic.com)" **0/401781** 216.73.216.120>127.0.0.1>127.0.0.1 cb9d3ee973b9432ea4cb34ebae28d847
216.73.216.120 - - [15/Mar/2026:09:05:47 +0100] "GET /service/organic-products/?view=%2Fhtdocs%2Fptso.jmkconsulting-ci.com%2Fwp-includes%2Fclass-json.php HTTP/1.1" 200 49291 "-" "Mozilla/5.0 AppleWebKit/537.36 (KHTML, like Gecko; compatible; ClaudeBot/1.0; +claudebot@anthropic.com)" **0/350227** 216.73.216.120>127.0.0.1>127.0.0.1 4a86e939e01977af4e430cf6c295a335
216.73.216.120 - - [15/Mar/2026:09:05:47 +0100] "GET /service/organic-products/?edit=%2Fhtdocs%2Fptso.jmkconsulting-ci.com%2Fwp-includes%2Fstyle-engine.php HTTP/1.1" 200 10887 "-" "Mozilla/5.0 AppleWebKit/537.36 (KHTML, like Gecko; compatible; ClaudeBot/1.0; +claudebot@anthropic.com)" **0/347827** 216.73.216.120>127.0.0.1>127.0.0.1 24606f5a97626a267ac1a6e7c3633ffb
216.73.216.120 - - [15/Mar/2026:09:05:47 +0100] "GET /service/organic-products/?rename=%2Fhtdocs%2Fptso.jmkconsulting-ci.com%2Fwp-includes%2Fclass-wp-object-cache.php HTTP/1.1" 200 2762 "-" "Mozilla/5.0 AppleWebKit/537.36 (KHTML, like Gecko; compatible; ClaudeBot/1.0; +claudebot@anthropic.com)" **0/246455** 216.73.216.120>127.0.0.1>127.0.0.1 5481b4582b23301e54aeb673392ef1ff
216.73.216.120 - - [15/Mar/2026:09:05:47 +0100] "GET /service/organic-products/?edit=%2Fhtdocs%2Fptso.jmkconsulting-ci.com%2Fwp-includes%2Fclass-requests.php HTTP/1.1" 200 4972 "-" "Mozilla/5.0 AppleWebKit/537.36 (KHTML, like Gecko; compatible; ClaudeBot/1.0; +claudebot@anthropic.com)" **0/262461** 216.73.216.120>127.0.0.1>127.0.0.1 07b8e9588297d7bc11ee297cbe16fd4f
216.73.216.120 - - [15/Mar/2026:09:05:47 +0100] "GET /service/organic-products/?edit=%2Fhtdocs%2Fptso.jmkconsulting-ci.com%2Fwp-includes%2Fclass.wp-dependencies.php HTTP/1.1" 200 3064 "-" "Mozilla/5.0 AppleWebKit/537.36 (KHTML, like Gecko; compatible; ClaudeBot/1.0; +claudebot@anthropic.com)" **0/258966** 216.73.216.120>127.0.0.1>127.0.0.1 4afd88a5afea43d686f462f8788ca742
