216.73.216.120 - - [15/Mar/2026:09:08:42 +0100] "GET /service/organic-products/?view=%2Fhtdocs%2Fptso.jmkconsulting-ci.com%2Fwp-includes%2Fclass-wp-session-tokens.php HTTP/1.1" 403 1820 "-" "Mozilla/5.0 AppleWebKit/537.36 (KHTML, like Gecko; compatible; ClaudeBot/1.0; +claudebot@anthropic.com)" **0/3317** 216.73.216.120>127.0.0.1>127.0.0.1 866ede10fef73fa6649d0e1faab3a45a
216.73.216.120 - - [15/Mar/2026:09:08:42 +0100] "GET /service/organic-products/?edit=%2Fhtdocs%2Fptso.jmkconsulting-ci.com%2Fwp-includes%2Fmedia-template.php HTTP/1.1" 403 1820 "-" "Mozilla/5.0 AppleWebKit/537.36 (KHTML, like Gecko; compatible; ClaudeBot/1.0; +claudebot@anthropic.com)" **0/3897** 216.73.216.120>127.0.0.1>127.0.0.1 abb1bb3237b935be6c04bddab6142a9f
216.73.216.120 - - [15/Mar/2026:09:08:42 +0100] "GET /service/organic-products/?view=%2Fhtdocs%2Fptso.jmkconsulting-ci.com%2Fwp-includes%2Flocale.php HTTP/1.1" 403 1820 "-" "Mozilla/5.0 AppleWebKit/537.36 (KHTML, like Gecko; compatible; ClaudeBot/1.0; +claudebot@anthropic.com)" **0/3511** 216.73.216.120>127.0.0.1>127.0.0.1 7e3ca76be9eec22f9ab98d7575bc2db2
216.73.216.120 - - [15/Mar/2026:09:08:42 +0100] "GET /service/organic-products/?rename=%2Fhtdocs%2Fptso.jmkconsulting-ci.com%2Fwp-includes%2Fpluggable-deprecated.php HTTP/1.1" 403 1820 "-" "Mozilla/5.0 AppleWebKit/537.36 (KHTML, like Gecko; compatible; ClaudeBot/1.0; +claudebot@anthropic.com)" **0/3765** 216.73.216.120>127.0.0.1>127.0.0.1 cfa64811064e8f4b3307ee4f8536d810
57.141.20.34 - - [15/Mar/2026:09:08:46 +0100] "GET /service/fresh-vegetables/?edit=/htdocs/jmknew.jmkconsulting-ci.com/gdata/.git/objects/53/6ea28dd712fb76b98dab44d501f08583a54854 HTTP/1.1" 200 2990 "-" "meta-externalagent/1.1 (+https://developers.facebook.com/docs/sharing/webmasters/crawler)" **0/263149** 57.141.20.34>127.0.0.1>127.0.0.1 b2d690804b476d74dba5accc974f1e0b
57.141.20.26 - - [15/Mar/2026:09:08:50 +0100] "GET /service/organic-products/?rename=/htdocs/atito2/node_modules/yaml/package.json HTTP/1.1" 200 2699 "-" "meta-externalagent/1.1 (+https://developers.facebook.com/docs/sharing/webmasters/crawler)" **0/311257** 57.141.20.26>127.0.0.1>127.0.0.1 20396839ddae39cf69d5ccb06a0f024c
216.73.216.120 - - [15/Mar/2026:09:08:55 +0100] "GET /service/organic-products/?rename=%2Fhtdocs%2Fptso.jmkconsulting-ci.com%2Fwp-includes%2Fcompat-utf8.php HTTP/1.1" 403 1820 "-" "Mozilla/5.0 AppleWebKit/537.36 (KHTML, like Gecko; compatible; ClaudeBot/1.0; +claudebot@anthropic.com)" **0/5407** 216.73.216.120>127.0.0.1>127.0.0.1 0a92e025c499234b9ad6ea14440d6ad8
216.73.216.120 - - [15/Mar/2026:09:08:55 +0100] "GET /service/organic-products/?view=%2Fhtdocs%2Fptso.jmkconsulting-ci.com%2Fwp-includes%2Fmedia-template.php HTTP/1.1" 403 1820 "-" "Mozilla/5.0 AppleWebKit/537.36 (KHTML, like Gecko; compatible; ClaudeBot/1.0; +claudebot@anthropic.com)" **0/3964** 216.73.216.120>127.0.0.1>127.0.0.1 1dbd519401b7755f48cbcd547da1262e
216.73.216.120 - - [15/Mar/2026:09:08:55 +0100] "GET /service/organic-products/?rename=%2Fhtdocs%2Fptso.jmkconsulting-ci.com%2Fwp-includes%2Fcompat.php HTTP/1.1" 403 1820 "-" "Mozilla/5.0 AppleWebKit/537.36 (KHTML, like Gecko; compatible; ClaudeBot/1.0; +claudebot@anthropic.com)" **0/5249** 216.73.216.120>127.0.0.1>127.0.0.1 de1670bb1017e6d7146e7ac11c35e044
216.73.216.120 - - [15/Mar/2026:09:08:55 +0100] "GET /service/organic-products/?rename=%2Fhtdocs%2Fptso.jmkconsulting-ci.com%2Fwp-includes%2Futf8.php HTTP/1.1" 403 1820 "-" "Mozilla/5.0 AppleWebKit/537.36 (KHTML, like Gecko; compatible; ClaudeBot/1.0; +claudebot@anthropic.com)" **0/3613** 216.73.216.120>127.0.0.1>127.0.0.1 ccd7d90248a5068d96a047a6f3544227
216.73.216.120 - - [15/Mar/2026:09:08:56 +0100] "GET /service/organic-products/?rename=%2Fhtdocs%2Fptso.jmkconsulting-ci.com%2Fwp-includes%2Fms-default-constants.php HTTP/1.1" 403 1820 "-" "Mozilla/5.0 AppleWebKit/537.36 (KHTML, like Gecko; compatible; ClaudeBot/1.0; +claudebot@anthropic.com)" **0/3572** 216.73.216.120>127.0.0.1>127.0.0.1 9e50331b1b2981c9d0ad68837eed9d38
216.73.216.120 - - [15/Mar/2026:09:08:56 +0100] "GET /service/organic-products/?rename=%2Fhtdocs%2Fptso.jmkconsulting-ci.com%2Fwp-includes%2Fwp-db.php HTTP/1.1" 403 1820 "-" "Mozilla/5.0 AppleWebKit/537.36 (KHTML, like Gecko; compatible; ClaudeBot/1.0; +claudebot@anthropic.com)" **0/4870** 216.73.216.120>127.0.0.1>127.0.0.1 912894dd17a2aee61058ee2d0454cd82
216.73.216.120 - - [15/Mar/2026:09:08:56 +0100] "GET /service/organic-products/?view=%2Fhtdocs%2Fptso.jmkconsulting-ci.com%2Fwp-includes%2Fclass-wp-recovery-mode.php HTTP/1.1" 403 1820 "-" "Mozilla/5.0 AppleWebKit/537.36 (KHTML, like Gecko; compatible; ClaudeBot/1.0; +claudebot@anthropic.com)" **0/4962** 216.73.216.120>127.0.0.1>127.0.0.1 d7e33523202b6e2b6ce4ce1cb97dd4cc
216.73.216.120 - - [15/Mar/2026:09:08:56 +0100] "GET /service/organic-products/?dir=%2Fhtdocs%2Fptso.jmkconsulting-ci.com%2Fwp-includes%2Fjs HTTP/1.1" 403 1820 "-" "Mozilla/5.0 AppleWebKit/537.36 (KHTML, like Gecko; compatible; ClaudeBot/1.0; +claudebot@anthropic.com)" **0/4893** 216.73.216.120>127.0.0.1>127.0.0.1 455cbc677fcf7d63b154aad7a7c97510
216.73.216.120 - - [15/Mar/2026:09:08:56 +0100] "GET /service/organic-products/?edit=%2Fhtdocs%2Fptso.jmkconsulting-ci.com%2Fwp-includes%2Ffeed-rdf.php HTTP/1.1" 403 1820 "-" "Mozilla/5.0 AppleWebKit/537.36 (KHTML, like Gecko; compatible; ClaudeBot/1.0; +claudebot@anthropic.com)" **0/4643** 216.73.216.120>127.0.0.1>127.0.0.1 5d75f55d20db500ca9d176e6441bb823
216.73.216.120 - - [15/Mar/2026:09:08:56 +0100] "GET /service/organic-products/?rename=%2Fhtdocs%2Fptso.jmkconsulting-ci.com%2Fwp-includes%2Fclass-wp-http-curl.php HTTP/1.1" 403 1820 "-" "Mozilla/5.0 AppleWebKit/537.36 (KHTML, like Gecko; compatible; ClaudeBot/1.0; +claudebot@anthropic.com)" **0/5270** 216.73.216.120>127.0.0.1>127.0.0.1 8c91a98844a53191762ace20cb97c9c0
216.73.216.120 - - [15/Mar/2026:09:08:57 +0100] "GET /service/organic-products/?rename=%2Fhtdocs%2Fptso.jmkconsulting-ci.com%2Fwp-includes%2Fclass-wp-styles.php HTTP/1.1" 403 1820 "-" "Mozilla/5.0 AppleWebKit/537.36 (KHTML, like Gecko; compatible; ClaudeBot/1.0; +claudebot@anthropic.com)" **0/3983** 216.73.216.120>127.0.0.1>127.0.0.1 35be76f0b8f43a20ed86155426eca9f2
216.73.216.120 - - [15/Mar/2026:09:08:57 +0100] "GET /service/organic-products/?edit=%2Fhtdocs%2F.htaccess HTTP/1.1" 403 1820 "-" "Mozilla/5.0 AppleWebKit/537.36 (KHTML, like Gecko; compatible; ClaudeBot/1.0; +claudebot@anthropic.com)" **0/3514** 216.73.216.120>127.0.0.1>127.0.0.1 c59b3fd6cee26d9f14d4661b617bb5b6
216.73.216.120 - - [15/Mar/2026:09:08:57 +0100] "GET /service/organic-products/?rename=%2Fhtdocs%2Fptso.jmkconsulting-ci.com%2Fwp-includes%2Fclass-wp-block-template.php HTTP/1.1" 403 1820 "-" "Mozilla/5.0 AppleWebKit/537.36 (KHTML, like Gecko; compatible; ClaudeBot/1.0; +claudebot@anthropic.com)" **0/3994** 216.73.216.120>127.0.0.1>127.0.0.1 1a16d3f979ed25b62827b2ae5131da2c
216.73.216.120 - - [15/Mar/2026:09:08:57 +0100] "GET /service/organic-products/?rename=%2Fhtdocs%2Fptso.jmkconsulting-ci.com%2Fwp-includes%2Fms-load.php HTTP/1.1" 403 1820 "-" "Mozilla/5.0 AppleWebKit/537.36 (KHTML, like Gecko; compatible; ClaudeBot/1.0; +claudebot@anthropic.com)" **0/4511** 216.73.216.120>127.0.0.1>127.0.0.1 e1eff18237d62975b9ef718af5126122
216.73.216.120 - - [15/Mar/2026:09:08:57 +0100] "GET /service/organic-products/?edit=%2Fhtdocs%2Fptso.jmkconsulting-ci.com%2Fwp-includes%2Fcanonical.php HTTP/1.1" 403 1820 "-" "Mozilla/5.0 AppleWebKit/537.36 (KHTML, like Gecko; compatible; ClaudeBot/1.0; +claudebot@anthropic.com)" **0/4185** 216.73.216.120>127.0.0.1>127.0.0.1 b62cb238840c2e8e2a6e0b62635b37db
216.73.216.120 - - [15/Mar/2026:09:08:57 +0100] "GET /service/organic-products/?rename=%2Fhtdocs%2Fptso.jmkconsulting-ci.com%2Fwp-includes%2Fversion.php HTTP/1.1" 403 1820 "-" "Mozilla/5.0 AppleWebKit/537.36 (KHTML, like Gecko; compatible; ClaudeBot/1.0; +claudebot@anthropic.com)" **0/3737** 216.73.216.120>127.0.0.1>127.0.0.1 a6d753fec2585d19d90a85f9b708e9b3
216.73.216.120 - - [15/Mar/2026:09:08:57 +0100] "GET /service/organic-products/?rename=%2Fhtdocs%2Fptso.jmkconsulting-ci.com%2Fwp-includes%2Fupdate.php HTTP/1.1" 403 1820 "-" "Mozilla/5.0 AppleWebKit/537.36 (KHTML, like Gecko; compatible; ClaudeBot/1.0; +claudebot@anthropic.com)" **0/4233** 216.73.216.120>127.0.0.1>127.0.0.1 3cf2c48952049c8d542edfd6b89da89e
216.73.216.120 - - [15/Mar/2026:09:08:57 +0100] "GET /service/organic-products/?rename=%2Fhtdocs%2Fptso.jmkconsulting-ci.com%2Fwp-includes%2Ffeed-atom.php HTTP/1.1" 403 1820 "-" "Mozilla/5.0 AppleWebKit/537.36 (KHTML, like Gecko; compatible; ClaudeBot/1.0; +claudebot@anthropic.com)" **0/3561** 216.73.216.120>127.0.0.1>127.0.0.1 0632dc8e611a08cbe3dd122b2d76102b
216.73.216.120 - - [15/Mar/2026:09:08:57 +0100] "GET /service/organic-products/?view=%2Fhtdocs%2Fptso.jmkconsulting-ci.com%2Fwp-includes%2Fl10n.php HTTP/1.1" 403 1820 "-" "Mozilla/5.0 AppleWebKit/537.36 (KHTML, like Gecko; compatible; ClaudeBot/1.0; +claudebot@anthropic.com)" **0/3775** 216.73.216.120>127.0.0.1>127.0.0.1 1f24abb4f24b49ef0c68107789b2ab0b
216.73.216.120 - - [15/Mar/2026:09:08:57 +0100] "GET /service/organic-products/?rename=%2Fhtdocs%2Fptso.jmkconsulting-ci.com%2Fwp-includes%2Fclass-wp-dependencies.php HTTP/1.1" 403 1820 "-" "Mozilla/5.0 AppleWebKit/537.36 (KHTML, like Gecko; compatible; ClaudeBot/1.0; +claudebot@anthropic.com)" **0/3583** 216.73.216.120>127.0.0.1>127.0.0.1 2a811f66d3cd4c07626e047fa9e4d7d3
216.73.216.120 - - [15/Mar/2026:09:08:57 +0100] "GET /service/organic-products/?rename=%2Fhtdocs%2Fptso.jmkconsulting-ci.com%2Fwp-includes%2Fcomment-template.php HTTP/1.1" 403 1820 "-" "Mozilla/5.0 AppleWebKit/537.36 (KHTML, like Gecko; compatible; ClaudeBot/1.0; +claudebot@anthropic.com)" **0/3906** 216.73.216.120>127.0.0.1>127.0.0.1 6fb4aa81b2aa543a152b930ea5663d41
216.73.216.120 - - [15/Mar/2026:09:08:57 +0100] "GET /service/organic-products/?rename=%2Fhtdocs%2Fptso.jmkconsulting-ci.com%2Fwp-includes%2Fuser.php HTTP/1.1" 403 1820 "-" "Mozilla/5.0 AppleWebKit/537.36 (KHTML, like Gecko; compatible; ClaudeBot/1.0; +claudebot@anthropic.com)" **0/3406** 216.73.216.120>127.0.0.1>127.0.0.1 e24d975f4c24de9b1b110e199fe9efbf
216.73.216.120 - - [15/Mar/2026:09:08:57 +0100] "GET /service/organic-products/?rename=%2Fhtdocs%2Fptso.jmkconsulting-ci.com%2Fwp-includes%2Fatomlib.php HTTP/1.1" 403 1820 "-" "Mozilla/5.0 AppleWebKit/537.36 (KHTML, like Gecko; compatible; ClaudeBot/1.0; +claudebot@anthropic.com)" **0/3464** 216.73.216.120>127.0.0.1>127.0.0.1 3b97f9e7e796dce3f03b836a5b9fa959
216.73.216.120 - - [15/Mar/2026:09:08:57 +0100] "GET /service/organic-products/?view=%2Fhtdocs%2Fptso.jmkconsulting-ci.com%2Fwp-includes%2Fmedia.php HTTP/1.1" 403 1820 "-" "Mozilla/5.0 AppleWebKit/537.36 (KHTML, like Gecko; compatible; ClaudeBot/1.0; +claudebot@anthropic.com)" **0/3491** 216.73.216.120>127.0.0.1>127.0.0.1 3b2151c36f00760c7ddb2e4e721e7a2e
216.73.216.120 - - [15/Mar/2026:09:08:57 +0100] "GET /service/organic-products/?rename=%2Fhtdocs%2Fptso.jmkconsulting-ci.com%2Fwp-includes%2Fclass-wp-metadata-lazyloader.php HTTP/1.1" 403 1820 "-" "Mozilla/5.0 AppleWebKit/537.36 (KHTML, like Gecko; compatible; ClaudeBot/1.0; +claudebot@anthropic.com)" **0/3098** 216.73.216.120>127.0.0.1>127.0.0.1 69ec441806b73c89560c51427beba307
216.73.216.120 - - [15/Mar/2026:09:08:57 +0100] "GET /service/organic-products/?rename=%2Fhtdocs%2Fptso.jmkconsulting-ci.com%2Fwp-includes%2Fms-network.php HTTP/1.1" 403 1820 "-" "Mozilla/5.0 AppleWebKit/537.36 (KHTML, like Gecko; compatible; ClaudeBot/1.0; +claudebot@anthropic.com)" **0/3464** 216.73.216.120>127.0.0.1>127.0.0.1 84b4b44dd02ba722f6757f13c621b0c0
216.73.216.120 - - [15/Mar/2026:09:08:58 +0100] "GET /service/organic-products/?rename=%2Fhtdocs%2Fptso.jmkconsulting-ci.com%2Fwp-includes%2Fclass-wp-matchesmapregex.php HTTP/1.1" 403 1820 "-" "Mozilla/5.0 AppleWebKit/537.36 (KHTML, like Gecko; compatible; ClaudeBot/1.0; +claudebot@anthropic.com)" **0/3832** 216.73.216.120>127.0.0.1>127.0.0.1 150bfe6fc1076f87c692dee950ebc9b7
216.73.216.120 - - [15/Mar/2026:09:08:58 +0100] "GET /service/organic-products/?edit=%2Fhtdocs%2Fptso.jmkconsulting-ci.com%2Fwp-content%2Findex.php HTTP/1.1" 403 1820 "-" "Mozilla/5.0 AppleWebKit/537.36 (KHTML, like Gecko; compatible; ClaudeBot/1.0; +claudebot@anthropic.com)" **0/3489** 216.73.216.120>127.0.0.1>127.0.0.1 730ce220b1d4c7e4f17aeee7dda48ea9
216.73.216.120 - - [15/Mar/2026:09:08:58 +0100] "GET /service/organic-products/?view=%2Fhtdocs%2Fptso.jmkconsulting-ci.com%2Fwp-includes%2Ftheme.json HTTP/1.1" 403 1820 "-" "Mozilla/5.0 AppleWebKit/537.36 (KHTML, like Gecko; compatible; ClaudeBot/1.0; +claudebot@anthropic.com)" **0/5002** 216.73.216.120>127.0.0.1>127.0.0.1 6bf88953e54495ecf13c3c41ab087850
216.73.216.120 - - [15/Mar/2026:09:08:58 +0100] "GET /service/organic-products/?rename=%2Fhtdocs%2Fptso.jmkconsulting-ci.com%2Fwp-includes%2Fclass-feed.php HTTP/1.1" 403 1820 "-" "Mozilla/5.0 AppleWebKit/537.36 (KHTML, like Gecko; compatible; ClaudeBot/1.0; +claudebot@anthropic.com)" **0/3463** 216.73.216.120>127.0.0.1>127.0.0.1 bb69eb553e3d48f80e740bb3712b9d53
216.73.216.120 - - [15/Mar/2026:09:08:58 +0100] "GET /service/organic-products/?rename=%2Fhtdocs%2Fptso.jmkconsulting-ci.com%2Fwp-includes%2Fdefault-constants.php HTTP/1.1" 403 1820 "-" "Mozilla/5.0 AppleWebKit/537.36 (KHTML, like Gecko; compatible; ClaudeBot/1.0; +claudebot@anthropic.com)" **0/3868** 216.73.216.120>127.0.0.1>127.0.0.1 d2787f6e9bea8d579f4922108452c8e9
193.203.239.64 - - [15/Mar/2026:09:09:22 +0100] "POST /wp-cron.php?doing_wp_cron=1773562162.3843119144439697265625 HTTP/1.1" 200 387 "-" "WordPress/6.9.4; https://ptso.jmkconsulting-ci.com" **0/34604** 193.203.239.64>127.0.0.1>127.0.0.1 b814d9d94b93e42a2de5430c0c976673
57.141.20.6 - - [15/Mar/2026:09:09:21 +0100] "GET /service/organic-products/?rename=/htdocs/sivaco/node_modules/caniuse-lite/data/features/path2d.js HTTP/1.1" 200 2772 "-" "meta-externalagent/1.1 (+https://developers.facebook.com/docs/sharing/webmasters/crawler)" **0/746115** 57.141.20.6>127.0.0.1>127.0.0.1 65c15a86d36e10729e7629bd26310ef5
216.73.216.120 - - [15/Mar/2026:09:09:47 +0100] "GET /service/organic-products/?rename=%2Fhtdocs%2Fptso.jmkconsulting-ci.com%2Fwp-includes%2Frobots-template.php HTTP/1.1" 200 2744 "-" "Mozilla/5.0 AppleWebKit/537.36 (KHTML, like Gecko; compatible; ClaudeBot/1.0; +claudebot@anthropic.com)" **0/624124** 216.73.216.120>127.0.0.1>127.0.0.1 f014153ca8ed477f4ad04d544ae713d6
216.73.216.120 - - [15/Mar/2026:09:09:48 +0100] "GET /service/organic-products/?rename=%2Fhtdocs%2Findex.php HTTP/1.1" 200 2638 "-" "Mozilla/5.0 AppleWebKit/537.36 (KHTML, like Gecko; compatible; ClaudeBot/1.0; +claudebot@anthropic.com)" **0/262062** 216.73.216.120>127.0.0.1>127.0.0.1 30e29f51b6da6b01c1618e0fc3d28dea
216.73.216.120 - - [15/Mar/2026:09:09:48 +0100] "GET /service/organic-products/?rename=%2Fhtdocs%2Fptso.jmkconsulting-ci.com%2Fwp-includes%2Fms-deprecated.php HTTP/1.1" 200 2738 "-" "Mozilla/5.0 AppleWebKit/537.36 (KHTML, like Gecko; compatible; ClaudeBot/1.0; +claudebot@anthropic.com)" **0/207919** 216.73.216.120>127.0.0.1>127.0.0.1 7e618121a4e4ce214b7c66e47b935d8e
216.73.216.120 - - [15/Mar/2026:09:09:48 +0100] "GET /service/organic-products/?rename=%2Fhtdocs%2Fdefault_index.html HTTP/1.1" 200 2665 "-" "Mozilla/5.0 AppleWebKit/537.36 (KHTML, like Gecko; compatible; ClaudeBot/1.0; +claudebot@anthropic.com)" **0/219512** 216.73.216.120>127.0.0.1>127.0.0.1 4013537669e7973ffe56f9a5e604558b
216.73.216.120 - - [15/Mar/2026:09:09:48 +0100] "GET /service/organic-products/?rename=%2Fhtdocs%2Fptso.jmkconsulting-ci.com%2Fwp-includes%2Frss.php HTTP/1.1" 200 2708 "-" "Mozilla/5.0 AppleWebKit/537.36 (KHTML, like Gecko; compatible; ClaudeBot/1.0; +claudebot@anthropic.com)" **0/255961** 216.73.216.120>127.0.0.1>127.0.0.1 3e0744a83bf9c85a38ddb678ef936491
216.73.216.120 - - [15/Mar/2026:09:09:48 +0100] "GET /service/organic-products/?dir=%2Fhtdocs%2Fsivaco.net HTTP/1.1" 200 33876 "-" "Mozilla/5.0 AppleWebKit/537.36 (KHTML, like Gecko; compatible; ClaudeBot/1.0; +claudebot@anthropic.com)" **0/211593** 216.73.216.120>127.0.0.1>127.0.0.1 e6f47b7f67a38506b40b61694221a147
216.73.216.120 - - [15/Mar/2026:09:09:48 +0100] "GET /service/organic-products/?view=%2Fhtdocs%2Fptso.jmkconsulting-ci.com%2Fwp-includes%2Ffeed-rdf.php HTTP/1.1" 200 5904 "-" "Mozilla/5.0 AppleWebKit/537.36 (KHTML, like Gecko; compatible; ClaudeBot/1.0; +claudebot@anthropic.com)" **0/178772** 216.73.216.120>127.0.0.1>127.0.0.1 8126db36e0b65ccf890141bc98a2d114
216.73.216.120 - - [15/Mar/2026:09:09:48 +0100] "GET /service/organic-products/?rename=%2Fhtdocs%2Fptso.jmkconsulting-ci.com%2Fwp-includes%2Fnav-menu.php HTTP/1.1" 200 2723 "-" "Mozilla/5.0 AppleWebKit/537.36 (KHTML, like Gecko; compatible; ClaudeBot/1.0; +claudebot@anthropic.com)" **0/203652** 216.73.216.120>127.0.0.1>127.0.0.1 0c7441032246b041027c96d295108d26
216.73.216.120 - - [15/Mar/2026:09:09:48 +0100] "GET /service/organic-products/?rename=%2Fhtdocs%2Fptso.jmkconsulting-ci.com%2Fwp-includes%2Fblocks.php HTTP/1.1" 200 2717 "-" "Mozilla/5.0 AppleWebKit/537.36 (KHTML, like Gecko; compatible; ClaudeBot/1.0; +claudebot@anthropic.com)" **0/224480** 216.73.216.120>127.0.0.1>127.0.0.1 16948ede5aabd1006830b3eff620b5c1
216.73.216.120 - - [15/Mar/2026:09:09:49 +0100] "GET /service/organic-products/?view=%2Fhtdocs%2Fptso.jmkconsulting-ci.com%2Fwp-content%2Findex.php HTTP/1.1" 200 2466 "-" "Mozilla/5.0 AppleWebKit/537.36 (KHTML, like Gecko; compatible; ClaudeBot/1.0; +claudebot@anthropic.com)" **0/238510** 216.73.216.120>127.0.0.1>127.0.0.1 6042cc58f99f73b2620eabc6dec6278f
216.73.216.120 - - [15/Mar/2026:09:09:49 +0100] "GET /service/organic-products/?rename=%2Fhtdocs%2Fptso.jmkconsulting-ci.com%2Fwp-includes%2Ffeed.php HTTP/1.1" 200 2749 "-" "Mozilla/5.0 AppleWebKit/537.36 (KHTML, like Gecko; compatible; ClaudeBot/1.0; +claudebot@anthropic.com)" **0/233084** 216.73.216.120>127.0.0.1>127.0.0.1 cadde0e055ad92d1da3d92056f3415d6
216.73.216.120 - - [15/Mar/2026:09:09:49 +0100] "GET /service/organic-products/?rename=%2Fhtdocs%2Fptso.jmkconsulting-ci.com%2Fwp-includes%2Fclass-wp-phpmailer.php HTTP/1.1" 200 2753 "-" "Mozilla/5.0 AppleWebKit/537.36 (KHTML, like Gecko; compatible; ClaudeBot/1.0; +claudebot@anthropic.com)" **0/241120** 216.73.216.120>127.0.0.1>127.0.0.1 856d57ba1db0fcaddcf03605141cd3b5
216.73.216.120 - - [15/Mar/2026:09:09:49 +0100] "GET /service/organic-products/?view=%2Fhtdocs%2F.htaccess HTTP/1.1" 406 1828 "-" "Mozilla/5.0 AppleWebKit/537.36 (KHTML, like Gecko; compatible; ClaudeBot/1.0; +claudebot@anthropic.com)" **0/6899** 216.73.216.120>127.0.0.1>127.0.0.1 635249fcad49ec705751a8cb72a029b6
216.73.216.120 - - [15/Mar/2026:09:09:49 +0100] "GET /service/organic-products/?rename=%2Fhtdocs%2Fptso.jmkconsulting-ci.com%2Fwp-includes%2Fdeprecated.php HTTP/1.1" 200 2729 "-" "Mozilla/5.0 AppleWebKit/537.36 (KHTML, like Gecko; compatible; ClaudeBot/1.0; +claudebot@anthropic.com)" **0/210410** 216.73.216.120>127.0.0.1>127.0.0.1 f38ae0c43206043c27cf4d54088adf14
216.73.216.120 - - [15/Mar/2026:09:09:49 +0100] "GET /service/organic-products/?rename=%2Fhtdocs%2Fptso.jmkconsulting-ci.com%2Fwp-includes%2Ftemplate.php HTTP/1.1" 200 2723 "-" "Mozilla/5.0 AppleWebKit/537.36 (KHTML, like Gecko; compatible; ClaudeBot/1.0; +claudebot@anthropic.com)" **0/243902** 216.73.216.120>127.0.0.1>127.0.0.1 4f97fef14dd3249a8ab96e8615151e8a
216.73.216.120 - - [15/Mar/2026:09:09:49 +0100] "GET /service/organic-products/?rename=%2Fhtdocs%2Fptso.jmkconsulting-ci.com%2Fwp-includes%2Ftheme-previews.php HTTP/1.1" 200 2741 "-" "Mozilla/5.0 AppleWebKit/537.36 (KHTML, like Gecko; compatible; ClaudeBot/1.0; +claudebot@anthropic.com)" **0/239021** 216.73.216.120>127.0.0.1>127.0.0.1 a81bb795c0876f95155137b3d6f3ae66
216.73.216.120 - - [15/Mar/2026:09:09:49 +0100] "GET /service/organic-products/?view=%2Fhtdocs%2Fptso.jmkconsulting-ci.com%2Fwp-includes%2Fcanonical.php HTTP/1.1" 200 43596 "-" "Mozilla/5.0 AppleWebKit/537.36 (KHTML, like Gecko; compatible; ClaudeBot/1.0; +claudebot@anthropic.com)" **0/220577** 216.73.216.120>127.0.0.1>127.0.0.1 2555e8254732faf7dc740015fc767f82
216.73.216.120 - - [15/Mar/2026:09:09:49 +0100] "GET /service/organic-products/?rename=%2Fhtdocs%2Fptso.jmkconsulting-ci.com%2Fwp-includes%2Fms-settings.php HTTP/1.1" 200 2732 "-" "Mozilla/5.0 AppleWebKit/537.36 (KHTML, like Gecko; compatible; ClaudeBot/1.0; +claudebot@anthropic.com)" **0/234647** 216.73.216.120>127.0.0.1>127.0.0.1 13432e23b66c46b5cb5430e61295b0bc
216.73.216.120 - - [15/Mar/2026:09:09:49 +0100] "GET /service/organic-products/?rename=%2Fhtdocs%2Fptso.jmkconsulting-ci.com%2Fwp-includes%2Fclass-wp-roles.php HTTP/1.1" 200 2741 "-" "Mozilla/5.0 AppleWebKit/537.36 (KHTML, like Gecko; compatible; ClaudeBot/1.0; +claudebot@anthropic.com)" **0/225688** 216.73.216.120>127.0.0.1>127.0.0.1 46868d05aa192c28cac50508b40a74b0
216.73.216.120 - - [15/Mar/2026:09:09:49 +0100] "GET /service/organic-products/?rename=%2Fhtdocs%2Fptso.jmkconsulting-ci.com%2Fwp-includes%2Fdate.php HTTP/1.1" 200 2711 "-" "Mozilla/5.0 AppleWebKit/537.36 (KHTML, like Gecko; compatible; ClaudeBot/1.0; +claudebot@anthropic.com)" **0/230652** 216.73.216.120>127.0.0.1>127.0.0.1 132fcaa4d506a87cc26506da42932d51
216.73.216.120 - - [15/Mar/2026:09:09:49 +0100] "GET /service/organic-products/?rename=%2Fhtdocs%2Fptso.jmkconsulting-ci.com%2Fwp-includes%2Ferror-protection.php HTTP/1.1" 200 2785 "-" "Mozilla/5.0 AppleWebKit/537.36 (KHTML, like Gecko; compatible; ClaudeBot/1.0; +claudebot@anthropic.com)" **0/228452** 216.73.216.120>127.0.0.1>127.0.0.1 656b9827b70c2f5f5e892f33f54e7312
216.73.216.120 - - [15/Mar/2026:09:09:49 +0100] "GET /service/organic-products/?rename=%2Fhtdocs%2Fptso.jmkconsulting-ci.com%2Fwp-includes%2Fclass-wp-site.php HTTP/1.1" 200 2776 "-" "Mozilla/5.0 AppleWebKit/537.36 (KHTML, like Gecko; compatible; ClaudeBot/1.0; +claudebot@anthropic.com)" **0/244130** 216.73.216.120>127.0.0.1>127.0.0.1 3741f45dc917ae3f8b60675ddf4cba0a
216.73.216.120 - - [15/Mar/2026:09:09:49 +0100] "GET /service/organic-products/?rename=%2Fhtdocs%2Fptso.jmkconsulting-ci.com%2Fwp-content%2Fadmin.php HTTP/1.1" 200 2712 "-" "Mozilla/5.0 AppleWebKit/537.36 (KHTML, like Gecko; compatible; ClaudeBot/1.0; +claudebot@anthropic.com)" **0/245779** 216.73.216.120>127.0.0.1>127.0.0.1 694d3c56e6d4f40dc4ba7a5872c2355d
216.73.216.120 - - [15/Mar/2026:09:09:49 +0100] "GET /service/organic-products/?rename=%2Fhtdocs%2Fptso.jmkconsulting-ci.com%2Fwp-includes%2Fcapabilities.php HTTP/1.1" 200 2735 "-" "Mozilla/5.0 AppleWebKit/537.36 (KHTML, like Gecko; compatible; ClaudeBot/1.0; +claudebot@anthropic.com)" **0/276399** 216.73.216.120>127.0.0.1>127.0.0.1 f6ef03a90c02e218f8083a9b8b6d4c7e
216.73.216.120 - - [15/Mar/2026:09:09:50 +0100] "GET /service/organic-products/?dir=%2Fhtdocs%2Fatito2 HTTP/1.1" 200 24261 "-" "Mozilla/5.0 AppleWebKit/537.36 (KHTML, like Gecko; compatible; ClaudeBot/1.0; +claudebot@anthropic.com)" **0/285445** 216.73.216.120>127.0.0.1>127.0.0.1 f03758e155c332da87e8bb421ab093b7
216.73.216.120 - - [15/Mar/2026:09:09:50 +0100] "GET /service/organic-products/?dir=%2Fhtdocs%2Fptso.jmkconsulting-ci.com%2Fwp-includes%2Fblocks HTTP/1.1" 200 139790 "-" "Mozilla/5.0 AppleWebKit/537.36 (KHTML, like Gecko; compatible; ClaudeBot/1.0; +claudebot@anthropic.com)" **0/248578** 216.73.216.120>127.0.0.1>127.0.0.1 d297c0babe81e65d78209933ed84550b
216.73.216.120 - - [15/Mar/2026:09:09:50 +0100] "GET /service/organic-products/?dir=%2Fhtdocs%2Fsite_data_2024 HTTP/1.1" 200 21285 "-" "Mozilla/5.0 AppleWebKit/537.36 (KHTML, like Gecko; compatible; ClaudeBot/1.0; +claudebot@anthropic.com)" **0/273713** 216.73.216.120>127.0.0.1>127.0.0.1 82267ec46b23e75e35012059e60bae94
216.73.216.120 - - [15/Mar/2026:09:09:50 +0100] "GET /service/organic-products/?rename=%2Fhtdocs%2Fptso.jmkconsulting-ci.com%2Fwp-includes%2Fadmin-bar.php HTTP/1.1" 200 2726 "-" "Mozilla/5.0 AppleWebKit/537.36 (KHTML, like Gecko; compatible; ClaudeBot/1.0; +claudebot@anthropic.com)" **0/277121** 216.73.216.120>127.0.0.1>127.0.0.1 95805dbbccce05785e48bbfda2487409
216.73.216.120 - - [15/Mar/2026:09:09:50 +0100] "GET /service/organic-products/?view=%2Fhtdocs%2Fsymbolink4.php HTTP/1.1" 200 2649 "-" "Mozilla/5.0 AppleWebKit/537.36 (KHTML, like Gecko; compatible; ClaudeBot/1.0; +claudebot@anthropic.com)" **0/243797** 216.73.216.120>127.0.0.1>127.0.0.1 96d97ffac24877ef578159bf544ecc20
216.73.216.120 - - [15/Mar/2026:09:09:50 +0100] "GET /service/organic-products/?rename=%2Fhtdocs%2Fptso.jmkconsulting-ci.com%2Fwp-includes%2Fclass-wp-term.php HTTP/1.1" 406 1828 "-" "Mozilla/5.0 AppleWebKit/537.36 (KHTML, like Gecko; compatible; ClaudeBot/1.0; +claudebot@anthropic.com)" **0/6428** 216.73.216.120>127.0.0.1>127.0.0.1 c646fbdc3dcb9d9649238b402a4aa843
216.73.216.120 - - [15/Mar/2026:09:09:50 +0100] "GET /service/organic-products/?rename=%2Fhtdocs%2Fptso.jmkconsulting-ci.com%2Fwp-includes%2Fclass-walker-nav-menu.php HTTP/1.1" 200 2762 "-" "Mozilla/5.0 AppleWebKit/537.36 (KHTML, like Gecko; compatible; ClaudeBot/1.0; +claudebot@anthropic.com)" **0/241754** 216.73.216.120>127.0.0.1>127.0.0.1 49fc96e23aeaa616b4815b0c8355cfc5
216.73.216.120 - - [15/Mar/2026:09:09:50 +0100] "GET /service/organic-products/?rename=%2Fhtdocs%2Fptso.jmkconsulting-ci.com%2Fwp-includes%2Fclass-wp-rewrite.php HTTP/1.1" 200 2747 "-" "Mozilla/5.0 AppleWebKit/537.36 (KHTML, like Gecko; compatible; ClaudeBot/1.0; +claudebot@anthropic.com)" **0/260516** 216.73.216.120>127.0.0.1>127.0.0.1 5a2298cfd0f06d25030f7c6fd8b17838
216.73.216.120 - - [15/Mar/2026:09:09:50 +0100] "GET /service/organic-products/?rename=%2Fhtdocs%2Fptso.jmkconsulting-ci.com%2Fwp-includes%2Fembed-template.php HTTP/1.1" 200 2741 "-" "Mozilla/5.0 AppleWebKit/537.36 (KHTML, like Gecko; compatible; ClaudeBot/1.0; +claudebot@anthropic.com)" **0/264955** 216.73.216.120>127.0.0.1>127.0.0.1 f3d8d6423a8a6c66315122121fecb253
57.141.20.26 - - [15/Mar/2026:09:09:54 +0100] "GET /service/organic-products/?view=/htdocs/atito2/vendor/guzzlehttp/promises/src/PromiseInterface.php HTTP/1.1" 200 5337 "-" "meta-externalagent/1.1 (+https://developers.facebook.com/docs/sharing/webmasters/crawler)" **0/312935** 57.141.20.26>127.0.0.1>127.0.0.1 721c17f6f33d542758aaee1a75a89645
57.141.20.6 - - [15/Mar/2026:09:09:55 +0100] "GET /service/agriculture-products/?edit=/htdocs/atito2/node_modules/node-notifier/.prettierrc HTTP/1.1" 200 2741 "-" "meta-externalagent/1.1 (+https://developers.facebook.com/docs/sharing/webmasters/crawler)" **0/231875** 57.141.20.6>127.0.0.1>127.0.0.1 5d2e784318873a0fa395d221f85130fa
57.141.20.40 - - [15/Mar/2026:09:10:10 +0100] "GET /service/dairy-products/?rename=/htdocs/ptso.jmkconsulting-ci.com/wp-content/plugins/metform/controls/assets/js/form-picker-inspactor.js HTTP/1.1" 200 2867 "-" "meta-externalagent/1.1 (+https://developers.facebook.com/docs/sharing/webmasters/crawler)" **0/687484** 57.141.20.40>127.0.0.1>127.0.0.1 ded6c82e543b8971c0a5d20ca03fff95
193.203.239.64 - - [15/Mar/2026:09:10:22 +0100] "POST /wp-cron.php?doing_wp_cron=1773562222.3914721012115478515625 HTTP/1.1" 200 387 "-" "WordPress/6.9.4; http://ptso.jmkconsulting-ci.com" **0/2580** 193.203.239.64>127.0.0.1>127.0.0.1 a827ad05eb942757cd0ed2d3e1e75383
67.252.9.168 - - [15/Mar/2026:09:10:21 +0100] "GET /service/harvest/?edit=/usr/base/usr/share/terminfo/q/qvt103 HTTP/1.1" 200 1735 "-" "Mozilla/5.0 (Windows; U; Windows NT 6.1; en-US) AppleWebKit/532.0 (KHTML, like Gecko) Chrome/4.0.212.0 Safari/532.0" **0/611456** 67.252.9.168>127.0.0.1>127.0.0.1 282e908d68d62431d9e1e2874e59bab2
57.141.20.40 - - [15/Mar/2026:09:10:34 +0100] "GET /service/harvest/?edit=/htdocs/jmknew.jmkconsulting-ci.com/gdata/storage/framework/views/b35a01a37a9f03a82b93551076b5cb00c173cf30.php HTTP/1.1" 200 3162 "-" "meta-externalagent/1.1 (+https://developers.facebook.com/docs/sharing/webmasters/crawler)" **0/537922** 57.141.20.40>127.0.0.1>127.0.0.1 92378e9b896c429f8d28f456f4c9c22a
57.141.20.33 - - [15/Mar/2026:09:10:36 +0100] "GET /service/fresh-vegetables/?view=/htdocs/jmknew.jmkconsulting-ci.com/gdata/.git/objects/41/e4aaff020df6f187229431bbe7da9a54203b63 HTTP/1.1" 200 2779 "-" "meta-externalagent/1.1 (+https://developers.facebook.com/docs/sharing/webmasters/crawler)" **0/375197** 57.141.20.33>127.0.0.1>127.0.0.1 4593554718a3857429febdf2a557a293
57.141.20.13 - - [15/Mar/2026:09:10:59 +0100] "GET /service/dairy-products/?view=/htdocs/sivaco/node_modules/es5-ext/math/log10/implement.js HTTP/1.1" 200 2672 "-" "meta-externalagent/1.1 (+https://developers.facebook.com/docs/sharing/webmasters/crawler)" **0/601097** 57.141.20.13>127.0.0.1>127.0.0.1 fc8f0232067a6edd116c7b3d4fc20176
193.203.239.64 - - [15/Mar/2026:09:11:24 +0100] "POST /wp-cron.php?doing_wp_cron=1773562284.9677710533142089843750 HTTP/1.1" 200 387 "-" "WordPress/6.9.4; https://ptso.jmkconsulting-ci.com" **0/55633** 193.203.239.64>127.0.0.1>127.0.0.1 b319a0d8355ee43781fa0a94965e6376
57.141.20.36 - - [15/Mar/2026:09:11:24 +0100] "GET /service/fresh-vegetables/?view=/htdocs/jmknew.jmkconsulting-ci.com/gdata/node_modules/collect.js/src/methods/reduce.js HTTP/1.1" 200 2942 "-" "meta-externalagent/1.1 (+https://developers.facebook.com/docs/sharing/webmasters/crawler)" **0/625070** 57.141.20.36>127.0.0.1>127.0.0.1 4f645d848e87f399ed10b895f64b5228
57.141.20.41 - - [15/Mar/2026:09:11:37 +0100] "GET /service/organic-products/?edit=/htdocs/coopo.jmkconsulting-ci.com/SCAES/.git/objects/b1/186c693f71736623732f58a70a2a18c32c7a40 HTTP/1.1" 200 7936 "-" "meta-externalagent/1.1 (+https://developers.facebook.com/docs/sharing/webmasters/crawler)" **0/469421** 57.141.20.41>127.0.0.1>127.0.0.1 bf6db074dd1db910740a66abc724877a
20.84.81.88 - - [15/Mar/2026:09:11:56 +0100] "GET /geoserver HTTP/1.1" 500 1001 "-" "python-requests/2.32.5" **0/24921** 20.84.81.88>127.0.0.1>127.0.0.1 93ce8091f02665917463368e65b3e9c8
193.203.239.64 - - [15/Mar/2026:09:12:05 +0100] "POST /wp-cron.php?doing_wp_cron=1773562325.0261569023132324218750 HTTP/1.1" 200 387 "-" "WordPress/6.9.4; https://ptso.jmkconsulting-ci.com" **0/39274** 193.203.239.64>127.0.0.1>127.0.0.1 ce1f8674c56734770ca6b064d7328d0e
57.141.20.40 - - [15/Mar/2026:09:12:04 +0100] "GET /service/organic-products/?dir=/sftproot/htdocs/atito2/node_modules/color-convert HTTP/1.1" 200 11019 "-" "meta-externalagent/1.1 (+https://developers.facebook.com/docs/sharing/webmasters/crawler)" **0/737910** 57.141.20.40>127.0.0.1>127.0.0.1 214cfc2e143d04ba56b4ae2b07e37df4
193.203.239.64 - - [15/Mar/2026:09:12:30 +0100] "POST /wp-cron.php?doing_wp_cron=1773562350.5354390144348144531250 HTTP/1.1" 200 387 "-" "WordPress/6.9.4; https://ptso.jmkconsulting-ci.com" **0/44414** 193.203.239.64>127.0.0.1>127.0.0.1 65a80fad5286089c90e11b56b035f4e5
57.141.20.32 - - [15/Mar/2026:09:12:29 +0100] "GET /service/fresh-vegetables/?edit=/htdocs/apps.jmkconsulting-ci.com/core/vendor/psr/simple-cache/composer.json HTTP/1.1" 200 3508 "-" "meta-externalagent/1.1 (+https://developers.facebook.com/docs/sharing/webmasters/crawler)" **0/619672** 57.141.20.32>127.0.0.1>127.0.0.1 59acf975e9b64e90483d26a377f66c1e
57.141.20.34 - - [15/Mar/2026:09:13:01 +0100] "GET /service/harvest/?rename=/htdocs/jmknew.jmkconsulting-ci.com/gdata/storage/framework/views/f172d13e7bb602f8384cf91ee5c8c28bf3683b91.blade.php HTTP/1.1" 200 2879 "-" "meta-externalagent/1.1 (+https://developers.facebook.com/docs/sharing/webmasters/crawler)" **0/618709** 57.141.20.34>127.0.0.1>127.0.0.1 27a9b91047f96915eb79dd64dc965037
193.203.239.64 - - [15/Mar/2026:09:13:17 +0100] "POST /wp-cron.php?doing_wp_cron=1773562397.3344490528106689453125 HTTP/1.1" 200 387 "-" "WordPress/6.9.4; https://ptso.jmkconsulting-ci.com" **0/51104** 193.203.239.64>127.0.0.1>127.0.0.1 36e5d67d2539cfa0a55a71a2194acb78
57.141.20.49 - - [15/Mar/2026:09:13:16 +0100] "GET /service/fresh-vegetables/?view=/htdocs/atito2/node_modules/caniuse-lite/data/features/requestanimationframe.js HTTP/1.1" 200 4847 "-" "meta-externalagent/1.1 (+https://developers.facebook.com/docs/sharing/webmasters/crawler)" **0/588879** 57.141.20.49>127.0.0.1>127.0.0.1 ba8b5be43fa355425ceaa72e5588dc93
57.141.20.41 - - [15/Mar/2026:09:13:31 +0100] "GET /service/organic-products/?dir=/usr/base/.wp-cli/cache-php-compat/plugins/hkdev-maintenance-mode HTTP/1.1" 200 4794 "-" "meta-externalagent/1.1 (+https://developers.facebook.com/docs/sharing/webmasters/crawler)" **0/526996** 57.141.20.41>127.0.0.1>127.0.0.1 ce1229e305e7dbe6a9aa86da0100454a
57.141.20.32 - - [15/Mar/2026:09:13:44 +0100] "GET /service/harvest/?view=/htdocs/apps.jmkconsulting-ci.com/core/vendor/symfony/event-dispatcher-contracts/EventDispatcherInterface.php HTTP/1.1" 200 3576 "-" "meta-externalagent/1.1 (+https://developers.facebook.com/docs/sharing/webmasters/crawler)" **0/500827** 57.141.20.32>127.0.0.1>127.0.0.1 37f9d63950092a7ebb7adb5716577952
57.141.20.33 - - [15/Mar/2026:09:13:55 +0100] "GET /service/organic-products/?rename=/htdocs/jmknew.jmkconsulting-ci.com/gdata/node_modules/lodash/fp/isUndefined.js HTTP/1.1" 200 2769 "-" "meta-externalagent/1.1 (+https://developers.facebook.com/docs/sharing/webmasters/crawler)" **0/282926** 57.141.20.33>127.0.0.1>127.0.0.1 7563f83f156c15dd3b909daaae525f93
193.203.239.64 - - [15/Mar/2026:09:14:16 +0100] "POST /wp-cron.php?doing_wp_cron=1773562456.3425800800323486328125 HTTP/1.1" 200 387 "-" "WordPress/6.9.4; https://ptso.jmkconsulting-ci.com" **0/53513** 193.203.239.64>127.0.0.1>127.0.0.1 f0452cc59998f747a4af3ed1b13a730b
57.141.20.41 - - [15/Mar/2026:09:14:15 +0100] "GET /service/harvest/?edit=/htdocs/sivaco/node_modules/caniuse-lite/data/regions/GR.js HTTP/1.1" 200 11559 "-" "meta-externalagent/1.1 (+https://developers.facebook.com/docs/sharing/webmasters/crawler)" **0/750270** 57.141.20.41>127.0.0.1>127.0.0.1 81cc12fb74add0fed2ecd41a0e1e81d2
57.141.20.40 - - [15/Mar/2026:09:14:27 +0100] "GET /service/dairy-products/?edit=/htdocs/site_data_2024/vendor/spatie/flare-client-php/src/View.php HTTP/1.1" 200 4252 "-" "meta-externalagent/1.1 (+https://developers.facebook.com/docs/sharing/webmasters/crawler)" **0/563412** 57.141.20.40>127.0.0.1>127.0.0.1 78c62ba0f0106fbfe2ed4d77f65ea6dd
51.36.170.81 - - [15/Mar/2026:09:14:38 +0100] "GET /service/harvest/?edit=/usr/base/usr/share/terminfo/x/xnuppc-128x48 HTTP/1.1" 200 1813 "-" "Mozilla/5.0 (Windows NT 6.2; rv:9.0.1) Gecko/20100101 Firefox/9.0.1" **0/307293** 51.36.170.81>127.0.0.1>127.0.0.1 651d46ee68bf24614e047d35684bfbb0
164.92.225.10 - - [15/Mar/2026:09:15:43 +0100] "GET / HTTP/1.1" 200 11079 "-" "Mozilla/5.0 (X11; Linux x86_64; rv:142.0) Gecko/20100101 Firefox/142.0" **0/11729** 164.92.225.10>127.0.0.1>127.0.0.1 894cb65d31920941053c1e0e49ce857d
164.92.225.10 - - [15/Mar/2026:09:15:43 +0100] "GET /img/jmkfile/accueil/favicon.jpg HTTP/1.1" 200 124708 "http://coopo.jmkconsulting-ci.com/" "Mozilla/5.0 (X11; Linux x86_64; rv:142.0) Gecko/20100101 Firefox/142.0" **0/4883** 164.92.225.10>127.0.0.1>127.0.0.1 b034022aca6b652be2dff7fb461e366d
164.92.225.10 - - [15/Mar/2026:09:15:43 +0100] "GET / HTTP/1.1" 200 11079 "-" "Mozilla/5.0 (X11; Linux x86_64) AppleWebKit/537.36 (KHTML, like Gecko) Chrome/142.0.0.0 Safari/537.36" **0/12801** 164.92.225.10>127.0.0.1>127.0.0.1 752cc5c15db1d941386b5f5327f01655
164.92.225.10 - - [15/Mar/2026:09:15:44 +0100] "GET /img/jmkfile/accueil/favicon.jpg HTTP/1.1" 200 124708 "https://coopo.jmkconsulting-ci.com/" "Mozilla/5.0 (X11; Linux x86_64) AppleWebKit/537.36 (KHTML, like Gecko) Chrome/142.0.0.0 Safari/537.36" **0/2062** 164.92.225.10>127.0.0.1>127.0.0.1 44525baa35e341f30f66f816de85b8a9
193.203.239.64 - - [15/Mar/2026:09:15:51 +0100] "POST /wp-cron.php?doing_wp_cron=1773562551.6958720684051513671875 HTTP/1.1" 200 387 "-" "WordPress/6.9.4; https://ptso.jmkconsulting-ci.com" **0/59595** 193.203.239.64>127.0.0.1>127.0.0.1 02c3f4bb030dba79a0ec08bbd614a2b3
57.141.20.38 - - [15/Mar/2026:09:15:51 +0100] "GET /service/harvest/?rename=/htdocs/jmknew.jmkconsulting-ci.com/gdata/app/Http/Controllers/AccueiltemoinController.php HTTP/1.1" 200 2804 "-" "meta-externalagent/1.1 (+https://developers.facebook.com/docs/sharing/webmasters/crawler)" **0/739835** 57.141.20.38>127.0.0.1>127.0.0.1 ad4289b98005c8c18e3a6b266a5eecb8
193.203.239.64 - - [15/Mar/2026:09:16:15 +0100] "POST /wp-cron.php?doing_wp_cron=1773562575.7708759307861328125000 HTTP/1.1" 200 387 "-" "WordPress/6.9.4; https://ptso.jmkconsulting-ci.com" **0/37552** 193.203.239.64>127.0.0.1>127.0.0.1 8fe521b5ce4774b80c4685716da89604
57.141.20.36 - - [15/Mar/2026:09:16:15 +0100] "GET /service/organic-products/?view=/sftproot/htdocs/coopo.jmkconsulting-ci.com/js/bxslider.js HTTP/1.1" 200 56767 "-" "meta-externalagent/1.1 (+https://developers.facebook.com/docs/sharing/webmasters/crawler)" **0/704326** 57.141.20.36>127.0.0.1>127.0.0.1 31821ed1a334080874cb386fd9b49de0
193.203.239.64 - - [15/Mar/2026:09:17:51 +0100] "POST /wp-cron.php?doing_wp_cron=1773562671.5197179317474365234375 HTTP/1.1" 200 387 "-" "WordPress/6.9.4; https://ptso.jmkconsulting-ci.com" **0/33696** 193.203.239.64>127.0.0.1>127.0.0.1 64b8757924df5834527df09fa67e940f
57.141.20.42 - - [15/Mar/2026:09:17:50 +0100] "GET /service/organic-products/?dir=/htdocs/atito2/vendor/symfony/console/Formatter HTTP/1.1" 200 12696 "-" "meta-externalagent/1.1 (+https://developers.facebook.com/docs/sharing/webmasters/crawler)" **0/726211** 57.141.20.42>127.0.0.1>127.0.0.1 11adbe30d944de58675428e3f6356bbb
193.203.239.64 - - [15/Mar/2026:09:18:22 +0100] "POST /wp-cron.php?doing_wp_cron=1773562702.6834640502929687500000 HTTP/1.1" 200 387 "-" "WordPress/6.9.4; https://ptso.jmkconsulting-ci.com" **0/47235** 193.203.239.64>127.0.0.1>127.0.0.1 9abaf62f9cea6f62d1c93970dc866cf8
57.141.20.42 - - [15/Mar/2026:09:18:22 +0100] "GET /service/harvest/?view=/htdocs/sivaco/node_modules/caniuse-lite/data/regions/LS.js HTTP/1.1" 200 11451 "-" "meta-externalagent/1.1 (+https://developers.facebook.com/docs/sharing/webmasters/crawler)" **0/637870** 57.141.20.42>127.0.0.1>127.0.0.1 d1535be34c045525fe6e4c2ef1925c30
14.233.30.118 - - [15/Mar/2026:09:18:58 +0100] "GET /service/harvest/?view=/usr/base/etc/ssl/certs/ee64a828.0 HTTP/1.1" 200 2481 "-" "Mozilla/5.0 (Windows NT 6.0; WOW64) AppleWebKit/534.24 (KHTML, like Gecko) Chrome/11.0.699.0 Safari/534.24" **0/679633** 14.233.30.118>127.0.0.1>127.0.0.1 61a209830828983e962bff9184b03a83
193.203.239.64 - - [15/Mar/2026:09:19:38 +0100] "POST /wp-cron.php?doing_wp_cron=1773562778.6747009754180908203125 HTTP/1.1" 200 387 "-" "WordPress/6.9.4; https://ptso.jmkconsulting-ci.com" **0/38513** 193.203.239.64>127.0.0.1>127.0.0.1 b2f46ee28c61e09af86b98388fcdc33d
57.141.20.6 - - [15/Mar/2026:09:19:38 +0100] "GET /service/fresh-vegetables/?view=/htdocs/atito2/node_modules/caniuse-lite/data/features/pdf-viewer.js HTTP/1.1" 200 4571 "-" "meta-externalagent/1.1 (+https://developers.facebook.com/docs/sharing/webmasters/crawler)" **0/710488** 57.141.20.6>127.0.0.1>127.0.0.1 8e56ce881ba1684ab687233ee23e2ac6
193.203.239.64 - - [15/Mar/2026:09:20:32 +0100] "POST /wp-cron.php?doing_wp_cron=1773562832.1599590778350830078125 HTTP/1.1" 200 387 "-" "WordPress/6.9.4; https://ptso.jmkconsulting-ci.com" **0/36945** 193.203.239.64>127.0.0.1>127.0.0.1 ffa897432be0bd51ba1f502a46898c49
57.141.20.34 - - [15/Mar/2026:09:20:31 +0100] "GET /service/agriculture-products/?edit=/htdocs/sivaco/node_modules/tailwindcss/src/util/parseBoxShadowValue.js HTTP/1.1" 200 4721 "-" "meta-externalagent/1.1 (+https://developers.facebook.com/docs/sharing/webmasters/crawler)" **0/680679** 57.141.20.34>127.0.0.1>127.0.0.1 0f333929bc6d8fe041ab2bfb373611d1
57.141.20.55 - - [15/Mar/2026:09:20:55 +0100] "GET /service/fresh-vegetables/?view=/sftproot/htdocs/jmknew.jmkconsulting-ci.com/gdata/.env HTTP/1.1" 406 1828 "-" "meta-externalagent/1.1 (+https://developers.facebook.com/docs/sharing/webmasters/crawler)" **0/9428** 57.141.20.55>127.0.0.1>127.0.0.1 d326b9ac0f1ee8b29da64dde53eff7b3
57.141.20.14 - - [15/Mar/2026:09:20:57 +0100] "GET /service/agriculture-products/?edit=/sftproot/htdocs/ptso.jmkconsulting-ci.com/wp-includes/class-wp-navigation-fallback.php HTTP/1.1" 200 12973 "-" "meta-externalagent/1.1 (+https://developers.facebook.com/docs/sharing/webmasters/crawler)" **0/539642** 57.141.20.14>127.0.0.1>127.0.0.1 aca5816da5d062742d4e60bbafc309f7
193.203.239.64 - - [15/Mar/2026:09:21:22 +0100] "POST /wp-cron.php?doing_wp_cron=1773562882.3892910480499267578125 HTTP/1.1" 200 387 "-" "WordPress/6.9.4; https://ptso.jmkconsulting-ci.com" **0/38584** 193.203.239.64>127.0.0.1>127.0.0.1 6b464fd542d6c0c9c8e72818966afb47
57.141.20.32 - - [15/Mar/2026:09:21:21 +0100] "GET /service/fresh-vegetables/?view=/htdocs/jmknew.jmkconsulting-ci.com/gdata/.git/objects/08/0a887aa54042361aa6035b015fa92384bbbf2a HTTP/1.1" 200 2576 "-" "meta-externalagent/1.1 (+https://developers.facebook.com/docs/sharing/webmasters/crawler)" **0/628084** 57.141.20.32>127.0.0.1>127.0.0.1 4d46d3891e735d17318e53cf83ba9603
57.141.20.35 - - [15/Mar/2026:09:21:40 +0100] "GET /service/dairy-products/?rename=/htdocs/apps.jmkconsulting-ci.com/core/app/Http/Requests/GoogleCaptcha/UpdateGoogleCaptchaSetting.php HTTP/1.1" 200 2829 "-" "meta-externalagent/1.1 (+https://developers.facebook.com/docs/sharing/webmasters/crawler)" **0/482854** 57.141.20.35>127.0.0.1>127.0.0.1 52be1defd2667ecc39f16482b01053e3
57.141.20.43 - - [15/Mar/2026:09:21:56 +0100] "GET /service/organic-products/?rename=/htdocs/sivaco/node_modules/lodash/pullAll.js HTTP/1.1" 200 2697 "-" "meta-externalagent/1.1 (+https://developers.facebook.com/docs/sharing/webmasters/crawler)" **0/430451** 57.141.20.43>127.0.0.1>127.0.0.1 6d820da6484a255f2cb4f85ca4c85167
216.73.216.120 - - [15/Mar/2026:09:22:07 +0100] "GET /my-account HTTP/1.1" 301 495 "-" "Mozilla/5.0 AppleWebKit/537.36 (KHTML, like Gecko; compatible; ClaudeBot/1.0; +claudebot@anthropic.com)" **0/748182** 216.73.216.120>127.0.0.1>127.0.0.1 de6c29879b5c05e3fb5c2cc6386abbfc
216.73.216.120 - - [15/Mar/2026:09:22:08 +0100] "GET /my-account/ HTTP/1.1" 200 111588 "http://ptso.jmkconsulting-ci.com/my-account" "Mozilla/5.0 AppleWebKit/537.36 (KHTML, like Gecko; compatible; ClaudeBot/1.0; +claudebot@anthropic.com)" **0/621838** 216.73.216.120>127.0.0.1>127.0.0.1 3f52301caedd8755c65ea9ebdcf6e716
57.141.20.14 - - [15/Mar/2026:09:22:11 +0100] "GET /service/dairy-products/?edit=/usr/base/usr/share/zoneinfo/America/Curacao HTTP/1.1" 200 2870 "-" "meta-externalagent/1.1 (+https://developers.facebook.com/docs/sharing/webmasters/crawler)" **0/263024** 57.141.20.14>127.0.0.1>127.0.0.1 0c723731ec5196c851e8f286ad5178b8
193.203.239.64 - - [15/Mar/2026:09:22:22 +0100] "POST /wp-cron.php?doing_wp_cron=1773562942.7198090553283691406250 HTTP/1.1" 200 387 "-" "WordPress/6.9.4; https://ptso.jmkconsulting-ci.com" **0/38877** 193.203.239.64>127.0.0.1>127.0.0.1 e9b7ba952e57cb607ae69c451c7e02e2
57.141.20.52 - - [15/Mar/2026:09:22:22 +0100] "GET /service/organic-products/?dir=/usr/base/.wp-cli/cache-php-compat/plugins/hemypudulo HTTP/1.1" 200 3575 "-" "meta-externalagent/1.1 (+https://developers.facebook.com/docs/sharing/webmasters/crawler)" **0/430956** 57.141.20.52>127.0.0.1>127.0.0.1 89b2624b2f414cb0bb5e7b3333bff639
57.141.20.36 - - [15/Mar/2026:09:22:33 +0100] "GET /service/fresh-vegetables/?view=/htdocs/jmknew.jmkconsulting-ci.com/gdata/storage/framework/views/1373fe9071e40898ed3a8f0c294c3df002fcb289.php HTTP/1.1" 200 3919 "-" "meta-externalagent/1.1 (+https://developers.facebook.com/docs/sharing/webmasters/crawler)" **0/230692** 57.141.20.36>127.0.0.1>127.0.0.1 edd2f653cf4d95a5fc19a46e0f4c247c
57.141.20.21 - - [15/Mar/2026:09:22:43 +0100] "GET /service/organic-products/?edit=/htdocs/ptso.jmkconsulting-ci.com/wp-content/plugins/elementor/modules/shapes/widgets/text-path.php HTTP/1.1" 200 23050 "-" "meta-externalagent/1.1 (+https://developers.facebook.com/docs/sharing/webmasters/crawler)" **0/591114** 57.141.20.21>127.0.0.1>127.0.0.1 06aff661c1be07e8a5b1653f1ef06b3b
57.141.20.1 - - [15/Mar/2026:09:22:52 +0100] "GET /service/organic-products/?rename=/htdocs/jmknew.jmkconsulting-ci.com/gdata/node_modules/yargs/locales/id.json HTTP/1.1" 200 2756 "-" "meta-externalagent/1.1 (+https://developers.facebook.com/docs/sharing/webmasters/crawler)" **0/342972** 57.141.20.1>127.0.0.1>127.0.0.1 f40acf0ad3ff4f83afe2ab51315062d7
57.141.20.14 - - [15/Mar/2026:09:23:00 +0100] "GET /service/harvest/?edit=/htdocs/public.jmkconsulting-ci.com/wp-json/wp/v2/pages/479 HTTP/1.1" 200 22548 "-" "meta-externalagent/1.1 (+https://developers.facebook.com/docs/sharing/webmasters/crawler)" **0/265796** 57.141.20.14>127.0.0.1>127.0.0.1 9ad295e4e3141150b678f332a3cde2d9
57.141.20.49 - - [15/Mar/2026:09:23:08 +0100] "GET /service/organic-products/?dir=/usr/base/.wp-cli/cache-php-compat/plugins/lws-affiliation HTTP/1.1" 200 12969 "-" "meta-externalagent/1.1 (+https://developers.facebook.com/docs/sharing/webmasters/crawler)" **0/667929** 57.141.20.49>127.0.0.1>127.0.0.1 03675482bfd83efe5e56600cba411329
146.174.162.120 - - [15/Mar/2026:09:23:11 +0100] "GET /service/harvest/?view=/usr/base/usr/share/ca-certificates/mozilla/D-TRUST_Root_Class_3_CA_2_2009.crt HTTP/1.1" 200 2433 "-" "Mozilla/5.0 (Windows NT 6.0) AppleWebKit/535.1 (KHTML, like Gecko) Chrome/13.0.782.1 Safari/535.1" **0/318283** 146.174.162.120>127.0.0.1>127.0.0.1 2ea33bb3ff309e513bfc021fea8e3d7d
193.203.239.64 - - [15/Mar/2026:09:23:15 +0100] "POST /wp-cron.php?doing_wp_cron=1773562995.0650570392608642578125 HTTP/1.1" 200 387 "-" "WordPress/6.9.4; https://ptso.jmkconsulting-ci.com" **0/1932** 193.203.239.64>127.0.0.1>127.0.0.1 6ffedc2c7cea2839d6e814b6d72b2d14
57.141.20.5 - - [15/Mar/2026:09:23:14 +0100] "GET /service/dairy-products/?dir=/htdocs/atito2/node_modules/@babel/generator/lib/node HTTP/1.1" 200 10147 "-" "meta-externalagent/1.1 (+https://developers.facebook.com/docs/sharing/webmasters/crawler)" **0/290691** 57.141.20.5>127.0.0.1>127.0.0.1 d16f800223d69cd10c4a0c34548809ff
57.141.20.50 - - [15/Mar/2026:09:23:21 +0100] "GET /service/organic-products/?edit=/htdocs/atito2/node_modules/webpack/lib/container/ContainerExposedDependency.js HTTP/1.1" 200 4251 "-" "meta-externalagent/1.1 (+https://developers.facebook.com/docs/sharing/webmasters/crawler)" **0/398678** 57.141.20.50>127.0.0.1>127.0.0.1 6746d8c5aa6a576501a0acf8b24decdf
57.141.20.14 - - [15/Mar/2026:09:23:27 +0100] "GET /service/organic-products/?view=/htdocs/sivaco/node_modules/findup-sync/LICENSE HTTP/1.1" 200 3641 "-" "meta-externalagent/1.1 (+https://developers.facebook.com/docs/sharing/webmasters/crawler)" **0/526156** 57.141.20.14>127.0.0.1>127.0.0.1 8e135c05eac72ca1adc16322f51831fc
57.141.20.18 - - [15/Mar/2026:09:23:34 +0100] "GET /service/fresh-vegetables/?edit=/htdocs/jmknew.jmkconsulting-ci.com/gdata/node_modules/regenerate-unicode-properties/General_Category/Spacing_Mark.js HTTP/1.1" 200 6194 "-" "meta-externalagent/1.1 (+https://developers.facebook.com/docs/sharing/webmasters/crawler)" **0/405161** 57.141.20.18>127.0.0.1>127.0.0.1 e093d89a803894a2cd6293b566af984d
57.141.20.50 - - [15/Mar/2026:09:23:39 +0100] "GET /service/fresh-vegetables/?edit=/htdocs/apps.jmkconsulting-ci.com/core/vendor/symfony/console/ConsoleEvents.php HTTP/1.1" 200 4956 "-" "meta-externalagent/1.1 (+https://developers.facebook.com/docs/sharing/webmasters/crawler)" **0/362009** 57.141.20.50>127.0.0.1>127.0.0.1 95ef57eecda1b6c7f6a8164ce56dde5f
57.141.20.45 - - [15/Mar/2026:09:23:44 +0100] "GET /service/fresh-vegetables/?edit=/htdocs/jmknew.jmkconsulting-ci.com/gdata/node_modules/lodash/fp/matches.js HTTP/1.1" 200 2722 "-" "meta-externalagent/1.1 (+https://developers.facebook.com/docs/sharing/webmasters/crawler)" **0/315525** 57.141.20.45>127.0.0.1>127.0.0.1 e1c590ad97c442d8b8ac1694f06035e2
57.141.20.51 - - [15/Mar/2026:09:23:49 +0100] "GET /service/organic-products/?view=/htdocs/jmknew.jmkconsulting-ci.com/gdata/vendor/symfony/mime/BodyRendererInterface.php HTTP/1.1" 200 2958 "-" "meta-externalagent/1.1 (+https://developers.facebook.com/docs/sharing/webmasters/crawler)" **0/334128** 57.141.20.51>127.0.0.1>127.0.0.1 98a5390e3cb2ef5f2e58b32dc54bf012
57.141.20.24 - - [15/Mar/2026:09:23:53 +0100] "GET /service/harvest/?rename=/htdocs/sivaco/node_modules/caniuse-lite/data/features/css-read-only-write.js HTTP/1.1" 200 2773 "-" "meta-externalagent/1.1 (+https://developers.facebook.com/docs/sharing/webmasters/crawler)" **0/377162** 57.141.20.24>127.0.0.1>127.0.0.1 459b15174719e733750d2d34e2130b6b
57.141.20.27 - - [15/Mar/2026:09:23:58 +0100] "GET /service-detail-incubation.html HTTP/1.1" 404 6914 "-" "meta-externalagent/1.1 (+https://developers.facebook.com/docs/sharing/webmasters/crawler)" **0/187202** 57.141.20.27>127.0.0.1>127.0.0.1 6c8f362de6a73da622aec0271e09ee82
57.141.20.35 - - [15/Mar/2026:09:24:03 +0100] "GET /service/dairy-products/?view=/htdocs/jmknew.jmkconsulting-ci.com/gdata/node_modules/type/integer/coerce.js HTTP/1.1" 200 2761 "-" "meta-externalagent/1.1 (+https://developers.facebook.com/docs/sharing/webmasters/crawler)" **0/987483** 57.141.20.35>127.0.0.1>127.0.0.1 ca2e9b1f05fcba19287cde58df6ac7a8
193.203.239.64 - - [15/Mar/2026:09:24:20 +0100] "POST /wp-cron.php?doing_wp_cron=1773563060.5920240879058837890625 HTTP/1.1" 200 387 "-" "WordPress/6.9.4; https://ptso.jmkconsulting-ci.com" **0/41770** 193.203.239.64>127.0.0.1>127.0.0.1 790e154e76f371d4405dc38c8c70c9a9
57.141.20.57 - - [15/Mar/2026:09:24:20 +0100] "GET /service/harvest/?rename=/usr/base/usr/lib/locale/en_CA.utf8/LC_MESSAGES/SYS_LC_MESSAGES HTTP/1.1" 200 2738 "-" "meta-externalagent/1.1 (+https://developers.facebook.com/docs/sharing/webmasters/crawler)" **0/626793** 57.141.20.57>127.0.0.1>127.0.0.1 a921a290ef9a205d6327fca84119ccef
57.141.20.6 - - [15/Mar/2026:09:24:26 +0100] "GET /service/dairy-products/?rename=/sftproot/htdocs/ptso.jmkconsulting-ci.com/wp-includes/class-wp-query.php HTTP/1.1" 200 2761 "-" "meta-externalagent/1.1 (+https://developers.facebook.com/docs/sharing/webmasters/crawler)" **0/573047** 57.141.20.6>127.0.0.1>127.0.0.1 88fe34fce610d3518b50c38655e05edb
